202.10.43.32 - - [27/Aug/2026:03:01:58 +0700] "POST /wp-cron.php?doing_wp_cron=1787774518.3452389240264892578125 HTTP/1.1" 200 0 "-" "WordPress/7.1; https://arlindo.ac.id"
157.245.52.41 - - [27/Aug/2026:03:01:57 +0700] "GET /wp-config HTTP/1.1" 404 18396 "https://www.google.com/" "Mozilla/5.0 (Linux; Android 15; Pixel 8) AppleWebKit/537.36 (KHTML, like Gecko) Chrome/136.0.0.0 Mobile Safari/537.36 EdgA/136.0.0.0"
157.245.52.41 - - [27/Aug/2026:03:01:58 +0700] "GET /wp-json HTTP/1.1" 200 45714 "https://search.yahoo.com/" "Mozilla/5.0 (Linux; Android 14; SM-G998B) AppleWebKit/537.36 (KHTML, like Gecko) Chrome/134.0.0.0 Mobile Safari/537.36"
157.245.52.41 - - [27/Aug/2026:03:01:59 +0700] "GET /wp-content/themes HTTP/1.1" 301 795 "https://duckduckgo.com/" "Mozilla/5.0 (Windows NT 10.0; Win64; x64) AppleWebKit/537.36 (KHTML, like Gecko) Chrome/135.0.0.0 Safari/537.36 Edg/135.0.0.0"
157.245.52.41 - - [27/Aug/2026:03:01:59 +0700] "GET /wp-content/themes/ HTTP/1.1" 200 0 "https://duckduckgo.com/" "Mozilla/5.0 (Windows NT 10.0; Win64; x64) AppleWebKit/537.36 (KHTML, like Gecko) Chrome/135.0.0.0 Safari/537.36 Edg/135.0.0.0"
157.245.52.41 - - [27/Aug/2026:03:01:59 +0700] "GET /wp-content/plugins HTTP/1.1" 301 795 "https://duckduckgo.com/" "Mozilla/5.0 (Macintosh; Intel Mac OS X 14.4; rv:137.0) Gecko/20100101 Firefox/137.0"
157.245.52.41 - - [27/Aug/2026:03:01:59 +0700] "GET /wp-content/plugins/ HTTP/1.1" 200 0 "https://duckduckgo.com/" "Mozilla/5.0 (Macintosh; Intel Mac OS X 14.4; rv:137.0) Gecko/20100101 Firefox/137.0"
157.245.52.41 - - [27/Aug/2026:03:01:59 +0700] "GET /wp-content/uploads HTTP/1.1" 301 795 "https://yandex.com/" "Mozilla/5.0 (Linux; Android 15; Pixel 7) AppleWebKit/537.36 (KHTML, like Gecko) Chrome/136.0.0.0 Mobile Safari/537.36 OPR/110.0.0.0"
157.245.52.41 - - [27/Aug/2026:03:01:59 +0700] "GET /wp-content/uploads/ HTTP/1.1" 200 1367 "https://yandex.com/" "Mozilla/5.0 (Linux; Android 15; Pixel 7) AppleWebKit/537.36 (KHTML, like Gecko) Chrome/136.0.0.0 Mobile Safari/537.36 OPR/110.0.0.0"
157.245.52.41 - - [27/Aug/2026:03:01:59 +0700] "GET /wp-content/uploads/2023 HTTP/1.1" 301 795 "https://duckduckgo.com/" "Mozilla/5.0 (Linux; Android 14; SM-G998B) AppleWebKit/537.36 (KHTML, like Gecko) Chrome/134.0.0.0 Mobile Safari/537.36"
157.245.52.41 - - [27/Aug/2026:03:01:59 +0700] "GET /wp-content/uploads/2023/ HTTP/1.1" 200 759 "https://duckduckgo.com/" "Mozilla/5.0 (Linux; Android 14; SM-G998B) AppleWebKit/537.36 (KHTML, like Gecko) Chrome/134.0.0.0 Mobile Safari/537.36"
157.245.52.41 - - [27/Aug/2026:03:01:59 +0700] "GET /wp-content/uploads/2024 HTTP/1.1" 301 795 "https://yandex.com/" "Mozilla/5.0 (Windows NT 10.0; Win64; x64; rv:136.0) Gecko/20100101 Firefox/136.0"
157.245.52.41 - - [27/Aug/2026:03:01:59 +0700] "GET /wp-content/uploads/2024/ HTTP/1.1" 200 1388 "https://yandex.com/" "Mozilla/5.0 (Windows NT 10.0; Win64; x64; rv:136.0) Gecko/20100101 Firefox/136.0"
157.245.52.41 - - [27/Aug/2026:03:01:59 +0700] "GET /wp-content/uploads/2025 HTTP/1.1" 301 795 "https://yandex.com/" "Mozilla/5.0 (Windows NT 10.0; Win64; x64) AppleWebKit/537.36 (KHTML, like Gecko) Chrome/135.0.0.0 Safari/537.36"
157.245.52.41 - - [27/Aug/2026:03:01:59 +0700] "GET /wp-content/uploads/2025/ HTTP/1.1" 200 1368 "https://yandex.com/" "Mozilla/5.0 (Windows NT 10.0; Win64; x64) AppleWebKit/537.36 (KHTML, like Gecko) Chrome/135.0.0.0 Safari/537.36"
157.245.52.41 - - [27/Aug/2026:03:01:59 +0700] "GET /wp-content/uploads/2026 HTTP/1.1" 301 795 "https://www.google.com/" "Mozilla/5.0 (X11; Linux x86_64) AppleWebKit/537.36 (KHTML, like Gecko) Chrome/136.0.0.0 Safari/537.36"
157.245.52.41 - - [27/Aug/2026:03:01:59 +0700] "GET /wp-content/uploads/2026/ HTTP/1.1" 200 1268 "https://www.google.com/" "Mozilla/5.0 (X11; Linux x86_64) AppleWebKit/537.36 (KHTML, like Gecko) Chrome/136.0.0.0 Safari/537.36"
157.245.52.41 - - [27/Aug/2026:03:01:59 +0700] "GET /wp-content/uploads/elementor HTTP/1.1" 301 795 "https://www.google.com/" "Mozilla/5.0 (Macintosh; Intel Mac OS X 14_5) AppleWebKit/537.36 (KHTML, like Gecko) Chrome/135.0.0.0 Safari/537.36"
157.245.52.41 - - [27/Aug/2026:03:01:59 +0700] "GET /wp-content/uploads/elementor/ HTTP/1.1" 200 915 "https://www.google.com/" "Mozilla/5.0 (Macintosh; Intel Mac OS X 14_5) AppleWebKit/537.36 (KHTML, like Gecko) Chrome/135.0.0.0 Safari/537.36"
157.245.52.41 - - [27/Aug/2026:03:01:59 +0700] "GET /wp-content/uploads/essential-addons-elementor HTTP/1.1" 301 795 "https://www.bing.com/" "Mozilla/5.0 (Windows NT 10.0; Win64; x64; rv:138.0) Gecko/20100101 Firefox/138.0"
157.245.52.41 - - [27/Aug/2026:03:01:59 +0700] "GET /wp-content/uploads/essential-addons-elementor/ HTTP/1.1" 200 694 "https://www.bing.com/" "Mozilla/5.0 (Windows NT 10.0; Win64; x64; rv:138.0) Gecko/20100101 Firefox/138.0"
157.245.52.41 - - [27/Aug/2026:03:01:59 +0700] "GET /wp-content/uploads/gkit-fonts HTTP/1.1" 301 795 "https://yandex.com/" "Mozilla/5.0 (X11; Linux x86_64) AppleWebKit/537.36 (KHTML, like Gecko) Chrome/135.0.0.0 Safari/537.36"
157.245.52.41 - - [27/Aug/2026:03:01:59 +0700] "GET /wp-content/uploads/gkit-fonts/ HTTP/1.1" 200 866 "https://yandex.com/" "Mozilla/5.0 (X11; Linux x86_64) AppleWebKit/537.36 (KHTML, like Gecko) Chrome/135.0.0.0 Safari/537.36"
157.245.52.41 - - [27/Aug/2026:03:01:59 +0700] "GET /wp-content/uploads/wp-file-manager-pro HTTP/1.1" 301 795 "https://duckduckgo.com/" "Mozilla/5.0 (Linux; Android 15; SM-S918B) AppleWebKit/537.36 (KHTML, like Gecko) Chrome/135.0.0.0 Mobile Safari/537.36 OPR/109.0.0.0"
157.245.52.41 - - [27/Aug/2026:03:01:59 +0700] "GET /wp-content/uploads/wp-file-manager-pro/ HTTP/1.1" 200 775 "https://duckduckgo.com/" "Mozilla/5.0 (Linux; Android 15; SM-S918B) AppleWebKit/537.36 (KHTML, like Gecko) Chrome/135.0.0.0 Mobile Safari/537.36 OPR/109.0.0.0"
157.245.52.41 - - [27/Aug/2026:03:01:59 +0700] "GET /wp-content/uploads/wpforms HTTP/1.1" 301 795 "https://www.bing.com/" "Mozilla/5.0 (Linux; Android 15; Pixel 7) AppleWebKit/537.36 (KHTML, like Gecko) Chrome/136.0.0.0 Mobile Safari/537.36 OPR/110.0.0.0"
157.245.52.41 - - [27/Aug/2026:03:01:59 +0700] "GET /wp-content/uploads/wpforms/ HTTP/1.1" 200 795 "https://www.bing.com/" "Mozilla/5.0 (Linux; Android 15; Pixel 7) AppleWebKit/537.36 (KHTML, like Gecko) Chrome/136.0.0.0 Mobile Safari/537.36 OPR/110.0.0.0"
157.245.52.41 - - [27/Aug/2026:03:01:59 +0700] "GET /wp-content/cache HTTP/1.1" 301 795 "https://search.yahoo.com/" "Mozilla/5.0 (iPhone; CPU iPhone OS 18_3 like Mac OS X) AppleWebKit/605.1.15 (KHTML, like Gecko) Version/18.3 Mobile/15E148 Safari/604.1"
157.245.52.41 - - [27/Aug/2026:03:01:59 +0700] "GET /wp-content/cache/ HTTP/1.1" 200 888 "https://search.yahoo.com/" "Mozilla/5.0 (iPhone; CPU iPhone OS 18_3 like Mac OS X) AppleWebKit/605.1.15 (KHTML, like Gecko) Version/18.3 Mobile/15E148 Safari/604.1"
157.245.52.41 - - [27/Aug/2026:03:01:59 +0700] "GET /wp-content/cache/background-css HTTP/1.1" 301 795 "https://duckduckgo.com/" "Mozilla/5.0 (iPhone; CPU iPhone OS 18_5 like Mac OS X) AppleWebKit/605.1.15 (KHTML, like Gecko) Version/18.5 Mobile/15E148 Safari/604.1"
157.245.52.41 - - [27/Aug/2026:03:01:59 +0700] "GET /wp-content/cache/background-css/ HTTP/1.1" 200 757 "https://duckduckgo.com/" "Mozilla/5.0 (iPhone; CPU iPhone OS 18_5 like Mac OS X) AppleWebKit/605.1.15 (KHTML, like Gecko) Version/18.5 Mobile/15E148 Safari/604.1"
157.245.52.41 - - [27/Aug/2026:03:01:59 +0700] "GET /wp-content/cache/busting HTTP/1.1" 301 795 "https://yandex.com/" "Mozilla/5.0 (Macintosh; Intel Mac OS X 14.5; rv:138.0) Gecko/20100101 Firefox/138.0"
157.245.52.41 - - [27/Aug/2026:03:01:59 +0700] "GET /wp-content/cache/busting/ HTTP/1.1" 200 0 "https://yandex.com/" "Mozilla/5.0 (Macintosh; Intel Mac OS X 14.5; rv:138.0) Gecko/20100101 Firefox/138.0"
157.245.52.41 - - [27/Aug/2026:03:01:59 +0700] "GET /wp-content/cache/critical-css HTTP/1.1" 301 795 "https://www.bing.com/" "Mozilla/5.0 (Linux; Android 15; SM-G998B) AppleWebKit/537.36 (KHTML, like Gecko) Chrome/135.0.0.0 Mobile Safari/537.36 EdgA/135.0.0.0"
157.245.52.41 - - [27/Aug/2026:03:01:59 +0700] "GET /wp-content/cache/critical-css/ HTTP/1.1" 200 0 "https://www.bing.com/" "Mozilla/5.0 (Linux; Android 15; SM-G998B) AppleWebKit/537.36 (KHTML, like Gecko) Chrome/135.0.0.0 Mobile Safari/537.36 EdgA/135.0.0.0"
157.245.52.41 - - [27/Aug/2026:03:01:59 +0700] "GET /wp-content/cache/min HTTP/1.1" 301 795 "https://duckduckgo.com/" "Mozilla/5.0 (iPhone; CPU iPhone OS 18_4 like Mac OS X) AppleWebKit/605.1.15 (KHTML, like Gecko) Version/18.4 Mobile/15E148 Safari/604.1"
157.245.52.41 - - [27/Aug/2026:03:01:59 +0700] "GET /wp-content/cache/min/ HTTP/1.1" 200 0 "https://duckduckgo.com/" "Mozilla/5.0 (iPhone; CPU iPhone OS 18_4 like Mac OS X) AppleWebKit/605.1.15 (KHTML, like Gecko) Version/18.4 Mobile/15E148 Safari/604.1"
157.245.52.41 - - [27/Aug/2026:03:01:59 +0700] "GET /wp-content/cache/wp-rocket HTTP/1.1" 301 795 "https://www.bing.com/" "Mozilla/5.0 (Linux; Android 15; Pixel 7) AppleWebKit/537.36 (KHTML, like Gecko) Chrome/135.0.0.0 Mobile Safari/537.36"
157.245.52.41 - - [27/Aug/2026:03:01:59 +0700] "GET /wp-content/cache/wp-rocket/ HTTP/1.1" 200 0 "https://www.bing.com/" "Mozilla/5.0 (Linux; Android 15; Pixel 7) AppleWebKit/537.36 (KHTML, like Gecko) Chrome/135.0.0.0 Mobile Safari/537.36"
157.245.52.41 - - [27/Aug/2026:03:01:59 +0700] "GET /wp-content/upgrade HTTP/1.1" 301 795 "https://www.bing.com/" "Mozilla/5.0 (Macintosh; Intel Mac OS X 10_15_7) AppleWebKit/537.36 (KHTML, like Gecko) Chrome/136.0.0.0 Safari/537.36"
157.245.52.41 - - [27/Aug/2026:03:01:59 +0700] "GET /wp-content/upgrade/ HTTP/1.1" 200 679 "https://www.bing.com/" "Mozilla/5.0 (Macintosh; Intel Mac OS X 10_15_7) AppleWebKit/537.36 (KHTML, like Gecko) Chrome/136.0.0.0 Safari/537.36"
202.10.43.32 - - [27/Aug/2026:03:02:00 +0700] "POST /wp-cron.php?doing_wp_cron=1787774520.6766951084136962890625 HTTP/1.1" 200 0 "-" "WordPress/7.1; https://arlindo.ac.id"
157.245.52.41 - - [27/Aug/2026:03:01:59 +0700] "GET /wp-content/backup HTTP/1.1" 404 18396 "https://www.google.com/" "Mozilla/5.0 (Linux; Android 15; Pixel 7) AppleWebKit/537.36 (KHTML, like Gecko) Chrome/136.0.0.0 Mobile Safari/537.36 OPR/110.0.0.0"
157.245.52.41 - - [27/Aug/2026:03:02:00 +0700] "GET /wp-content/mu-plugins HTTP/1.1" 301 795 "https://www.bing.com/" "Mozilla/5.0 (Windows NT 10.0; Win64; x64) AppleWebKit/537.36 (KHTML, like Gecko) Chrome/136.0.0.0 Safari/537.36 Edg/136.0.0.0"
157.245.52.41 - - [27/Aug/2026:03:02:00 +0700] "GET /wp-content/mu-plugins/ HTTP/1.1" 200 782 "https://www.bing.com/" "Mozilla/5.0 (Windows NT 10.0; Win64; x64) AppleWebKit/537.36 (KHTML, like Gecko) Chrome/136.0.0.0 Safari/537.36 Edg/136.0.0.0"
157.245.52.41 - - [27/Aug/2026:03:02:00 +0700] "GET /wp-content/mu-plugins/elementor-safe-mode.php HTTP/1.1" 200 0 "https://search.yahoo.com/" "Mozilla/5.0 (Windows NT 10.0; Win64; x64) AppleWebKit/537.36 (KHTML, like Gecko) Chrome/135.0.0.0 Safari/537.36 OPR/109.0.0.0"
157.245.52.41 - - [27/Aug/2026:03:02:00 +0700] "GET /wp-content/languages HTTP/1.1" 404 18396 "https://search.yahoo.com/" "Mozilla/5.0 (iPhone; CPU iPhone OS 18_4 like Mac OS X) AppleWebKit/605.1.15 (KHTML, like Gecko) Version/18.4 Mobile/15E148 Safari/604.1"
157.245.52.41 - - [27/Aug/2026:03:02:03 +0700] "GET /wp-content/upgrade HTTP/1.1" 301 795 "https://search.yahoo.com/" "Mozilla/5.0 (Macintosh; Intel Mac OS X 14_5) AppleWebKit/605.1.15 (KHTML, like Gecko) Version/18.5 Safari/605.1.15"
157.245.52.41 - - [27/Aug/2026:03:02:03 +0700] "GET /wp-content/upgrade/ HTTP/1.1" 200 679 "https://search.yahoo.com/" "Mozilla/5.0 (Macintosh; Intel Mac OS X 14_5) AppleWebKit/605.1.15 (KHTML, like Gecko) Version/18.5 Safari/605.1.15"
91.92.242.197 - - [27/Aug/2026:03:02:11 +0700] "POST /wp-login.php HTTP/1.1" 200 0 "-" "Mozilla/5.0"
103.65.237.131 - - [27/Aug/2026:03:01:56 +0700] "POST //wp-login.php HTTP/1.1" 200 0 "https://arlindo.ac.id//wp-login.php" "Mozilla/5.0 (Windows NT 10.0; Win64; x64) AppleWebKit/537.36 (KHTML, like Gecko) Chrome/88.0.4240.193 Safari/537.36"
103.59.161.152 - - [27/Aug/2026:03:02:42 +0700] "POST /wp-login.php HTTP/1.1" 200 0 "-" "Mozilla/5.0"
103.65.237.131 - - [27/Aug/2026:03:02:58 +0700] "POST //wp-login.php HTTP/1.1" 200 0 "https://arlindo.ac.id//wp-login.php" "Mozilla/5.0 (Windows NT 10.0; Win64; x64) AppleWebKit/537.36 (KHTML, like Gecko) Chrome/88.0.4240.193 Safari/537.36"
91.92.242.197 - - [27/Aug/2026:03:03:53 +0700] "POST /wp-login.php HTTP/1.1" 200 0 "-" "Mozilla/5.0"
103.65.237.131 - - [27/Aug/2026:03:04:00 +0700] "POST //wp-login.php HTTP/1.1" 200 0 "https://arlindo.ac.id//wp-login.php" "Mozilla/5.0 (Windows NT 10.0; Win64; x64) AppleWebKit/537.36 (KHTML, like Gecko) Chrome/88.0.4240.193 Safari/537.36"
52.15.147.27 - - [27/Aug/2026:03:05:05 +0700] "HEAD / HTTP/1.1" 200 0 "https://arlindo.ac.id" "Mozilla/5.0+(compatible; UptimeRobot/2.0; http://www.uptimerobot.com/)"
202.10.43.32 - - [27/Aug/2026:03:05:17 +0700] "POST /wp-cron.php?doing_wp_cron=1787774717.5626320838928222656250 HTTP/1.1" 200 0 "-" "WordPress/7.1; https://arlindo.ac.id"
103.84.193.221 - - [27/Aug/2026:03:05:15 +0700] "POST / HTTP/1.1" 200 35993 "-" "Mozilla/5.0 (Windows NT 10.0; Win64; x64) AppleWebKit/537.36 (KHTML, like Gecko) Chrome/60.0.3112.113 Safari/537.36 Assetnote/1.0.0"
103.84.193.221 - - [27/Aug/2026:03:05:17 +0700] "HEAD / HTTP/1.1" 200 0 "-" "python-requests/2.34.2"
103.59.161.152 - - [27/Aug/2026:03:04:25 +0700] "POST /wp-login.php HTTP/1.1" 200 0 "-" "Mozilla/5.0"
51.75.236.134 - - [27/Aug/2026:03:05:42 +0700] "GET /mou-stie-arlindo-dengan-univ-langlang-buana/ HTTP/2" 200 26481 "-" "Mozilla/5.0 (compatible; AhrefsBot/7.0; +http://ahrefs.com/robot/)"
91.92.242.197 - - [27/Aug/2026:03:05:33 +0700] "POST /wp-login.php HTTP/1.1" 200 0 "-" "Mozilla/5.0"
103.65.237.131 - - [27/Aug/2026:03:05:02 +0700] "POST //wp-login.php HTTP/1.1" 200 0 "https://arlindo.ac.id//wp-login.php" "Mozilla/5.0 (Windows NT 10.0; Win64; x64) AppleWebKit/537.36 (KHTML, like Gecko) Chrome/88.0.4240.193 Safari/537.36"
103.59.161.152 - - [27/Aug/2026:03:05:54 +0700] "POST /wp-login.php HTTP/1.1" 200 0 "-" "Mozilla/5.0"
34.46.112.55 - - [27/Aug/2026:03:06:12 +0700] "GET /author/yadi HTTP/2" 301 0 "-" "Mozilla/5.0 AppleWebKit/537.36 (KHTML, like Gecko; compatible; SleepBot/1.0; +http://sleepbot.com/) Chrome/131.0.0.0 Safari/537.36"
34.46.112.55 - - [27/Aug/2026:03:06:13 +0700] "GET /author/yadi/ HTTP/2" 200 28221 "https://arlindo.ac.id/author/yadi" "Mozilla/5.0 AppleWebKit/537.36 (KHTML, like Gecko; compatible; SleepBot/1.0; +http://sleepbot.com/) Chrome/131.0.0.0 Safari/537.36"
202.10.43.32 - - [27/Aug/2026:03:06:13 +0700] "POST /wp-cron.php?doing_wp_cron=1787774773.0389659404754638671875 HTTP/1.1" 200 0 "-" "WordPress/7.1; https://arlindo.ac.id"
103.65.237.131 - - [27/Aug/2026:03:06:04 +0700] "POST //wp-login.php HTTP/1.1" 200 0 "https://arlindo.ac.id//wp-login.php" "Mozilla/5.0 (Windows NT 10.0; Win64; x64) AppleWebKit/537.36 (KHTML, like Gecko) Chrome/88.0.4240.193 Safari/537.36"
91.92.242.197 - - [27/Aug/2026:03:07:15 +0700] "POST /wp-login.php HTTP/1.1" 200 0 "-" "Mozilla/5.0"
103.59.161.152 - - [27/Aug/2026:03:07:29 +0700] "POST /wp-login.php HTTP/1.1" 200 0 "-" "Mozilla/5.0"
103.65.237.131 - - [27/Aug/2026:03:07:06 +0700] "POST //wp-login.php HTTP/1.1" 200 0 "https://arlindo.ac.id//wp-login.php" "Mozilla/5.0 (Windows NT 10.0; Win64; x64) AppleWebKit/537.36 (KHTML, like Gecko) Chrome/88.0.4240.193 Safari/537.36"
103.65.237.131 - - [27/Aug/2026:03:08:08 +0700] "POST //wp-login.php HTTP/1.1" 200 0 "https://arlindo.ac.id//wp-login.php" "Mozilla/5.0 (Windows NT 10.0; Win64; x64) AppleWebKit/537.36 (KHTML, like Gecko) Chrome/88.0.4240.193 Safari/537.36"
91.92.242.197 - - [27/Aug/2026:03:08:58 +0700] "POST /wp-login.php HTTP/1.1" 200 0 "-" "Mozilla/5.0"
103.59.161.152 - - [27/Aug/2026:03:09:41 +0700] "POST /wp-login.php HTTP/1.1" 200 0 "-" "Mozilla/5.0"
162.241.203.67 - - [27/Aug/2026:03:10:08 +0700] "GET /wp-login.php HTTP/2" 200 2332 "-" "Mozilla/5.0 (Windows NT 10.0; Win64; x64) AppleWebKit/537.36 (KHTML, like Gecko) Chrome/151.0.0.0 Safari/537.36"
103.65.237.131 - - [27/Aug/2026:03:09:10 +0700] "POST //wp-login.php HTTP/1.1" 200 0 "https://arlindo.ac.id//wp-login.php" "Mozilla/5.0 (Windows NT 10.0; Win64; x64) AppleWebKit/537.36 (KHTML, like Gecko) Chrome/88.0.4240.193 Safari/537.36"
202.10.43.32 - - [27/Aug/2026:03:10:11 +0700] "POST /wp-cron.php?doing_wp_cron=1787775011.0042068958282470703125 HTTP/1.1" 200 0 "-" "WordPress/7.1; https://arlindo.ac.id"
162.241.203.67 - - [27/Aug/2026:03:10:11 +0700] "POST /wp-login.php HTTP/2" 503 6936 "-" "Mozilla/5.0 (Windows NT 10.0; Win64; x64) AppleWebKit/537.36 (KHTML, like Gecko) Chrome/151.0.0.0 Safari/537.36"
162.241.203.67 - - [27/Aug/2026:03:10:15 +0700] "POST /wp-login.php HTTP/2" 503 6806 "-" "Mozilla/5.0 (Windows NT 10.0; Win64; x64) AppleWebKit/537.36 (KHTML, like Gecko) Chrome/151.0.0.0 Safari/537.36"
202.10.43.32 - - [27/Aug/2026:03:10:16 +0700] "POST /?wordfence_syncAttackData=1787775016.7504 HTTP/1.1" 200 0 "-" "WordPress/7.1; https://arlindo.ac.id"
188.165.193.125 - - [27/Aug/2026:03:10:14 +0700] "POST /?rest_route=/batch/v1 HTTP/1.1" 207 478 "-" "Mozilla/5.0"
3.212.128.62 - - [27/Aug/2026:03:10:21 +0700] "HEAD / HTTP/1.1" 200 0 "https://arlindo.ac.id" "Mozilla/5.0+(compatible; UptimeRobot/2.0; http://www.uptimerobot.com/)"
103.65.237.131 - - [27/Aug/2026:03:10:12 +0700] "POST //wp-login.php HTTP/1.1" 200 0 "https://arlindo.ac.id//wp-login.php" "Mozilla/5.0 (Windows NT 10.0; Win64; x64) AppleWebKit/537.36 (KHTML, like Gecko) Chrome/88.0.4240.193 Safari/537.36"
103.59.161.152 - - [27/Aug/2026:03:11:02 +0700] "POST /wp-login.php HTTP/1.1" 200 0 "-" "Mozilla/5.0"
91.92.242.197 - - [27/Aug/2026:03:10:38 +0700] "POST /wp-login.php HTTP/1.1" 200 0 "-" "Mozilla/5.0"
103.65.237.131 - - [27/Aug/2026:03:11:14 +0700] "POST //wp-login.php HTTP/1.1" 200 0 "https://arlindo.ac.id//wp-login.php" "Mozilla/5.0 (Windows NT 10.0; Win64; x64) AppleWebKit/537.36 (KHTML, like Gecko) Chrome/88.0.4240.193 Safari/537.36"
103.59.161.152 - - [27/Aug/2026:03:12:14 +0700] "POST /wp-login.php HTTP/1.1" 200 0 "-" "Mozilla/5.0"
91.92.242.197 - - [27/Aug/2026:03:12:15 +0700] "POST /wp-login.php HTTP/1.1" 200 0 "-" "Mozilla/5.0"
103.65.237.131 - - [27/Aug/2026:03:12:16 +0700] "POST //wp-login.php HTTP/1.1" 200 0 "https://arlindo.ac.id//wp-login.php" "Mozilla/5.0 (Windows NT 10.0; Win64; x64) AppleWebKit/537.36 (KHTML, like Gecko) Chrome/88.0.4240.193 Safari/537.36"
91.92.242.197 - - [27/Aug/2026:03:13:51 +0700] "POST /wp-login.php HTTP/1.1" 200 0 "-" "Mozilla/5.0"
103.65.237.131 - - [27/Aug/2026:03:13:18 +0700] "POST //wp-login.php HTTP/1.1" 200 0 "https://arlindo.ac.id//wp-login.php" "Mozilla/5.0 (Windows NT 10.0; Win64; x64) AppleWebKit/537.36 (KHTML, like Gecko) Chrome/88.0.4240.193 Safari/537.36"
103.59.161.152 - - [27/Aug/2026:03:13:21 +0700] "POST /wp-login.php HTTP/1.1" 200 0 "-" "Mozilla/5.0"
103.59.161.152 - - [27/Aug/2026:03:14:28 +0700] "POST /wp-login.php HTTP/1.1" 200 0 "-" "Mozilla/5.0"
103.65.237.131 - - [27/Aug/2026:03:14:20 +0700] "POST //wp-login.php HTTP/1.1" 200 0 "https://arlindo.ac.id//wp-login.php" "Mozilla/5.0 (Windows NT 10.0; Win64; x64) AppleWebKit/537.36 (KHTML, like Gecko) Chrome/88.0.4240.193 Safari/537.36"
5.161.215.244 - - [27/Aug/2026:03:15:30 +0700] "HEAD / HTTP/1.1" 200 0 "https://arlindo.ac.id" "Mozilla/5.0+(compatible; UptimeRobot/2.0; http://www.uptimerobot.com/)"
91.92.242.197 - - [27/Aug/2026:03:15:28 +0700] "POST /wp-login.php HTTP/1.1" 200 0 "-" "Mozilla/5.0"
103.59.161.152 - - [27/Aug/2026:03:15:36 +0700] "POST /wp-login.php HTTP/1.1" 200 0 "-" "Mozilla/5.0"
103.65.237.131 - - [27/Aug/2026:03:15:22 +0700] "POST //wp-login.php HTTP/1.1" 200 0 "https://arlindo.ac.id//wp-login.php" "Mozilla/5.0 (Windows NT 10.0; Win64; x64) AppleWebKit/537.36 (KHTML, like Gecko) Chrome/88.0.4240.193 Safari/537.36"
103.59.161.152 - - [27/Aug/2026:03:16:47 +0700] "POST /wp-login.php HTTP/1.1" 200 0 "-" "Mozilla/5.0"
103.65.237.131 - - [27/Aug/2026:03:16:24 +0700] "POST //wp-login.php HTTP/1.1" 200 0 "https://arlindo.ac.id//wp-login.php" "Mozilla/5.0 (Windows NT 10.0; Win64; x64) AppleWebKit/537.36 (KHTML, like Gecko) Chrome/88.0.4240.193 Safari/537.36"
91.92.242.197 - - [27/Aug/2026:03:17:07 +0700] "POST /wp-login.php HTTP/1.1" 200 0 "-" "Mozilla/5.0"
103.59.161.152 - - [27/Aug/2026:03:17:54 +0700] "POST /wp-login.php HTTP/1.1" 200 0 "-" "Mozilla/5.0"
103.65.237.131 - - [27/Aug/2026:03:17:26 +0700] "POST //wp-login.php HTTP/1.1" 200 0 "https://arlindo.ac.id//wp-login.php" "Mozilla/5.0 (Windows NT 10.0; Win64; x64) AppleWebKit/537.36 (KHTML, like Gecko) Chrome/88.0.4240.193 Safari/537.36"
91.92.242.197 - - [27/Aug/2026:03:18:45 +0700] "POST /wp-login.php HTTP/1.1" 200 0 "-" "Mozilla/5.0"
103.65.237.131 - - [27/Aug/2026:03:18:28 +0700] "POST //wp-login.php HTTP/1.1" 200 0 "https://arlindo.ac.id//wp-login.php" "Mozilla/5.0 (Windows NT 10.0; Win64; x64) AppleWebKit/537.36 (KHTML, like Gecko) Chrome/88.0.4240.193 Safari/537.36"
202.10.43.32 - - [27/Aug/2026:03:19:31 +0700] "POST /wp-cron.php?doing_wp_cron=1787775571.2276370525360107421875 HTTP/1.1" 200 0 "-" "WordPress/7.1; https://arlindo.ac.id"
136.65.161.194 - - [27/Aug/2026:03:19:27 +0700] "GET /stie-arlindo-sukses-selenggarakan-tes-potensi-akademik-tpa-gelombang-1-bagi-95-calon-penerima-kip-kuliah HTTP/2" 301 0 "-" "Mozilla/5.0 AppleWebKit/537.36 (KHTML, like Gecko; compatible; SleepBot/1.0; +http://sleepbot.com/) Chrome/131.0.0.0 Safari/537.36"
136.65.161.194 - - [27/Aug/2026:03:19:31 +0700] "GET /stie-arlindo-sukses-selenggarakan-tes-potensi-akademik-tpa-gelombang-1-bagi-95-calon-penerima-kip-kuliah/ HTTP/2" 200 25066 "https://arlindo.ac.id/stie-arlindo-sukses-selenggarakan-tes-potensi-akademik-tpa-gelombang-1-bagi-95-calon-penerima-kip-kuliah" "Mozilla/5.0 AppleWebKit/537.36 (KHTML, like Gecko; compatible; SleepBot/1.0; +http://sleepbot.com/) Chrome/131.0.0.0 Safari/537.36"
103.59.161.152 - - [27/Aug/2026:03:20:03 +0700] "POST /wp-login.php HTTP/1.1" 200 0 "-" "Mozilla/5.0"
103.65.237.131 - - [27/Aug/2026:03:19:30 +0700] "POST //wp-login.php HTTP/1.1" 200 0 "https://arlindo.ac.id//wp-login.php" "Mozilla/5.0 (Windows NT 10.0; Win64; x64) AppleWebKit/537.36 (KHTML, like Gecko) Chrome/88.0.4240.193 Safari/537.36"
52.22.236.30 - - [27/Aug/2026:03:20:40 +0700] "HEAD / HTTP/1.1" 200 0 "https://arlindo.ac.id" "Mozilla/5.0+(compatible; UptimeRobot/2.0; http://www.uptimerobot.com/)"
91.92.242.197 - - [27/Aug/2026:03:20:22 +0700] "POST /wp-login.php HTTP/1.1" 200 0 "-" "Mozilla/5.0"
202.10.43.32 - - [27/Aug/2026:03:21:14 +0700] "POST /wp-cron.php?doing_wp_cron=1787775674.1019270420074462890625 HTTP/1.1" 200 0 "-" "WordPress/7.1; https://arlindo.ac.id"
54.39.22.239 - - [27/Aug/2026:03:21:13 +0700] "GET /wp-login.php HTTP/2" 200 2332 "-" "Mozilla/5.0 (Windows NT 10.0; Win64; x64) AppleWebKit/537.36 (KHTML, like Gecko) Chrome/151.0.0.0 Safari/537.36"
54.39.22.239 - - [27/Aug/2026:03:21:14 +0700] "POST /wp-login.php HTTP/2" 503 6936 "-" "Mozilla/5.0 (Windows NT 10.0; Win64; x64) AppleWebKit/537.36 (KHTML, like Gecko) Chrome/151.0.0.0 Safari/537.36"
54.39.22.239 - - [27/Aug/2026:03:21:16 +0700] "POST /wp-login.php HTTP/2" 503 6806 "-" "Mozilla/5.0 (Windows NT 10.0; Win64; x64) AppleWebKit/537.36 (KHTML, like Gecko) Chrome/151.0.0.0 Safari/537.36"
103.59.161.152 - - [27/Aug/2026:03:21:13 +0700] "POST /wp-login.php HTTP/1.1" 200 0 "-" "Mozilla/5.0"
103.65.237.131 - - [27/Aug/2026:03:20:32 +0700] "POST //wp-login.php HTTP/1.1" 200 0 "https://arlindo.ac.id//wp-login.php" "Mozilla/5.0 (Windows NT 10.0; Win64; x64) AppleWebKit/537.36 (KHTML, like Gecko) Chrome/88.0.4240.193 Safari/537.36"
91.92.242.197 - - [27/Aug/2026:03:22:00 +0700] "POST /wp-login.php HTTP/1.1" 200 0 "-" "Mozilla/5.0"
103.65.237.131 - - [27/Aug/2026:03:21:35 +0700] "POST //wp-login.php HTTP/1.1" 200 0 "https://arlindo.ac.id//wp-login.php" "Mozilla/5.0 (Windows NT 10.0; Win64; x64) AppleWebKit/537.36 (KHTML, like Gecko) Chrome/88.0.4240.193 Safari/537.36"
103.59.161.152 - - [27/Aug/2026:03:22:20 +0700] "POST /wp-login.php HTTP/1.1" 200 0 "-" "Mozilla/5.0"
103.65.237.131 - - [27/Aug/2026:03:22:37 +0700] "POST //wp-login.php HTTP/1.1" 200 0 "https://arlindo.ac.id//wp-login.php" "Mozilla/5.0 (Windows NT 10.0; Win64; x64) AppleWebKit/537.36 (KHTML, like Gecko) Chrome/88.0.4240.193 Safari/537.36"
103.59.161.152 - - [27/Aug/2026:03:23:29 +0700] "POST /wp-login.php HTTP/1.1" 200 0 "-" "Mozilla/5.0"
91.92.242.197 - - [27/Aug/2026:03:23:36 +0700] "POST /wp-login.php HTTP/1.1" 200 0 "-" "Mozilla/5.0"
103.65.237.131 - - [27/Aug/2026:03:23:39 +0700] "POST //wp-login.php HTTP/1.1" 200 0 "https://arlindo.ac.id//wp-login.php" "Mozilla/5.0 (Windows NT 10.0; Win64; x64) AppleWebKit/537.36 (KHTML, like Gecko) Chrome/88.0.4240.193 Safari/537.36"
103.59.161.152 - - [27/Aug/2026:03:24:36 +0700] "POST /wp-login.php HTTP/1.1" 200 0 "-" "Mozilla/5.0"
91.92.242.197 - - [27/Aug/2026:03:25:14 +0700] "POST /wp-login.php HTTP/1.1" 200 0 "-" "Mozilla/5.0"
57.141.14.13 - - [27/Aug/2026:03:25:41 +0700] "GET /stie-arlindo-ikuti-bimbingan-teknis-indoceiss-2026-untuk-meningkatkan-mutu-akademik/ HTTP/2" 200 30393 "-" "Mozilla/5.0 (Windows NT 10.0; Win64; x64) AppleWebKit/537.36 (KHTML, like Gecko) Chrome/145.0.0.0 Safari/537.36 (compatible; meta-externalagent/1.1 (+https://developers.facebook.com/docs/sharing/webmasters/crawler))"
103.65.237.131 - - [27/Aug/2026:03:24:41 +0700] "POST //wp-login.php HTTP/1.1" 200 0 "https://arlindo.ac.id//wp-login.php" "Mozilla/5.0 (Windows NT 10.0; Win64; x64) AppleWebKit/537.36 (KHTML, like Gecko) Chrome/88.0.4240.193 Safari/537.36"
54.87.112.51 - - [27/Aug/2026:03:25:53 +0700] "HEAD / HTTP/1.1" 200 0 "https://arlindo.ac.id" "Mozilla/5.0+(compatible; UptimeRobot/2.0; http://www.uptimerobot.com/)"
103.59.161.152 - - [27/Aug/2026:03:25:41 +0700] "POST /wp-login.php HTTP/1.1" 200 0 "-" "Mozilla/5.0"
103.65.237.131 - - [27/Aug/2026:03:25:43 +0700] "POST //wp-login.php HTTP/1.1" 200 0 "https://arlindo.ac.id//wp-login.php" "Mozilla/5.0 (Windows NT 10.0; Win64; x64) AppleWebKit/537.36 (KHTML, like Gecko) Chrome/88.0.4240.193 Safari/537.36"
103.59.161.152 - - [27/Aug/2026:03:26:46 +0700] "POST /wp-login.php HTTP/1.1" 200 0 "-" "Mozilla/5.0"
91.92.242.197 - - [27/Aug/2026:03:26:51 +0700] "POST /wp-login.php HTTP/1.1" 200 0 "-" "Mozilla/5.0"
57.141.14.63 - - [27/Aug/2026:03:27:11 +0700] "GET /stie-arlindo-jalin-kerja-sama-strategis-dengan-universitas-pancasila-sakti-melalui-penandatanganan-mou/ HTTP/2" 200 28659 "-" "Mozilla/5.0 (Windows NT 10.0; Win64; x64) AppleWebKit/537.36 (KHTML, like Gecko) Chrome/145.0.0.0 Safari/537.36 (compatible; meta-externalagent/1.1 (+https://developers.facebook.com/docs/sharing/webmasters/crawler))"
103.65.237.131 - - [27/Aug/2026:03:26:45 +0700] "POST //wp-login.php HTTP/1.1" 200 0 "https://arlindo.ac.id//wp-login.php" "Mozilla/5.0 (Windows NT 10.0; Win64; x64) AppleWebKit/537.36 (KHTML, like Gecko) Chrome/88.0.4240.193 Safari/537.36"
103.59.161.152 - - [27/Aug/2026:03:27:57 +0700] "POST /wp-login.php HTTP/1.1" 200 0 "-" "Mozilla/5.0"
103.65.237.131 - - [27/Aug/2026:03:27:47 +0700] "POST //wp-login.php HTTP/1.1" 200 0 "https://arlindo.ac.id//wp-login.php" "Mozilla/5.0 (Windows NT 10.0; Win64; x64) AppleWebKit/537.36 (KHTML, like Gecko) Chrome/88.0.4240.193 Safari/537.36"
91.92.242.197 - - [27/Aug/2026:03:28:32 +0700] "POST /wp-login.php HTTP/1.1" 200 0 "-" "Mozilla/5.0"
103.59.161.152 - - [27/Aug/2026:03:29:02 +0700] "POST /wp-login.php HTTP/1.1" 200 0 "-" "Mozilla/5.0"
103.65.237.131 - - [27/Aug/2026:03:28:49 +0700] "POST //wp-login.php HTTP/1.1" 200 0 "https://arlindo.ac.id//wp-login.php" "Mozilla/5.0 (Windows NT 10.0; Win64; x64) AppleWebKit/537.36 (KHTML, like Gecko) Chrome/88.0.4240.193 Safari/537.36"
103.59.161.152 - - [27/Aug/2026:03:30:07 +0700] "POST /wp-login.php HTTP/1.1" 200 0 "-" "Mozilla/5.0"
103.65.237.131 - - [27/Aug/2026:03:29:52 +0700] "POST //wp-login.php HTTP/1.1" 200 0 "https://arlindo.ac.id//wp-login.php" "Mozilla/5.0 (Windows NT 10.0; Win64; x64) AppleWebKit/537.36 (KHTML, like Gecko) Chrome/88.0.4240.193 Safari/537.36"
5.161.113.195 - - [27/Aug/2026:03:31:00 +0700] "HEAD / HTTP/1.1" 200 0 "https://arlindo.ac.id" "Mozilla/5.0+(compatible; UptimeRobot/2.0; http://www.uptimerobot.com/)"
91.92.242.197 - - [27/Aug/2026:03:30:10 +0700] "POST /wp-login.php HTTP/1.1" 200 0 "-" "Mozilla/5.0"
103.59.161.152 - - [27/Aug/2026:03:31:23 +0700] "POST /wp-login.php HTTP/1.1" 200 0 "-" "Mozilla/5.0"
103.65.237.131 - - [27/Aug/2026:03:30:54 +0700] "POST //wp-login.php HTTP/1.1" 200 0 "https://arlindo.ac.id//wp-login.php" "Mozilla/5.0 (Windows NT 10.0; Win64; x64) AppleWebKit/537.36 (KHTML, like Gecko) Chrome/88.0.4240.193 Safari/537.36"
91.92.242.197 - - [27/Aug/2026:03:31:47 +0700] "POST /wp-login.php HTTP/1.1" 200 0 "-" "Mozilla/5.0"
202.10.43.32 - - [27/Aug/2026:03:32:15 +0700] "POST /?wordfence_syncAttackData=1787776335.8677 HTTP/1.1" 200 0 "-" "WordPress/7.1; https://arlindo.ac.id"
34.123.177.53 - - [27/Aug/2026:03:32:13 +0700] "GET /category/bisnis HTTP/2" 301 0 "-" "Mozilla/5.0 AppleWebKit/537.36 (KHTML, like Gecko; compatible; SleepBot/1.0; +http://sleepbot.com/) Chrome/131.0.0.0 Safari/537.36"
202.10.43.32 - - [27/Aug/2026:03:32:17 +0700] "POST /wp-cron.php?doing_wp_cron=1787776337.8336811065673828125000 HTTP/1.1" 200 0 "-" "WordPress/7.1; https://arlindo.ac.id"
34.123.177.53 - - [27/Aug/2026:03:32:18 +0700] "GET /category/bisnis/ HTTP/2" 200 19644 "https://arlindo.ac.id/category/bisnis" "Mozilla/5.0 AppleWebKit/537.36 (KHTML, like Gecko; compatible; SleepBot/1.0; +http://sleepbot.com/) Chrome/131.0.0.0 Safari/537.36"
187.15.103.89 - - [27/Aug/2026:03:32:35 +0700] "GET /wp-login.php HTTP/1.1" 200 2606 "-" "iPhone; CPU iPhone OS 13_2_3 like Mac OS X) AppleWebKit/605.1.15 (KHTML, like Gecko) Version/13.0.3 Mobile/15E148 Safari/604.1)"
187.15.103.89 - - [27/Aug/2026:03:32:36 +0700] "POST /wp-login.php HTTP/1.1" 302 0 "-" "iPhone; CPU iPhone OS 13_2_3 like Mac OS X) AppleWebKit/605.1.15 (KHTML, like Gecko) Version/13.0.3 Mobile/15E148 Safari/604.1)"
187.15.103.89 - - [27/Aug/2026:03:32:37 +0700] "GET /wp-admin/ HTTP/1.1" 200 63548 "-" "iPhone; CPU iPhone OS 13_2_3 like Mac OS X) AppleWebKit/605.1.15 (KHTML, like Gecko) Version/13.0.3 Mobile/15E148 Safari/604.1)"
187.15.103.89 - - [27/Aug/2026:03:32:44 +0700] "GET /wp-admin/theme-install.php?tab=upload HTTP/1.1" 200 48379 "-" "iPhone; CPU iPhone OS 13_2_3 like Mac OS X) AppleWebKit/605.1.15 (KHTML, like Gecko) Version/13.0.3 Mobile/15E148 Safari/604.1)"
187.15.103.89 - - [27/Aug/2026:03:32:44 +0700] "POST /wp-admin/update.php?action=upload-theme HTTP/1.1" 403 1177 "-" "iPhone; CPU iPhone OS 13_2_3 like Mac OS X) AppleWebKit/605.1.15 (KHTML, like Gecko) Version/13.0.3 Mobile/15E148 Safari/604.1)"
202.10.43.32 - - [27/Aug/2026:03:32:48 +0700] "POST /wp-cron.php?doing_wp_cron=1787776368.7372159957885742187500 HTTP/1.1" 200 0 "-" "WordPress/7.1; https://arlindo.ac.id"
187.15.103.89 - - [27/Aug/2026:03:32:47 +0700] "GET /wp-content/themes/litespeed-cache-rav78/readme.php HTTP/1.1" 404 17223 "-" "python-requests/2.34.2"
187.15.103.89 - - [27/Aug/2026:03:32:48 +0700] "GET /wp-admin/plugin-install.php?tab=upload HTTP/1.1" 200 45057 "-" "iPhone; CPU iPhone OS 13_2_3 like Mac OS X) AppleWebKit/605.1.15 (KHTML, like Gecko) Version/13.0.3 Mobile/15E148 Safari/604.1)"
187.15.103.89 - - [27/Aug/2026:03:32:49 +0700] "POST /wp-admin/update.php?action=upload-plugin HTTP/1.1" 403 1179 "-" "iPhone; CPU iPhone OS 13_2_3 like Mac OS X) AppleWebKit/605.1.15 (KHTML, like Gecko) Version/13.0.3 Mobile/15E148 Safari/604.1)"
202.10.43.32 - - [27/Aug/2026:03:32:52 +0700] "POST /wp-cron.php?doing_wp_cron=1787776372.9764270782470703125000 HTTP/1.1" 200 0 "-" "WordPress/7.1; https://arlindo.ac.id"
187.15.103.89 - - [27/Aug/2026:03:32:52 +0700] "GET /wp-content/plugins/litespeed-cache-31lbc/readme.php HTTP/1.1" 404 17223 "-" "python-requests/2.34.2"
103.59.161.152 - - [27/Aug/2026:03:32:37 +0700] "POST /wp-login.php HTTP/1.1" 200 0 "-" "Mozilla/5.0"
187.15.103.89 - - [27/Aug/2026:03:32:53 +0700] "GET /wp-admin/plugin-editor.php HTTP/1.1" 200 84451 "-" "iPhone; CPU iPhone OS 13_2_3 like Mac OS X) AppleWebKit/605.1.15 (KHTML, like Gecko) Version/13.0.3 Mobile/15E148 Safari/604.1)"
187.15.103.89 - - [27/Aug/2026:03:32:54 +0700] "GET /wp-admin/plugin-editor.php?file=clsop/clsop.php&plugin=clsop/clsop.php HTTP/1.1" 200 84663 "-" "iPhone; CPU iPhone OS 13_2_3 like Mac OS X) AppleWebKit/605.1.15 (KHTML, like Gecko) Version/13.0.3 Mobile/15E148 Safari/604.1)"
202.10.43.32 - - [27/Aug/2026:03:32:55 +0700] "POST /wp-cron.php?doing_wp_cron=1787776375.5895380973815917968750 HTTP/1.1" 200 0 "-" "WordPress/7.1; https://arlindo.ac.id"
202.10.43.32 - - [27/Aug/2026:03:32:57 +0700] "GET /wp-admin/plugin-editor.php?plugin=clsop%2Fclsop.php&file=clsop%2Fclsop.php&wp_scrape_key=5ada4ab671b4efbed9e020f4501b32d8&wp_scrape_nonce=1624682245 HTTP/1.1" 200 76724 "-" "WordPress/7.1; https://arlindo.ac.id"
103.65.237.131 - - [27/Aug/2026:03:31:56 +0700] "POST //wp-login.php HTTP/1.1" 200 0 "https://arlindo.ac.id//wp-login.php" "Mozilla/5.0 (Windows NT 10.0; Win64; x64) AppleWebKit/537.36 (KHTML, like Gecko) Chrome/88.0.4240.193 Safari/537.36"
202.10.43.32 - - [27/Aug/2026:03:32:57 +0700] "GET /?wp_scrape_key=5ada4ab671b4efbed9e020f4501b32d8&wp_scrape_nonce=1624682245 HTTP/1.1" 200 43797 "-" "WordPress/7.1; https://arlindo.ac.id"
187.15.103.89 - - [27/Aug/2026:03:32:56 +0700] "POST /wp-admin/plugin-editor.php HTTP/1.1" 302 0 "-" "iPhone; CPU iPhone OS 13_2_3 like Mac OS X) AppleWebKit/605.1.15 (KHTML, like Gecko) Version/13.0.3 Mobile/15E148 Safari/604.1)"
202.10.43.32 - - [27/Aug/2026:03:32:58 +0700] "POST /wp-cron.php?doing_wp_cron=1787776378.8457589149475097656250 HTTP/1.1" 200 0 "-" "WordPress/7.1; https://arlindo.ac.id"
187.15.103.89 - - [27/Aug/2026:03:32:58 +0700] "GET /wp-admin/plugin-editor.php?a=1&plugin=clsop/clsop.php&file=clsop/clsop.php HTTP/1.1" 200 90345 "-" "iPhone; CPU iPhone OS 13_2_3 like Mac OS X) AppleWebKit/605.1.15 (KHTML, like Gecko) Version/13.0.3 Mobile/15E148 Safari/604.1)"
187.15.103.89 - - [27/Aug/2026:03:33:00 +0700] "GET /wp-content/plugins/clsop/clsop.php HTTP/1.1" 200 1200 "-" "python-requests/2.34.2"
91.92.242.197 - - [27/Aug/2026:03:33:25 +0700] "POST /wp-login.php HTTP/1.1" 200 0 "-" "Mozilla/5.0"
103.65.237.131 - - [27/Aug/2026:03:32:58 +0700] "POST //wp-login.php HTTP/1.1" 200 0 "https://arlindo.ac.id//wp-login.php" "Mozilla/5.0 (Windows NT 10.0; Win64; x64) AppleWebKit/537.36 (KHTML, like Gecko) Chrome/88.0.4240.193 Safari/537.36"
103.59.161.152 - - [27/Aug/2026:03:33:58 +0700] "POST /wp-login.php HTTP/1.1" 200 0 "-" "Mozilla/5.0"
103.65.237.131 - - [27/Aug/2026:03:34:00 +0700] "POST //wp-login.php HTTP/1.1" 200 0 "https://arlindo.ac.id//wp-login.php" "Mozilla/5.0 (Windows NT 10.0; Win64; x64) AppleWebKit/537.36 (KHTML, like Gecko) Chrome/88.0.4240.193 Safari/537.36"
91.92.242.197 - - [27/Aug/2026:03:35:01 +0700] "POST /wp-login.php HTTP/1.1" 200 0 "-" "Mozilla/5.0"
103.65.237.131 - - [27/Aug/2026:03:35:02 +0700] "POST //wp-login.php HTTP/1.1" 200 0 "https://arlindo.ac.id//wp-login.php" "Mozilla/5.0 (Windows NT 10.0; Win64; x64) AppleWebKit/537.36 (KHTML, like Gecko) Chrome/88.0.4240.193 Safari/537.36"
5.161.177.47 - - [27/Aug/2026:03:36:13 +0700] "HEAD / HTTP/1.1" 200 0 "https://arlindo.ac.id" "Mozilla/5.0+(compatible; UptimeRobot/2.0; http://www.uptimerobot.com/)"
103.59.161.152 - - [27/Aug/2026:03:36:27 +0700] "POST /wp-login.php HTTP/1.1" 200 0 "-" "Mozilla/5.0"
57.141.14.15 - - [27/Aug/2026:03:36:44 +0700] "GET /musyawarah-besar-bem-dan-ukm-stie-arlindo-sahkan-ad-art-perkuat-fondasi-organisasi-mahasiswa/ HTTP/2" 200 29548 "-" "Mozilla/5.0 (Macintosh; Intel Mac OS X 10_15_7) AppleWebKit/537.36 (KHTML, like Gecko) Chrome/145.0.0.0 Safari/537.36 (compatible; meta-externalagent/1.1 (+https://developers.facebook.com/docs/sharing/webmasters/crawler))"
103.65.237.131 - - [27/Aug/2026:03:36:04 +0700] "POST //wp-login.php HTTP/1.1" 200 0 "https://arlindo.ac.id//wp-login.php" "Mozilla/5.0 (Windows NT 10.0; Win64; x64) AppleWebKit/537.36 (KHTML, like Gecko) Chrome/88.0.4240.193 Safari/537.36"
91.92.242.197 - - [27/Aug/2026:03:36:38 +0700] "POST /wp-login.php HTTP/1.1" 200 0 "-" "Mozilla/5.0"
103.65.237.131 - - [27/Aug/2026:03:37:06 +0700] "POST //wp-login.php HTTP/1.1" 200 0 "https://arlindo.ac.id//wp-login.php" "Mozilla/5.0 (Windows NT 10.0; Win64; x64) AppleWebKit/537.36 (KHTML, like Gecko) Chrome/88.0.4240.193 Safari/537.36"
91.92.242.197 - - [27/Aug/2026:03:38:15 +0700] "POST /wp-login.php HTTP/1.1" 200 0 "-" "Mozilla/5.0"
103.59.161.152 - - [27/Aug/2026:03:37:35 +0700] "POST /wp-login.php HTTP/1.1" 200 0 "-" "Mozilla/5.0"
103.65.237.131 - - [27/Aug/2026:03:38:08 +0700] "POST //wp-login.php HTTP/1.1" 200 0 "https://arlindo.ac.id//wp-login.php" "Mozilla/5.0 (Windows NT 10.0; Win64; x64) AppleWebKit/537.36 (KHTML, like Gecko) Chrome/88.0.4240.193 Safari/537.36"
103.59.161.152 - - [27/Aug/2026:03:39:26 +0700] "POST /wp-login.php HTTP/1.1" 200 0 "-" "Mozilla/5.0"
103.65.237.131 - - [27/Aug/2026:03:39:10 +0700] "POST //wp-login.php HTTP/1.1" 200 0 "https://arlindo.ac.id//wp-login.php" "Mozilla/5.0 (Windows NT 10.0; Win64; x64) AppleWebKit/537.36 (KHTML, like Gecko) Chrome/88.0.4240.193 Safari/537.36"
91.92.242.197 - - [27/Aug/2026:03:39:54 +0700] "POST /wp-login.php HTTP/1.1" 200 0 "-" "Mozilla/5.0"
207.46.13.6 - - [27/Aug/2026:03:41:06 +0700] "GET /wp-content/plugins/elementor/assets/js/877227b9d759b63096a9.bundle.js HTTP/2" 200 193 "-" "Mozilla/5.0 AppleWebKit/537.36 (KHTML, like Gecko; compatible; bingbot/2.0; +http://www.bing.com/bingbot.htm) Chrome/116.0.1938.76 Safari/537.36"
103.65.237.131 - - [27/Aug/2026:03:40:12 +0700] "POST //wp-login.php HTTP/1.1" 200 0 "https://arlindo.ac.id//wp-login.php" "Mozilla/5.0 (Windows NT 10.0; Win64; x64) AppleWebKit/537.36 (KHTML, like Gecko) Chrome/88.0.4240.193 Safari/537.36"
103.59.161.152 - - [27/Aug/2026:03:41:20 +0700] "POST /wp-login.php HTTP/1.1" 200 0 "-" "Mozilla/5.0"
54.87.112.51 - - [27/Aug/2026:03:41:48 +0700] "HEAD / HTTP/1.1" 200 0 "https://arlindo.ac.id" "Mozilla/5.0+(compatible; UptimeRobot/2.0; http://www.uptimerobot.com/)"
91.92.242.197 - - [27/Aug/2026:03:41:31 +0700] "POST /wp-login.php HTTP/1.1" 200 0 "-" "Mozilla/5.0"
103.65.237.131 - - [27/Aug/2026:03:41:15 +0700] "POST //wp-login.php HTTP/1.1" 200 0 "https://arlindo.ac.id//wp-login.php" "Mozilla/5.0 (Windows NT 10.0; Win64; x64) AppleWebKit/537.36 (KHTML, like Gecko) Chrome/88.0.4240.193 Safari/537.36"
202.10.43.32 - - [27/Aug/2026:03:43:14 +0700] "POST /wp-cron.php?doing_wp_cron=1787776994.1603589057922363281250 HTTP/1.1" 200 0 "-" "WordPress/7.1; https://arlindo.ac.id"
34.123.177.53 - - [27/Aug/2026:03:43:10 +0700] "GET /mou-stie-arlindo-dengan-unisba HTTP/2" 200 1394 "-" "Mozilla/5.0 AppleWebKit/537.36 (KHTML, like Gecko; compatible; SleepBot/1.0; +http://sleepbot.com/) Chrome/131.0.0.0 Safari/537.36"
103.59.161.152 - - [27/Aug/2026:03:42:59 +0700] "POST /wp-login.php HTTP/1.1" 200 0 "-" "Mozilla/5.0"
103.65.237.131 - - [27/Aug/2026:03:42:17 +0700] "POST //wp-login.php HTTP/1.1" 200 0 "https://arlindo.ac.id//wp-login.php" "Mozilla/5.0 (Windows NT 10.0; Win64; x64) AppleWebKit/537.36 (KHTML, like Gecko) Chrome/88.0.4240.193 Safari/537.36"
91.92.242.197 - - [27/Aug/2026:03:43:07 +0700] "POST /wp-login.php HTTP/1.1" 200 0 "-" "Mozilla/5.0"
103.65.237.131 - - [27/Aug/2026:03:43:19 +0700] "POST //wp-login.php HTTP/1.1" 200 0 "https://arlindo.ac.id//wp-login.php" "Mozilla/5.0 (Windows NT 10.0; Win64; x64) AppleWebKit/537.36 (KHTML, like Gecko) Chrome/88.0.4240.193 Safari/537.36"
103.59.161.152 - - [27/Aug/2026:03:44:09 +0700] "POST /wp-login.php HTTP/1.1" 200 0 "-" "Mozilla/5.0"
91.92.242.197 - - [27/Aug/2026:03:44:44 +0700] "POST /wp-login.php HTTP/1.1" 200 0 "-" "Mozilla/5.0"
103.65.237.131 - - [27/Aug/2026:03:44:21 +0700] "POST //wp-login.php HTTP/1.1" 200 0 "https://arlindo.ac.id//wp-login.php" "Mozilla/5.0 (Windows NT 10.0; Win64; x64) AppleWebKit/537.36 (KHTML, like Gecko) Chrome/88.0.4240.193 Safari/537.36"
103.59.161.152 - - [27/Aug/2026:03:45:20 +0700] "POST /wp-login.php HTTP/1.1" 200 0 "-" "Mozilla/5.0"
103.65.237.131 - - [27/Aug/2026:03:45:23 +0700] "POST //wp-login.php HTTP/1.1" 200 0 "https://arlindo.ac.id//wp-login.php" "Mozilla/5.0 (Windows NT 10.0; Win64; x64) AppleWebKit/537.36 (KHTML, like Gecko) Chrome/88.0.4240.193 Safari/537.36"
91.92.242.197 - - [27/Aug/2026:03:46:20 +0700] "POST /wp-login.php HTTP/1.1" 200 0 "-" "Mozilla/5.0"
4.223.171.219 - - [27/Aug/2026:03:47:02 +0700] "GET /wp-content/plugins/hellopress/wp_filemanager.php HTTP/1.1" 401 36 "-" "-"
54.87.112.51 - - [27/Aug/2026:03:47:04 +0700] "HEAD / HTTP/1.1" 200 0 "https://arlindo.ac.id" "Mozilla/5.0+(compatible; UptimeRobot/2.0; http://www.uptimerobot.com/)"
103.65.237.131 - - [27/Aug/2026:03:46:25 +0700] "POST //wp-login.php HTTP/1.1" 200 0 "https://arlindo.ac.id//wp-login.php" "Mozilla/5.0 (Windows NT 10.0; Win64; x64) AppleWebKit/537.36 (KHTML, like Gecko) Chrome/88.0.4240.193 Safari/537.36"
103.59.161.152 - - [27/Aug/2026:03:46:26 +0700] "POST /wp-login.php HTTP/1.1" 200 0 "-" "Mozilla/5.0"
57.141.14.106 - - [27/Aug/2026:03:47:38 +0700] "GET /tools-ai-untuk-mahasiswa-8-ai-terbaik-yang-wajib-diketahui-di-2026/ HTTP/2" 200 33030 "-" "Mozilla/5.0 (X11; Linux x86_64) AppleWebKit/537.36 (KHTML, like Gecko) Chrome/145.0.0.0 Safari/537.36 (compatible; meta-externalagent/1.1 (+https://developers.facebook.com/docs/sharing/webmasters/crawler))"
103.59.161.152 - - [27/Aug/2026:03:47:35 +0700] "POST /wp-login.php HTTP/1.1" 200 0 "-" "Mozilla/5.0"
91.92.242.197 - - [27/Aug/2026:03:47:59 +0700] "POST /wp-login.php HTTP/1.1" 200 0 "-" "Mozilla/5.0"
103.65.237.131 - - [27/Aug/2026:03:47:27 +0700] "POST //wp-login.php HTTP/1.1" 200 0 "https://arlindo.ac.id//wp-login.php" "Mozilla/5.0 (Windows NT 10.0; Win64; x64) AppleWebKit/537.36 (KHTML, like Gecko) Chrome/88.0.4240.193 Safari/537.36"
202.10.43.32 - - [27/Aug/2026:03:48:51 +0700] "POST /wp-cron.php?doing_wp_cron=1787777331.0667879581451416015625 HTTP/1.1" 200 0 "-" "WordPress/7.1; https://arlindo.ac.id"
52.167.144.225 - - [27/Aug/2026:03:48:47 +0700] "GET /sitemap_index.xml HTTP/2" 200 1626 "-" "Mozilla/5.0 AppleWebKit/537.36 (KHTML, like Gecko; compatible; bingbot/2.0; +http://www.bing.com/bingbot.htm) Chrome/116.0.1938.76 Safari/537.36"
157.245.66.179 - - [27/Aug/2026:03:48:52 +0700] "POST / HTTP/1.1" 200 281 "https://autoconfig.arlindo.ac.id/" "Mozilla/5.0 (Windows NT 10.0; Win64; x64) AppleWebKit/537.36 (KHTML, like Gecko) Chrome/146.0.0.0 Safari/537.36"
103.59.161.152 - - [27/Aug/2026:03:48:59 +0700] "POST /wp-login.php HTTP/1.1" 200 0 "-" "Mozilla/5.0"
103.65.237.131 - - [27/Aug/2026:03:48:29 +0700] "POST //wp-login.php HTTP/1.1" 200 0 "https://arlindo.ac.id//wp-login.php" "Mozilla/5.0 (Windows NT 10.0; Win64; x64) AppleWebKit/537.36 (KHTML, like Gecko) Chrome/88.0.4240.193 Safari/537.36"
173.252.82.27 - - [27/Aug/2026:03:49:50 +0700] "GET /robots.txt HTTP/2" 200 1682 "-" "facebookexternalhit/1.1 (+http://www.facebook.com/externalhit_uatext.php)"
202.10.43.32 - - [27/Aug/2026:03:49:51 +0700] "POST /wp-cron.php?doing_wp_cron=1787777391.5242760181427001953125 HTTP/1.1" 200 0 "-" "WordPress/7.1; https://arlindo.ac.id"
57.141.14.51 - - [27/Aug/2026:03:49:56 +0700] "GET /pt-arlindo-mitra-perkasa-gelar-pelatihan-dan-simulasi-penggunaan-apar-stie-arlindo-turut-berpartisipasi/ HTTP/2" 200 29482 "-" "Mozilla/5.0 (Macintosh; Intel Mac OS X 10_15_7) AppleWebKit/537.36 (KHTML, like Gecko) Chrome/145.0.0.0 Safari/537.36 (compatible; meta-externalagent/1.1 (+https://developers.facebook.com/docs/sharing/webmasters/crawler))"
91.92.242.197 - - [27/Aug/2026:03:49:36 +0700] "POST /wp-login.php HTTP/1.1" 200 0 "-" "Mozilla/5.0"
173.252.95.39 - - [27/Aug/2026:03:49:57 +0700] "GET /robots.txt HTTP/2" 200 1682 "-" "facebookexternalhit/1.1 (+http://www.facebook.com/externalhit_uatext.php)"
199.47.82.18 - - [27/Aug/2026:03:50:10 +0700] "GET /2026/07/17/ HTTP/1.1" 200 21170 "-" "Turnitin (https://bit.ly/2UvnfoQ)"
199.47.82.18 - - [27/Aug/2026:03:50:10 +0700] "GET /dosen-stie-arlindo-ikuti-program-fasilitasi-publikasi-artikel-ilmiah-lldikti-wilayah-iv/ HTTP/1.1" 200 28369 "-" "Turnitin (https://bit.ly/2UvnfoQ)"
199.47.82.18 - - [27/Aug/2026:03:50:11 +0700] "GET /kickoff-meeting-stie-arlindo-awali-transformasi-digital-dengan-sistem-akademik-berbasis-sevima/ HTTP/1.1" 200 29002 "-" "Turnitin (https://bit.ly/2UvnfoQ)"
199.47.82.18 - - [27/Aug/2026:03:50:12 +0700] "GET /lebih-dari-50-calon-mahasiswa-ikuti-tes-potensi-akademik-jalur-beasiswa-yayasan-stie-arlindo/ HTTP/1.1" 200 29085 "-" "Turnitin (https://bit.ly/2UvnfoQ)"
199.47.82.18 - - [27/Aug/2026:03:50:13 +0700] "GET /musyawarah-besar-bem-dan-ukm-stie-arlindo-sahkan-ad-art-perkuat-fondasi-organisasi-mahasiswa/ HTTP/1.1" 200 29548 "-" "Turnitin (https://bit.ly/2UvnfoQ)"
199.47.82.18 - - [27/Aug/2026:03:50:14 +0700] "GET /prospek-kerja-lulusan-manajemen-tahun-2026-peluang-karier-dan-gaji-menjanjikan/ HTTP/1.1" 200 31431 "-" "Turnitin (https://bit.ly/2UvnfoQ)"
199.47.82.18 - - [27/Aug/2026:03:50:15 +0700] "GET /pt-arlindo-mitra-perkasa-gelar-pelatihan-dan-simulasi-penggunaan-apar-stie-arlindo-turut-berpartisipasi/ HTTP/1.1" 200 29431 "-" "Turnitin (https://bit.ly/2UvnfoQ)"
199.47.82.18 - - [27/Aug/2026:03:50:16 +0700] "GET /stie-arlindo-hadiri-munas-vi-asosiasi-badan-penyelenggara-perguruan-tinggi-swasta-se-indonesia/ HTTP/1.1" 200 28661 "-" "Turnitin (https://bit.ly/2UvnfoQ)"
199.47.82.18 - - [27/Aug/2026:03:50:17 +0700] "GET /stie-arlindo-ikuti-bimbingan-teknis-indoceiss-2026-untuk-meningkatkan-mutu-akademik/ HTTP/1.1" 200 30393 "-" "Turnitin (https://bit.ly/2UvnfoQ)"
199.47.82.18 - - [27/Aug/2026:03:50:18 +0700] "GET /stie-arlindo-ikuti-pendampingan-penyusunan-dokumen-sistem-penjaminan-mutu-internal-spmi-lldikti-wilayah-iv-regional-ii/ HTTP/1.1" 200 29397 "-" "Turnitin (https://bit.ly/2UvnfoQ)"
199.47.82.18 - - [27/Aug/2026:03:50:19 +0700] "GET /stie-arlindo-perkuat-sinergi-digital-bersama-diskominfo-kota-bekasi-melalui-podcast-edukatif/ HTTP/1.1" 200 29941 "-" "Turnitin (https://bit.ly/2UvnfoQ)"
199.47.82.18 - - [27/Aug/2026:03:50:20 +0700] "GET /stie-arlindo-sukses-selenggarakan-tes-potensi-akademik-tpa-gelombang-1-bagi-95-calon-penerima-kip-kuliah/ HTTP/1.1" 200 28867 "-" "Turnitin (https://bit.ly/2UvnfoQ)"
199.47.82.18 - - [27/Aug/2026:03:50:21 +0700] "GET /tes-potensi-akademik-tpa-gelombang-ii-stie-arlindo-diikuti-26-calon-mahasiswa-baru/ HTTP/1.1" 200 27537 "-" "Turnitin (https://bit.ly/2UvnfoQ)"
199.47.82.18 - - [27/Aug/2026:03:50:22 +0700] "GET /wisuda-pondok-pesantren-irsyadul-mutaalimin-stie-arlindo-berikan-penghargaan-kepada-santri-dan-pimpinan-ponpes/ HTTP/1.1" 200 29973 "-" "Turnitin (https://bit.ly/2UvnfoQ)"
199.47.82.18 - - [27/Aug/2026:03:50:23 +0700] "GET /wp-content/uploads/2024/01/KELAS-KARYAWAN.png HTTP/1.1" 304 0 "-" "Turnitin (https://bit.ly/2UvnfoQ)"
199.47.82.18 - - [27/Aug/2026:03:50:24 +0700] "GET /wp-content/uploads/2024/01/KELAS-REGULER.png HTTP/1.1" 304 0 "-" "Turnitin (https://bit.ly/2UvnfoQ)"
103.59.161.152 - - [27/Aug/2026:03:50:10 +0700] "POST /wp-login.php HTTP/1.1" 200 0 "-" "Mozilla/5.0"
103.65.237.131 - - [27/Aug/2026:03:49:31 +0700] "POST //wp-login.php HTTP/1.1" 200 0 "https://arlindo.ac.id//wp-login.php" "Mozilla/5.0 (Windows NT 10.0; Win64; x64) AppleWebKit/537.36 (KHTML, like Gecko) Chrome/88.0.4240.193 Safari/537.36"
34.203.50.75 - - [27/Aug/2026:03:51:13 +0700] "GET / HTTP/1.1" 200 30941 "-" "Mozilla/5.0 (Macintosh; Intel Mac OS X 10_15_7) AppleWebKit/537.36 (KHTML, like Gecko) Chrome/124.0.0.0 Safari/537.36"
103.65.237.131 - - [27/Aug/2026:03:50:33 +0700] "POST //wp-login.php HTTP/1.1" 200 0 "https://arlindo.ac.id//wp-login.php" "Mozilla/5.0 (Windows NT 10.0; Win64; x64) AppleWebKit/537.36 (KHTML, like Gecko) Chrome/88.0.4240.193 Safari/537.36"
91.92.242.197 - - [27/Aug/2026:03:51:17 +0700] "POST /wp-login.php HTTP/1.1" 200 0 "-" "Mozilla/5.0"
5.161.177.47 - - [27/Aug/2026:03:52:11 +0700] "HEAD / HTTP/1.1" 200 0 "https://arlindo.ac.id" "Mozilla/5.0+(compatible; UptimeRobot/2.0; http://www.uptimerobot.com/)"
103.59.161.152 - - [27/Aug/2026:03:51:25 +0700] "POST /wp-login.php HTTP/1.1" 200 0 "-" "Mozilla/5.0"
103.65.237.131 - - [27/Aug/2026:03:51:35 +0700] "POST //wp-login.php HTTP/1.1" 200 0 "https://arlindo.ac.id//wp-login.php" "Mozilla/5.0 (Windows NT 10.0; Win64; x64) AppleWebKit/537.36 (KHTML, like Gecko) Chrome/88.0.4240.193 Safari/537.36"
91.92.242.197 - - [27/Aug/2026:03:52:53 +0700] "POST /wp-login.php HTTP/1.1" 200 0 "-" "Mozilla/5.0"
103.59.161.152 - - [27/Aug/2026:03:53:01 +0700] "POST /wp-login.php HTTP/1.1" 200 0 "-" "Mozilla/5.0"
103.65.237.131 - - [27/Aug/2026:03:52:37 +0700] "POST //wp-login.php HTTP/1.1" 200 0 "https://arlindo.ac.id//wp-login.php" "Mozilla/5.0 (Windows NT 10.0; Win64; x64) AppleWebKit/537.36 (KHTML, like Gecko) Chrome/88.0.4240.193 Safari/537.36"
103.65.237.131 - - [27/Aug/2026:03:53:39 +0700] "POST //wp-login.php HTTP/1.1" 200 0 "https://arlindo.ac.id//wp-login.php" "Mozilla/5.0 (Windows NT 10.0; Win64; x64) AppleWebKit/537.36 (KHTML, like Gecko) Chrome/88.0.4240.193 Safari/537.36"
103.59.161.152 - - [27/Aug/2026:03:54:32 +0700] "POST /wp-login.php HTTP/1.1" 200 0 "-" "Mozilla/5.0"
91.92.242.197 - - [27/Aug/2026:03:54:29 +0700] "POST /wp-login.php HTTP/1.1" 200 0 "-" "Mozilla/5.0"
192.53.174.226 - - [27/Aug/2026:03:55:04 +0700] "GET /wp-content/plugins/wp-multi-store-locator/readme.txt HTTP/1.1" 503 807 "-" "Mozilla/5.0 (Macintosh; Intel Mac OS X 10.11; rv:140.0) Gecko/20100101 Firefox/140.0"
192.53.174.226 - - [27/Aug/2026:03:55:04 +0700] "GET /wp-content/themes/coworking/style.css HTTP/1.1" 503 807 "-" "Mozilla/5.0 (Windows NT 10.0; Win64; x64; rv:136.0) Gecko/20100101 Firefox/136.0"
192.53.174.226 - - [27/Aug/2026:03:55:03 +0700] "GET /wp-content/plugins/code-generator-pro/readme.txt HTTP/1.1" 503 807 "-" "Mozilla/5.0 (X11; Linux i686; rv:1.9.5.20) Gecko/ Firefox/3.6.1"
