129.225.125.127 - - [27/Aug/2026:06:04:17 +0700] "POST /wp-login.php HTTP/1.1" 200 9002 "https://arlindo.ac.id/wp-login.php" "Mozilla/5.0 (X11; Linux x86_64) AppleWebKit/537.36 (KHTML, like Gecko) Chrome/90.0.4430.212 Safari/537.36"
202.10.43.32 - - [27/Aug/2026:06:04:30 +0700] "POST /wp-cron.php?doing_wp_cron=1787785470.9622919559478759765625 HTTP/1.1" 200 0 "-" "WordPress/7.1; https://arlindo.ac.id"
202.10.43.32 - - [27/Aug/2026:06:04:30 +0700] "POST /?wordfence_syncAttackData=1787785470.5077 HTTP/1.1" 200 1394 "-" "WordPress/7.1; https://arlindo.ac.id"
129.225.125.127 - - [27/Aug/2026:06:04:30 +0700] "GET /wp-admin/index.php HTTP/1.1" 200 9956 "https://arlindo.ac.id/wp-login.php" "Mozilla/5.0 (Macintosh; Intel Mac OS X 10_15_7) AppleWebKit/537.36 (KHTML, like Gecko) Chrome/91.0.4472.124 Safari/537.36"
103.59.161.152 - - [27/Aug/2026:06:03:40 +0700] "POST /wp-login.php HTTP/1.1" 200 0 "-" "Mozilla/5.0"
129.225.125.127 - - [27/Aug/2026:06:04:31 +0700] "POST /wp-login.php HTTP/1.1" 200 9956 "https://arlindo.ac.id/wp-login.php" "Mozilla/5.0 (Macintosh; Intel Mac OS X 10_15_7) AppleWebKit/605.1.15 (KHTML, like Gecko) Version/15.0 Safari/605.1.15"
103.65.237.131 - - [27/Aug/2026:06:03:55 +0700] "POST //wp-login.php HTTP/1.1" 200 0 "https://arlindo.ac.id//wp-login.php" "Mozilla/5.0 (Windows NT 10.0; Win64; x64) AppleWebKit/537.36 (KHTML, like Gecko) Chrome/88.0.4240.193 Safari/537.36"
129.225.125.127 - - [27/Aug/2026:06:04:46 +0700] "POST /wp-login.php HTTP/1.1" 200 9003 "https://arlindo.ac.id/wp-login.php" "Mozilla/5.0 (Windows NT 6.1; Win64; x64; rv:90.0) Gecko/20100101 Firefox/90.0.1"
34.123.149.87 - - [27/Aug/2026:06:05:01 +0700] "GET /category/bisnis/ HTTP/1.1" 200 19682 "-" "Mozilla/5.0 (Macintosh; Intel Mac OS X 10_15_7) AppleWebKit/537.36 (KHTML, like Gecko) Chrome/120.0.0.0 Safari/537.36"
202.10.43.32 - - [27/Aug/2026:06:05:01 +0700] "POST /wp-cron.php?doing_wp_cron=1787785501.0318100452423095703125 HTTP/1.1" 200 0 "-" "WordPress/7.1; https://arlindo.ac.id"
202.10.43.32 - - [27/Aug/2026:06:05:00 +0700] "POST /?wordfence_syncAttackData=1787785500.582 HTTP/1.1" 200 1394 "-" "WordPress/7.1; https://arlindo.ac.id"
129.225.125.127 - - [27/Aug/2026:06:05:00 +0700] "GET /wp-admin/index.php HTTP/1.1" 200 9956 "https://arlindo.ac.id/wp-login.php" "Mozilla/5.0 (Windows NT 10.0; Win64; x64) AppleWebKit/605.1.15 (KHTML, like Gecko) Version/14.0.3 Safari/605.1.15"
129.225.125.127 - - [27/Aug/2026:06:05:01 +0700] "POST /wp-login.php HTTP/1.1" 200 9956 "https://arlindo.ac.id/wp-login.php" "Mozilla/5.0 (Windows NT 6.1; Win64; x64) AppleWebKit/537.36 (KHTML, like Gecko) Chrome/92.0.4515.131 Safari/537.36"
103.59.161.152 - - [27/Aug/2026:06:05:09 +0700] "POST /wp-login.php HTTP/1.1" 200 0 "-" "Mozilla/5.0"
129.225.125.127 - - [27/Aug/2026:06:05:16 +0700] "POST /wp-login.php HTTP/1.1" 200 9002 "https://arlindo.ac.id/wp-login.php" "Mozilla/5.0 (X11; Linux x86_64) AppleWebKit/537.36 (KHTML, like Gecko) Chrome/91.0.4472.124 Safari/537.36"
202.10.43.32 - - [27/Aug/2026:06:05:30 +0700] "POST /?wordfence_syncAttackData=1787785530.6838 HTTP/1.1" 200 1394 "-" "WordPress/7.1; https://arlindo.ac.id"
202.10.43.32 - - [27/Aug/2026:06:05:31 +0700] "POST /wp-cron.php?doing_wp_cron=1787785531.1615519523620605468750 HTTP/1.1" 200 0 "-" "WordPress/7.1; https://arlindo.ac.id"
129.225.125.127 - - [27/Aug/2026:06:05:30 +0700] "GET /wp-admin/index.php HTTP/1.1" 200 9956 "https://arlindo.ac.id/wp-login.php" "Mozilla/5.0 (X11; Linux x86_64) AppleWebKit/537.36 (KHTML, like Gecko) Chrome/91.0.4472.124 Safari/537.36"
129.225.125.127 - - [27/Aug/2026:06:05:31 +0700] "POST /wp-login.php HTTP/1.1" 200 9956 "https://arlindo.ac.id/wp-login.php" "Mozilla/5.0 (Windows NT 10.0; Win64; x64) AppleWebKit/605.1.15 (KHTML, like Gecko) Version/14.0.3 Safari/605.1.15"
91.92.242.197 - - [27/Aug/2026:06:05:29 +0700] "POST /wp-login.php HTTP/1.1" 200 0 "-" "Mozilla/5.0"
103.65.237.131 - - [27/Aug/2026:06:04:57 +0700] "POST //wp-login.php HTTP/1.1" 200 0 "https://arlindo.ac.id//wp-login.php" "Mozilla/5.0 (Windows NT 10.0; Win64; x64) AppleWebKit/537.36 (KHTML, like Gecko) Chrome/88.0.4240.193 Safari/537.36"
129.225.125.127 - - [27/Aug/2026:06:05:46 +0700] "POST /wp-login.php HTTP/1.1" 200 9003 "https://arlindo.ac.id/wp-login.php" "Mozilla/5.0 (Windows NT 10.0; Win64; x64) AppleWebKit/605.1.15 (KHTML, like Gecko) Version/14.1.2 Safari/605.1.15"
129.225.125.127 - - [27/Aug/2026:06:06:00 +0700] "GET /wp-admin/index.php HTTP/1.1" 200 9958 "https://arlindo.ac.id/wp-login.php" "Mozilla/5.0 (Macintosh; Intel Mac OS X 10_15_7) AppleWebKit/537.36 (KHTML, like Gecko) Chrome/91.0.4472.124 Safari/537.36"
202.10.43.32 - - [27/Aug/2026:06:06:01 +0700] "POST /wp-cron.php?doing_wp_cron=1787785561.0437049865722656250000 HTTP/1.1" 200 0 "-" "WordPress/7.1; https://arlindo.ac.id"
202.10.43.32 - - [27/Aug/2026:06:06:00 +0700] "POST /?wordfence_syncAttackData=1787785560.6161 HTTP/1.1" 200 1394 "-" "WordPress/7.1; https://arlindo.ac.id"
129.225.125.127 - - [27/Aug/2026:06:06:01 +0700] "POST /wp-login.php HTTP/1.1" 200 9002 "https://arlindo.ac.id/wp-login.php" "Mozilla/5.0 (Windows NT 10.0; Win64; x64; rv:90.0) Gecko/20100101 Firefox/90.0.1"
129.225.125.127 - - [27/Aug/2026:06:06:16 +0700] "POST /wp-login.php HTTP/1.1" 200 9002 "https://arlindo.ac.id/wp-login.php" "Mozilla/5.0 (Windows NT 10.0; Win64; x64; rv:90.0) Gecko/20100101 Firefox/90.0.1"
202.10.43.32 - - [27/Aug/2026:06:06:31 +0700] "POST /wp-cron.php?doing_wp_cron=1787785591.0628690719604492187500 HTTP/1.1" 200 0 "-" "WordPress/7.1; https://arlindo.ac.id"
202.10.43.32 - - [27/Aug/2026:06:06:30 +0700] "POST /?wordfence_syncAttackData=1787785590.6187 HTTP/1.1" 200 1394 "-" "WordPress/7.1; https://arlindo.ac.id"
129.225.125.127 - - [27/Aug/2026:06:06:30 +0700] "GET /wp-admin/index.php HTTP/1.1" 200 9951 "https://arlindo.ac.id/wp-login.php" "Mozilla/5.0 (X11; Linux x86_64) AppleWebKit/537.36 (KHTML, like Gecko) Chrome/90.0.4430.212 Safari/537.36"
103.59.161.152 - - [27/Aug/2026:06:06:22 +0700] "POST /wp-login.php HTTP/1.1" 200 0 "-" "Mozilla/5.0"
5.161.215.244 - - [27/Aug/2026:06:06:41 +0700] "HEAD / HTTP/1.1" 200 0 "https://arlindo.ac.id" "Mozilla/5.0+(compatible; UptimeRobot/2.0; http://www.uptimerobot.com/)"
129.225.125.127 - - [27/Aug/2026:06:06:31 +0700] "POST /wp-login.php HTTP/1.1" 200 9951 "https://arlindo.ac.id/wp-login.php" "Mozilla/5.0 (X11; Linux x86_64) AppleWebKit/537.36 (KHTML, like Gecko) Chrome/91.0.4472.124 Safari/537.36"
129.225.125.127 - - [27/Aug/2026:06:06:46 +0700] "POST /wp-login.php HTTP/1.1" 200 9003 "https://arlindo.ac.id/wp-login.php" "Mozilla/5.0 (Windows NT 6.1; Win64; x64; rv:92.0) Gecko/20100101 Firefox/92.0"
103.65.237.131 - - [27/Aug/2026:06:05:59 +0700] "POST //wp-login.php HTTP/1.1" 200 0 "https://arlindo.ac.id//wp-login.php" "Mozilla/5.0 (Windows NT 10.0; Win64; x64) AppleWebKit/537.36 (KHTML, like Gecko) Chrome/88.0.4240.193 Safari/537.36"
129.225.125.127 - - [27/Aug/2026:06:07:00 +0700] "GET /wp-admin/index.php HTTP/1.1" 200 9953 "https://arlindo.ac.id/wp-login.php" "Mozilla/5.0 (Windows NT 10.0; Win64; x64; rv:92.0) Gecko/20100101 Firefox/92.0"
202.10.43.32 - - [27/Aug/2026:06:07:02 +0700] "POST /wp-cron.php?doing_wp_cron=1787785621.9797849655151367187500 HTTP/1.1" 200 0 "-" "WordPress/7.1; https://arlindo.ac.id"
202.10.43.32 - - [27/Aug/2026:06:07:00 +0700] "POST /?wordfence_syncAttackData=1787785620.7951 HTTP/1.1" 200 1394 "-" "WordPress/7.1; https://arlindo.ac.id"
34.153.153.44 - - [27/Aug/2026:06:07:10 +0700] "GET /wordpress/.git/config HTTP/1.1" 404 5750 "-" "crusader-worker/1.0"
34.153.153.44 - - [27/Aug/2026:06:07:10 +0700] "GET /src/.git/config HTTP/1.1" 404 5750 "-" "crusader-worker/1.0"
34.153.153.44 - - [27/Aug/2026:06:07:10 +0700] "GET /.git/config HTTP/1.1" 404 5750 "-" "crusader-worker/1.0"
34.153.153.44 - - [27/Aug/2026:06:07:10 +0700] "GET /backend/.git/config HTTP/1.1" 404 5750 "-" "crusader-worker/1.0"
34.153.153.44 - - [27/Aug/2026:06:07:10 +0700] "GET /site/.git/config HTTP/1.1" 404 5750 "-" "crusader-worker/1.0"
34.153.153.44 - - [27/Aug/2026:06:07:10 +0700] "GET /var/www/.git/config HTTP/1.1" 404 5750 "-" "crusader-worker/1.0"
34.153.153.44 - - [27/Aug/2026:06:07:10 +0700] "GET /www/.git/config HTTP/1.1" 404 5750 "-" "crusader-worker/1.0"
34.153.153.44 - - [27/Aug/2026:06:07:10 +0700] "GET /html/.git/config HTTP/1.1" 404 5750 "-" "crusader-worker/1.0"
34.153.153.44 - - [27/Aug/2026:06:07:10 +0700] "GET /api/.git/config HTTP/1.1" 404 5750 "-" "crusader-worker/1.0"
34.153.153.44 - - [27/Aug/2026:06:07:10 +0700] "GET /public/.git/config HTTP/1.1" 404 5750 "-" "crusader-worker/1.0"
34.153.153.44 - - [27/Aug/2026:06:07:10 +0700] "GET /htdocs/.git/config HTTP/1.1" 404 5750 "-" "crusader-worker/1.0"
34.153.153.44 - - [27/Aug/2026:06:07:10 +0700] "GET /app/.git/config HTTP/1.1" 404 5750 "-" "crusader-worker/1.0"
129.225.125.127 - - [27/Aug/2026:06:07:02 +0700] "POST /wp-login.php HTTP/1.1" 200 9953 "https://arlindo.ac.id/wp-login.php" "Mozilla/5.0 (Windows NT 10.0; Win64; x64) AppleWebKit/537.36 (KHTML, like Gecko) Chrome/94.0.4606.71 Safari/537.36"
91.92.242.197 - - [27/Aug/2026:06:07:08 +0700] "POST /wp-login.php HTTP/1.1" 200 0 "-" "Mozilla/5.0"
129.225.125.127 - - [27/Aug/2026:06:07:17 +0700] "POST /wp-login.php HTTP/1.1" 200 9004 "https://arlindo.ac.id/wp-login.php" "Mozilla/5.0 (Macintosh; Intel Mac OS X 10_15_7; rv:90.0) Gecko/20100101 Firefox/90.0.1"
202.10.43.32 - - [27/Aug/2026:06:07:31 +0700] "POST /wp-cron.php?doing_wp_cron=1787785651.9085400104522705078125 HTTP/1.1" 200 0 "-" "WordPress/7.1; https://arlindo.ac.id"
202.10.43.32 - - [27/Aug/2026:06:07:31 +0700] "POST /?wordfence_syncAttackData=1787785651.4498 HTTP/1.1" 200 1394 "-" "WordPress/7.1; https://arlindo.ac.id"
129.225.125.127 - - [27/Aug/2026:06:07:31 +0700] "GET /wp-admin/index.php HTTP/1.1" 200 9956 "https://arlindo.ac.id/wp-login.php" "Mozilla/5.0 (X11; Linux x86_64) AppleWebKit/537.36 (KHTML, like Gecko) Chrome/92.0.4515.131 Safari/537.36"
43.130.72.177 - - [27/Aug/2026:06:07:38 +0700] "GET / HTTP/1.1" 200 36631 "http://arlindo.ac.id" "Mozilla/5.0 (iPhone; CPU iPhone OS 13_2_3 like Mac OS X) AppleWebKit/605.1.15 (KHTML, like Gecko) Version/13.0.3 Mobile/15E148 Safari/604.1"
20.104.104.62 - - [27/Aug/2026:06:07:44 +0700] "GET / HTTP/1.1" 200 30993 "-" "Mozilla/5.0 (Windows NT 10.0; Win64; x64) AppleWebKit/537.36 (KHTML, like Gecko) Chrome/120.0.0.0 Safari/537.36"
20.104.104.62 - - [27/Aug/2026:06:07:45 +0700] "GET /wp-content/plugins/admin.php HTTP/1.1" 200 16336 "-" "Mozilla/5.0 (Windows NT 10.0; Win64; x64) AppleWebKit/537.36 (KHTML, like Gecko) Chrome/120.0.0.0 Safari/537.36"
20.104.104.62 - - [27/Aug/2026:06:07:46 +0700] "GET /admin.php HTTP/1.1" 200 17407 "-" "Mozilla/5.0 (Windows NT 10.0; Win64; x64) AppleWebKit/537.36 (KHTML, like Gecko) Chrome/120.0.0.0 Safari/537.36"
129.225.125.127 - - [27/Aug/2026:06:07:32 +0700] "POST /wp-login.php HTTP/1.1" 200 9956 "https://arlindo.ac.id/wp-login.php" "Mozilla/5.0 (Macintosh; Intel Mac OS X 10_15_7; rv:93.0) Gecko/20100101 Firefox/93.0"
20.104.104.62 - - [27/Aug/2026:06:07:47 +0700] "GET /wk/index.php HTTP/1.1" 200 1394 "-" "Mozilla/5.0 (Windows NT 10.0; Win64; x64) AppleWebKit/537.36 (KHTML, like Gecko) Chrome/120.0.0.0 Safari/537.36"
20.104.104.62 - - [27/Aug/2026:06:07:48 +0700] "GET /supyffqkrnyxagxcjucnCdefault.php HTTP/1.1" 200 17407 "-" "Mozilla/5.0 (Windows NT 10.0; Win64; x64) AppleWebKit/537.36 (KHTML, like Gecko) Chrome/120.0.0.0 Safari/537.36"
20.104.104.62 - - [27/Aug/2026:06:07:49 +0700] "GET /elp.php HTTP/1.1" 200 17407 "-" "Mozilla/5.0 (Windows NT 10.0; Win64; x64) AppleWebKit/537.36 (KHTML, like Gecko) Chrome/120.0.0.0 Safari/537.36"
20.104.104.62 - - [27/Aug/2026:06:07:50 +0700] "GET /adminfuns.php HTTP/1.1" 200 17407 "-" "Mozilla/5.0 (Windows NT 10.0; Win64; x64) AppleWebKit/537.36 (KHTML, like Gecko) Chrome/120.0.0.0 Safari/537.36"
202.10.43.32 - - [27/Aug/2026:06:07:53 +0700] "POST /wp-cron.php?doing_wp_cron=1787785673.0958080291748046875000 HTTP/1.1" 200 0 "-" "WordPress/7.1; https://arlindo.ac.id"
20.104.104.62 - - [27/Aug/2026:06:07:52 +0700] "GET /.tmb/cloud.php HTTP/1.1" 200 17407 "-" "Mozilla/5.0 (Windows NT 10.0; Win64; x64) AppleWebKit/537.36 (KHTML, like Gecko) Chrome/120.0.0.0 Safari/537.36"
20.104.104.62 - - [27/Aug/2026:06:07:53 +0700] "GET /php8.php HTTP/1.1" 200 17407 "-" "Mozilla/5.0 (Windows NT 10.0; Win64; x64) AppleWebKit/537.36 (KHTML, like Gecko) Chrome/120.0.0.0 Safari/537.36"
20.104.104.62 - - [27/Aug/2026:06:07:55 +0700] "GET /.well-known HTTP/1.1" 301 795 "-" "Mozilla/5.0 (Windows NT 10.0; Win64; x64) AppleWebKit/537.36 (KHTML, like Gecko) Chrome/120.0.0.0 Safari/537.36"
20.104.104.62 - - [27/Aug/2026:06:07:56 +0700] "GET /inputs.php HTTP/1.1" 200 17407 "-" "Mozilla/5.0 (Windows NT 10.0; Win64; x64) AppleWebKit/537.36 (KHTML, like Gecko) Chrome/120.0.0.0 Safari/537.36"
20.104.104.62 - - [27/Aug/2026:06:07:57 +0700] "GET /goods.php HTTP/1.1" 200 17407 "-" "Mozilla/5.0 (Windows NT 10.0; Win64; x64) AppleWebKit/537.36 (KHTML, like Gecko) Chrome/120.0.0.0 Safari/537.36"
20.104.104.62 - - [27/Aug/2026:06:07:59 +0700] "GET /classwithtostring.php HTTP/1.1" 200 17407 "-" "Mozilla/5.0 (Windows NT 10.0; Win64; x64) AppleWebKit/537.36 (KHTML, like Gecko) Chrome/120.0.0.0 Safari/537.36"
20.104.104.62 - - [27/Aug/2026:06:08:00 +0700] "GET /simple.php HTTP/1.1" 200 17407 "-" "Mozilla/5.0 (Windows NT 10.0; Win64; x64) AppleWebKit/537.36 (KHTML, like Gecko) Chrome/120.0.0.0 Safari/537.36"
202.10.43.32 - - [27/Aug/2026:06:08:01 +0700] "POST /?wordfence_syncAttackData=1787785681.4483 HTTP/1.1" 200 1394 "-" "WordPress/7.1; https://arlindo.ac.id"
129.225.125.127 - - [27/Aug/2026:06:07:47 +0700] "POST /wp-login.php HTTP/1.1" 200 9004 "https://arlindo.ac.id/wp-login.php" "Mozilla/5.0 (Windows NT 10.0; Win64; x64) AppleWebKit/537.36 (KHTML, like Gecko) Chrome/90.0.4430.212 Safari/537.36"
129.225.125.127 - - [27/Aug/2026:06:08:01 +0700] "GET /wp-admin/index.php HTTP/1.1" 200 9954 "https://arlindo.ac.id/wp-login.php" "Mozilla/5.0 (X11; Linux x86_64) AppleWebKit/537.36 (KHTML, like Gecko) Chrome/91.0.4472.124 Safari/537.36"
20.104.104.62 - - [27/Aug/2026:06:08:01 +0700] "GET /wp-mail.php HTTP/1.1" 200 2273 "-" "Mozilla/5.0 (Windows NT 10.0; Win64; x64) AppleWebKit/537.36 (KHTML, like Gecko) Chrome/120.0.0.0 Safari/537.36"
103.65.237.131 - - [27/Aug/2026:06:07:01 +0700] "POST //wp-login.php HTTP/1.1" 200 0 "https://arlindo.ac.id//wp-login.php" "Mozilla/5.0 (Windows NT 10.0; Win64; x64) AppleWebKit/537.36 (KHTML, like Gecko) Chrome/88.0.4240.193 Safari/537.36"
20.104.104.62 - - [27/Aug/2026:06:08:02 +0700] "GET /about.php HTTP/1.1" 200 17407 "-" "Mozilla/5.0 (Windows NT 10.0; Win64; x64) AppleWebKit/537.36 (KHTML, like Gecko) Chrome/120.0.0.0 Safari/537.36"
20.104.104.62 - - [27/Aug/2026:06:08:04 +0700] "GET /1.php HTTP/1.1" 200 17407 "-" "Mozilla/5.0 (Windows NT 10.0; Win64; x64) AppleWebKit/537.36 (KHTML, like Gecko) Chrome/120.0.0.0 Safari/537.36"
20.104.104.62 - - [27/Aug/2026:06:08:05 +0700] "GET /file.php HTTP/1.1" 200 17407 "-" "Mozilla/5.0 (Windows NT 10.0; Win64; x64) AppleWebKit/537.36 (KHTML, like Gecko) Chrome/120.0.0.0 Safari/537.36"
20.104.104.62 - - [27/Aug/2026:06:08:07 +0700] "GET /404.php HTTP/1.1" 200 17407 "-" "Mozilla/5.0 (Windows NT 10.0; Win64; x64) AppleWebKit/537.36 (KHTML, like Gecko) Chrome/120.0.0.0 Safari/537.36"
20.104.104.62 - - [27/Aug/2026:06:08:08 +0700] "GET /wp-login.php HTTP/1.1" 200 3843 "-" "Mozilla/5.0 (Windows NT 10.0; Win64; x64) AppleWebKit/537.36 (KHTML, like Gecko) Chrome/120.0.0.0 Safari/537.36"
20.104.104.62 - - [27/Aug/2026:06:08:09 +0700] "GET /index.php/feed/atom HTTP/1.1" 200 1394 "-" "Mozilla/5.0 (Windows NT 10.0; Win64; x64) AppleWebKit/537.36 (KHTML, like Gecko) Chrome/120.0.0.0 Safari/537.36"
202.10.43.32 - - [27/Aug/2026:06:08:10 +0700] "POST /wp-cron.php?doing_wp_cron=1787785690.8870389461517333984375 HTTP/1.1" 200 0 "-" "WordPress/7.1; https://arlindo.ac.id"
20.104.104.62 - - [27/Aug/2026:06:08:09 +0700] "GET /php.php HTTP/1.1" 200 17407 "-" "Mozilla/5.0 (Windows NT 10.0; Win64; x64) AppleWebKit/537.36 (KHTML, like Gecko) Chrome/120.0.0.0 Safari/537.36"
20.104.104.62 - - [27/Aug/2026:06:08:11 +0700] "GET /wp-includes/Text/Diff/Engine.php HTTP/1.1" 200 16336 "-" "Mozilla/5.0 (Windows NT 10.0; Win64; x64) AppleWebKit/537.36 (KHTML, like Gecko) Chrome/120.0.0.0 Safari/537.36"
20.104.104.62 - - [27/Aug/2026:06:08:13 +0700] "GET /wp-content/admin.php HTTP/1.1" 200 17407 "-" "Mozilla/5.0 (Windows NT 10.0; Win64; x64) AppleWebKit/537.36 (KHTML, like Gecko) Chrome/120.0.0.0 Safari/537.36"
20.104.104.62 - - [27/Aug/2026:06:08:16 +0700] "GET /wp-content/themes/admin.php HTTP/1.1" 200 16336 "-" "Mozilla/5.0 (Windows NT 10.0; Win64; x64) AppleWebKit/537.36 (KHTML, like Gecko) Chrome/120.0.0.0 Safari/537.36"
129.225.125.127 - - [27/Aug/2026:06:08:01 +0700] "POST /wp-login.php HTTP/1.1" 200 9954 "https://arlindo.ac.id/wp-login.php" "Mozilla/5.0 (Macintosh; Intel Mac OS X 10_15_7) AppleWebKit/605.1.15 (KHTML, like Gecko) Version/14.1 Safari/605.1.15"
20.104.104.62 - - [27/Aug/2026:06:08:17 +0700] "GET /7.php HTTP/1.1" 200 17407 "-" "Mozilla/5.0 (Windows NT 10.0; Win64; x64) AppleWebKit/537.36 (KHTML, like Gecko) Chrome/120.0.0.0 Safari/537.36"
20.104.104.62 - - [27/Aug/2026:06:08:19 +0700] "GET /wp-content/index.php HTTP/1.1" 200 0 "-" "Mozilla/5.0 (Windows NT 10.0; Win64; x64) AppleWebKit/537.36 (KHTML, like Gecko) Chrome/120.0.0.0 Safari/537.36"
20.104.104.62 - - [27/Aug/2026:06:08:19 +0700] "GET /.well-known/acme-challenge/index.php HTTP/1.1" 200 1394 "-" "Mozilla/5.0 (Windows NT 10.0; Win64; x64) AppleWebKit/537.36 (KHTML, like Gecko) Chrome/120.0.0.0 Safari/537.36"
20.104.104.62 - - [27/Aug/2026:06:08:20 +0700] "GET /atomlib.php HTTP/1.1" 200 17407 "-" "Mozilla/5.0 (Windows NT 10.0; Win64; x64) AppleWebKit/537.36 (KHTML, like Gecko) Chrome/120.0.0.0 Safari/537.36"
20.104.104.62 - - [27/Aug/2026:06:08:21 +0700] "GET /chosen.php HTTP/1.1" 403 9678 "-" "Mozilla/5.0 (Windows NT 10.0; Win64; x64) AppleWebKit/537.36 (KHTML, like Gecko) Chrome/120.0.0.0 Safari/537.36"
20.104.104.62 - - [27/Aug/2026:06:08:21 +0700] "GET /css.php HTTP/1.1" 403 9678 "-" "Mozilla/5.0 (Windows NT 10.0; Win64; x64) AppleWebKit/537.36 (KHTML, like Gecko) Chrome/120.0.0.0 Safari/537.36"
103.59.161.152 - - [27/Aug/2026:06:08:07 +0700] "POST /wp-login.php HTTP/1.1" 200 0 "-" "Mozilla/5.0"
20.104.104.62 - - [27/Aug/2026:06:08:21 +0700] "GET /files.php HTTP/1.1" 403 9678 "-" "Mozilla/5.0 (Windows NT 10.0; Win64; x64) AppleWebKit/537.36 (KHTML, like Gecko) Chrome/120.0.0.0 Safari/537.36"
20.104.104.62 - - [27/Aug/2026:06:08:22 +0700] "GET /index/function.php HTTP/1.1" 403 9678 "-" "Mozilla/5.0 (Windows NT 10.0; Win64; x64) AppleWebKit/537.36 (KHTML, like Gecko) Chrome/120.0.0.0 Safari/537.36"
20.104.104.62 - - [27/Aug/2026:06:08:22 +0700] "GET /buy.php HTTP/1.1" 403 9678 "-" "Mozilla/5.0 (Windows NT 10.0; Win64; x64) AppleWebKit/537.36 (KHTML, like Gecko) Chrome/120.0.0.0 Safari/537.36"
20.104.104.62 - - [27/Aug/2026:06:08:22 +0700] "GET /info.php HTTP/1.1" 403 9677 "-" "Mozilla/5.0 (Windows NT 10.0; Win64; x64) AppleWebKit/537.36 (KHTML, like Gecko) Chrome/120.0.0.0 Safari/537.36"
20.104.104.62 - - [27/Aug/2026:06:08:22 +0700] "GET /wp.php HTTP/1.1" 403 9677 "-" "Mozilla/5.0 (Windows NT 10.0; Win64; x64) AppleWebKit/537.36 (KHTML, like Gecko) Chrome/120.0.0.0 Safari/537.36"
20.104.104.62 - - [27/Aug/2026:06:08:23 +0700] "GET /wp-content/uploads/index.php HTTP/1.1" 403 9677 "-" "Mozilla/5.0 (Windows NT 10.0; Win64; x64) AppleWebKit/537.36 (KHTML, like Gecko) Chrome/120.0.0.0 Safari/537.36"
20.104.104.62 - - [27/Aug/2026:06:08:23 +0700] "GET /wp-config-sample.php HTTP/1.1" 403 9677 "-" "Mozilla/5.0 (Windows NT 10.0; Win64; x64) AppleWebKit/537.36 (KHTML, like Gecko) Chrome/120.0.0.0 Safari/537.36"
20.104.104.62 - - [27/Aug/2026:06:08:23 +0700] "GET /wp-content/themes/x/bypass.php HTTP/1.1" 403 9677 "-" "Mozilla/5.0 (Windows NT 10.0; Win64; x64) AppleWebKit/537.36 (KHTML, like Gecko) Chrome/120.0.0.0 Safari/537.36"
20.104.104.62 - - [27/Aug/2026:06:08:23 +0700] "GET /666.php HTTP/1.1" 403 9677 "-" "Mozilla/5.0 (Windows NT 10.0; Win64; x64) AppleWebKit/537.36 (KHTML, like Gecko) Chrome/120.0.0.0 Safari/537.36"
20.104.104.62 - - [27/Aug/2026:06:08:24 +0700] "GET /bgymj.php HTTP/1.1" 403 9678 "-" "Mozilla/5.0 (Windows NT 10.0; Win64; x64) AppleWebKit/537.36 (KHTML, like Gecko) Chrome/120.0.0.0 Safari/537.36"
20.104.104.62 - - [27/Aug/2026:06:08:24 +0700] "GET /control.php HTTP/1.1" 403 9677 "-" "Mozilla/5.0 (Windows NT 10.0; Win64; x64) AppleWebKit/537.36 (KHTML, like Gecko) Chrome/120.0.0.0 Safari/537.36"
20.104.104.62 - - [27/Aug/2026:06:08:24 +0700] "GET /randkeyword.PhP7 HTTP/1.1" 403 9677 "-" "Mozilla/5.0 (Windows NT 10.0; Win64; x64) AppleWebKit/537.36 (KHTML, like Gecko) Chrome/120.0.0.0 Safari/537.36"
20.104.104.62 - - [27/Aug/2026:06:08:25 +0700] "GET /wp-content/plugins/core-plugin/include.php HTTP/1.1" 403 9677 "-" "Mozilla/5.0 (Windows NT 10.0; Win64; x64) AppleWebKit/537.36 (KHTML, like Gecko) Chrome/120.0.0.0 Safari/537.36"
20.104.104.62 - - [27/Aug/2026:06:08:26 +0700] "GET /wp-includes/assets/ty.php HTTP/1.1" 403 9677 "-" "Mozilla/5.0 (Windows NT 10.0; Win64; x64) AppleWebKit/537.36 (KHTML, like Gecko) Chrome/120.0.0.0 Safari/537.36"
20.104.104.62 - - [27/Aug/2026:06:08:26 +0700] "GET /file61.php HTTP/1.1" 403 9677 "-" "Mozilla/5.0 (Windows NT 10.0; Win64; x64) AppleWebKit/537.36 (KHTML, like Gecko) Chrome/120.0.0.0 Safari/537.36"
20.104.104.62 - - [27/Aug/2026:06:08:26 +0700] "GET /p.php HTTP/1.1" 403 9677 "-" "Mozilla/5.0 (Windows NT 10.0; Win64; x64) AppleWebKit/537.36 (KHTML, like Gecko) Chrome/120.0.0.0 Safari/537.36"
20.104.104.62 - - [27/Aug/2026:06:08:27 +0700] "GET /ms-edit.php HTTP/1.1" 403 9677 "-" "Mozilla/5.0 (Windows NT 10.0; Win64; x64) AppleWebKit/537.36 (KHTML, like Gecko) Chrome/120.0.0.0 Safari/537.36"
20.104.104.62 - - [27/Aug/2026:06:08:27 +0700] "GET /alfanew.PHP7 HTTP/1.1" 403 9677 "-" "Mozilla/5.0 (Windows NT 10.0; Win64; x64) AppleWebKit/537.36 (KHTML, like Gecko) Chrome/120.0.0.0 Safari/537.36"
20.104.104.62 - - [27/Aug/2026:06:08:27 +0700] "GET /cgi-bin HTTP/1.1" 301 795 "-" "Mozilla/5.0 (Windows NT 10.0; Win64; x64) AppleWebKit/537.36 (KHTML, like Gecko) Chrome/120.0.0.0 Safari/537.36"
20.104.104.62 - - [27/Aug/2026:06:08:28 +0700] "GET /dx.php HTTP/1.1" 403 9677 "-" "Mozilla/5.0 (Windows NT 10.0; Win64; x64) AppleWebKit/537.36 (KHTML, like Gecko) Chrome/120.0.0.0 Safari/537.36"
20.104.104.62 - - [27/Aug/2026:06:08:28 +0700] "GET /wp-admin/maint/index.php HTTP/1.1" 403 9677 "-" "Mozilla/5.0 (Windows NT 10.0; Win64; x64) AppleWebKit/537.36 (KHTML, like Gecko) Chrome/120.0.0.0 Safari/537.36"
20.104.104.62 - - [27/Aug/2026:06:08:28 +0700] "GET /.well-known/pki-validation HTTP/1.1" 403 9677 "-" "Mozilla/5.0 (Windows NT 10.0; Win64; x64) AppleWebKit/537.36 (KHTML, like Gecko) Chrome/120.0.0.0 Safari/537.36"
20.104.104.62 - - [27/Aug/2026:06:08:28 +0700] "GET /doc.php HTTP/1.1" 403 9677 "-" "Mozilla/5.0 (Windows NT 10.0; Win64; x64) AppleWebKit/537.36 (KHTML, like Gecko) Chrome/120.0.0.0 Safari/537.36"
20.104.104.62 - - [27/Aug/2026:06:08:29 +0700] "GET /tool.php HTTP/1.1" 403 9677 "-" "Mozilla/5.0 (Windows NT 10.0; Win64; x64) AppleWebKit/537.36 (KHTML, like Gecko) Chrome/120.0.0.0 Safari/537.36"
20.104.104.62 - - [27/Aug/2026:06:08:29 +0700] "GET /xx.php HTTP/1.1" 403 9677 "-" "Mozilla/5.0 (Windows NT 10.0; Win64; x64) AppleWebKit/537.36 (KHTML, like Gecko) Chrome/120.0.0.0 Safari/537.36"
20.104.104.62 - - [27/Aug/2026:06:08:29 +0700] "GET /xxx.php HTTP/1.1" 403 9677 "-" "Mozilla/5.0 (Windows NT 10.0; Win64; x64) AppleWebKit/537.36 (KHTML, like Gecko) Chrome/120.0.0.0 Safari/537.36"
20.104.104.62 - - [27/Aug/2026:06:08:29 +0700] "GET /100.php HTTP/1.1" 403 9677 "-" "Mozilla/5.0 (Windows NT 10.0; Win64; x64) AppleWebKit/537.36 (KHTML, like Gecko) Chrome/120.0.0.0 Safari/537.36"
20.104.104.62 - - [27/Aug/2026:06:08:30 +0700] "GET /wp-admin/network/about.php HTTP/1.1" 403 9677 "-" "Mozilla/5.0 (Windows NT 10.0; Win64; x64) AppleWebKit/537.36 (KHTML, like Gecko) Chrome/120.0.0.0 Safari/537.36"
20.104.104.62 - - [27/Aug/2026:06:08:30 +0700] "GET /wp-blog.php HTTP/1.1" 403 9677 "-" "Mozilla/5.0 (Windows NT 10.0; Win64; x64) AppleWebKit/537.36 (KHTML, like Gecko) Chrome/120.0.0.0 Safari/537.36"
20.104.104.62 - - [27/Aug/2026:06:08:30 +0700] "GET /wp-content/themes/index.php HTTP/1.1" 403 9677 "-" "Mozilla/5.0 (Windows NT 10.0; Win64; x64) AppleWebKit/537.36 (KHTML, like Gecko) Chrome/120.0.0.0 Safari/537.36"
20.104.104.62 - - [27/Aug/2026:06:08:30 +0700] "GET /wp-includes/images HTTP/1.1" 301 795 "-" "Mozilla/5.0 (Windows NT 10.0; Win64; x64) AppleWebKit/537.36 (KHTML, like Gecko) Chrome/120.0.0.0 Safari/537.36"
129.225.125.127 - - [27/Aug/2026:06:08:17 +0700] "POST /wp-login.php HTTP/1.1" 200 9004 "https://arlindo.ac.id/wp-login.php" "Mozilla/5.0 (Macintosh; Intel Mac OS X 10_15_7) AppleWebKit/537.36 (KHTML, like Gecko) Chrome/94.0.4606.71 Safari/537.36"
202.10.43.32 - - [27/Aug/2026:06:08:31 +0700] "POST /wp-cron.php?doing_wp_cron=1787785711.7867228984832763671875 HTTP/1.1" 200 0 "-" "WordPress/7.1; https://arlindo.ac.id"
129.225.125.127 - - [27/Aug/2026:06:08:31 +0700] "GET /wp-admin/index.php HTTP/1.1" 200 9955 "https://arlindo.ac.id/wp-login.php" "Mozilla/5.0 (X11; Linux x86_64) AppleWebKit/537.36 (KHTML, like Gecko) Chrome/91.0.4472.124 Safari/537.36"
20.104.104.62 - - [27/Aug/2026:06:08:31 +0700] "GET /data.php HTTP/1.1" 403 9677 "-" "Mozilla/5.0 (Windows NT 10.0; Win64; x64) AppleWebKit/537.36 (KHTML, like Gecko) Chrome/120.0.0.0 Safari/537.36"
20.104.104.62 - - [27/Aug/2026:06:08:31 +0700] "GET /ioxi-o.php HTTP/1.1" 403 9677 "-" "Mozilla/5.0 (Windows NT 10.0; Win64; x64) AppleWebKit/537.36 (KHTML, like Gecko) Chrome/120.0.0.0 Safari/537.36"
20.104.104.62 - - [27/Aug/2026:06:08:31 +0700] "GET /as.php HTTP/1.1" 403 9678 "-" "Mozilla/5.0 (Windows NT 10.0; Win64; x64) AppleWebKit/537.36 (KHTML, like Gecko) Chrome/120.0.0.0 Safari/537.36"
202.10.43.32 - - [27/Aug/2026:06:08:31 +0700] "POST /?wordfence_syncAttackData=1787785711.3389 HTTP/1.1" 200 1394 "-" "WordPress/7.1; https://arlindo.ac.id"
20.104.104.62 - - [27/Aug/2026:06:08:31 +0700] "GET /term.php HTTP/1.1" 403 9678 "-" "Mozilla/5.0 (Windows NT 10.0; Win64; x64) AppleWebKit/537.36 (KHTML, like Gecko) Chrome/120.0.0.0 Safari/537.36"
20.104.104.62 - - [27/Aug/2026:06:08:32 +0700] "GET /vx.php HTTP/1.1" 403 9678 "-" "Mozilla/5.0 (Windows NT 10.0; Win64; x64) AppleWebKit/537.36 (KHTML, like Gecko) Chrome/120.0.0.0 Safari/537.36"
20.104.104.62 - - [27/Aug/2026:06:08:32 +0700] "GET /wp-includes/PHPMailer HTTP/1.1" 301 795 "-" "Mozilla/5.0 (Windows NT 10.0; Win64; x64) AppleWebKit/537.36 (KHTML, like Gecko) Chrome/120.0.0.0 Safari/537.36"
20.104.104.62 - - [27/Aug/2026:06:08:32 +0700] "GET /a7.php HTTP/1.1" 403 9678 "-" "Mozilla/5.0 (Windows NT 10.0; Win64; x64) AppleWebKit/537.36 (KHTML, like Gecko) Chrome/120.0.0.0 Safari/537.36"
20.104.104.62 - - [27/Aug/2026:06:08:32 +0700] "GET /wp-admin/css/colors/ectoplasm HTTP/1.1" 301 795 "-" "Mozilla/5.0 (Windows NT 10.0; Win64; x64) AppleWebKit/537.36 (KHTML, like Gecko) Chrome/120.0.0.0 Safari/537.36"
20.104.104.62 - - [27/Aug/2026:06:08:33 +0700] "GET /wp-content/themes/seotheme/mar.php HTTP/1.1" 403 9678 "-" "Mozilla/5.0 (Windows NT 10.0; Win64; x64) AppleWebKit/537.36 (KHTML, like Gecko) Chrome/120.0.0.0 Safari/537.36"
20.104.104.62 - - [27/Aug/2026:06:08:33 +0700] "GET /222.php HTTP/1.1" 403 9678 "-" "Mozilla/5.0 (Windows NT 10.0; Win64; x64) AppleWebKit/537.36 (KHTML, like Gecko) Chrome/120.0.0.0 Safari/537.36"
20.104.104.62 - - [27/Aug/2026:06:08:33 +0700] "GET /7logs.php HTTP/1.1" 403 9677 "-" "Mozilla/5.0 (Windows NT 10.0; Win64; x64) AppleWebKit/537.36 (KHTML, like Gecko) Chrome/120.0.0.0 Safari/537.36"
20.104.104.62 - - [27/Aug/2026:06:08:33 +0700] "GET /a.php HTTP/1.1" 403 9677 "-" "Mozilla/5.0 (Windows NT 10.0; Win64; x64) AppleWebKit/537.36 (KHTML, like Gecko) Chrome/120.0.0.0 Safari/537.36"
20.104.104.62 - - [27/Aug/2026:06:08:34 +0700] "GET /abc.php HTTP/1.1" 403 9678 "-" "Mozilla/5.0 (Windows NT 10.0; Win64; x64) AppleWebKit/537.36 (KHTML, like Gecko) Chrome/120.0.0.0 Safari/537.36"
20.104.104.62 - - [27/Aug/2026:06:08:34 +0700] "GET /fone1.php HTTP/1.1" 403 9677 "-" "Mozilla/5.0 (Windows NT 10.0; Win64; x64) AppleWebKit/537.36 (KHTML, like Gecko) Chrome/120.0.0.0 Safari/537.36"
20.104.104.62 - - [27/Aug/2026:06:08:34 +0700] "GET /lib.php HTTP/1.1" 403 9677 "-" "Mozilla/5.0 (Windows NT 10.0; Win64; x64) AppleWebKit/537.36 (KHTML, like Gecko) Chrome/120.0.0.0 Safari/537.36"
20.104.104.62 - - [27/Aug/2026:06:08:35 +0700] "GET /sadcut1.php HTTP/1.1" 403 9677 "-" "Mozilla/5.0 (Windows NT 10.0; Win64; x64) AppleWebKit/537.36 (KHTML, like Gecko) Chrome/120.0.0.0 Safari/537.36"
20.104.104.62 - - [27/Aug/2026:06:08:35 +0700] "GET /wp-includes/interactivity-api/index.php HTTP/1.1" 403 9677 "-" "Mozilla/5.0 (Windows NT 10.0; Win64; x64) AppleWebKit/537.36 (KHTML, like Gecko) Chrome/120.0.0.0 Safari/537.36"
20.104.104.62 - - [27/Aug/2026:06:08:35 +0700] "GET /xmlrpc.php HTTP/1.1" 403 1242 "-" "Mozilla/5.0 (Windows NT 10.0; Win64; x64) AppleWebKit/537.36 (KHTML, like Gecko) Chrome/120.0.0.0 Safari/537.36"
20.104.104.62 - - [27/Aug/2026:06:08:35 +0700] "GET /aa.php HTTP/1.1" 403 9677 "-" "Mozilla/5.0 (Windows NT 10.0; Win64; x64) AppleWebKit/537.36 (KHTML, like Gecko) Chrome/120.0.0.0 Safari/537.36"
20.104.104.62 - - [27/Aug/2026:06:08:35 +0700] "GET /admin.php/wp-includes/certificates/about.php HTTP/1.1" 403 9677 "-" "Mozilla/5.0 (Windows NT 10.0; Win64; x64) AppleWebKit/537.36 (KHTML, like Gecko) Chrome/120.0.0.0 Safari/537.36"
20.104.104.62 - - [27/Aug/2026:06:08:36 +0700] "GET /amax.php HTTP/1.1" 403 9677 "-" "Mozilla/5.0 (Windows NT 10.0; Win64; x64) AppleWebKit/537.36 (KHTML, like Gecko) Chrome/120.0.0.0 Safari/537.36"
20.104.104.62 - - [27/Aug/2026:06:08:36 +0700] "GET /av.php HTTP/1.1" 403 9677 "-" "Mozilla/5.0 (Windows NT 10.0; Win64; x64) AppleWebKit/537.36 (KHTML, like Gecko) Chrome/120.0.0.0 Safari/537.36"
20.104.104.62 - - [27/Aug/2026:06:08:36 +0700] "GET /function/function.php HTTP/1.1" 403 9677 "-" "Mozilla/5.0 (Windows NT 10.0; Win64; x64) AppleWebKit/537.36 (KHTML, like Gecko) Chrome/120.0.0.0 Safari/537.36"
20.104.104.62 - - [27/Aug/2026:06:08:36 +0700] "GET /modules/mod_footer/tmpl/index.php HTTP/1.1" 403 9677 "-" "Mozilla/5.0 (Windows NT 10.0; Win64; x64) AppleWebKit/537.36 (KHTML, like Gecko) Chrome/120.0.0.0 Safari/537.36"
20.104.104.62 - - [27/Aug/2026:06:08:37 +0700] "GET /wp-admin/js/index.php HTTP/1.1" 403 9677 "-" "Mozilla/5.0 (Windows NT 10.0; Win64; x64) AppleWebKit/537.36 (KHTML, like Gecko) Chrome/120.0.0.0 Safari/537.36"
20.104.104.62 - - [27/Aug/2026:06:08:37 +0700] "GET /wp-content/plugins/WordPressCore/include.php HTTP/1.1" 403 9677 "-" "Mozilla/5.0 (Windows NT 10.0; Win64; x64) AppleWebKit/537.36 (KHTML, like Gecko) Chrome/120.0.0.0 Safari/537.36"
20.104.104.62 - - [27/Aug/2026:06:08:37 +0700] "GET /wp-content/plugins/index.php HTTP/1.1" 403 9677 "-" "Mozilla/5.0 (Windows NT 10.0; Win64; x64) AppleWebKit/537.36 (KHTML, like Gecko) Chrome/120.0.0.0 Safari/537.36"
20.104.104.62 - - [27/Aug/2026:06:08:37 +0700] "GET /wp-content/upgrade/index.php HTTP/1.1" 403 9677 "-" "Mozilla/5.0 (Windows NT 10.0; Win64; x64) AppleWebKit/537.36 (KHTML, like Gecko) Chrome/120.0.0.0 Safari/537.36"
20.104.104.62 - - [27/Aug/2026:06:08:38 +0700] "GET /ahax.php HTTP/1.1" 403 9677 "-" "Mozilla/5.0 (Windows NT 10.0; Win64; x64) AppleWebKit/537.36 (KHTML, like Gecko) Chrome/120.0.0.0 Safari/537.36"
20.104.104.62 - - [27/Aug/2026:06:08:38 +0700] "GET /alfa.php HTTP/1.1" 403 9677 "-" "Mozilla/5.0 (Windows NT 10.0; Win64; x64) AppleWebKit/537.36 (KHTML, like Gecko) Chrome/120.0.0.0 Safari/537.36"
20.104.104.62 - - [27/Aug/2026:06:08:38 +0700] "GET /bolt.php HTTP/1.1" 403 9677 "-" "Mozilla/5.0 (Windows NT 10.0; Win64; x64) AppleWebKit/537.36 (KHTML, like Gecko) Chrome/120.0.0.0 Safari/537.36"
20.104.104.62 - - [27/Aug/2026:06:08:38 +0700] "GET /wp-content/themes/about.php HTTP/1.1" 403 9677 "-" "Mozilla/5.0 (Windows NT 10.0; Win64; x64) AppleWebKit/537.36 (KHTML, like Gecko) Chrome/120.0.0.0 Safari/537.36"
20.104.104.62 - - [27/Aug/2026:06:08:39 +0700] "GET /wp-includes/Text/index.php HTTP/1.1" 403 9677 "-" "Mozilla/5.0 (Windows NT 10.0; Win64; x64) AppleWebKit/537.36 (KHTML, like Gecko) Chrome/120.0.0.0 Safari/537.36"
20.104.104.62 - - [27/Aug/2026:06:08:39 +0700] "GET /wp-signin.php HTTP/1.1" 403 9677 "-" "Mozilla/5.0 (Windows NT 10.0; Win64; x64) AppleWebKit/537.36 (KHTML, like Gecko) Chrome/120.0.0.0 Safari/537.36"
20.104.104.62 - - [27/Aug/2026:06:08:39 +0700] "GET /x.php HTTP/1.1" 403 9677 "-" "Mozilla/5.0 (Windows NT 10.0; Win64; x64) AppleWebKit/537.36 (KHTML, like Gecko) Chrome/120.0.0.0 Safari/537.36"
20.104.104.62 - - [27/Aug/2026:06:08:39 +0700] "GET /about/function.php HTTP/1.1" 403 9677 "-" "Mozilla/5.0 (Windows NT 10.0; Win64; x64) AppleWebKit/537.36 (KHTML, like Gecko) Chrome/120.0.0.0 Safari/537.36"
20.104.104.62 - - [27/Aug/2026:06:08:40 +0700] "GET /bless.php HTTP/1.1" 403 9677 "-" "Mozilla/5.0 (Windows NT 10.0; Win64; x64) AppleWebKit/537.36 (KHTML, like Gecko) Chrome/120.0.0.0 Safari/537.36"
20.104.104.62 - - [27/Aug/2026:06:08:40 +0700] "GET /content.php HTTP/1.1" 403 9677 "-" "Mozilla/5.0 (Windows NT 10.0; Win64; x64) AppleWebKit/537.36 (KHTML, like Gecko) Chrome/120.0.0.0 Safari/537.36"
20.104.104.62 - - [27/Aug/2026:06:08:40 +0700] "GET /radio.php HTTP/1.1" 403 9678 "-" "Mozilla/5.0 (Windows NT 10.0; Win64; x64) AppleWebKit/537.36 (KHTML, like Gecko) Chrome/120.0.0.0 Safari/537.36"
20.104.104.62 - - [27/Aug/2026:06:08:40 +0700] "GET /wp-content/about.php HTTP/1.1" 403 9677 "-" "Mozilla/5.0 (Windows NT 10.0; Win64; x64) AppleWebKit/537.36 (KHTML, like Gecko) Chrome/120.0.0.0 Safari/537.36"
20.104.104.62 - - [27/Aug/2026:06:08:41 +0700] "GET /wp-content/uploads/admin.php HTTP/1.1" 403 9677 "-" "Mozilla/5.0 (Windows NT 10.0; Win64; x64) AppleWebKit/537.36 (KHTML, like Gecko) Chrome/120.0.0.0 Safari/537.36"
20.104.104.62 - - [27/Aug/2026:06:08:41 +0700] "GET /wp-includes/pomo HTTP/1.1" 301 795 "-" "Mozilla/5.0 (Windows NT 10.0; Win64; x64) AppleWebKit/537.36 (KHTML, like Gecko) Chrome/120.0.0.0 Safari/537.36"
20.104.104.62 - - [27/Aug/2026:06:08:41 +0700] "GET /.dj/index.php HTTP/1.1" 403 9677 "-" "Mozilla/5.0 (Windows NT 10.0; Win64; x64) AppleWebKit/537.36 (KHTML, like Gecko) Chrome/120.0.0.0 Safari/537.36"
20.104.104.62 - - [27/Aug/2026:06:08:41 +0700] "GET /aaa.php HTTP/1.1" 403 9677 "-" "Mozilla/5.0 (Windows NT 10.0; Win64; x64) AppleWebKit/537.36 (KHTML, like Gecko) Chrome/120.0.0.0 Safari/537.36"
20.104.104.62 - - [27/Aug/2026:06:08:42 +0700] "GET /abcd.php HTTP/1.1" 403 9677 "-" "Mozilla/5.0 (Windows NT 10.0; Win64; x64) AppleWebKit/537.36 (KHTML, like Gecko) Chrome/120.0.0.0 Safari/537.36"
20.104.104.62 - - [27/Aug/2026:06:08:42 +0700] "GET /admin/function.php HTTP/1.1" 403 9677 "-" "Mozilla/5.0 (Windows NT 10.0; Win64; x64) AppleWebKit/537.36 (KHTML, like Gecko) Chrome/120.0.0.0 Safari/537.36"
129.225.125.127 - - [27/Aug/2026:06:08:31 +0700] "POST /wp-login.php HTTP/1.1" 200 9955 "https://arlindo.ac.id/wp-login.php" "Mozilla/5.0 (Macintosh; Intel Mac OS X 10_15_7; rv:91.0) Gecko/20100101 Firefox/91.0"
129.225.125.127 - - [27/Aug/2026:06:08:47 +0700] "POST /wp-login.php HTTP/1.1" 200 9004 "https://arlindo.ac.id/wp-login.php" "Mozilla/5.0 (Macintosh; Intel Mac OS X 10_15_7) AppleWebKit/605.1.15 (KHTML, like Gecko) Version/14.1.1 Safari/605.1.15"
202.10.43.32 - - [27/Aug/2026:06:09:02 +0700] "POST /wp-cron.php?doing_wp_cron=1787785741.9948699474334716796875 HTTP/1.1" 200 0 "-" "WordPress/7.1; https://arlindo.ac.id"
129.225.125.127 - - [27/Aug/2026:06:09:01 +0700] "GET /wp-admin/index.php HTTP/1.1" 200 9955 "https://arlindo.ac.id/wp-login.php" "Mozilla/5.0 (Windows NT 10.0; Win64; x64) AppleWebKit/605.1.15 (KHTML, like Gecko) Version/14.1.2 Safari/605.1.15"
202.10.43.32 - - [27/Aug/2026:06:09:01 +0700] "POST /?wordfence_syncAttackData=1787785741.3571 HTTP/1.1" 200 1394 "-" "WordPress/7.1; https://arlindo.ac.id"
103.65.237.131 - - [27/Aug/2026:06:08:03 +0700] "POST //wp-login.php HTTP/1.1" 200 0 "https://arlindo.ac.id//wp-login.php" "Mozilla/5.0 (Windows NT 10.0; Win64; x64) AppleWebKit/537.36 (KHTML, like Gecko) Chrome/88.0.4240.193 Safari/537.36"
91.92.242.197 - - [27/Aug/2026:06:08:47 +0700] "POST /wp-login.php HTTP/1.1" 200 0 "-" "Mozilla/5.0"
129.225.125.127 - - [27/Aug/2026:06:09:02 +0700] "POST /wp-login.php HTTP/1.1" 200 9955 "https://arlindo.ac.id/wp-login.php" "Mozilla/5.0 (Windows NT 10.0; Win64; x64) AppleWebKit/605.1.15 (KHTML, like Gecko) Version/15.0 Safari/605.1.15"
129.225.125.127 - - [27/Aug/2026:06:09:17 +0700] "POST /wp-login.php HTTP/1.1" 200 9004 "https://arlindo.ac.id/wp-login.php" "Mozilla/5.0 (Macintosh; Intel Mac OS X 10_15_7) AppleWebKit/605.1.15 (KHTML, like Gecko) Version/15.0 Safari/605.1.15"
202.10.43.32 - - [27/Aug/2026:06:09:31 +0700] "POST /wp-cron.php?doing_wp_cron=1787785770.9878780841827392578125 HTTP/1.1" 200 0 "-" "WordPress/7.1; https://arlindo.ac.id"
129.225.125.127 - - [27/Aug/2026:06:09:30 +0700] "GET /wp-admin/index.php HTTP/1.1" 200 9952 "https://arlindo.ac.id/wp-login.php" "Mozilla/5.0 (Macintosh; Intel Mac OS X 10_15_7) AppleWebKit/605.1.15 (KHTML, like Gecko) Version/14.1.2 Safari/605.1.15"
202.10.43.32 - - [27/Aug/2026:06:09:30 +0700] "POST /?wordfence_syncAttackData=1787785770.5264 HTTP/1.1" 200 1393 "-" "WordPress/7.1; https://arlindo.ac.id"
103.59.161.152 - - [27/Aug/2026:06:09:18 +0700] "POST /wp-login.php HTTP/1.1" 200 0 "-" "Mozilla/5.0"
129.225.125.127 - - [27/Aug/2026:06:09:31 +0700] "POST /wp-login.php HTTP/1.1" 200 9952 "https://arlindo.ac.id/wp-login.php" "Mozilla/5.0 (Macintosh; Intel Mac OS X 10_15_7) AppleWebKit/537.36 (KHTML, like Gecko) Chrome/91.0.4472.124 Safari/537.36"
129.225.125.127 - - [27/Aug/2026:06:09:46 +0700] "POST /wp-login.php HTTP/1.1" 200 9005 "https://arlindo.ac.id/wp-login.php" "Mozilla/5.0 (Macintosh; Intel Mac OS X 10_15_7; rv:89.0) Gecko/20100101 Firefox/89.0.2"
202.10.43.32 - - [27/Aug/2026:06:10:01 +0700] "POST /wp-cron.php?doing_wp_cron=1787785801.6453969478607177734375 HTTP/1.1" 200 0 "-" "WordPress/7.1; https://arlindo.ac.id"
202.10.43.32 - - [27/Aug/2026:06:10:00 +0700] "POST /?wordfence_syncAttackData=1787785800.6472 HTTP/1.1" 200 1393 "-" "WordPress/7.1; https://arlindo.ac.id"
129.225.125.127 - - [27/Aug/2026:06:10:00 +0700] "GET /wp-admin/index.php HTTP/1.1" 200 9951 "https://arlindo.ac.id/wp-login.php" "Mozilla/5.0 (Windows NT 10.0; Win64; x64) AppleWebKit/537.36 (KHTML, like Gecko) Chrome/90.0.4430.212 Safari/537.36"
103.65.237.131 - - [27/Aug/2026:06:09:05 +0700] "POST //wp-login.php HTTP/1.1" 200 0 "https://arlindo.ac.id//wp-login.php" "Mozilla/5.0 (Windows NT 10.0; Win64; x64) AppleWebKit/537.36 (KHTML, like Gecko) Chrome/88.0.4240.193 Safari/537.36"
129.225.125.127 - - [27/Aug/2026:06:10:16 +0700] "POST /wp-login.php HTTP/1.1" 200 9005 "https://arlindo.ac.id/wp-login.php" "Mozilla/5.0 (Macintosh; Intel Mac OS X 10_15_7; rv:93.0) Gecko/20100101 Firefox/93.0"
129.225.125.127 - - [27/Aug/2026:06:10:01 +0700] "POST /wp-login.php HTTP/1.1" 200 9005 "https://arlindo.ac.id/wp-login.php" "Mozilla/5.0 (Macintosh; Intel Mac OS X 10_15_7; rv:92.0) Gecko/20100101 Firefox/92.0"
202.10.43.32 - - [27/Aug/2026:06:10:31 +0700] "POST /wp-cron.php?doing_wp_cron=1787785831.6535129547119140625000 HTTP/1.1" 200 0 "-" "WordPress/7.1; https://arlindo.ac.id"
202.10.43.32 - - [27/Aug/2026:06:10:31 +0700] "POST /?wordfence_syncAttackData=1787785831.227 HTTP/1.1" 200 1393 "-" "WordPress/7.1; https://arlindo.ac.id"
129.225.125.127 - - [27/Aug/2026:06:10:30 +0700] "GET /wp-admin/index.php HTTP/1.1" 200 9954 "https://arlindo.ac.id/wp-login.php" "Mozilla/5.0 (X11; Linux x86_64) AppleWebKit/537.36 (KHTML, like Gecko) Chrome/90.0.4430.212 Safari/537.36"
91.92.242.197 - - [27/Aug/2026:06:10:23 +0700] "POST /wp-login.php HTTP/1.1" 200 0 "-" "Mozilla/5.0"
129.225.125.127 - - [27/Aug/2026:06:10:31 +0700] "POST /wp-login.php HTTP/1.1" 200 9954 "https://arlindo.ac.id/wp-login.php" "Mozilla/5.0 (Macintosh; Intel Mac OS X 10_15_7) AppleWebKit/605.1.15 (KHTML, like Gecko) Version/14.1 Safari/605.1.15"
103.59.161.152 - - [27/Aug/2026:06:10:34 +0700] "POST /wp-login.php HTTP/1.1" 200 0 "-" "Mozilla/5.0"
129.225.125.127 - - [27/Aug/2026:06:10:46 +0700] "POST /wp-login.php HTTP/1.1" 200 9005 "https://arlindo.ac.id/wp-login.php" "Mozilla/5.0 (Windows NT 10.0; Win64; x64) AppleWebKit/605.1.15 (KHTML, like Gecko) Version/15.0 Safari/605.1.15"
202.10.43.32 - - [27/Aug/2026:06:11:01 +0700] "POST /?wordfence_syncAttackData=1787785861.201 HTTP/1.1" 200 1393 "-" "WordPress/7.1; https://arlindo.ac.id"
129.225.125.127 - - [27/Aug/2026:06:11:00 +0700] "GET /wp-admin/index.php HTTP/1.1" 200 9955 "https://arlindo.ac.id/wp-login.php" "Mozilla/5.0 (Windows NT 10.0; Win64; x64) AppleWebKit/537.36 (KHTML, like Gecko) Chrome/92.0.4515.131 Safari/537.36"
202.10.43.32 - - [27/Aug/2026:06:11:01 +0700] "POST /wp-cron.php?doing_wp_cron=1787785861.6615209579467773437500 HTTP/1.1" 200 0 "-" "WordPress/7.1; https://arlindo.ac.id"
103.65.237.131 - - [27/Aug/2026:06:10:07 +0700] "POST //wp-login.php HTTP/1.1" 200 0 "https://arlindo.ac.id//wp-login.php" "Mozilla/5.0 (Windows NT 10.0; Win64; x64) AppleWebKit/537.36 (KHTML, like Gecko) Chrome/88.0.4240.193 Safari/537.36"
129.225.125.127 - - [27/Aug/2026:06:11:01 +0700] "POST /wp-login.php HTTP/1.1" 200 9955 "https://arlindo.ac.id/wp-login.php" "Mozilla/5.0 (X11; Linux x86_64; rv:92.0) Gecko/20100101 Firefox/92.0"
129.225.125.127 - - [27/Aug/2026:06:11:16 +0700] "POST /wp-login.php HTTP/1.1" 200 9005 "https://arlindo.ac.id/wp-login.php" "Mozilla/5.0 (Windows NT 6.1; Win64; x64; rv:93.0) Gecko/20100101 Firefox/93.0"
129.225.125.127 - - [27/Aug/2026:06:11:30 +0700] "GET /wp-admin/index.php HTTP/1.1" 200 9955 "https://arlindo.ac.id/wp-login.php" "Mozilla/5.0 (Macintosh; Intel Mac OS X 10_15_7) AppleWebKit/537.36 (KHTML, like Gecko) Chrome/92.0.4515.131 Safari/537.36"
202.10.43.32 - - [27/Aug/2026:06:11:31 +0700] "POST /wp-cron.php?doing_wp_cron=1787785891.7777810096740722656250 HTTP/1.1" 200 0 "-" "WordPress/7.1; https://arlindo.ac.id"
202.10.43.32 - - [27/Aug/2026:06:11:31 +0700] "POST /?wordfence_syncAttackData=1787785891.3122 HTTP/1.1" 200 1393 "-" "WordPress/7.1; https://arlindo.ac.id"
129.225.125.127 - - [27/Aug/2026:06:11:31 +0700] "POST /wp-login.php HTTP/1.1" 200 9955 "https://arlindo.ac.id/wp-login.php" "Mozilla/5.0 (Windows NT 6.1; Win64; x64) AppleWebKit/537.36 (KHTML, like Gecko) Chrome/91.0.4472.124 Safari/537.36"
3.212.128.62 - - [27/Aug/2026:06:11:49 +0700] "HEAD / HTTP/1.1" 200 0 "https://arlindo.ac.id" "Mozilla/5.0+(compatible; UptimeRobot/2.0; http://www.uptimerobot.com/)"
129.225.125.127 - - [27/Aug/2026:06:11:47 +0700] "POST /wp-login.php HTTP/1.1" 200 9005 "https://arlindo.ac.id/wp-login.php" "Mozilla/5.0 (Windows NT 6.1; Win64; x64) AppleWebKit/537.36 (KHTML, like Gecko) Chrome/91.0.4472.124 Safari/537.36"
103.59.161.152 - - [27/Aug/2026:06:11:45 +0700] "POST /wp-login.php HTTP/1.1" 200 0 "-" "Mozilla/5.0"
202.10.43.32 - - [27/Aug/2026:06:12:02 +0700] "POST /wp-cron.php?doing_wp_cron=1787785922.3702809810638427734375 HTTP/1.1" 200 0 "-" "WordPress/7.1; https://arlindo.ac.id"
202.10.43.32 - - [27/Aug/2026:06:12:01 +0700] "POST /?wordfence_syncAttackData=1787785921.3399 HTTP/1.1" 200 1393 "-" "WordPress/7.1; https://arlindo.ac.id"
129.225.125.127 - - [27/Aug/2026:06:12:01 +0700] "GET /wp-admin/index.php HTTP/1.1" 200 9954 "https://arlindo.ac.id/wp-login.php" "Mozilla/5.0 (Macintosh; Intel Mac OS X 10_15_7) AppleWebKit/605.1.15 (KHTML, like Gecko) Version/14.0.3 Safari/605.1.15"
103.65.237.131 - - [27/Aug/2026:06:11:10 +0700] "POST //wp-login.php HTTP/1.1" 200 0 "https://arlindo.ac.id//wp-login.php" "Mozilla/5.0 (Windows NT 10.0; Win64; x64) AppleWebKit/537.36 (KHTML, like Gecko) Chrome/88.0.4240.193 Safari/537.36"
129.225.125.127 - - [27/Aug/2026:06:12:02 +0700] "POST /wp-login.php HTTP/1.1" 200 9954 "https://arlindo.ac.id/wp-login.php" "Mozilla/5.0 (X11; Linux x86_64; rv:90.0) Gecko/20100101 Firefox/90.0.1"
91.92.242.197 - - [27/Aug/2026:06:11:58 +0700] "POST /wp-login.php HTTP/1.1" 200 0 "-" "Mozilla/5.0"
20.48.160.90 - - [27/Aug/2026:06:13:00 +0700] "GET /wp-content/plugins/hellopress/wp_filemanager.php HTTP/1.1" 401 36 "-" "-"
20.48.160.90 - - [27/Aug/2026:06:13:01 +0700] "GET /this_is_a_new_hello_world.php HTTP/1.1" 401 36 "-" "-"
20.48.160.90 - - [27/Aug/2026:06:13:01 +0700] "GET /media.php HTTP/1.1" 401 36 "-" "-"
20.48.160.90 - - [27/Aug/2026:06:13:02 +0700] "GET /3PJcpMFsD8B.php HTTP/1.1" 401 36 "-" "-"
20.48.160.90 - - [27/Aug/2026:06:13:02 +0700] "GET /4PJcpMFsD8B.php HTTP/1.1" 401 36 "-" "-"
20.48.160.90 - - [27/Aug/2026:06:13:03 +0700] "GET /wsd.php HTTP/1.1" 401 36 "-" "-"
20.48.160.90 - - [27/Aug/2026:06:13:04 +0700] "GET /bulet.php HTTP/1.1" 401 36 "-" "-"
20.48.160.90 - - [27/Aug/2026:06:13:04 +0700] "GET /av.php HTTP/1.1" 401 36 "-" "-"
20.48.160.90 - - [27/Aug/2026:06:13:05 +0700] "GET /images.php HTTP/1.1" 401 36 "-" "-"
20.48.160.90 - - [27/Aug/2026:06:13:05 +0700] "GET /ops.php HTTP/1.1" 401 36 "-" "-"
20.48.160.90 - - [27/Aug/2026:06:13:06 +0700] "GET /BDKR28WP.php HTTP/1.1" 401 36 "-" "-"
20.48.160.90 - - [27/Aug/2026:06:13:07 +0700] "GET /k.php HTTP/1.1" 401 36 "-" "-"
20.48.160.90 - - [27/Aug/2026:06:13:07 +0700] "GET /222.php HTTP/1.1" 401 36 "-" "-"
20.48.160.90 - - [27/Aug/2026:06:13:08 +0700] "GET /chosen.php HTTP/1.1" 401 36 "-" "-"
20.48.160.90 - - [27/Aug/2026:06:13:08 +0700] "GET /1.php HTTP/1.1" 401 36 "-" "-"
20.48.160.90 - - [27/Aug/2026:06:13:09 +0700] "GET /samll.php HTTP/1.1" 401 36 "-" "-"
20.48.160.90 - - [27/Aug/2026:06:13:09 +0700] "GET /m.php HTTP/1.1" 401 36 "-" "-"
20.48.160.90 - - [27/Aug/2026:06:13:10 +0700] "GET /fling.php HTTP/1.1" 401 36 "-" "-"
20.48.160.90 - - [27/Aug/2026:06:13:10 +0700] "GET /btyuio.php HTTP/1.1" 401 36 "-" "-"
20.48.160.90 - - [27/Aug/2026:06:13:11 +0700] "GET /zoo2.php HTTP/1.1" 401 36 "-" "-"
20.48.160.90 - - [27/Aug/2026:06:13:11 +0700] "GET /one.php HTTP/1.1" 401 36 "-" "-"
20.48.160.90 - - [27/Aug/2026:06:13:12 +0700] "GET /ano.php HTTP/1.1" 401 36 "-" "-"
103.65.237.131 - - [27/Aug/2026:06:12:12 +0700] "POST //wp-login.php HTTP/1.1" 200 0 "https://arlindo.ac.id//wp-login.php" "Mozilla/5.0 (Windows NT 10.0; Win64; x64) AppleWebKit/537.36 (KHTML, like Gecko) Chrome/88.0.4240.193 Safari/537.36"
20.48.160.90 - - [27/Aug/2026:06:13:13 +0700] "GET /mac.php HTTP/1.1" 401 36 "-" "-"
20.48.160.90 - - [27/Aug/2026:06:13:13 +0700] "GET /simple.php HTTP/1.1" 401 36 "-" "-"
20.48.160.90 - - [27/Aug/2026:06:13:14 +0700] "GET /sallu.php HTTP/1.1" 401 36 "-" "-"
20.48.160.90 - - [27/Aug/2026:06:13:14 +0700] "GET /biufile.php HTTP/1.1" 401 36 "-" "-"
20.48.160.90 - - [27/Aug/2026:06:13:15 +0700] "GET /abcd.php HTTP/1.1" 401 36 "-" "-"
20.48.160.90 - - [27/Aug/2026:06:13:15 +0700] "GET /33.php HTTP/1.1" 401 36 "-" "-"
20.48.160.90 - - [27/Aug/2026:06:13:16 +0700] "GET /xa.php HTTP/1.1" 401 36 "-" "-"
20.48.160.90 - - [27/Aug/2026:06:13:17 +0700] "GET /ccc.php HTTP/1.1" 401 36 "-" "-"
20.48.160.90 - - [27/Aug/2026:06:13:17 +0700] "GET /133.php HTTP/1.1" 401 36 "-" "-"
103.59.161.152 - - [27/Aug/2026:06:13:03 +0700] "POST /wp-login.php HTTP/1.1" 200 0 "-" "Mozilla/5.0"
91.92.242.197 - - [27/Aug/2026:06:13:36 +0700] "POST /wp-login.php HTTP/1.1" 200 0 "-" "Mozilla/5.0"
103.65.237.131 - - [27/Aug/2026:06:13:14 +0700] "POST //wp-login.php HTTP/1.1" 200 0 "https://arlindo.ac.id//wp-login.php" "Mozilla/5.0 (Windows NT 10.0; Win64; x64) AppleWebKit/537.36 (KHTML, like Gecko) Chrome/88.0.4240.193 Safari/537.36"
103.59.161.152 - - [27/Aug/2026:06:14:12 +0700] "POST /wp-login.php HTTP/1.1" 200 0 "-" "Mozilla/5.0"
202.10.43.32 - - [27/Aug/2026:06:14:37 +0700] "POST /wp-cron.php?doing_wp_cron=1787786077.2927539348602294921875 HTTP/1.1" 200 0 "-" "WordPress/7.1; https://arlindo.ac.id"
65.181.113.41 - - [27/Aug/2026:06:14:33 +0700] "GET /wp-login.php HTTP/2" 200 3843 "-" "Mozilla/5.0 (Windows NT 10.0; Win64; x64) AppleWebKit/537.36 (KHTML, like Gecko) Chrome/151.0.0.0 Safari/537.36"
65.181.113.41 - - [27/Aug/2026:06:14:37 +0700] "POST /wp-login.php HTTP/2" 200 8236 "-" "Mozilla/5.0 (Windows NT 10.0; Win64; x64) AppleWebKit/537.36 (KHTML, like Gecko) Chrome/151.0.0.0 Safari/537.36"
103.65.237.131 - - [27/Aug/2026:06:14:16 +0700] "POST //wp-login.php HTTP/1.1" 200 0 "https://arlindo.ac.id//wp-login.php" "Mozilla/5.0 (Windows NT 10.0; Win64; x64) AppleWebKit/537.36 (KHTML, like Gecko) Chrome/88.0.4240.193 Safari/537.36"
91.92.242.197 - - [27/Aug/2026:06:15:13 +0700] "POST /wp-login.php HTTP/1.1" 200 0 "-" "Mozilla/5.0"
103.59.161.152 - - [27/Aug/2026:06:15:55 +0700] "POST /wp-login.php HTTP/1.1" 200 0 "-" "Mozilla/5.0"
103.65.237.131 - - [27/Aug/2026:06:15:18 +0700] "POST //wp-login.php HTTP/1.1" 200 0 "https://arlindo.ac.id//wp-login.php" "Mozilla/5.0 (Windows NT 10.0; Win64; x64) AppleWebKit/537.36 (KHTML, like Gecko) Chrome/88.0.4240.193 Safari/537.36"
5.161.73.160 - - [27/Aug/2026:06:16:55 +0700] "HEAD / HTTP/1.1" 200 0 "https://arlindo.ac.id" "Mozilla/5.0+(compatible; UptimeRobot/2.0; http://www.uptimerobot.com/)"
91.92.242.197 - - [27/Aug/2026:06:16:51 +0700] "POST /wp-login.php HTTP/1.1" 200 0 "-" "Mozilla/5.0"
103.65.237.131 - - [27/Aug/2026:06:16:20 +0700] "POST //wp-login.php HTTP/1.1" 200 0 "https://arlindo.ac.id//wp-login.php" "Mozilla/5.0 (Windows NT 10.0; Win64; x64) AppleWebKit/537.36 (KHTML, like Gecko) Chrome/88.0.4240.193 Safari/537.36"
103.59.161.152 - - [27/Aug/2026:06:17:24 +0700] "POST /wp-login.php HTTP/1.1" 200 0 "-" "Mozilla/5.0"
202.10.43.32 - - [27/Aug/2026:06:18:04 +0700] "POST /wp-cron.php?doing_wp_cron=1787786284.5563759803771972656250 HTTP/1.1" 200 0 "-" "WordPress/7.1; https://arlindo.ac.id"
