159.65.135.136 - - [27/Aug/2026:05:34:05 +0700] "GET /wp-content/uploads/wpforms HTTP/1.1" 301 795 "https://yandex.com/" "Mozilla/5.0 (Linux; Android 15; Pixel 8) AppleWebKit/537.36 (KHTML, like Gecko) Chrome/136.0.0.0 Mobile Safari/537.36 EdgA/136.0.0.0"
159.65.135.136 - - [27/Aug/2026:05:34:05 +0700] "GET /wp-content/uploads/wpforms/ HTTP/1.1" 200 795 "https://yandex.com/" "Mozilla/5.0 (Linux; Android 15; Pixel 8) AppleWebKit/537.36 (KHTML, like Gecko) Chrome/136.0.0.0 Mobile Safari/537.36 EdgA/136.0.0.0"
159.65.135.136 - - [27/Aug/2026:05:34:05 +0700] "GET /wp-content/cache HTTP/1.1" 301 795 "https://yandex.com/" "Mozilla/5.0 (Macintosh; Intel Mac OS X 14_4) AppleWebKit/605.1.15 (KHTML, like Gecko) Version/18.4 Safari/605.1.15"
159.65.135.136 - - [27/Aug/2026:05:34:05 +0700] "GET /wp-content/cache/ HTTP/1.1" 200 888 "https://yandex.com/" "Mozilla/5.0 (Macintosh; Intel Mac OS X 14_4) AppleWebKit/605.1.15 (KHTML, like Gecko) Version/18.4 Safari/605.1.15"
159.65.135.136 - - [27/Aug/2026:05:34:05 +0700] "GET /wp-content/cache/background-css HTTP/1.1" 301 795 "https://www.google.com/" "Mozilla/5.0 (X11; Linux x86_64; rv:138.0) Gecko/20100101 Firefox/138.0"
159.65.135.136 - - [27/Aug/2026:05:34:05 +0700] "GET /wp-content/cache/background-css/ HTTP/1.1" 200 757 "https://www.google.com/" "Mozilla/5.0 (X11; Linux x86_64; rv:138.0) Gecko/20100101 Firefox/138.0"
159.65.135.136 - - [27/Aug/2026:05:34:05 +0700] "GET /wp-content/cache/busting HTTP/1.1" 301 795 "https://www.bing.com/" "Mozilla/5.0 (Macintosh; Intel Mac OS X 14.4; rv:137.0) Gecko/20100101 Firefox/137.0"
159.65.135.136 - - [27/Aug/2026:05:34:05 +0700] "GET /wp-content/cache/busting/ HTTP/1.1" 200 0 "https://www.bing.com/" "Mozilla/5.0 (Macintosh; Intel Mac OS X 14.4; rv:137.0) Gecko/20100101 Firefox/137.0"
159.65.135.136 - - [27/Aug/2026:05:34:05 +0700] "GET /wp-content/cache/critical-css HTTP/1.1" 301 795 "https://yandex.com/" "Mozilla/5.0 (iPhone; CPU iPhone OS 18_5 like Mac OS X) AppleWebKit/605.1.15 (KHTML, like Gecko) CriOS/136.0.0.0 Mobile/15E148 Safari/604.1"
159.65.135.136 - - [27/Aug/2026:05:34:05 +0700] "GET /wp-content/cache/critical-css/ HTTP/1.1" 200 0 "https://yandex.com/" "Mozilla/5.0 (iPhone; CPU iPhone OS 18_5 like Mac OS X) AppleWebKit/605.1.15 (KHTML, like Gecko) CriOS/136.0.0.0 Mobile/15E148 Safari/604.1"
159.65.135.136 - - [27/Aug/2026:05:34:05 +0700] "GET /wp-content/cache/min HTTP/1.1" 301 795 "https://yandex.com/" "Mozilla/5.0 (Windows NT 10.0; Win64; x64) AppleWebKit/537.36 (KHTML, like Gecko) Chrome/134.0.0.0 Safari/537.36 Edg/134.0.0.0"
159.65.135.136 - - [27/Aug/2026:05:34:05 +0700] "GET /wp-content/cache/min/ HTTP/1.1" 200 0 "https://yandex.com/" "Mozilla/5.0 (Windows NT 10.0; Win64; x64) AppleWebKit/537.36 (KHTML, like Gecko) Chrome/134.0.0.0 Safari/537.36 Edg/134.0.0.0"
159.65.135.136 - - [27/Aug/2026:05:34:05 +0700] "GET /wp-content/cache/wp-rocket HTTP/1.1" 301 795 "https://yandex.com/" "Mozilla/5.0 (Macintosh; Intel Mac OS X 14_5) AppleWebKit/605.1.15 (KHTML, like Gecko) Version/18.5 Safari/605.1.15"
159.65.135.136 - - [27/Aug/2026:05:34:05 +0700] "GET /wp-content/cache/wp-rocket/ HTTP/1.1" 200 0 "https://yandex.com/" "Mozilla/5.0 (Macintosh; Intel Mac OS X 14_5) AppleWebKit/605.1.15 (KHTML, like Gecko) Version/18.5 Safari/605.1.15"
159.65.135.136 - - [27/Aug/2026:05:34:05 +0700] "GET /wp-content/upgrade HTTP/1.1" 301 795 "https://www.bing.com/" "Mozilla/5.0 (iPhone; CPU iPhone OS 18_4 like Mac OS X) AppleWebKit/605.1.15 (KHTML, like Gecko) CriOS/135.0.0.0 Mobile/15E148 Safari/604.1"
159.65.135.136 - - [27/Aug/2026:05:34:05 +0700] "GET /wp-content/upgrade/ HTTP/1.1" 200 679 "https://www.bing.com/" "Mozilla/5.0 (iPhone; CPU iPhone OS 18_4 like Mac OS X) AppleWebKit/605.1.15 (KHTML, like Gecko) CriOS/135.0.0.0 Mobile/15E148 Safari/604.1"
159.65.135.136 - - [27/Aug/2026:05:34:05 +0700] "GET /wp-content/backup HTTP/1.1" 200 19828 "https://search.yahoo.com/" "Mozilla/5.0 (Windows NT 10.0; Win64; x64) AppleWebKit/537.36 (KHTML, like Gecko) Chrome/135.0.0.0 Safari/537.36 OPR/109.0.0.0"
159.65.135.136 - - [27/Aug/2026:05:34:06 +0700] "GET /wp-content/mu-plugins HTTP/1.1" 301 795 "https://www.bing.com/" "Mozilla/5.0 (Linux; Android 15; Pixel 7) AppleWebKit/537.36 (KHTML, like Gecko) Chrome/135.0.0.0 Mobile Safari/537.36"
159.65.135.136 - - [27/Aug/2026:05:34:06 +0700] "GET /wp-content/mu-plugins/ HTTP/1.1" 200 782 "https://www.bing.com/" "Mozilla/5.0 (Linux; Android 15; Pixel 7) AppleWebKit/537.36 (KHTML, like Gecko) Chrome/135.0.0.0 Mobile Safari/537.36"
159.65.135.136 - - [27/Aug/2026:05:34:06 +0700] "GET /wp-content/mu-plugins/elementor-safe-mode.php HTTP/1.1" 200 0 "https://search.yahoo.com/" "Mozilla/5.0 (Windows NT 10.0; Win64; x64) AppleWebKit/537.36 (KHTML, like Gecko) Chrome/136.0.0.0 Safari/537.36"
159.65.135.136 - - [27/Aug/2026:05:34:06 +0700] "GET /wp-content/languages HTTP/1.1" 200 19828 "https://duckduckgo.com/" "Mozilla/5.0 (Macintosh; Intel Mac OS X 14_5) AppleWebKit/537.36 (KHTML, like Gecko) Chrome/135.0.0.0 Safari/537.36"
159.65.135.136 - - [27/Aug/2026:05:34:07 +0700] "GET /wp-content/upgrade HTTP/1.1" 301 795 "https://search.yahoo.com/" "Mozilla/5.0 (Linux; Android 15; Pixel 8 Pro) AppleWebKit/537.36 (KHTML, like Gecko) Chrome/136.0.0.0 Mobile Safari/537.36"
159.65.135.136 - - [27/Aug/2026:05:34:07 +0700] "GET /wp-content/upgrade/ HTTP/1.1" 200 679 "https://search.yahoo.com/" "Mozilla/5.0 (Linux; Android 15; Pixel 8 Pro) AppleWebKit/537.36 (KHTML, like Gecko) Chrome/136.0.0.0 Mobile Safari/537.36"
103.59.161.152 - - [27/Aug/2026:05:33:54 +0700] "POST /wp-login.php HTTP/1.1" 200 0 "-" "Mozilla/5.0"
129.225.125.127 - - [27/Aug/2026:05:34:01 +0700] "POST /wp-login.php HTTP/1.1" 200 9955 "https://arlindo.ac.id/wp-login.php" "Mozilla/5.0 (Windows NT 6.1; Win64; x64; rv:93.0) Gecko/20100101 Firefox/93.0"
129.225.125.127 - - [27/Aug/2026:05:34:16 +0700] "POST /wp-login.php HTTP/1.1" 200 9003 "https://arlindo.ac.id/wp-login.php" "Mozilla/5.0 (Windows NT 10.0; Win64; x64) AppleWebKit/605.1.15 (KHTML, like Gecko) Version/14.1 Safari/605.1.15"
202.10.43.32 - - [27/Aug/2026:05:34:31 +0700] "POST /wp-cron.php?doing_wp_cron=1787783671.4184620380401611328125 HTTP/1.1" 200 0 "-" "WordPress/7.1; https://arlindo.ac.id"
202.10.43.32 - - [27/Aug/2026:05:34:31 +0700] "POST /?wordfence_syncAttackData=1787783671.0008 HTTP/1.1" 200 1394 "-" "WordPress/7.1; https://arlindo.ac.id"
129.225.125.127 - - [27/Aug/2026:05:34:30 +0700] "GET /wp-admin/index.php HTTP/1.1" 200 9957 "https://arlindo.ac.id/wp-login.php" "Mozilla/5.0 (Windows NT 10.0; Win64; x64) AppleWebKit/537.36 (KHTML, like Gecko) Chrome/92.0.4515.131 Safari/537.36"
91.92.242.197 - - [27/Aug/2026:05:34:12 +0700] "POST /wp-login.php HTTP/1.1" 200 0 "-" "Mozilla/5.0"
129.225.125.127 - - [27/Aug/2026:05:34:31 +0700] "POST /wp-login.php HTTP/1.1" 200 9957 "https://arlindo.ac.id/wp-login.php" "Mozilla/5.0 (Windows NT 6.1; Win64; x64) AppleWebKit/537.36 (KHTML, like Gecko) Chrome/91.0.4472.124 Safari/537.36"
103.65.237.131 - - [27/Aug/2026:05:33:56 +0700] "POST //wp-login.php HTTP/1.1" 200 0 "https://arlindo.ac.id//wp-login.php" "Mozilla/5.0 (Windows NT 10.0; Win64; x64) AppleWebKit/537.36 (KHTML, like Gecko) Chrome/88.0.4240.193 Safari/537.36"
51.75.236.149 - - [27/Aug/2026:05:34:57 +0700] "GET /dosen-stie-arlindo-ikuti-program-fasilitasi-publikasi-artikel-ilmiah-lldikti-wilayah-iv/ HTTP/2" 200 24582 "-" "Mozilla/5.0 (compatible; AhrefsBot/7.0; +http://ahrefs.com/robot/)"
129.225.125.127 - - [27/Aug/2026:05:34:46 +0700] "POST /wp-login.php HTTP/1.1" 403 10741 "https://arlindo.ac.id/wp-login.php" "Mozilla/5.0 (Windows NT 10.0; Win64; x64) AppleWebKit/605.1.15 (KHTML, like Gecko) Version/14.1 Safari/605.1.15"
129.225.125.127 - - [27/Aug/2026:05:35:00 +0700] "GET /wp-admin/index.php HTTP/1.1" 200 9954 "https://arlindo.ac.id/wp-login.php" "Mozilla/5.0 (Windows NT 6.1; Win64; x64) AppleWebKit/537.36 (KHTML, like Gecko) Chrome/90.0.4430.212 Safari/537.36"
129.225.125.127 - - [27/Aug/2026:05:35:00 +0700] "POST /wp-login.php HTTP/1.1" 200 9954 "https://arlindo.ac.id/wp-login.php" "Mozilla/5.0 (Windows NT 10.0; Win64; x64) AppleWebKit/537.36 (KHTML, like Gecko) Chrome/90.0.4430.212 Safari/537.36"
129.225.125.127 - - [27/Aug/2026:05:35:16 +0700] "POST /wp-login.php HTTP/1.1" 200 9003 "https://arlindo.ac.id/wp-login.php" "Mozilla/5.0 (Macintosh; Intel Mac OS X 10_15_7) AppleWebKit/537.36 (KHTML, like Gecko) Chrome/93.0.4577.63 Safari/537.36"
202.10.43.32 - - [27/Aug/2026:05:35:31 +0700] "POST /wp-cron.php?doing_wp_cron=1787783731.7696740627288818359375 HTTP/1.1" 200 0 "-" "WordPress/7.1; https://arlindo.ac.id"
202.10.43.32 - - [27/Aug/2026:05:35:31 +0700] "POST /?wordfence_syncAttackData=1787783731.3021 HTTP/1.1" 200 1394 "-" "WordPress/7.1; https://arlindo.ac.id"
129.225.125.127 - - [27/Aug/2026:05:35:31 +0700] "GET /wp-admin/index.php HTTP/1.1" 200 9955 "https://arlindo.ac.id/wp-login.php" "Mozilla/5.0 (Macintosh; Intel Mac OS X 10_15_7) AppleWebKit/605.1.15 (KHTML, like Gecko) Version/15.0 Safari/605.1.15"
103.59.161.152 - - [27/Aug/2026:05:35:23 +0700] "POST /wp-login.php HTTP/1.1" 200 0 "-" "Mozilla/5.0"
3.212.128.62 - - [27/Aug/2026:05:35:39 +0700] "HEAD / HTTP/1.1" 200 0 "https://arlindo.ac.id" "Mozilla/5.0+(compatible; UptimeRobot/2.0; http://www.uptimerobot.com/)"
156.245.246.6 - - [27/Aug/2026:05:35:39 +0700] "GET /index.php?rest_route=/wp/v2/posts&per_page=100&_fields=id%2Ccomment_status&page=1 HTTP/1.1" 200 1817 "https://arlindo.ac.id" "Mozilla/5.0 (Linux; Android 10; K) AppleWebKit/537.36 (KHTML, like Gecko) Chrome/135.0.0.0 Mobile Safari/537.36"
129.225.125.127 - - [27/Aug/2026:05:35:31 +0700] "POST /wp-login.php HTTP/1.1" 200 9955 "https://arlindo.ac.id/wp-login.php" "Mozilla/5.0 (Windows NT 6.1; Win64; x64) AppleWebKit/537.36 (KHTML, like Gecko) Chrome/91.0.4472.124 Safari/537.36"
103.65.237.131 - - [27/Aug/2026:05:34:58 +0700] "POST //wp-login.php HTTP/1.1" 200 0 "https://arlindo.ac.id//wp-login.php" "Mozilla/5.0 (Windows NT 10.0; Win64; x64) AppleWebKit/537.36 (KHTML, like Gecko) Chrome/88.0.4240.193 Safari/537.36"
129.225.125.127 - - [27/Aug/2026:05:35:47 +0700] "POST /wp-login.php HTTP/1.1" 200 9003 "https://arlindo.ac.id/wp-login.php" "Mozilla/5.0 (Macintosh; Intel Mac OS X 10_15_7) AppleWebKit/537.36 (KHTML, like Gecko) Chrome/93.0.4577.63 Safari/537.36"
129.225.125.127 - - [27/Aug/2026:05:36:01 +0700] "GET /wp-admin/index.php HTTP/1.1" 200 9956 "https://arlindo.ac.id/wp-login.php" "Mozilla/5.0 (Macintosh; Intel Mac OS X 10_15_7) AppleWebKit/537.36 (KHTML, like Gecko) Chrome/93.0.4577.63 Safari/537.36"
202.10.43.32 - - [27/Aug/2026:05:36:01 +0700] "POST /wp-cron.php?doing_wp_cron=1787783761.7380309104919433593750 HTTP/1.1" 200 0 "-" "WordPress/7.1; https://arlindo.ac.id"
202.10.43.32 - - [27/Aug/2026:05:36:01 +0700] "POST /?wordfence_syncAttackData=1787783761.2984 HTTP/1.1" 200 1394 "-" "WordPress/7.1; https://arlindo.ac.id"
91.92.242.197 - - [27/Aug/2026:05:35:50 +0700] "POST /wp-login.php HTTP/1.1" 200 0 "-" "Mozilla/5.0"
129.225.125.127 - - [27/Aug/2026:05:36:17 +0700] "POST /wp-login.php HTTP/1.1" 200 8997 "https://arlindo.ac.id/wp-login.php" "Mozilla/5.0 (Macintosh; Intel Mac OS X 10_15_7) AppleWebKit/605.1.15 (KHTML, like Gecko) Version/15.0 Safari/605.1.15"
202.10.43.32 - - [27/Aug/2026:05:36:31 +0700] "POST /wp-cron.php?doing_wp_cron=1787783791.8348369598388671875000 HTTP/1.1" 200 0 "-" "WordPress/7.1; https://arlindo.ac.id"
202.10.43.32 - - [27/Aug/2026:05:36:31 +0700] "POST /?wordfence_syncAttackData=1787783791.395 HTTP/1.1" 200 1394 "-" "WordPress/7.1; https://arlindo.ac.id"
129.225.125.127 - - [27/Aug/2026:05:36:01 +0700] "POST /wp-login.php HTTP/1.1" 200 9003 "https://arlindo.ac.id/wp-login.php" "Mozilla/5.0 (Windows NT 6.1; Win64; x64) AppleWebKit/537.36 (KHTML, like Gecko) Chrome/94.0.4606.71 Safari/537.36"
129.225.125.127 - - [27/Aug/2026:05:36:31 +0700] "GET /wp-admin/index.php HTTP/1.1" 200 9953 "https://arlindo.ac.id/wp-login.php" "Mozilla/5.0 (Macintosh; Intel Mac OS X 10_15_7) AppleWebKit/605.1.15 (KHTML, like Gecko) Version/14.0.3 Safari/605.1.15"
129.225.125.127 - - [27/Aug/2026:05:36:31 +0700] "POST /wp-login.php HTTP/1.1" 200 9953 "https://arlindo.ac.id/wp-login.php" "Mozilla/5.0 (Windows NT 10.0; Win64; x64; rv:91.0) Gecko/20100101 Firefox/91.0"
103.59.161.152 - - [27/Aug/2026:05:36:34 +0700] "POST /wp-login.php HTTP/1.1" 200 0 "-" "Mozilla/5.0"
129.225.125.127 - - [27/Aug/2026:05:36:47 +0700] "POST /wp-login.php HTTP/1.1" 200 9003 "https://arlindo.ac.id/wp-login.php" "Mozilla/5.0 (X11; Linux x86_64) AppleWebKit/537.36 (KHTML, like Gecko) Chrome/92.0.4515.131 Safari/537.36"
202.10.43.32 - - [27/Aug/2026:05:37:00 +0700] "POST /wp-cron.php?doing_wp_cron=1787783820.8780229091644287109375 HTTP/1.1" 200 0 "-" "WordPress/7.1; https://arlindo.ac.id"
202.10.43.32 - - [27/Aug/2026:05:37:00 +0700] "POST /?wordfence_syncAttackData=1787783820.4294 HTTP/1.1" 200 1394 "-" "WordPress/7.1; https://arlindo.ac.id"
129.225.125.127 - - [27/Aug/2026:05:37:00 +0700] "GET /wp-admin/index.php HTTP/1.1" 200 9954 "https://arlindo.ac.id/wp-login.php" "Mozilla/5.0 (Windows NT 10.0; Win64; x64) AppleWebKit/605.1.15 (KHTML, like Gecko) Version/14.1.1 Safari/605.1.15"
103.65.237.131 - - [27/Aug/2026:05:36:00 +0700] "POST //wp-login.php HTTP/1.1" 200 0 "https://arlindo.ac.id//wp-login.php" "Mozilla/5.0 (Windows NT 10.0; Win64; x64) AppleWebKit/537.36 (KHTML, like Gecko) Chrome/88.0.4240.193 Safari/537.36"
129.225.125.127 - - [27/Aug/2026:05:37:00 +0700] "POST /wp-login.php HTTP/1.1" 200 9954 "https://arlindo.ac.id/wp-login.php" "Mozilla/5.0 (Windows NT 10.0; Win64; x64) AppleWebKit/537.36 (KHTML, like Gecko) Chrome/90.0.4430.212 Safari/537.36"
192.53.174.226 - - [27/Aug/2026:05:37:27 +0700] "GET /wp-content/plugins/seur/readme.txt HTTP/1.1" 403 10747 "-" "Mozilla/5.0 (Macintosh; Intel Mac OS X 10_15_7) AppleWebKit/605.1.15 (KHTML, like Gecko) Version/15.3 Safari/605.1.15"
192.53.174.226 - - [27/Aug/2026:05:37:28 +0700] "GET /wp-content/plugins/jay-login-register/readme.txt HTTP/1.1" 403 10747 "-" "Mozilla/5.0 (CentOS; Linux i686) AppleWebKit/537.36 (KHTML, like Gecko) Chrome/131.0.0.0 Safari/537.36"
192.53.174.226 - - [27/Aug/2026:05:37:29 +0700] "GET /wp-content/plugins/another-wordpress-classifieds-plugin/readme.txt HTTP/1.1" 403 10747 "-" "Mozilla/5.0 (X11; Linux i686) AppleWebKit/537.36 (KHTML, like Gecko) Chrome/137.0.0.0 Safari/537.36"
192.53.174.226 - - [27/Aug/2026:05:37:29 +0700] "GET /wp-content/plugins/ad-widget/readme.txt HTTP/1.1" 403 10747 "-" "Mozilla/5.0 (Windows NT 10.0; Win64; x64; rv:121.0) Gecko/20100101 Firefox/121.0"
192.53.174.226 - - [27/Aug/2026:05:37:29 +0700] "GET /wp-content/plugins/wp-limit-failed-login-attempts/readme.txt HTTP/1.1" 403 10747 "-" "Mozilla/5.0 (X11; Linux i686; rv:1.9.6.20) Gecko/ Firefox/4.0"
192.53.174.226 - - [27/Aug/2026:05:37:29 +0700] "GET /wp-content/plugins/baggage-freight/readme.txt HTTP/1.1" 403 10747 "-" "Mozilla/5.0 (Kubuntu; Linux i686) AppleWebKit/537.36 (KHTML, like Gecko) Chrome/129.0.0.0 Safari/537.36"
192.53.174.226 - - [27/Aug/2026:05:37:29 +0700] "GET /wp-content/plugins/Premium-SEO/readme.txt HTTP/1.1" 403 10747 "-" "Mozilla/5.0 (Macintosh; Intel Mac OS X 14_0) AppleWebKit/605.1.15 (KHTML, like Gecko) Version/18.0 Safari/605.1.15"
192.53.174.226 - - [27/Aug/2026:05:37:29 +0700] "GET /wp-content/plugins/portable-phpmyadmin/readme.txt HTTP/1.1" 403 10741 "-" "Mozilla/5.0 (Macintosh; Intel Mac OS X 12_0) AppleWebKit/605.1.15 (KHTML, like Gecko) Version/15.6 Safari/605.1.15"
192.53.174.226 - - [27/Aug/2026:05:37:29 +0700] "GET /wp-content/plugins/history-log-by-click5/readme.txt HTTP/1.1" 403 10741 "-" "Mozilla/5.0 (Macintosh; Intel Mac OS X 10_15_7) AppleWebKit/605.1.15 (KHTML, like Gecko) Version/17.2.1 Safari/605.1.1"
192.53.174.226 - - [27/Aug/2026:05:37:29 +0700] "GET /wp-content/plugins/ninja-forms-uploads/readme.txt HTTP/1.1" 403 10747 "-" "Mozilla/5.0 (Macintosh; Intel Mac OS X 10_15_7) AppleWebKit/605.1.15 (KHTML, like Gecko) Version/17.5 Mobile/15E148 Safari/604.1"
192.53.174.226 - - [27/Aug/2026:05:37:30 +0700] "GET /wp-content/plugins/loginpress-pro/readme.txt HTTP/1.1" 403 10741 "-" "Mozilla/5.0 (Macintosh; Intel Mac OS X 14_7_3) AppleWebKit/605.1.15 (KHTML, like Gecko) Version/18.4 Safari/605.1.15"
129.225.125.127 - - [27/Aug/2026:05:37:16 +0700] "POST /wp-login.php HTTP/1.1" 200 9003 "https://arlindo.ac.id/wp-login.php" "Mozilla/5.0 (Windows NT 10.0; Win64; x64) AppleWebKit/605.1.15 (KHTML, like Gecko) Version/14.1 Safari/605.1.15"
192.53.174.226 - - [27/Aug/2026:05:37:30 +0700] "GET /wp-content/plugins/videowhisper-video-conference-integration/readme.txt HTTP/1.1" 403 10741 "-" "Mozilla/5.0 (Macintosh; U; Intel Mac OS X 10_6_6; en-en) AppleWebKit/533.19.4 (KHTML, like Gecko) Version/5.0.3 Safari/533.19.4"
192.53.174.226 - - [27/Aug/2026:05:37:30 +0700] "GET /wp-content/plugins/wp-freeio/readme.txt HTTP/1.1" 403 10747 "-" "Mozilla/5.0 (X11; CrOS x86_64 14541.0.0) AppleWebKit/537.36 (KHTML, like Gecko) Chrome/132.0.0.0 Safari/537.36"
202.10.43.32 - - [27/Aug/2026:05:37:30 +0700] "POST /wp-cron.php?doing_wp_cron=1787783850.8078908920288085937500 HTTP/1.1" 200 0 "-" "WordPress/7.1; https://arlindo.ac.id"
202.10.43.32 - - [27/Aug/2026:05:37:30 +0700] "POST /?wordfence_syncAttackData=1787783850.3835 HTTP/1.1" 200 1394 "-" "WordPress/7.1; https://arlindo.ac.id"
129.225.125.127 - - [27/Aug/2026:05:37:30 +0700] "GET /wp-admin/index.php HTTP/1.1" 200 10153 "https://arlindo.ac.id/wp-login.php" "Mozilla/5.0 (Windows NT 6.1; Win64; x64) AppleWebKit/537.36 (KHTML, like Gecko) Chrome/90.0.4430.212 Safari/537.36"
192.53.174.226 - - [27/Aug/2026:05:37:31 +0700] "GET /wp-content/plugins/woo-social-login/readme.txt HTTP/1.1" 403 10747 "-" "Mozilla/5.0 (Windows NT 10.0; Win64; x64; rv:102.0) Gecko/20100101 Firefox/102.0"
192.53.174.226 - - [27/Aug/2026:05:37:31 +0700] "GET /wp-content/plugins/wp-businessdirectory/readme.txt HTTP/1.1" 403 10747 "-" "Mozilla/5.0 (Macintosh; Intel Mac OS X 10_15_7) AppleWebKit/537.36 (KHTML, like Gecko) Chrome/105.0.0.0 Safari/537.36"
192.53.174.226 - - [27/Aug/2026:05:37:31 +0700] "GET /wp-content/themes/seventrees/style.css HTTP/1.1" 200 18690 "-" "Mozilla/5.0 (Debian; Linux x86_64) AppleWebKit/537.36 (KHTML, like Gecko) Chrome/132.0.0.0 Safari/537.36"
192.53.174.226 - - [27/Aug/2026:05:37:31 +0700] "GET /wp-content/themes/playhockey/style.css HTTP/1.1" 200 18690 "-" "Mozilla/5.0 (Windows NT 10.0: Win64: x64: rv:140.0) Gecko/20100101 Firefox/140.0"
192.53.174.226 - - [27/Aug/2026:05:37:31 +0700] "GET /wp-content/themes/bw-zenny/style.css HTTP/1.1" 200 18690 "-" "Mozilla/5.0 (Ubuntu; Linux i686) AppleWebKit/537.36 (KHTML, like Gecko) Chrome/142.0.0.0 Safari/537.36"
192.53.174.226 - - [27/Aug/2026:05:37:31 +0700] "GET /wp-content/themes/businext/style.css HTTP/1.1" 200 18690 "-" "Mozilla/5.0 (Macintosh; Intel Mac OS X 10_15_7) AppleWebKit/537.36 (KHTML, like Gecko) Chrome/136.0.0.0 Safari/537.36"
192.53.174.226 - - [27/Aug/2026:05:37:31 +0700] "GET /wp-content/themes/rosalinda/style.css HTTP/1.1" 200 18690 "-" "Mozilla/5.0 (Macintosh; Intel Mac OS X 10_15_7) AppleWebKit/605.1.15 (KHTML, like Gecko) Version/17.0 Safari/605.1.15"
192.53.174.226 - - [27/Aug/2026:05:37:32 +0700] "GET /wp-content/themes/gracioza/style.css HTTP/1.1" 200 18690 "-" "Mozilla/5.0 (Macintosh; Intel Mac OS X 10_15_7) AppleWebKit/605.1.15 (KHTML, like Gecko) Version/14.0.3 Safari/605.1.15"
192.53.174.226 - - [27/Aug/2026:05:37:32 +0700] "GET /wp-content/themes/spike/style.css HTTP/1.1" 200 18690 "-" "Mozilla/5.0 (X11; Linux x86_64; rv:1.9.7.20) Gecko/ Firefox/3.6.5"
192.53.174.226 - - [27/Aug/2026:05:37:32 +0700] "GET /wp-content/themes/codiqa/style.css HTTP/1.1" 200 18690 "-" "Mozilla/5.0 (Macintosh; Intel Mac OS X 10_15_7) AppleWebKit/605.1.15 (KHTML, like Gecko) Version/13.1 Safari/605.1.15"
192.53.174.226 - - [27/Aug/2026:05:37:31 +0700] "GET /wp-content/themes/mbstore/style.css HTTP/1.1" 200 18690 "-" "Mozilla/5.0 (Macintosh; Intel Mac OS X 10_15_7) AppleWebKit/605.1.15 (KHTML, like Gecko) Version/17.1 Safari/605.1.15"
192.53.174.226 - - [27/Aug/2026:05:37:32 +0700] "GET /wp-content/themes/isida/style.css HTTP/1.1" 200 18690 "-" "Mozilla/5.0 (Ubuntu; Linux i686) AppleWebKit/537.36 (KHTML, like Gecko) Chrome/141.0.0.0 Safari/537.36"
91.92.242.197 - - [27/Aug/2026:05:37:26 +0700] "POST /wp-login.php HTTP/1.1" 200 0 "-" "Mozilla/5.0"
129.225.125.127 - - [27/Aug/2026:05:37:30 +0700] "POST /wp-login.php HTTP/1.1" 200 10153 "https://arlindo.ac.id/wp-login.php" "Mozilla/5.0 (Windows NT 6.1; Win64; x64) AppleWebKit/537.36 (KHTML, like Gecko) Chrome/94.0.4606.71 Safari/537.36"
129.225.125.127 - - [27/Aug/2026:05:37:46 +0700] "POST /wp-login.php HTTP/1.1" 200 9003 "https://arlindo.ac.id/wp-login.php" "Mozilla/5.0 (X11; Linux x86_64; rv:92.0) Gecko/20100101 Firefox/92.0"
202.10.43.32 - - [27/Aug/2026:05:38:01 +0700] "POST /wp-cron.php?doing_wp_cron=1787783881.7504720687866210937500 HTTP/1.1" 200 0 "-" "WordPress/7.1; https://arlindo.ac.id"
202.10.43.32 - - [27/Aug/2026:05:38:01 +0700] "POST /?wordfence_syncAttackData=1787783881.2985 HTTP/1.1" 200 1394 "-" "WordPress/7.1; https://arlindo.ac.id"
129.225.125.127 - - [27/Aug/2026:05:38:01 +0700] "GET /wp-admin/index.php HTTP/1.1" 200 9955 "https://arlindo.ac.id/wp-login.php" "Mozilla/5.0 (Macintosh; Intel Mac OS X 10_15_7) AppleWebKit/537.36 (KHTML, like Gecko) Chrome/94.0.4606.71 Safari/537.36"
103.65.237.131 - - [27/Aug/2026:05:37:02 +0700] "POST //wp-login.php HTTP/1.1" 200 0 "https://arlindo.ac.id//wp-login.php" "Mozilla/5.0 (Windows NT 10.0; Win64; x64) AppleWebKit/537.36 (KHTML, like Gecko) Chrome/88.0.4240.193 Safari/537.36"
129.225.125.127 - - [27/Aug/2026:05:38:01 +0700] "POST /wp-login.php HTTP/1.1" 200 9955 "https://arlindo.ac.id/wp-login.php" "Mozilla/5.0 (Macintosh; Intel Mac OS X 10_15_7) AppleWebKit/537.36 (KHTML, like Gecko) Chrome/93.0.4577.63 Safari/537.36"
129.225.125.127 - - [27/Aug/2026:05:38:16 +0700] "POST /wp-login.php HTTP/1.1" 200 9003 "https://arlindo.ac.id/wp-login.php" "Mozilla/5.0 (Windows NT 10.0; Win64; x64; rv:90.0) Gecko/20100101 Firefox/90.0.1"
202.10.43.32 - - [27/Aug/2026:05:38:31 +0700] "POST /?wordfence_syncAttackData=1787783911.2881 HTTP/1.1" 200 1394 "-" "WordPress/7.1; https://arlindo.ac.id"
129.225.125.127 - - [27/Aug/2026:05:38:31 +0700] "GET /wp-admin/index.php HTTP/1.1" 200 9954 "https://arlindo.ac.id/wp-login.php" "Mozilla/5.0 (Windows NT 10.0; Win64; x64) AppleWebKit/537.36 (KHTML, like Gecko) Chrome/90.0.4430.212 Safari/537.36"
202.10.43.32 - - [27/Aug/2026:05:38:31 +0700] "POST /wp-cron.php?doing_wp_cron=1787783911.7438530921936035156250 HTTP/1.1" 200 0 "-" "WordPress/7.1; https://arlindo.ac.id"
129.225.125.127 - - [27/Aug/2026:05:38:31 +0700] "POST /wp-login.php HTTP/1.1" 200 9954 "https://arlindo.ac.id/wp-login.php" "Mozilla/5.0 (Macintosh; Intel Mac OS X 10_15_7) AppleWebKit/605.1.15 (KHTML, like Gecko) Version/14.1.2 Safari/605.1.15"
103.59.161.152 - - [27/Aug/2026:05:37:50 +0700] "POST /wp-login.php HTTP/1.1" 200 0 "-" "Mozilla/5.0"
129.225.125.127 - - [27/Aug/2026:05:38:47 +0700] "POST /wp-login.php HTTP/1.1" 200 9003 "https://arlindo.ac.id/wp-login.php" "Mozilla/5.0 (X11; Linux x86_64; rv:89.0) Gecko/20100101 Firefox/89.0.2"
129.225.125.127 - - [27/Aug/2026:05:39:01 +0700] "GET /wp-admin/index.php HTTP/1.1" 200 9955 "https://arlindo.ac.id/wp-login.php" "Mozilla/5.0 (Windows NT 6.1; Win64; x64) AppleWebKit/537.36 (KHTML, like Gecko) Chrome/92.0.4515.131 Safari/537.36"
202.10.43.32 - - [27/Aug/2026:05:39:01 +0700] "POST /wp-cron.php?doing_wp_cron=1787783941.7948141098022460937500 HTTP/1.1" 200 0 "-" "WordPress/7.1; https://arlindo.ac.id"
202.10.43.32 - - [27/Aug/2026:05:39:01 +0700] "POST /?wordfence_syncAttackData=1787783941.3474 HTTP/1.1" 200 1393 "-" "WordPress/7.1; https://arlindo.ac.id"
103.65.237.131 - - [27/Aug/2026:05:38:04 +0700] "POST //wp-login.php HTTP/1.1" 200 0 "https://arlindo.ac.id//wp-login.php" "Mozilla/5.0 (Windows NT 10.0; Win64; x64) AppleWebKit/537.36 (KHTML, like Gecko) Chrome/88.0.4240.193 Safari/537.36"
103.59.161.152 - - [27/Aug/2026:05:38:59 +0700] "POST /wp-login.php HTTP/1.1" 200 0 "-" "Mozilla/5.0"
129.225.125.127 - - [27/Aug/2026:05:39:01 +0700] "POST /wp-login.php HTTP/1.1" 200 9955 "https://arlindo.ac.id/wp-login.php" "Mozilla/5.0 (Windows NT 6.1; Win64; x64) AppleWebKit/537.36 (KHTML, like Gecko) Chrome/94.0.4606.71 Safari/537.36"
91.92.242.197 - - [27/Aug/2026:05:39:05 +0700] "POST /wp-login.php HTTP/1.1" 200 0 "-" "Mozilla/5.0"
129.225.125.127 - - [27/Aug/2026:05:39:17 +0700] "POST /wp-login.php HTTP/1.1" 403 10747 "https://arlindo.ac.id/wp-login.php" "Mozilla/5.0 (Macintosh; Intel Mac OS X 10_15_7) AppleWebKit/605.1.15 (KHTML, like Gecko) Version/15.0 Safari/605.1.15"
129.225.125.127 - - [27/Aug/2026:05:39:30 +0700] "GET /wp-admin/index.php HTTP/1.1" 200 9955 "https://arlindo.ac.id/wp-login.php" "Mozilla/5.0 (X11; Linux x86_64) AppleWebKit/537.36 (KHTML, like Gecko) Chrome/92.0.4515.131 Safari/537.36"
40.77.167.76 - - [27/Aug/2026:05:39:40 +0700] "GET /akreditasi-stie-arlindo/ HTTP/2" 200 19539 "-" "Mozilla/5.0 AppleWebKit/537.36 (KHTML, like Gecko; compatible; bingbot/2.0; +http://www.bing.com/bingbot.htm) Chrome/116.0.1938.76 Safari/537.36"
129.225.125.127 - - [27/Aug/2026:05:39:31 +0700] "POST /wp-login.php HTTP/1.1" 200 9955 "https://arlindo.ac.id/wp-login.php" "Mozilla/5.0 (Macintosh; Intel Mac OS X 10_15_7) AppleWebKit/537.36 (KHTML, like Gecko) Chrome/92.0.4515.131 Safari/537.36"
129.225.125.127 - - [27/Aug/2026:05:39:46 +0700] "POST /wp-login.php HTTP/1.1" 200 9003 "https://arlindo.ac.id/wp-login.php" "Mozilla/5.0 (Windows NT 6.1; Win64; x64; rv:93.0) Gecko/20100101 Firefox/93.0"
202.10.43.32 - - [27/Aug/2026:05:40:01 +0700] "POST /wp-cron.php?doing_wp_cron=1787784001.2948660850524902343750 HTTP/1.1" 200 0 "-" "WordPress/7.1; https://arlindo.ac.id"
202.10.43.32 - - [27/Aug/2026:05:40:00 +0700] "POST /?wordfence_syncAttackData=1787784000.807 HTTP/1.1" 200 1393 "-" "WordPress/7.1; https://arlindo.ac.id"
129.225.125.127 - - [27/Aug/2026:05:40:00 +0700] "GET /wp-admin/index.php HTTP/1.1" 200 9952 "https://arlindo.ac.id/wp-login.php" "Mozilla/5.0 (Macintosh; Intel Mac OS X 10_15_7) AppleWebKit/537.36 (KHTML, like Gecko) Chrome/91.0.4472.124 Safari/537.36"
103.65.237.131 - - [27/Aug/2026:05:39:06 +0700] "POST //wp-login.php HTTP/1.1" 200 0 "https://arlindo.ac.id//wp-login.php" "Mozilla/5.0 (Windows NT 10.0; Win64; x64) AppleWebKit/537.36 (KHTML, like Gecko) Chrome/88.0.4240.193 Safari/537.36"
129.225.125.127 - - [27/Aug/2026:05:40:01 +0700] "POST /wp-login.php HTTP/1.1" 200 9952 "https://arlindo.ac.id/wp-login.php" "Mozilla/5.0 (Windows NT 6.1; Win64; x64; rv:91.0) Gecko/20100101 Firefox/91.0"
129.225.125.127 - - [27/Aug/2026:05:40:16 +0700] "POST /wp-login.php HTTP/1.1" 200 9002 "https://arlindo.ac.id/wp-login.php" "Mozilla/5.0 (Windows NT 6.1; Win64; x64) AppleWebKit/537.36 (KHTML, like Gecko) Chrome/90.0.4430.212 Safari/537.36"
202.10.43.32 - - [27/Aug/2026:05:40:31 +0700] "POST /wp-cron.php?doing_wp_cron=1787784031.2553470134735107421875 HTTP/1.1" 200 0 "-" "WordPress/7.1; https://arlindo.ac.id"
202.10.43.32 - - [27/Aug/2026:05:40:30 +0700] "POST /?wordfence_syncAttackData=1787784030.8178 HTTP/1.1" 200 1393 "-" "WordPress/7.1; https://arlindo.ac.id"
129.225.125.127 - - [27/Aug/2026:05:40:30 +0700] "GET /wp-admin/index.php HTTP/1.1" 200 9956 "https://arlindo.ac.id/wp-login.php" "Mozilla/5.0 (Windows NT 10.0; Win64; x64) AppleWebKit/537.36 (KHTML, like Gecko) Chrome/94.0.4606.71 Safari/537.36"
129.225.125.127 - - [27/Aug/2026:05:40:31 +0700] "POST /wp-login.php HTTP/1.1" 200 9956 "https://arlindo.ac.id/wp-login.php" "Mozilla/5.0 (Windows NT 10.0; Win64; x64) AppleWebKit/605.1.15 (KHTML, like Gecko) Version/14.0.3 Safari/605.1.15"
3.133.226.214 - - [27/Aug/2026:05:40:46 +0700] "HEAD / HTTP/1.1" 200 0 "https://arlindo.ac.id" "Mozilla/5.0+(compatible; UptimeRobot/2.0; http://www.uptimerobot.com/)"
91.92.242.197 - - [27/Aug/2026:05:40:41 +0700] "POST /wp-login.php HTTP/1.1" 200 0 "-" "Mozilla/5.0"
129.225.125.127 - - [27/Aug/2026:05:40:46 +0700] "POST /wp-login.php HTTP/1.1" 200 9002 "https://arlindo.ac.id/wp-login.php" "Mozilla/5.0 (Windows NT 10.0; Win64; x64; rv:91.0) Gecko/20100101 Firefox/91.0"
103.65.237.131 - - [27/Aug/2026:05:40:08 +0700] "POST //wp-login.php HTTP/1.1" 200 0 "https://arlindo.ac.id//wp-login.php" "Mozilla/5.0 (Windows NT 10.0; Win64; x64) AppleWebKit/537.36 (KHTML, like Gecko) Chrome/88.0.4240.193 Safari/537.36"
129.225.125.127 - - [27/Aug/2026:05:41:01 +0700] "POST /wp-login.php HTTP/1.1" 200 0 "https://arlindo.ac.id/wp-login.php" "Mozilla/5.0 (Macintosh; Intel Mac OS X 10_15_7) AppleWebKit/605.1.15 (KHTML, like Gecko) Version/14.1.1 Safari/605.1.15"
103.59.161.152 - - [27/Aug/2026:05:41:04 +0700] "POST /wp-login.php HTTP/1.1" 200 0 "-" "Mozilla/5.0"
202.10.43.32 - - [27/Aug/2026:05:41:32 +0700] "POST /wp-cron.php?doing_wp_cron=1787784092.1300749778747558593750 HTTP/1.1" 200 0 "-" "WordPress/7.1; https://arlindo.ac.id"
202.10.43.32 - - [27/Aug/2026:05:41:31 +0700] "POST /?wordfence_syncAttackData=1787784091.0341 HTTP/1.1" 200 1393 "-" "WordPress/7.1; https://arlindo.ac.id"
129.225.125.127 - - [27/Aug/2026:05:41:16 +0700] "POST /wp-login.php HTTP/1.1" 200 0 "https://arlindo.ac.id/wp-login.php" "Mozilla/5.0 (Windows NT 10.0; Win64; x64; rv:89.0) Gecko/20100101 Firefox/89.0.2"
129.225.125.127 - - [27/Aug/2026:05:41:31 +0700] "POST /wp-login.php HTTP/1.1" 200 0 "https://arlindo.ac.id/wp-login.php" "Mozilla/5.0 (Macintosh; Intel Mac OS X 10_15_7) AppleWebKit/605.1.15 (KHTML, like Gecko) Version/14.1.2 Safari/605.1.15"
202.10.43.32 - - [27/Aug/2026:05:42:02 +0700] "POST /wp-cron.php?doing_wp_cron=1787784122.0561289787292480468750 HTTP/1.1" 200 0 "-" "WordPress/7.1; https://arlindo.ac.id"
129.225.125.127 - - [27/Aug/2026:05:41:46 +0700] "POST /wp-login.php HTTP/1.1" 200 9017 "https://arlindo.ac.id/wp-login.php" "Mozilla/5.0 (X11; Linux x86_64) AppleWebKit/537.36 (KHTML, like Gecko) Chrome/94.0.4606.71 Safari/537.36"
103.65.237.131 - - [27/Aug/2026:05:41:10 +0700] "POST //wp-login.php HTTP/1.1" 200 0 "https://arlindo.ac.id//wp-login.php" "Mozilla/5.0 (Windows NT 10.0; Win64; x64) AppleWebKit/537.36 (KHTML, like Gecko) Chrome/88.0.4240.193 Safari/537.36"
129.225.125.127 - - [27/Aug/2026:05:42:02 +0700] "POST /wp-login.php HTTP/1.1" 200 0 "https://arlindo.ac.id/wp-login.php" "Mozilla/5.0 (Windows NT 10.0; Win64; x64) AppleWebKit/537.36 (KHTML, like Gecko) Chrome/91.0.4472.124 Safari/537.36"
129.225.125.127 - - [27/Aug/2026:05:42:17 +0700] "POST /wp-login.php HTTP/1.1" 200 9002 "https://arlindo.ac.id/wp-login.php" "Mozilla/5.0 (Macintosh; Intel Mac OS X 10_15_7; rv:89.0) Gecko/20100101 Firefox/89.0.2"
202.10.43.32 - - [27/Aug/2026:05:42:31 +0700] "POST /wp-cron.php?doing_wp_cron=1787784151.0281839370727539062500 HTTP/1.1" 200 0 "-" "WordPress/7.1; https://arlindo.ac.id"
202.10.43.32 - - [27/Aug/2026:05:42:30 +0700] "POST /?wordfence_syncAttackData=1787784150.5339 HTTP/1.1" 200 1393 "-" "WordPress/7.1; https://arlindo.ac.id"
129.225.125.127 - - [27/Aug/2026:05:42:30 +0700] "GET /wp-admin/index.php HTTP/1.1" 200 9954 "https://arlindo.ac.id/wp-login.php" "Mozilla/5.0 (X11; Linux x86_64; rv:92.0) Gecko/20100101 Firefox/92.0"
103.59.161.152 - - [27/Aug/2026:05:42:17 +0700] "POST /wp-login.php HTTP/1.1" 200 0 "-" "Mozilla/5.0"
91.92.242.197 - - [27/Aug/2026:05:42:18 +0700] "POST /wp-login.php HTTP/1.1" 200 0 "-" "Mozilla/5.0"
129.225.125.127 - - [27/Aug/2026:05:42:31 +0700] "POST /wp-login.php HTTP/1.1" 200 9002 "https://arlindo.ac.id/wp-login.php" "Mozilla/5.0 (X11; Linux x86_64) AppleWebKit/537.36 (KHTML, like Gecko) Chrome/94.0.4606.71 Safari/537.36"
129.225.125.127 - - [27/Aug/2026:05:42:46 +0700] "POST /wp-login.php HTTP/1.1" 200 9004 "https://arlindo.ac.id/wp-login.php" "Mozilla/5.0 (Macintosh; Intel Mac OS X 10_15_7) AppleWebKit/537.36 (KHTML, like Gecko) Chrome/90.0.4430.212 Safari/537.36"
129.225.125.127 - - [27/Aug/2026:05:43:00 +0700] "GET /wp-admin/index.php HTTP/1.1" 200 10151 "https://arlindo.ac.id/wp-login.php" "Mozilla/5.0 (Windows NT 10.0; Win64; x64; rv:90.0) Gecko/20100101 Firefox/90.0.1"
202.10.43.32 - - [27/Aug/2026:05:43:01 +0700] "POST /wp-cron.php?doing_wp_cron=1787784181.0609600543975830078125 HTTP/1.1" 200 0 "-" "WordPress/7.1; https://arlindo.ac.id"
202.10.43.32 - - [27/Aug/2026:05:43:00 +0700] "POST /?wordfence_syncAttackData=1787784180.6013 HTTP/1.1" 200 1393 "-" "WordPress/7.1; https://arlindo.ac.id"
103.65.237.131 - - [27/Aug/2026:05:42:12 +0700] "POST //wp-login.php HTTP/1.1" 200 0 "https://arlindo.ac.id//wp-login.php" "Mozilla/5.0 (Windows NT 10.0; Win64; x64) AppleWebKit/537.36 (KHTML, like Gecko) Chrome/88.0.4240.193 Safari/537.36"
129.225.125.127 - - [27/Aug/2026:05:43:01 +0700] "POST /wp-login.php HTTP/1.1" 200 10151 "https://arlindo.ac.id/wp-login.php" "Mozilla/5.0 (Macintosh; Intel Mac OS X 10_15_7) AppleWebKit/537.36 (KHTML, like Gecko) Chrome/90.0.4430.212 Safari/537.36"
129.225.125.127 - - [27/Aug/2026:05:43:16 +0700] "POST /wp-login.php HTTP/1.1" 200 9003 "https://arlindo.ac.id/wp-login.php" "Mozilla/5.0 (Windows NT 6.1; Win64; x64) AppleWebKit/537.36 (KHTML, like Gecko) Chrome/93.0.4577.63 Safari/537.36"
202.10.43.32 - - [27/Aug/2026:05:43:30 +0700] "POST /?wordfence_syncAttackData=1787784210.5941 HTTP/1.1" 200 1393 "-" "WordPress/7.1; https://arlindo.ac.id"
129.225.125.127 - - [27/Aug/2026:05:43:30 +0700] "GET /wp-admin/index.php HTTP/1.1" 200 9955 "https://arlindo.ac.id/wp-login.php" "Mozilla/5.0 (Windows NT 10.0; Win64; x64; rv:93.0) Gecko/20100101 Firefox/93.0"
202.10.43.32 - - [27/Aug/2026:05:43:31 +0700] "POST /wp-cron.php?doing_wp_cron=1787784211.0549299716949462890625 HTTP/1.1" 200 0 "-" "WordPress/7.1; https://arlindo.ac.id"
103.59.161.152 - - [27/Aug/2026:05:43:25 +0700] "POST /wp-login.php HTTP/1.1" 200 0 "-" "Mozilla/5.0"
129.225.125.127 - - [27/Aug/2026:05:43:31 +0700] "POST /wp-login.php HTTP/1.1" 200 9955 "https://arlindo.ac.id/wp-login.php" "Mozilla/5.0 (Windows NT 10.0; Win64; x64) AppleWebKit/605.1.15 (KHTML, like Gecko) Version/15.0 Safari/605.1.15"
129.225.125.127 - - [27/Aug/2026:05:43:46 +0700] "POST /wp-login.php HTTP/1.1" 200 9004 "https://arlindo.ac.id/wp-login.php" "Mozilla/5.0 (Windows NT 6.1; Win64; x64) AppleWebKit/537.36 (KHTML, like Gecko) Chrome/94.0.4606.71 Safari/537.36"
202.10.43.32 - - [27/Aug/2026:05:44:01 +0700] "POST /wp-cron.php?doing_wp_cron=1787784241.0677950382232666015625 HTTP/1.1" 200 0 "-" "WordPress/7.1; https://arlindo.ac.id"
202.10.43.32 - - [27/Aug/2026:05:44:00 +0700] "POST /?wordfence_syncAttackData=1787784240.5933 HTTP/1.1" 200 1393 "-" "WordPress/7.1; https://arlindo.ac.id"
129.225.125.127 - - [27/Aug/2026:05:44:00 +0700] "GET /wp-admin/index.php HTTP/1.1" 200 9955 "https://arlindo.ac.id/wp-login.php" "Mozilla/5.0 (Macintosh; Intel Mac OS X 10_15_7) AppleWebKit/537.36 (KHTML, like Gecko) Chrome/90.0.4430.212 Safari/537.36"
91.92.242.197 - - [27/Aug/2026:05:43:55 +0700] "POST /wp-login.php HTTP/1.1" 200 0 "-" "Mozilla/5.0"
103.65.237.131 - - [27/Aug/2026:05:43:14 +0700] "POST //wp-login.php HTTP/1.1" 200 0 "https://arlindo.ac.id//wp-login.php" "Mozilla/5.0 (Windows NT 10.0; Win64; x64) AppleWebKit/537.36 (KHTML, like Gecko) Chrome/88.0.4240.193 Safari/537.36"
129.225.125.127 - - [27/Aug/2026:05:44:01 +0700] "POST /wp-login.php HTTP/1.1" 200 9955 "https://arlindo.ac.id/wp-login.php" "Mozilla/5.0 (Windows NT 6.1; Win64; x64) AppleWebKit/537.36 (KHTML, like Gecko) Chrome/92.0.4515.131 Safari/537.36"
129.225.125.127 - - [27/Aug/2026:05:44:16 +0700] "POST /wp-login.php HTTP/1.1" 200 9003 "https://arlindo.ac.id/wp-login.php" "Mozilla/5.0 (Macintosh; Intel Mac OS X 10_15_7) AppleWebKit/537.36 (KHTML, like Gecko) Chrome/91.0.4472.124 Safari/537.36"
202.10.43.32 - - [27/Aug/2026:05:44:30 +0700] "POST /wp-cron.php?doing_wp_cron=1787784270.9617750644683837890625 HTTP/1.1" 200 0 "-" "WordPress/7.1; https://arlindo.ac.id"
202.10.43.32 - - [27/Aug/2026:05:44:30 +0700] "POST /?wordfence_syncAttackData=1787784270.5063 HTTP/1.1" 200 1393 "-" "WordPress/7.1; https://arlindo.ac.id"
129.225.125.127 - - [27/Aug/2026:05:44:30 +0700] "GET /wp-admin/index.php HTTP/1.1" 200 9956 "https://arlindo.ac.id/wp-login.php" "Mozilla/5.0 (Macintosh; Intel Mac OS X 10_15_7) AppleWebKit/605.1.15 (KHTML, like Gecko) Version/15.0 Safari/605.1.15"
129.225.125.127 - - [27/Aug/2026:05:44:31 +0700] "POST /wp-login.php HTTP/1.1" 200 9956 "https://arlindo.ac.id/wp-login.php" "Mozilla/5.0 (Macintosh; Intel Mac OS X 10_15_7) AppleWebKit/605.1.15 (KHTML, like Gecko) Version/14.0.3 Safari/605.1.15"
103.59.161.152 - - [27/Aug/2026:05:44:34 +0700] "POST /wp-login.php HTTP/1.1" 200 0 "-" "Mozilla/5.0"
129.225.125.127 - - [27/Aug/2026:05:44:46 +0700] "POST /wp-login.php HTTP/1.1" 200 9004 "https://arlindo.ac.id/wp-login.php" "Mozilla/5.0 (Windows NT 10.0; Win64; x64) AppleWebKit/537.36 (KHTML, like Gecko) Chrome/93.0.4577.63 Safari/537.36"
202.10.43.32 - - [27/Aug/2026:05:45:01 +0700] "POST /wp-cron.php?doing_wp_cron=1787784301.1179349422454833984375 HTTP/1.1" 200 0 "-" "WordPress/7.1; https://arlindo.ac.id"
202.10.43.32 - - [27/Aug/2026:05:45:00 +0700] "POST /?wordfence_syncAttackData=1787784300.6036 HTTP/1.1" 200 1393 "-" "WordPress/7.1; https://arlindo.ac.id"
129.225.125.127 - - [27/Aug/2026:05:45:00 +0700] "GET /wp-admin/index.php HTTP/1.1" 200 9951 "https://arlindo.ac.id/wp-login.php" "Mozilla/5.0 (X11; Linux x86_64) AppleWebKit/537.36 (KHTML, like Gecko) Chrome/90.0.4430.212 Safari/537.36"
103.65.237.131 - - [27/Aug/2026:05:44:16 +0700] "POST //wp-login.php HTTP/1.1" 200 0 "https://arlindo.ac.id//wp-login.php" "Mozilla/5.0 (Windows NT 10.0; Win64; x64) AppleWebKit/537.36 (KHTML, like Gecko) Chrome/88.0.4240.193 Safari/537.36"
129.225.125.127 - - [27/Aug/2026:05:45:01 +0700] "POST /wp-login.php HTTP/1.1" 200 9003 "https://arlindo.ac.id/wp-login.php" "Mozilla/5.0 (Macintosh; Intel Mac OS X 10_15_7) AppleWebKit/537.36 (KHTML, like Gecko) Chrome/93.0.4577.63 Safari/537.36"
129.225.125.127 - - [27/Aug/2026:05:45:16 +0700] "POST /wp-login.php HTTP/1.1" 200 9003 "https://arlindo.ac.id/wp-login.php" "Mozilla/5.0 (X11; Linux x86_64; rv:91.0) Gecko/20100101 Firefox/91.0"
202.10.43.32 - - [27/Aug/2026:05:45:31 +0700] "POST /wp-cron.php?doing_wp_cron=1787784331.0246601104736328125000 HTTP/1.1" 200 0 "-" "WordPress/7.1; https://arlindo.ac.id"
202.10.43.32 - - [27/Aug/2026:05:45:30 +0700] "POST /?wordfence_syncAttackData=1787784330.5854 HTTP/1.1" 200 1393 "-" "WordPress/7.1; https://arlindo.ac.id"
129.225.125.127 - - [27/Aug/2026:05:45:30 +0700] "GET /wp-admin/index.php HTTP/1.1" 200 9956 "https://arlindo.ac.id/wp-login.php" "Mozilla/5.0 (Macintosh; Intel Mac OS X 10_15_7) AppleWebKit/605.1.15 (KHTML, like Gecko) Version/14.0.3 Safari/605.1.15"
129.225.125.127 - - [27/Aug/2026:05:45:31 +0700] "POST /wp-login.php HTTP/1.1" 200 9956 "https://arlindo.ac.id/wp-login.php" "Mozilla/5.0 (Windows NT 6.1; Win64; x64) AppleWebKit/537.36 (KHTML, like Gecko) Chrome/94.0.4606.71 Safari/537.36"
91.92.242.197 - - [27/Aug/2026:05:45:33 +0700] "POST /wp-login.php HTTP/1.1" 200 0 "-" "Mozilla/5.0"
129.225.125.127 - - [27/Aug/2026:05:45:46 +0700] "POST /wp-login.php HTTP/1.1" 200 9004 "https://arlindo.ac.id/wp-login.php" "Mozilla/5.0 (Windows NT 10.0; Win64; x64) AppleWebKit/537.36 (KHTML, like Gecko) Chrome/90.0.4430.212 Safari/537.36"
202.10.43.32 - - [27/Aug/2026:05:46:00 +0700] "POST /wp-cron.php?doing_wp_cron=1787784360.9729540348052978515625 HTTP/1.1" 200 0 "-" "WordPress/7.1; https://arlindo.ac.id"
129.225.125.127 - - [27/Aug/2026:05:46:00 +0700] "GET /wp-admin/index.php HTTP/1.1" 200 9955 "https://arlindo.ac.id/wp-login.php" "Mozilla/5.0 (Windows NT 6.1; Win64; x64; rv:91.0) Gecko/20100101 Firefox/91.0"
202.10.43.32 - - [27/Aug/2026:05:46:00 +0700] "POST /?wordfence_syncAttackData=1787784360.4894 HTTP/1.1" 200 1393 "-" "WordPress/7.1; https://arlindo.ac.id"
5.161.73.160 - - [27/Aug/2026:05:46:07 +0700] "HEAD / HTTP/1.1" 200 0 "https://arlindo.ac.id" "Mozilla/5.0+(compatible; UptimeRobot/2.0; http://www.uptimerobot.com/)"
129.225.125.127 - - [27/Aug/2026:05:46:01 +0700] "POST /wp-login.php HTTP/1.1" 200 9955 "https://arlindo.ac.id/wp-login.php" "Mozilla/5.0 (Macintosh; Intel Mac OS X 10_15_7) AppleWebKit/605.1.15 (KHTML, like Gecko) Version/14.1.1 Safari/605.1.15"
103.65.237.131 - - [27/Aug/2026:05:45:18 +0700] "POST //wp-login.php HTTP/1.1" 200 0 "https://arlindo.ac.id//wp-login.php" "Mozilla/5.0 (Windows NT 10.0; Win64; x64) AppleWebKit/537.36 (KHTML, like Gecko) Chrome/88.0.4240.193 Safari/537.36"
129.225.125.127 - - [27/Aug/2026:05:46:16 +0700] "POST /wp-login.php HTTP/1.1" 200 9003 "https://arlindo.ac.id/wp-login.php" "Mozilla/5.0 (Macintosh; Intel Mac OS X 10_15_7) AppleWebKit/537.36 (KHTML, like Gecko) Chrome/94.0.4606.71 Safari/537.36"
129.225.125.127 - - [27/Aug/2026:05:46:31 +0700] "POST /wp-login.php HTTP/1.1" 200 0 "https://arlindo.ac.id/wp-login.php" "Mozilla/5.0 (Macintosh; Intel Mac OS X 10_15_7) AppleWebKit/537.36 (KHTML, like Gecko) Chrome/90.0.4430.212 Safari/537.36"
129.225.125.127 - - [27/Aug/2026:05:46:46 +0700] "POST /wp-login.php HTTP/1.1" 200 9003 "https://arlindo.ac.id/wp-login.php" "Mozilla/5.0 (X11; Linux x86_64) AppleWebKit/537.36 (KHTML, like Gecko) Chrome/94.0.4606.71 Safari/537.36"
202.10.43.32 - - [27/Aug/2026:05:47:00 +0700] "POST /?wordfence_syncAttackData=1787784420.849 HTTP/1.1" 200 1393 "-" "WordPress/7.1; https://arlindo.ac.id"
129.225.125.127 - - [27/Aug/2026:05:47:00 +0700] "GET /wp-admin/index.php HTTP/1.1" 200 9952 "https://arlindo.ac.id/wp-login.php" "Mozilla/5.0 (X11; Linux x86_64) AppleWebKit/537.36 (KHTML, like Gecko) Chrome/93.0.4577.63 Safari/537.36"
202.10.43.32 - - [27/Aug/2026:05:47:01 +0700] "POST /wp-cron.php?doing_wp_cron=1787784421.2893199920654296875000 HTTP/1.1" 200 0 "-" "WordPress/7.1; https://arlindo.ac.id"
103.65.237.131 - - [27/Aug/2026:05:46:20 +0700] "POST //wp-login.php HTTP/1.1" 200 0 "https://arlindo.ac.id//wp-login.php" "Mozilla/5.0 (Windows NT 10.0; Win64; x64) AppleWebKit/537.36 (KHTML, like Gecko) Chrome/88.0.4240.193 Safari/537.36"
129.225.125.127 - - [27/Aug/2026:05:47:01 +0700] "POST /wp-login.php HTTP/1.1" 200 9003 "https://arlindo.ac.id/wp-login.php" "Mozilla/5.0 (Windows NT 6.1; Win64; x64) AppleWebKit/537.36 (KHTML, like Gecko) Chrome/90.0.4430.212 Safari/537.36"
129.225.125.127 - - [27/Aug/2026:05:47:16 +0700] "POST /wp-login.php HTTP/1.1" 200 9003 "https://arlindo.ac.id/wp-login.php" "Mozilla/5.0 (Macintosh; Intel Mac OS X 10_15_7) AppleWebKit/537.36 (KHTML, like Gecko) Chrome/90.0.4430.212 Safari/537.36"
91.92.242.197 - - [27/Aug/2026:05:47:11 +0700] "POST /wp-login.php HTTP/1.1" 200 0 "-" "Mozilla/5.0"
202.10.43.32 - - [27/Aug/2026:05:47:31 +0700] "POST /wp-cron.php?doing_wp_cron=1787784451.2224318981170654296875 HTTP/1.1" 200 0 "-" "WordPress/7.1; https://arlindo.ac.id"
202.10.43.32 - - [27/Aug/2026:05:47:30 +0700] "POST /?wordfence_syncAttackData=1787784450.7964 HTTP/1.1" 200 1393 "-" "WordPress/7.1; https://arlindo.ac.id"
129.225.125.127 - - [27/Aug/2026:05:47:30 +0700] "GET /wp-admin/index.php HTTP/1.1" 200 9954 "https://arlindo.ac.id/wp-login.php" "Mozilla/5.0 (X11; Linux x86_64) AppleWebKit/537.36 (KHTML, like Gecko) Chrome/92.0.4515.131 Safari/537.36"
129.225.125.127 - - [27/Aug/2026:05:47:31 +0700] "POST /wp-login.php HTTP/1.1" 200 9954 "https://arlindo.ac.id/wp-login.php" "Mozilla/5.0 (X11; Linux x86_64) AppleWebKit/537.36 (KHTML, like Gecko) Chrome/92.0.4515.131 Safari/537.36"
103.59.161.152 - - [27/Aug/2026:05:46:49 +0700] "POST /wp-login.php HTTP/1.1" 200 0 "-" "Mozilla/5.0"
129.225.125.127 - - [27/Aug/2026:05:47:46 +0700] "POST /wp-login.php HTTP/1.1" 200 9003 "https://arlindo.ac.id/wp-login.php" "Mozilla/5.0 (X11; Linux x86_64) AppleWebKit/537.36 (KHTML, like Gecko) Chrome/94.0.4606.71 Safari/537.36"
202.10.43.32 - - [27/Aug/2026:05:48:00 +0700] "POST /?wordfence_syncAttackData=1787784480.89 HTTP/1.1" 200 1393 "-" "WordPress/7.1; https://arlindo.ac.id"
129.225.125.127 - - [27/Aug/2026:05:48:00 +0700] "GET /wp-admin/index.php HTTP/1.1" 200 9955 "https://arlindo.ac.id/wp-login.php" "Mozilla/5.0 (Macintosh; Intel Mac OS X 10_15_7) AppleWebKit/605.1.15 (KHTML, like Gecko) Version/14.1.2 Safari/605.1.15"
202.10.43.32 - - [27/Aug/2026:05:48:01 +0700] "POST /wp-cron.php?doing_wp_cron=1787784481.3586840629577636718750 HTTP/1.1" 200 0 "-" "WordPress/7.1; https://arlindo.ac.id"
129.225.125.127 - - [27/Aug/2026:05:48:01 +0700] "POST /wp-login.php HTTP/1.1" 200 9955 "https://arlindo.ac.id/wp-login.php" "Mozilla/5.0 (Macintosh; Intel Mac OS X 10_15_7) AppleWebKit/605.1.15 (KHTML, like Gecko) Version/14.0.3 Safari/605.1.15"
103.65.237.131 - - [27/Aug/2026:05:47:22 +0700] "POST //wp-login.php HTTP/1.1" 200 0 "https://arlindo.ac.id//wp-login.php" "Mozilla/5.0 (Windows NT 10.0; Win64; x64) AppleWebKit/537.36 (KHTML, like Gecko) Chrome/88.0.4240.193 Safari/537.36"
129.225.125.127 - - [27/Aug/2026:05:48:16 +0700] "POST /wp-login.php HTTP/1.1" 200 9003 "https://arlindo.ac.id/wp-login.php" "Mozilla/5.0 (Macintosh; Intel Mac OS X 10_15_7) AppleWebKit/605.1.15 (KHTML, like Gecko) Version/14.1.1 Safari/605.1.15"
202.10.43.32 - - [27/Aug/2026:05:48:31 +0700] "POST /wp-cron.php?doing_wp_cron=1787784511.3639750480651855468750 HTTP/1.1" 200 0 "-" "WordPress/7.1; https://arlindo.ac.id"
202.10.43.32 - - [27/Aug/2026:05:48:30 +0700] "POST /?wordfence_syncAttackData=1787784510.915 HTTP/1.1" 200 1393 "-" "WordPress/7.1; https://arlindo.ac.id"
129.225.125.127 - - [27/Aug/2026:05:48:30 +0700] "GET /wp-admin/index.php HTTP/1.1" 200 10151 "https://arlindo.ac.id/wp-login.php" "Mozilla/5.0 (X11; Linux x86_64; rv:93.0) Gecko/20100101 Firefox/93.0"
129.225.125.127 - - [27/Aug/2026:05:48:31 +0700] "POST /wp-login.php HTTP/1.1" 200 10151 "https://arlindo.ac.id/wp-login.php" "Mozilla/5.0 (Macintosh; Intel Mac OS X 10_15_7) AppleWebKit/605.1.15 (KHTML, like Gecko) Version/14.1.2 Safari/605.1.15"
103.59.161.152 - - [27/Aug/2026:05:48:43 +0700] "POST /wp-login.php HTTP/1.1" 200 0 "-" "Mozilla/5.0"
129.225.125.127 - - [27/Aug/2026:05:48:46 +0700] "POST /wp-login.php HTTP/1.1" 200 9003 "https://arlindo.ac.id/wp-login.php" "Mozilla/5.0 (Windows NT 10.0; Win64; x64) AppleWebKit/605.1.15 (KHTML, like Gecko) Version/14.0.3 Safari/605.1.15"
202.10.43.32 - - [27/Aug/2026:05:49:01 +0700] "POST /wp-cron.php?doing_wp_cron=1787784541.3574109077453613281250 HTTP/1.1" 200 0 "-" "WordPress/7.1; https://arlindo.ac.id"
202.10.43.32 - - [27/Aug/2026:05:49:00 +0700] "POST /?wordfence_syncAttackData=1787784540.8995 HTTP/1.1" 200 1393 "-" "WordPress/7.1; https://arlindo.ac.id"
129.225.125.127 - - [27/Aug/2026:05:49:00 +0700] "GET /wp-admin/index.php HTTP/1.1" 200 9955 "https://arlindo.ac.id/wp-login.php" "Mozilla/5.0 (Windows NT 6.1; Win64; x64) AppleWebKit/537.36 (KHTML, like Gecko) Chrome/90.0.4430.212 Safari/537.36"
91.92.242.197 - - [27/Aug/2026:05:48:49 +0700] "POST /wp-login.php HTTP/1.1" 200 0 "-" "Mozilla/5.0"
129.225.125.127 - - [27/Aug/2026:05:49:01 +0700] "POST /wp-login.php HTTP/1.1" 200 9955 "https://arlindo.ac.id/wp-login.php" "Mozilla/5.0 (Macintosh; Intel Mac OS X 10_15_7; rv:89.0) Gecko/20100101 Firefox/89.0.2"
103.65.237.131 - - [27/Aug/2026:05:48:24 +0700] "POST //wp-login.php HTTP/1.1" 200 0 "https://arlindo.ac.id//wp-login.php" "Mozilla/5.0 (Windows NT 10.0; Win64; x64) AppleWebKit/537.36 (KHTML, like Gecko) Chrome/88.0.4240.193 Safari/537.36"
129.225.125.127 - - [27/Aug/2026:05:49:16 +0700] "POST /wp-login.php HTTP/1.1" 200 9004 "https://arlindo.ac.id/wp-login.php" "Mozilla/5.0 (Windows NT 10.0; Win64; x64) AppleWebKit/537.36 (KHTML, like Gecko) Chrome/93.0.4577.63 Safari/537.36"
202.10.43.32 - - [27/Aug/2026:05:49:31 +0700] "POST /wp-cron.php?doing_wp_cron=1787784571.4752349853515625000000 HTTP/1.1" 200 0 "-" "WordPress/7.1; https://arlindo.ac.id"
202.10.43.32 - - [27/Aug/2026:05:49:30 +0700] "POST /?wordfence_syncAttackData=1787784570.9696 HTTP/1.1" 200 1393 "-" "WordPress/7.1; https://arlindo.ac.id"
129.225.125.127 - - [27/Aug/2026:05:49:30 +0700] "GET /wp-admin/index.php HTTP/1.1" 200 9955 "https://arlindo.ac.id/wp-login.php" "Mozilla/5.0 (Windows NT 10.0; Win64; x64) AppleWebKit/605.1.15 (KHTML, like Gecko) Version/14.0.3 Safari/605.1.15"
129.225.125.127 - - [27/Aug/2026:05:49:31 +0700] "POST /wp-login.php HTTP/1.1" 200 9955 "https://arlindo.ac.id/wp-login.php" "Mozilla/5.0 (Macintosh; Intel Mac OS X 10_15_7) AppleWebKit/605.1.15 (KHTML, like Gecko) Version/15.0 Safari/605.1.15"
129.225.125.127 - - [27/Aug/2026:05:49:46 +0700] "POST /wp-login.php HTTP/1.1" 200 9004 "https://arlindo.ac.id/wp-login.php" "Mozilla/5.0 (X11; Linux x86_64) AppleWebKit/537.36 (KHTML, like Gecko) Chrome/91.0.4472.124 Safari/537.36"
202.10.43.32 - - [27/Aug/2026:05:50:01 +0700] "POST /wp-cron.php?doing_wp_cron=1787784601.4883069992065429687500 HTTP/1.1" 200 0 "-" "WordPress/7.1; https://arlindo.ac.id"
202.10.43.32 - - [27/Aug/2026:05:50:01 +0700] "POST /?wordfence_syncAttackData=1787784601.0349 HTTP/1.1" 200 1393 "-" "WordPress/7.1; https://arlindo.ac.id"
129.225.125.127 - - [27/Aug/2026:05:50:00 +0700] "GET /wp-admin/index.php HTTP/1.1" 200 9954 "https://arlindo.ac.id/wp-login.php" "Mozilla/5.0 (Windows NT 6.1; Win64; x64) AppleWebKit/537.36 (KHTML, like Gecko) Chrome/93.0.4577.63 Safari/537.36"
129.225.125.127 - - [27/Aug/2026:05:50:01 +0700] "POST /wp-login.php HTTP/1.1" 200 9954 "https://arlindo.ac.id/wp-login.php" "Mozilla/5.0 (X11; Linux x86_64; rv:91.0) Gecko/20100101 Firefox/91.0"
103.59.161.152 - - [27/Aug/2026:05:50:11 +0700] "POST /wp-login.php HTTP/1.1" 200 0 "-" "Mozilla/5.0"
103.65.237.131 - - [27/Aug/2026:05:49:26 +0700] "POST //wp-login.php HTTP/1.1" 200 0 "https://arlindo.ac.id//wp-login.php" "Mozilla/5.0 (Windows NT 10.0; Win64; x64) AppleWebKit/537.36 (KHTML, like Gecko) Chrome/88.0.4240.193 Safari/537.36"
129.225.125.127 - - [27/Aug/2026:05:50:16 +0700] "POST /wp-login.php HTTP/1.1" 200 9004 "https://arlindo.ac.id/wp-login.php" "Mozilla/5.0 (Macintosh; Intel Mac OS X 10_15_7) AppleWebKit/537.36 (KHTML, like Gecko) Chrome/90.0.4430.212 Safari/537.36"
