129.225.125.127 - - [27/Aug/2026:05:04:30 +0700] "GET /wp-admin/index.php HTTP/1.1" 200 9953 "https://arlindo.ac.id/wp-login.php" "Mozilla/5.0 (Macintosh; Intel Mac OS X 10_15_7; rv:92.0) Gecko/20100101 Firefox/92.0"
202.10.43.32 - - [27/Aug/2026:05:04:30 +0700] "POST /?wordfence_syncAttackData=1787781870.691 HTTP/1.1" 200 1393 "-" "WordPress/7.1; https://arlindo.ac.id"
3.133.226.214 - - [27/Aug/2026:05:04:34 +0700] "HEAD / HTTP/1.1" 200 0 "https://arlindo.ac.id" "Mozilla/5.0+(compatible; UptimeRobot/2.0; http://www.uptimerobot.com/)"
91.92.242.197 - - [27/Aug/2026:05:04:25 +0700] "POST /wp-login.php HTTP/1.1" 200 0 "-" "Mozilla/5.0"
129.225.125.127 - - [27/Aug/2026:05:04:31 +0700] "POST /wp-login.php HTTP/1.1" 200 9953 "https://arlindo.ac.id/wp-login.php" "Mozilla/5.0 (Windows NT 10.0; Win64; x64; rv:93.0) Gecko/20100101 Firefox/93.0"
103.59.161.152 - - [27/Aug/2026:05:04:40 +0700] "POST /wp-login.php HTTP/1.1" 200 0 "-" "Mozilla/5.0"
103.65.237.131 - - [27/Aug/2026:05:03:57 +0700] "POST //wp-login.php HTTP/1.1" 200 0 "https://arlindo.ac.id//wp-login.php" "Mozilla/5.0 (Windows NT 10.0; Win64; x64) AppleWebKit/537.36 (KHTML, like Gecko) Chrome/88.0.4240.193 Safari/537.36"
129.225.125.127 - - [27/Aug/2026:05:04:46 +0700] "POST /wp-login.php HTTP/1.1" 200 9003 "https://arlindo.ac.id/wp-login.php" "Mozilla/5.0 (X11; Linux x86_64) AppleWebKit/537.36 (KHTML, like Gecko) Chrome/90.0.4430.212 Safari/537.36"
202.10.43.32 - - [27/Aug/2026:05:05:01 +0700] "POST /wp-cron.php?doing_wp_cron=1787781901.1965138912200927734375 HTTP/1.1" 200 0 "-" "WordPress/7.1; https://arlindo.ac.id"
202.10.43.32 - - [27/Aug/2026:05:05:00 +0700] "POST /?wordfence_syncAttackData=1787781900.7362 HTTP/1.1" 200 1393 "-" "WordPress/7.1; https://arlindo.ac.id"
129.225.125.127 - - [27/Aug/2026:05:05:00 +0700] "GET /wp-admin/index.php HTTP/1.1" 200 9954 "https://arlindo.ac.id/wp-login.php" "Mozilla/5.0 (Macintosh; Intel Mac OS X 10_15_7) AppleWebKit/605.1.15 (KHTML, like Gecko) Version/14.1.1 Safari/605.1.15"
129.225.125.127 - - [27/Aug/2026:05:05:01 +0700] "POST /wp-login.php HTTP/1.1" 200 9954 "https://arlindo.ac.id/wp-login.php" "Mozilla/5.0 (Windows NT 10.0; Win64; x64) AppleWebKit/605.1.15 (KHTML, like Gecko) Version/14.1 Safari/605.1.15"
129.225.125.127 - - [27/Aug/2026:05:05:16 +0700] "POST /wp-login.php HTTP/1.1" 200 9003 "https://arlindo.ac.id/wp-login.php" "Mozilla/5.0 (Windows NT 10.0; Win64; x64) AppleWebKit/605.1.15 (KHTML, like Gecko) Version/15.0 Safari/605.1.15"
202.10.43.32 - - [27/Aug/2026:05:05:31 +0700] "POST /wp-cron.php?doing_wp_cron=1787781931.1489830017089843750000 HTTP/1.1" 200 0 "-" "WordPress/7.1; https://arlindo.ac.id"
129.225.125.127 - - [27/Aug/2026:05:05:30 +0700] "GET /wp-admin/index.php HTTP/1.1" 200 9951 "https://arlindo.ac.id/wp-login.php" "Mozilla/5.0 (Windows NT 6.1; Win64; x64; rv:89.0) Gecko/20100101 Firefox/89.0.2"
202.10.43.32 - - [27/Aug/2026:05:05:30 +0700] "POST /?wordfence_syncAttackData=1787781930.7033 HTTP/1.1" 200 1393 "-" "WordPress/7.1; https://arlindo.ac.id"
129.225.125.127 - - [27/Aug/2026:05:05:31 +0700] "POST /wp-login.php HTTP/1.1" 200 9951 "https://arlindo.ac.id/wp-login.php" "Mozilla/5.0 (Macintosh; Intel Mac OS X 10_15_7) AppleWebKit/537.36 (KHTML, like Gecko) Chrome/92.0.4515.131 Safari/537.36"
103.65.237.131 - - [27/Aug/2026:05:04:59 +0700] "POST //wp-login.php HTTP/1.1" 200 0 "https://arlindo.ac.id//wp-login.php" "Mozilla/5.0 (Windows NT 10.0; Win64; x64) AppleWebKit/537.36 (KHTML, like Gecko) Chrome/88.0.4240.193 Safari/537.36"
129.225.125.127 - - [27/Aug/2026:05:05:46 +0700] "POST /wp-login.php HTTP/1.1" 200 0 "https://arlindo.ac.id/wp-login.php" "Mozilla/5.0 (Windows NT 10.0; Win64; x64) AppleWebKit/605.1.15 (KHTML, like Gecko) Version/14.1.1 Safari/605.1.15"
202.10.43.32 - - [27/Aug/2026:05:06:02 +0700] "POST /wp-cron.php?doing_wp_cron=1787781962.3016328811645507812500 HTTP/1.1" 200 0 "-" "WordPress/7.1; https://arlindo.ac.id"
103.59.161.152 - - [27/Aug/2026:05:05:48 +0700] "POST /wp-login.php HTTP/1.1" 200 0 "-" "Mozilla/5.0"
129.225.125.127 - - [27/Aug/2026:05:06:01 +0700] "POST /wp-login.php HTTP/1.1" 200 0 "https://arlindo.ac.id/wp-login.php" "Mozilla/5.0 (Windows NT 10.0; Win64; x64) AppleWebKit/605.1.15 (KHTML, like Gecko) Version/14.0.3 Safari/605.1.15"
129.225.125.127 - - [27/Aug/2026:05:06:16 +0700] "POST /wp-login.php HTTP/1.1" 200 9017 "https://arlindo.ac.id/wp-login.php" "Mozilla/5.0 (Macintosh; Intel Mac OS X 10_15_7) AppleWebKit/537.36 (KHTML, like Gecko) Chrome/92.0.4515.131 Safari/537.36"
202.10.43.32 - - [27/Aug/2026:05:06:31 +0700] "POST /wp-cron.php?doing_wp_cron=1787781991.6924428939819335937500 HTTP/1.1" 200 0 "-" "WordPress/7.1; https://arlindo.ac.id"
129.225.125.127 - - [27/Aug/2026:05:06:31 +0700] "POST /wp-login.php HTTP/1.1" 200 0 "https://arlindo.ac.id/wp-login.php" "Mozilla/5.0 (X11; Linux x86_64) AppleWebKit/537.36 (KHTML, like Gecko) Chrome/94.0.4606.71 Safari/537.36"
129.225.125.127 - - [27/Aug/2026:05:06:46 +0700] "POST /wp-login.php HTTP/1.1" 200 9003 "https://arlindo.ac.id/wp-login.php" "Mozilla/5.0 (Macintosh; Intel Mac OS X 10_15_7) AppleWebKit/605.1.15 (KHTML, like Gecko) Version/14.1 Safari/605.1.15"
202.10.43.32 - - [27/Aug/2026:05:07:01 +0700] "POST /wp-cron.php?doing_wp_cron=1787782021.7355968952178955078125 HTTP/1.1" 200 0 "-" "WordPress/7.1; https://arlindo.ac.id"
129.225.125.127 - - [27/Aug/2026:05:07:00 +0700] "GET /wp-admin/index.php HTTP/1.1" 200 9954 "https://arlindo.ac.id/wp-login.php" "Mozilla/5.0 (Macintosh; Intel Mac OS X 10_15_7) AppleWebKit/605.1.15 (KHTML, like Gecko) Version/14.1 Safari/605.1.15"
202.10.43.32 - - [27/Aug/2026:05:07:01 +0700] "POST /?wordfence_syncAttackData=1787782021.229 HTTP/1.1" 200 1393 "-" "WordPress/7.1; https://arlindo.ac.id"
103.65.237.131 - - [27/Aug/2026:05:06:01 +0700] "POST //wp-login.php HTTP/1.1" 200 0 "https://arlindo.ac.id//wp-login.php" "Mozilla/5.0 (Windows NT 10.0; Win64; x64) AppleWebKit/537.36 (KHTML, like Gecko) Chrome/88.0.4240.193 Safari/537.36"
91.92.242.197 - - [27/Aug/2026:05:06:04 +0700] "POST /wp-login.php HTTP/1.1" 200 0 "-" "Mozilla/5.0"
103.59.161.152 - - [27/Aug/2026:05:06:56 +0700] "POST /wp-login.php HTTP/1.1" 200 0 "-" "Mozilla/5.0"
202.10.43.32 - - [27/Aug/2026:05:07:17 +0700] "POST /wp-cron.php?doing_wp_cron=1787782037.6923100948333740234375 HTTP/1.1" 200 0 "-" "WordPress/7.1; https://arlindo.ac.id"
129.225.125.127 - - [27/Aug/2026:05:07:01 +0700] "POST /wp-login.php HTTP/1.1" 200 9954 "https://arlindo.ac.id/wp-login.php" "Mozilla/5.0 (Windows NT 10.0; Win64; x64) AppleWebKit/605.1.15 (KHTML, like Gecko) Version/14.1.1 Safari/605.1.15"
20.237.250.71 - - [27/Aug/2026:05:07:17 +0700] "GET /wp-login.php HTTP/2" 200 3843 "-" "Mozilla/5.0 (Windows NT 10.0; Win64; x64) AppleWebKit/537.36 (KHTML, like Gecko) Chrome/151.0.0.0 Safari/537.36"
20.237.250.71 - - [27/Aug/2026:05:07:28 +0700] "POST /wp-login.php HTTP/2" 200 0 "-" "Mozilla/5.0 (Windows NT 10.0; Win64; x64) AppleWebKit/537.36 (KHTML, like Gecko) Chrome/151.0.0.0 Safari/537.36"
129.225.125.127 - - [27/Aug/2026:05:07:17 +0700] "POST /wp-login.php HTTP/1.1" 200 9002 "https://arlindo.ac.id/wp-login.php" "Mozilla/5.0 (Macintosh; Intel Mac OS X 10_15_7) AppleWebKit/605.1.15 (KHTML, like Gecko) Version/14.1.2 Safari/605.1.15"
202.10.43.32 - - [27/Aug/2026:05:07:31 +0700] "POST /wp-cron.php?doing_wp_cron=1787782051.7917070388793945312500 HTTP/1.1" 200 0 "-" "WordPress/7.1; https://arlindo.ac.id"
202.10.43.32 - - [27/Aug/2026:05:07:31 +0700] "POST /?wordfence_syncAttackData=1787782051.356 HTTP/1.1" 200 1393 "-" "WordPress/7.1; https://arlindo.ac.id"
129.225.125.127 - - [27/Aug/2026:05:07:31 +0700] "GET /wp-admin/index.php HTTP/1.1" 200 9954 "https://arlindo.ac.id/wp-login.php" "Mozilla/5.0 (Windows NT 10.0; Win64; x64; rv:91.0) Gecko/20100101 Firefox/91.0"
129.225.125.127 - - [27/Aug/2026:05:07:31 +0700] "POST /wp-login.php HTTP/1.1" 200 9954 "https://arlindo.ac.id/wp-login.php" "Mozilla/5.0 (Windows NT 6.1; Win64; x64) AppleWebKit/537.36 (KHTML, like Gecko) Chrome/94.0.4606.71 Safari/537.36"
129.225.125.127 - - [27/Aug/2026:05:07:47 +0700] "POST /wp-login.php HTTP/1.1" 200 9003 "https://arlindo.ac.id/wp-login.php" "Mozilla/5.0 (Windows NT 6.1; Win64; x64) AppleWebKit/537.36 (KHTML, like Gecko) Chrome/92.0.4515.131 Safari/537.36"
202.10.43.32 - - [27/Aug/2026:05:08:01 +0700] "POST /wp-cron.php?doing_wp_cron=1787782081.8002490997314453125000 HTTP/1.1" 200 0 "-" "WordPress/7.1; https://arlindo.ac.id"
129.225.125.127 - - [27/Aug/2026:05:08:01 +0700] "GET /wp-admin/index.php HTTP/1.1" 200 9954 "https://arlindo.ac.id/wp-login.php" "Mozilla/5.0 (X11; Linux x86_64) AppleWebKit/537.36 (KHTML, like Gecko) Chrome/92.0.4515.131 Safari/537.36"
202.10.43.32 - - [27/Aug/2026:05:08:01 +0700] "POST /?wordfence_syncAttackData=1787782081.2952 HTTP/1.1" 200 1393 "-" "WordPress/7.1; https://arlindo.ac.id"
129.225.125.127 - - [27/Aug/2026:05:08:01 +0700] "POST /wp-login.php HTTP/1.1" 200 9003 "https://arlindo.ac.id/wp-login.php" "Mozilla/5.0 (Windows NT 10.0; Win64; x64; rv:90.0) Gecko/20100101 Firefox/90.0.1"
129.225.125.127 - - [27/Aug/2026:05:08:03 +0700] "GET /wp-admin/index.php HTTP/1.1" 200 9953 "https://arlindo.ac.id/wp-login.php" "Mozilla/5.0 (X11; Linux x86_64) AppleWebKit/537.36 (KHTML, like Gecko) Chrome/92.0.4515.131 Safari/537.36"
103.65.237.131 - - [27/Aug/2026:05:07:03 +0700] "POST //wp-login.php HTTP/1.1" 200 0 "https://arlindo.ac.id//wp-login.php" "Mozilla/5.0 (Windows NT 10.0; Win64; x64) AppleWebKit/537.36 (KHTML, like Gecko) Chrome/88.0.4240.193 Safari/537.36"
129.225.125.127 - - [27/Aug/2026:05:08:04 +0700] "POST /wp-login.php HTTP/1.1" 200 9953 "https://arlindo.ac.id/wp-login.php" "Mozilla/5.0 (Windows NT 10.0; Win64; x64) AppleWebKit/537.36 (KHTML, like Gecko) Chrome/92.0.4515.131 Safari/537.36"
103.59.161.152 - - [27/Aug/2026:05:08:03 +0700] "POST /wp-login.php HTTP/1.1" 200 0 "-" "Mozilla/5.0"
173.252.70.28 - - [27/Aug/2026:05:08:27 +0700] "GET /category/organisasi-kampus/ HTTP/2" 200 22724 "-" "Mozilla/5.0 (Windows NT 10.0; Win64; x64) AppleWebKit/537.36 (KHTML, like Gecko) Chrome/145.0.0.0 Safari/537.36 (compatible; meta-webindexer/1.1 (+https://developers.facebook.com/docs/sharing/webmasters/crawler))"
173.252.69.23 - - [27/Aug/2026:05:08:29 +0700] "GET /wp-content/uploads/2026/07/WhatsApp-Image-2026-07-16-at-12.37.05.jpeg HTTP/2" 206 93729 "https://arlindo.ac.id/category/organisasi-kampus/" "Mozilla/5.0 (Windows NT 10.0; Win64; x64) AppleWebKit/537.36 (KHTML, like Gecko) Chrome/145.0.0.0 Safari/537.36 (compatible; meta-webindexer/1.1 (+https://developers.facebook.com/docs/sharing/webmasters/crawler))"
173.252.70.30 - - [27/Aug/2026:05:08:29 +0700] "GET /wp-content/plugins/elementor/assets/js/webpack.runtime.min.js?ver=4.0.1 HTTP/2" 200 2504 "https://arlindo.ac.id/category/organisasi-kampus/" "Mozilla/5.0 (Windows NT 10.0; Win64; x64) AppleWebKit/537.36 (KHTML, like Gecko) Chrome/145.0.0.0 Safari/537.36 (compatible; meta-webindexer/1.1 (+https://developers.facebook.com/docs/sharing/webmasters/crawler))"
129.225.125.127 - - [27/Aug/2026:05:08:19 +0700] "POST /wp-login.php HTTP/1.1" 200 0 "https://arlindo.ac.id/wp-login.php" "Mozilla/5.0 (Windows NT 6.1; Win64; x64; rv:90.0) Gecko/20100101 Firefox/90.0.1"
91.92.242.197 - - [27/Aug/2026:05:07:43 +0700] "POST /wp-login.php HTTP/1.1" 200 0 "-" "Mozilla/5.0"
129.225.125.127 - - [27/Aug/2026:05:08:34 +0700] "POST /wp-login.php HTTP/1.1" 200 0 "https://arlindo.ac.id/wp-login.php" "Mozilla/5.0 (Windows NT 10.0; Win64; x64) AppleWebKit/537.36 (KHTML, like Gecko) Chrome/92.0.4515.131 Safari/537.36"
173.252.70.60 - - [27/Aug/2026:05:09:01 +0700] "GET /robots.txt HTTP/2" 200 0 "-" "facebookexternalhit/1.1 (+http://www.facebook.com/externalhit_uatext.php)"
202.10.43.32 - - [27/Aug/2026:05:09:02 +0700] "POST /wp-cron.php?doing_wp_cron=1787782142.5562560558319091796875 HTTP/1.1" 200 0 "-" "WordPress/7.1; https://arlindo.ac.id"
202.10.43.32 - - [27/Aug/2026:05:09:02 +0700] "POST /?wordfence_syncAttackData=1787782142.0207 HTTP/1.1" 200 1393 "-" "WordPress/7.1; https://arlindo.ac.id"
173.252.70.0 - - [27/Aug/2026:05:09:04 +0700] "GET /robots.txt HTTP/2" 200 1681 "-" "facebookexternalhit/1.1 (+http://www.facebook.com/externalhit_uatext.php)"
129.225.125.127 - - [27/Aug/2026:05:08:49 +0700] "POST /wp-login.php HTTP/1.1" 200 0 "https://arlindo.ac.id/wp-login.php" "Mozilla/5.0 (Windows NT 6.1; Win64; x64) AppleWebKit/537.36 (KHTML, like Gecko) Chrome/92.0.4515.131 Safari/537.36"
69.171.249.13 - - [27/Aug/2026:05:09:05 +0700] "GET /robots.txt HTTP/2" 200 1681 "-" "facebookexternalhit/1.1 (+http://www.facebook.com/externalhit_uatext.php)"
103.65.237.131 - - [27/Aug/2026:05:08:05 +0700] "POST //wp-login.php HTTP/1.1" 200 0 "https://arlindo.ac.id//wp-login.php" "Mozilla/5.0 (Windows NT 10.0; Win64; x64) AppleWebKit/537.36 (KHTML, like Gecko) Chrome/88.0.4240.193 Safari/537.36"
173.252.82.19 - - [27/Aug/2026:05:09:07 +0700] "GET /author/yadi/ HTTP/2" 200 32013 "-" "Mozilla/5.0 (Windows NT 10.0; Win64; x64) AppleWebKit/537.36 (KHTML, like Gecko) Chrome/145.0.0.0 Safari/537.36 (compatible; meta-webindexer/1.1 (+https://developers.facebook.com/docs/sharing/webmasters/crawler))"
69.171.249.11 - - [27/Aug/2026:05:09:06 +0700] "GET /robots.txt HTTP/2" 200 1681 "-" "facebookexternalhit/1.1 (+http://www.facebook.com/externalhit_uatext.php)"
69.171.249.115 - - [27/Aug/2026:05:09:08 +0700] "GET /robots.txt HTTP/2" 200 0 "-" "facebookexternalhit/1.1 (+http://www.facebook.com/externalhit_uatext.php)"
69.171.249.112 - - [27/Aug/2026:05:09:08 +0700] "GET /robots.txt HTTP/2" 200 0 "-" "facebookexternalhit/1.1 (+http://www.facebook.com/externalhit_uatext.php)"
69.171.249.10 - - [27/Aug/2026:05:09:08 +0700] "GET /robots.txt HTTP/2" 200 0 "-" "facebookexternalhit/1.1 (+http://www.facebook.com/externalhit_uatext.php)"
69.171.249.6 - - [27/Aug/2026:05:09:08 +0700] "GET /robots.txt HTTP/2" 200 0 "-" "facebookexternalhit/1.1 (+http://www.facebook.com/externalhit_uatext.php)"
173.252.70.15 - - [27/Aug/2026:05:09:08 +0700] "GET /robots.txt HTTP/2" 200 0 "-" "facebookexternalhit/1.1 (+http://www.facebook.com/externalhit_uatext.php)"
69.171.249.116 - - [27/Aug/2026:05:09:08 +0700] "GET /robots.txt HTTP/2" 200 0 "-" "facebookexternalhit/1.1 (+http://www.facebook.com/externalhit_uatext.php)"
173.252.70.53 - - [27/Aug/2026:05:09:08 +0700] "GET /robots.txt HTTP/2" 200 0 "-" "facebookexternalhit/1.1 (+http://www.facebook.com/externalhit_uatext.php)"
69.171.249.3 - - [27/Aug/2026:05:09:08 +0700] "GET /robots.txt HTTP/2" 200 0 "-" "facebookexternalhit/1.1 (+http://www.facebook.com/externalhit_uatext.php)"
129.225.125.127 - - [27/Aug/2026:05:09:04 +0700] "POST /wp-login.php HTTP/1.1" 200 0 "https://arlindo.ac.id/wp-login.php" "Mozilla/5.0 (X11; Linux x86_64) AppleWebKit/537.36 (KHTML, like Gecko) Chrome/90.0.4430.212 Safari/537.36"
103.59.161.152 - - [27/Aug/2026:05:09:11 +0700] "POST /wp-login.php HTTP/1.1" 200 0 "-" "Mozilla/5.0"
91.92.242.197 - - [27/Aug/2026:05:09:25 +0700] "POST /wp-login.php HTTP/1.1" 200 0 "-" "Mozilla/5.0"
5.161.117.52 - - [27/Aug/2026:05:09:47 +0700] "HEAD / HTTP/1.1" 200 0 "https://arlindo.ac.id" "Mozilla/5.0+(compatible; UptimeRobot/2.0; http://www.uptimerobot.com/)"
129.225.125.127 - - [27/Aug/2026:05:09:34 +0700] "POST /wp-login.php HTTP/1.1" 200 0 "https://arlindo.ac.id/wp-login.php" "Mozilla/5.0 (X11; Linux x86_64; rv:91.0) Gecko/20100101 Firefox/91.0"
129.225.125.127 - - [27/Aug/2026:05:09:50 +0700] "POST /wp-login.php HTTP/1.1" 200 0 "https://arlindo.ac.id/wp-login.php" "Mozilla/5.0 (X11; Linux x86_64) AppleWebKit/537.36 (KHTML, like Gecko) Chrome/90.0.4430.212 Safari/537.36"
103.65.237.131 - - [27/Aug/2026:05:09:07 +0700] "POST //wp-login.php HTTP/1.1" 200 0 "https://arlindo.ac.id//wp-login.php" "Mozilla/5.0 (Windows NT 10.0; Win64; x64) AppleWebKit/537.36 (KHTML, like Gecko) Chrome/88.0.4240.193 Safari/537.36"
129.225.125.127 - - [27/Aug/2026:05:09:19 +0700] "POST /wp-login.php HTTP/1.1" 200 0 "https://arlindo.ac.id/wp-login.php" "Mozilla/5.0 (Macintosh; Intel Mac OS X 10_15_7; rv:93.0) Gecko/20100101 Firefox/93.0"
129.225.125.127 - - [27/Aug/2026:05:10:05 +0700] "POST /wp-login.php HTTP/1.1" 200 0 "https://arlindo.ac.id/wp-login.php" "Mozilla/5.0 (Windows NT 10.0; Win64; x64) AppleWebKit/537.36 (KHTML, like Gecko) Chrome/92.0.4515.131 Safari/537.36"
103.59.161.152 - - [27/Aug/2026:05:10:19 +0700] "POST /wp-login.php HTTP/1.1" 200 0 "-" "Mozilla/5.0"
129.225.125.127 - - [27/Aug/2026:05:10:20 +0700] "POST /wp-login.php HTTP/1.1" 200 0 "https://arlindo.ac.id/wp-login.php" "Mozilla/5.0 (Macintosh; Intel Mac OS X 10_15_7) AppleWebKit/605.1.15 (KHTML, like Gecko) Version/14.1.2 Safari/605.1.15"
129.225.125.127 - - [27/Aug/2026:05:10:35 +0700] "POST /wp-login.php HTTP/1.1" 200 0 "https://arlindo.ac.id/wp-login.php" "Mozilla/5.0 (Windows NT 10.0; Win64; x64) AppleWebKit/537.36 (KHTML, like Gecko) Chrome/91.0.4472.124 Safari/537.36"
103.65.237.131 - - [27/Aug/2026:05:10:10 +0700] "POST //wp-login.php HTTP/1.1" 200 0 "https://arlindo.ac.id//wp-login.php" "Mozilla/5.0 (Windows NT 10.0; Win64; x64) AppleWebKit/537.36 (KHTML, like Gecko) Chrome/88.0.4240.193 Safari/537.36"
129.225.125.127 - - [27/Aug/2026:05:11:05 +0700] "POST /wp-login.php HTTP/1.1" 200 0 "https://arlindo.ac.id/wp-login.php" "Mozilla/5.0 (Macintosh; Intel Mac OS X 10_15_7) AppleWebKit/605.1.15 (KHTML, like Gecko) Version/14.1 Safari/605.1.15"
91.92.242.197 - - [27/Aug/2026:05:11:13 +0700] "POST /wp-login.php HTTP/1.1" 200 0 "-" "Mozilla/5.0"
129.225.125.127 - - [27/Aug/2026:05:11:20 +0700] "POST /wp-login.php HTTP/1.1" 200 0 "https://arlindo.ac.id/wp-login.php" "Mozilla/5.0 (Windows NT 6.1; Win64; x64) AppleWebKit/537.36 (KHTML, like Gecko) Chrome/91.0.4472.124 Safari/537.36"
129.225.125.127 - - [27/Aug/2026:05:10:50 +0700] "POST /wp-login.php HTTP/1.1" 200 0 "https://arlindo.ac.id/wp-login.php" "Mozilla/5.0 (Windows NT 10.0; Win64; x64) AppleWebKit/537.36 (KHTML, like Gecko) Chrome/90.0.4430.212 Safari/537.36"
129.225.125.127 - - [27/Aug/2026:05:11:36 +0700] "POST /wp-login.php HTTP/1.1" 200 0 "https://arlindo.ac.id/wp-login.php" "Mozilla/5.0 (Macintosh; Intel Mac OS X 10_15_7) AppleWebKit/537.36 (KHTML, like Gecko) Chrome/91.0.4472.124 Safari/537.36"
103.59.161.152 - - [27/Aug/2026:05:11:37 +0700] "POST /wp-login.php HTTP/1.1" 200 0 "-" "Mozilla/5.0"
129.225.125.127 - - [27/Aug/2026:05:11:51 +0700] "POST /wp-login.php HTTP/1.1" 200 0 "https://arlindo.ac.id/wp-login.php" "Mozilla/5.0 (Windows NT 10.0; Win64; x64) AppleWebKit/537.36 (KHTML, like Gecko) Chrome/94.0.4606.71 Safari/537.36"
103.65.237.131 - - [27/Aug/2026:05:11:12 +0700] "POST //wp-login.php HTTP/1.1" 200 0 "https://arlindo.ac.id//wp-login.php" "Mozilla/5.0 (Windows NT 10.0; Win64; x64) AppleWebKit/537.36 (KHTML, like Gecko) Chrome/88.0.4240.193 Safari/537.36"
129.225.125.127 - - [27/Aug/2026:05:12:06 +0700] "POST /wp-login.php HTTP/1.1" 200 0 "https://arlindo.ac.id/wp-login.php" "Mozilla/5.0 (Windows NT 10.0; Win64; x64) AppleWebKit/537.36 (KHTML, like Gecko) Chrome/91.0.4472.124 Safari/537.36"
129.225.125.127 - - [27/Aug/2026:05:12:21 +0700] "POST /wp-login.php HTTP/1.1" 200 0 "https://arlindo.ac.id/wp-login.php" "Mozilla/5.0 (Windows NT 10.0; Win64; x64; rv:91.0) Gecko/20100101 Firefox/91.0"
129.225.125.127 - - [27/Aug/2026:05:12:36 +0700] "POST /wp-login.php HTTP/1.1" 200 0 "https://arlindo.ac.id/wp-login.php" "Mozilla/5.0 (Windows NT 10.0; Win64; x64) AppleWebKit/605.1.15 (KHTML, like Gecko) Version/14.1.1 Safari/605.1.15"
129.225.125.127 - - [27/Aug/2026:05:12:51 +0700] "POST /wp-login.php HTTP/1.1" 200 0 "https://arlindo.ac.id/wp-login.php" "Mozilla/5.0 (Windows NT 6.1; Win64; x64) AppleWebKit/537.36 (KHTML, like Gecko) Chrome/91.0.4472.124 Safari/537.36"
103.59.161.152 - - [27/Aug/2026:05:12:58 +0700] "POST /wp-login.php HTTP/1.1" 200 0 "-" "Mozilla/5.0"
103.65.237.131 - - [27/Aug/2026:05:12:14 +0700] "POST //wp-login.php HTTP/1.1" 200 0 "https://arlindo.ac.id//wp-login.php" "Mozilla/5.0 (Windows NT 10.0; Win64; x64) AppleWebKit/537.36 (KHTML, like Gecko) Chrome/88.0.4240.193 Safari/537.36"
91.92.242.197 - - [27/Aug/2026:05:12:55 +0700] "POST /wp-login.php HTTP/1.1" 200 0 "-" "Mozilla/5.0"
129.225.125.127 - - [27/Aug/2026:05:13:21 +0700] "POST /wp-login.php HTTP/1.1" 200 0 "https://arlindo.ac.id/wp-login.php" "Mozilla/5.0 (Windows NT 10.0; Win64; x64) AppleWebKit/537.36 (KHTML, like Gecko) Chrome/90.0.4430.212 Safari/537.36"
129.225.125.127 - - [27/Aug/2026:05:13:37 +0700] "POST /wp-login.php HTTP/1.1" 200 0 "https://arlindo.ac.id/wp-login.php" "Mozilla/5.0 (Windows NT 10.0; Win64; x64) AppleWebKit/537.36 (KHTML, like Gecko) Chrome/90.0.4430.212 Safari/537.36"
129.225.125.127 - - [27/Aug/2026:05:13:06 +0700] "POST /wp-login.php HTTP/1.1" 200 0 "https://arlindo.ac.id/wp-login.php" "Mozilla/5.0 (X11; Linux x86_64) AppleWebKit/537.36 (KHTML, like Gecko) Chrome/94.0.4606.71 Safari/537.36"
103.65.237.131 - - [27/Aug/2026:05:13:16 +0700] "POST //wp-login.php HTTP/1.1" 200 0 "https://arlindo.ac.id//wp-login.php" "Mozilla/5.0 (Windows NT 10.0; Win64; x64) AppleWebKit/537.36 (KHTML, like Gecko) Chrome/88.0.4240.193 Safari/537.36"
129.225.125.127 - - [27/Aug/2026:05:13:52 +0700] "POST /wp-login.php HTTP/1.1" 200 0 "https://arlindo.ac.id/wp-login.php" "Mozilla/5.0 (Macintosh; Intel Mac OS X 10_15_7; rv:89.0) Gecko/20100101 Firefox/89.0.2"
129.225.125.127 - - [27/Aug/2026:05:14:07 +0700] "POST /wp-login.php HTTP/1.1" 200 0 "https://arlindo.ac.id/wp-login.php" "Mozilla/5.0 (Windows NT 6.1; Win64; x64) AppleWebKit/537.36 (KHTML, like Gecko) Chrome/93.0.4577.63 Safari/537.36"
103.59.161.152 - - [27/Aug/2026:05:14:07 +0700] "POST /wp-login.php HTTP/1.1" 200 0 "-" "Mozilla/5.0"
129.225.125.127 - - [27/Aug/2026:05:14:37 +0700] "POST /wp-login.php HTTP/1.1" 200 0 "https://arlindo.ac.id/wp-login.php" "Mozilla/5.0 (X11; Linux x86_64) AppleWebKit/537.36 (KHTML, like Gecko) Chrome/93.0.4577.63 Safari/537.36"
178.156.181.172 - - [27/Aug/2026:05:14:54 +0700] "HEAD / HTTP/1.1" 200 0 "https://arlindo.ac.id" "Mozilla/5.0+(compatible; UptimeRobot/2.0; http://www.uptimerobot.com/)"
91.92.242.197 - - [27/Aug/2026:05:14:38 +0700] "POST /wp-login.php HTTP/1.1" 200 0 "-" "Mozilla/5.0"
129.225.125.127 - - [27/Aug/2026:05:14:52 +0700] "POST /wp-login.php HTTP/1.1" 200 0 "https://arlindo.ac.id/wp-login.php" "Mozilla/5.0 (Macintosh; Intel Mac OS X 10_15_7) AppleWebKit/537.36 (KHTML, like Gecko) Chrome/92.0.4515.131 Safari/537.36"
103.65.237.131 - - [27/Aug/2026:05:14:18 +0700] "POST //wp-login.php HTTP/1.1" 200 0 "https://arlindo.ac.id//wp-login.php" "Mozilla/5.0 (Windows NT 10.0; Win64; x64) AppleWebKit/537.36 (KHTML, like Gecko) Chrome/88.0.4240.193 Safari/537.36"
129.225.125.127 - - [27/Aug/2026:05:14:22 +0700] "POST /wp-login.php HTTP/1.1" 200 0 "https://arlindo.ac.id/wp-login.php" "Mozilla/5.0 (Windows NT 6.1; Win64; x64) AppleWebKit/537.36 (KHTML, like Gecko) Chrome/91.0.4472.124 Safari/537.36"
129.225.125.127 - - [27/Aug/2026:05:15:07 +0700] "POST /wp-login.php HTTP/1.1" 200 0 "https://arlindo.ac.id/wp-login.php" "Mozilla/5.0 (Windows NT 10.0; Win64; x64; rv:93.0) Gecko/20100101 Firefox/93.0"
103.59.161.152 - - [27/Aug/2026:05:15:18 +0700] "POST /wp-login.php HTTP/1.1" 200 0 "-" "Mozilla/5.0"
129.225.125.127 - - [27/Aug/2026:05:15:23 +0700] "POST /wp-login.php HTTP/1.1" 200 0 "https://arlindo.ac.id/wp-login.php" "Mozilla/5.0 (Windows NT 6.1; Win64; x64) AppleWebKit/537.36 (KHTML, like Gecko) Chrome/94.0.4606.71 Safari/537.36"
129.225.125.127 - - [27/Aug/2026:05:15:38 +0700] "POST /wp-login.php HTTP/1.1" 200 0 "https://arlindo.ac.id/wp-login.php" "Mozilla/5.0 (Windows NT 6.1; Win64; x64) AppleWebKit/537.36 (KHTML, like Gecko) Chrome/91.0.4472.124 Safari/537.36"
129.225.125.127 - - [27/Aug/2026:05:15:53 +0700] "POST /wp-login.php HTTP/1.1" 200 0 "https://arlindo.ac.id/wp-login.php" "Mozilla/5.0 (Windows NT 6.1; Win64; x64) AppleWebKit/537.36 (KHTML, like Gecko) Chrome/90.0.4430.212 Safari/537.36"
103.65.237.131 - - [27/Aug/2026:05:15:20 +0700] "POST //wp-login.php HTTP/1.1" 200 0 "https://arlindo.ac.id//wp-login.php" "Mozilla/5.0 (Windows NT 10.0; Win64; x64) AppleWebKit/537.36 (KHTML, like Gecko) Chrome/88.0.4240.193 Safari/537.36"
91.92.242.197 - - [27/Aug/2026:05:16:18 +0700] "POST /wp-login.php HTTP/1.1" 200 0 "-" "Mozilla/5.0"
129.225.125.127 - - [27/Aug/2026:05:16:26 +0700] "POST /wp-login.php HTTP/1.1" 200 0 "https://arlindo.ac.id/wp-login.php" "Mozilla/5.0 (Windows NT 10.0; Win64; x64) AppleWebKit/537.36 (KHTML, like Gecko) Chrome/94.0.4606.71 Safari/537.36"
129.225.125.127 - - [27/Aug/2026:05:16:41 +0700] "POST /wp-login.php HTTP/1.1" 200 0 "https://arlindo.ac.id/wp-login.php" "Mozilla/5.0 (Windows NT 10.0; Win64; x64) AppleWebKit/605.1.15 (KHTML, like Gecko) Version/14.1 Safari/605.1.15"
103.59.161.152 - - [27/Aug/2026:05:16:47 +0700] "POST /wp-login.php HTTP/1.1" 200 0 "-" "Mozilla/5.0"
129.225.125.127 - - [27/Aug/2026:05:16:08 +0700] "POST /wp-login.php HTTP/1.1" 200 0 "https://arlindo.ac.id/wp-login.php" "Mozilla/5.0 (Windows NT 10.0; Win64; x64) AppleWebKit/605.1.15 (KHTML, like Gecko) Version/14.1 Safari/605.1.15"
129.225.125.127 - - [27/Aug/2026:05:16:56 +0700] "POST /wp-login.php HTTP/1.1" 200 0 "https://arlindo.ac.id/wp-login.php" "Mozilla/5.0 (Macintosh; Intel Mac OS X 10_15_7) AppleWebKit/605.1.15 (KHTML, like Gecko) Version/15.0 Safari/605.1.15"
103.65.237.131 - - [27/Aug/2026:05:16:22 +0700] "POST //wp-login.php HTTP/1.1" 200 0 "https://arlindo.ac.id//wp-login.php" "Mozilla/5.0 (Windows NT 10.0; Win64; x64) AppleWebKit/537.36 (KHTML, like Gecko) Chrome/88.0.4240.193 Safari/537.36"
129.225.125.127 - - [27/Aug/2026:05:17:11 +0700] "POST /wp-login.php HTTP/1.1" 200 0 "https://arlindo.ac.id/wp-login.php" "Mozilla/5.0 (X11; Linux x86_64) AppleWebKit/537.36 (KHTML, like Gecko) Chrome/90.0.4430.212 Safari/537.36"
129.225.125.127 - - [27/Aug/2026:05:17:27 +0700] "POST /wp-login.php HTTP/1.1" 200 0 "https://arlindo.ac.id/wp-login.php" "Mozilla/5.0 (Windows NT 6.1; Win64; x64) AppleWebKit/537.36 (KHTML, like Gecko) Chrome/93.0.4577.63 Safari/537.36"
129.225.125.127 - - [27/Aug/2026:05:17:42 +0700] "POST /wp-login.php HTTP/1.1" 200 0 "https://arlindo.ac.id/wp-login.php" "Mozilla/5.0 (X11; Linux x86_64; rv:90.0) Gecko/20100101 Firefox/90.0.1"
129.225.125.127 - - [27/Aug/2026:05:17:57 +0700] "POST /wp-login.php HTTP/1.1" 200 0 "https://arlindo.ac.id/wp-login.php" "Mozilla/5.0 (Macintosh; Intel Mac OS X 10_15_7) AppleWebKit/605.1.15 (KHTML, like Gecko) Version/15.0 Safari/605.1.15"
103.59.161.152 - - [27/Aug/2026:05:18:03 +0700] "POST /wp-login.php HTTP/1.1" 200 0 "-" "Mozilla/5.0"
103.65.237.131 - - [27/Aug/2026:05:17:24 +0700] "POST //wp-login.php HTTP/1.1" 200 0 "https://arlindo.ac.id//wp-login.php" "Mozilla/5.0 (Windows NT 10.0; Win64; x64) AppleWebKit/537.36 (KHTML, like Gecko) Chrome/88.0.4240.193 Safari/537.36"
129.225.125.127 - - [27/Aug/2026:05:18:12 +0700] "POST /wp-login.php HTTP/1.1" 200 0 "https://arlindo.ac.id/wp-login.php" "Mozilla/5.0 (X11; Linux x86_64) AppleWebKit/537.36 (KHTML, like Gecko) Chrome/94.0.4606.71 Safari/537.36"
129.225.125.127 - - [27/Aug/2026:05:18:27 +0700] "POST /wp-login.php HTTP/1.1" 200 0 "https://arlindo.ac.id/wp-login.php" "Mozilla/5.0 (Macintosh; Intel Mac OS X 10_15_7) AppleWebKit/605.1.15 (KHTML, like Gecko) Version/14.1.2 Safari/605.1.15"
129.225.125.127 - - [27/Aug/2026:05:18:42 +0700] "POST /wp-login.php HTTP/1.1" 200 0 "https://arlindo.ac.id/wp-login.php" "Mozilla/5.0 (Windows NT 6.1; Win64; x64; rv:92.0) Gecko/20100101 Firefox/92.0"
91.92.242.197 - - [27/Aug/2026:05:18:01 +0700] "POST /wp-login.php HTTP/1.1" 200 0 "-" "Mozilla/5.0"
207.46.13.126 - - [27/Aug/2026:05:19:04 +0700] "GET /2026/07/07/ HTTP/2" 200 17693 "-" "Mozilla/5.0 AppleWebKit/537.36 (KHTML, like Gecko; compatible; bingbot/2.0; +http://www.bing.com/bingbot.htm) Chrome/116.0.1938.76 Safari/537.36"
129.225.125.127 - - [27/Aug/2026:05:18:57 +0700] "POST /wp-login.php HTTP/1.1" 200 0 "https://arlindo.ac.id/wp-login.php" "Mozilla/5.0 (Windows NT 10.0; Win64; x64) AppleWebKit/537.36 (KHTML, like Gecko) Chrome/93.0.4577.63 Safari/537.36"
103.65.237.131 - - [27/Aug/2026:05:18:26 +0700] "POST //wp-login.php HTTP/1.1" 200 0 "https://arlindo.ac.id//wp-login.php" "Mozilla/5.0 (Windows NT 10.0; Win64; x64) AppleWebKit/537.36 (KHTML, like Gecko) Chrome/88.0.4240.193 Safari/537.36"
129.225.125.127 - - [27/Aug/2026:05:19:13 +0700] "POST /wp-login.php HTTP/1.1" 200 0 "https://arlindo.ac.id/wp-login.php" "Mozilla/5.0 (X11; Linux x86_64) AppleWebKit/537.36 (KHTML, like Gecko) Chrome/91.0.4472.124 Safari/537.36"
202.10.43.32 - - [27/Aug/2026:05:19:33 +0700] "POST /wp-cron.php?doing_wp_cron=1787782773.9734160900115966796875 HTTP/1.1" 200 0 "-" "WordPress/7.1; https://arlindo.ac.id"
20.75.217.65 - - [27/Aug/2026:05:19:30 +0700] "GET /wp-login.php HTTP/2" 200 3843 "-" "Mozilla/5.0 (Windows NT 10.0; Win64; x64) AppleWebKit/537.36 (KHTML, like Gecko) Chrome/151.0.0.0 Safari/537.36"
20.75.217.65 - - [27/Aug/2026:05:19:34 +0700] "POST /wp-login.php HTTP/2" 200 8235 "-" "Mozilla/5.0 (Windows NT 10.0; Win64; x64) AppleWebKit/537.36 (KHTML, like Gecko) Chrome/151.0.0.0 Safari/537.36"
129.225.125.127 - - [27/Aug/2026:05:19:28 +0700] "POST /wp-login.php HTTP/1.1" 200 0 "https://arlindo.ac.id/wp-login.php" "Mozilla/5.0 (Macintosh; Intel Mac OS X 10_15_7; rv:92.0) Gecko/20100101 Firefox/92.0"
91.92.242.197 - - [27/Aug/2026:05:19:39 +0700] "POST /wp-login.php HTTP/1.1" 200 0 "-" "Mozilla/5.0"
129.225.125.127 - - [27/Aug/2026:05:19:43 +0700] "POST /wp-login.php HTTP/1.1" 200 0 "https://arlindo.ac.id/wp-login.php" "Mozilla/5.0 (Macintosh; Intel Mac OS X 10_15_7) AppleWebKit/605.1.15 (KHTML, like Gecko) Version/14.1.2 Safari/605.1.15"
3.212.128.62 - - [27/Aug/2026:05:20:08 +0700] "HEAD / HTTP/1.1" 200 0 "https://arlindo.ac.id" "Mozilla/5.0+(compatible; UptimeRobot/2.0; http://www.uptimerobot.com/)"
129.225.125.127 - - [27/Aug/2026:05:19:58 +0700] "POST /wp-login.php HTTP/1.1" 200 0 "https://arlindo.ac.id/wp-login.php" "Mozilla/5.0 (Macintosh; Intel Mac OS X 10_15_7) AppleWebKit/537.36 (KHTML, like Gecko) Chrome/92.0.4515.131 Safari/537.36"
103.65.237.131 - - [27/Aug/2026:05:19:28 +0700] "POST //wp-login.php HTTP/1.1" 200 0 "https://arlindo.ac.id//wp-login.php" "Mozilla/5.0 (Windows NT 10.0; Win64; x64) AppleWebKit/537.36 (KHTML, like Gecko) Chrome/88.0.4240.193 Safari/537.36"
202.10.43.32 - - [27/Aug/2026:05:20:31 +0700] "POST /wp-cron.php?doing_wp_cron=1787782831.5699369907379150390625 HTTP/1.1" 200 0 "-" "WordPress/7.1; https://arlindo.ac.id"
129.225.125.127 - - [27/Aug/2026:05:20:16 +0700] "POST /wp-login.php HTTP/1.1" 200 9016 "https://arlindo.ac.id/wp-login.php" "Mozilla/5.0 (Macintosh; Intel Mac OS X 10_15_7) AppleWebKit/605.1.15 (KHTML, like Gecko) Version/15.0 Safari/605.1.15"
103.59.161.152 - - [27/Aug/2026:05:19:38 +0700] "POST /wp-login.php HTTP/1.1" 200 0 "-" "Mozilla/5.0"
129.225.125.127 - - [27/Aug/2026:05:20:31 +0700] "POST /wp-login.php HTTP/1.1" 200 0 "https://arlindo.ac.id/wp-login.php" "Mozilla/5.0 (X11; Linux x86_64) AppleWebKit/537.36 (KHTML, like Gecko) Chrome/90.0.4430.212 Safari/537.36"
129.225.125.127 - - [27/Aug/2026:05:20:46 +0700] "POST /wp-login.php HTTP/1.1" 200 9002 "https://arlindo.ac.id/wp-login.php" "Mozilla/5.0 (Windows NT 10.0; Win64; x64) AppleWebKit/537.36 (KHTML, like Gecko) Chrome/94.0.4606.71 Safari/537.36"
103.59.161.152 - - [27/Aug/2026:05:20:45 +0700] "POST /wp-login.php HTTP/1.1" 200 0 "-" "Mozilla/5.0"
129.225.125.127 - - [27/Aug/2026:05:21:00 +0700] "GET /wp-admin/index.php HTTP/1.1" 200 10151 "https://arlindo.ac.id/wp-login.php" "Mozilla/5.0 (X11; Linux x86_64) AppleWebKit/537.36 (KHTML, like Gecko) Chrome/91.0.4472.124 Safari/537.36"
202.10.43.32 - - [27/Aug/2026:05:21:01 +0700] "POST /wp-cron.php?doing_wp_cron=1787782861.6797800064086914062500 HTTP/1.1" 200 0 "-" "WordPress/7.1; https://arlindo.ac.id"
202.10.43.32 - - [27/Aug/2026:05:21:01 +0700] "POST /?wordfence_syncAttackData=1787782861.1665 HTTP/1.1" 200 1392 "-" "WordPress/7.1; https://arlindo.ac.id"
129.225.125.127 - - [27/Aug/2026:05:21:01 +0700] "POST /wp-login.php HTTP/1.1" 200 10151 "https://arlindo.ac.id/wp-login.php" "Mozilla/5.0 (Macintosh; Intel Mac OS X 10_15_7) AppleWebKit/537.36 (KHTML, like Gecko) Chrome/90.0.4430.212 Safari/537.36"
129.225.125.127 - - [27/Aug/2026:05:21:16 +0700] "POST /wp-login.php HTTP/1.1" 200 9002 "https://arlindo.ac.id/wp-login.php" "Mozilla/5.0 (X11; Linux x86_64) AppleWebKit/537.36 (KHTML, like Gecko) Chrome/91.0.4472.124 Safari/537.36"
202.10.43.32 - - [27/Aug/2026:05:21:31 +0700] "POST /?wordfence_syncAttackData=1787782891.2096 HTTP/1.1" 200 1392 "-" "WordPress/7.1; https://arlindo.ac.id"
202.10.43.32 - - [27/Aug/2026:05:21:31 +0700] "POST /wp-cron.php?doing_wp_cron=1787782891.6749041080474853515625 HTTP/1.1" 200 0 "-" "WordPress/7.1; https://arlindo.ac.id"
129.225.125.127 - - [27/Aug/2026:05:21:30 +0700] "GET /wp-admin/index.php HTTP/1.1" 200 9955 "https://arlindo.ac.id/wp-login.php" "Mozilla/5.0 (Windows NT 6.1; Win64; x64) AppleWebKit/537.36 (KHTML, like Gecko) Chrome/91.0.4472.124 Safari/537.36"
103.65.237.131 - - [27/Aug/2026:05:20:30 +0700] "POST //wp-login.php HTTP/1.1" 200 0 "https://arlindo.ac.id//wp-login.php" "Mozilla/5.0 (Windows NT 10.0; Win64; x64) AppleWebKit/537.36 (KHTML, like Gecko) Chrome/88.0.4240.193 Safari/537.36"
91.92.242.197 - - [27/Aug/2026:05:21:18 +0700] "POST /wp-login.php HTTP/1.1" 200 0 "-" "Mozilla/5.0"
129.225.125.127 - - [27/Aug/2026:05:21:31 +0700] "POST /wp-login.php HTTP/1.1" 200 9955 "https://arlindo.ac.id/wp-login.php" "Mozilla/5.0 (Windows NT 10.0; Win64; x64) AppleWebKit/605.1.15 (KHTML, like Gecko) Version/14.1.2 Safari/605.1.15"
129.225.125.127 - - [27/Aug/2026:05:21:46 +0700] "POST /wp-login.php HTTP/1.1" 403 10747 "https://arlindo.ac.id/wp-login.php" "Mozilla/5.0 (Windows NT 6.1; Win64; x64) AppleWebKit/537.36 (KHTML, like Gecko) Chrome/90.0.4430.212 Safari/537.36"
129.225.125.127 - - [27/Aug/2026:05:22:00 +0700] "GET /wp-admin/index.php HTTP/1.1" 200 9955 "https://arlindo.ac.id/wp-login.php" "Mozilla/5.0 (Windows NT 6.1; Win64; x64) AppleWebKit/537.36 (KHTML, like Gecko) Chrome/90.0.4430.212 Safari/537.36"
129.225.125.127 - - [27/Aug/2026:05:22:01 +0700] "POST /wp-login.php HTTP/1.1" 200 9955 "https://arlindo.ac.id/wp-login.php" "Mozilla/5.0 (Macintosh; Intel Mac OS X 10_15_7) AppleWebKit/537.36 (KHTML, like Gecko) Chrome/93.0.4577.63 Safari/537.36"
129.225.125.127 - - [27/Aug/2026:05:22:16 +0700] "POST /wp-login.php HTTP/1.1" 200 9002 "https://arlindo.ac.id/wp-login.php" "Mozilla/5.0 (Macintosh; Intel Mac OS X 10_15_7) AppleWebKit/605.1.15 (KHTML, like Gecko) Version/14.0.3 Safari/605.1.15"
202.10.43.32 - - [27/Aug/2026:05:22:31 +0700] "POST /wp-cron.php?doing_wp_cron=1787782951.3508520126342773437500 HTTP/1.1" 200 0 "-" "WordPress/7.1; https://arlindo.ac.id"
129.225.125.127 - - [27/Aug/2026:05:22:30 +0700] "GET /wp-admin/index.php HTTP/1.1" 200 9954 "https://arlindo.ac.id/wp-login.php" "Mozilla/5.0 (Windows NT 10.0; Win64; x64) AppleWebKit/537.36 (KHTML, like Gecko) Chrome/90.0.4430.212 Safari/537.36"
202.10.43.32 - - [27/Aug/2026:05:22:30 +0700] "POST /?wordfence_syncAttackData=1787782950.8491 HTTP/1.1" 200 1392 "-" "WordPress/7.1; https://arlindo.ac.id"
103.65.237.131 - - [27/Aug/2026:05:21:32 +0700] "POST //wp-login.php HTTP/1.1" 200 0 "https://arlindo.ac.id//wp-login.php" "Mozilla/5.0 (Windows NT 10.0; Win64; x64) AppleWebKit/537.36 (KHTML, like Gecko) Chrome/88.0.4240.193 Safari/537.36"
103.59.161.152 - - [27/Aug/2026:05:22:22 +0700] "POST /wp-login.php HTTP/1.1" 200 0 "-" "Mozilla/5.0"
129.225.125.127 - - [27/Aug/2026:05:22:31 +0700] "POST /wp-login.php HTTP/1.1" 200 9954 "https://arlindo.ac.id/wp-login.php" "Mozilla/5.0 (X11; Linux x86_64) AppleWebKit/537.36 (KHTML, like Gecko) Chrome/92.0.4515.131 Safari/537.36"
129.225.125.127 - - [27/Aug/2026:05:22:46 +0700] "POST /wp-login.php HTTP/1.1" 200 9002 "https://arlindo.ac.id/wp-login.php" "Mozilla/5.0 (Windows NT 6.1; Win64; x64) AppleWebKit/537.36 (KHTML, like Gecko) Chrome/92.0.4515.131 Safari/537.36"
202.10.43.32 - - [27/Aug/2026:05:23:01 +0700] "POST /wp-cron.php?doing_wp_cron=1787782981.4661660194396972656250 HTTP/1.1" 200 0 "-" "WordPress/7.1; https://arlindo.ac.id"
202.10.43.32 - - [27/Aug/2026:05:23:00 +0700] "POST /?wordfence_syncAttackData=1787782980.9416 HTTP/1.1" 200 1392 "-" "WordPress/7.1; https://arlindo.ac.id"
129.225.125.127 - - [27/Aug/2026:05:23:00 +0700] "GET /wp-admin/index.php HTTP/1.1" 200 9954 "https://arlindo.ac.id/wp-login.php" "Mozilla/5.0 (X11; Linux x86_64; rv:92.0) Gecko/20100101 Firefox/92.0"
91.92.242.197 - - [27/Aug/2026:05:22:53 +0700] "POST /wp-login.php HTTP/1.1" 200 0 "-" "Mozilla/5.0"
129.225.125.127 - - [27/Aug/2026:05:23:01 +0700] "POST /wp-login.php HTTP/1.1" 200 9954 "https://arlindo.ac.id/wp-login.php" "Mozilla/5.0 (Macintosh; Intel Mac OS X 10_15_7) AppleWebKit/537.36 (KHTML, like Gecko) Chrome/93.0.4577.63 Safari/537.36"
129.225.125.127 - - [27/Aug/2026:05:23:16 +0700] "POST /wp-login.php HTTP/1.1" 403 10747 "https://arlindo.ac.id/wp-login.php" "Mozilla/5.0 (Windows NT 6.1; Win64; x64) AppleWebKit/537.36 (KHTML, like Gecko) Chrome/93.0.4577.63 Safari/537.36"
129.225.125.127 - - [27/Aug/2026:05:23:30 +0700] "GET /wp-admin/index.php HTTP/1.1" 200 9954 "https://arlindo.ac.id/wp-login.php" "Mozilla/5.0 (Windows NT 10.0; Win64; x64) AppleWebKit/537.36 (KHTML, like Gecko) Chrome/92.0.4515.131 Safari/537.36"
103.65.237.131 - - [27/Aug/2026:05:22:34 +0700] "POST //wp-login.php HTTP/1.1" 200 0 "https://arlindo.ac.id//wp-login.php" "Mozilla/5.0 (Windows NT 10.0; Win64; x64) AppleWebKit/537.36 (KHTML, like Gecko) Chrome/88.0.4240.193 Safari/537.36"
103.59.161.152 - - [27/Aug/2026:05:23:27 +0700] "POST /wp-login.php HTTP/1.1" 200 0 "-" "Mozilla/5.0"
129.225.125.127 - - [27/Aug/2026:05:23:31 +0700] "POST /wp-login.php HTTP/1.1" 200 9954 "https://arlindo.ac.id/wp-login.php" "Mozilla/5.0 (Windows NT 10.0; Win64; x64) AppleWebKit/605.1.15 (KHTML, like Gecko) Version/14.1.2 Safari/605.1.15"
129.225.125.127 - - [27/Aug/2026:05:23:46 +0700] "POST /wp-login.php HTTP/1.1" 200 9002 "https://arlindo.ac.id/wp-login.php" "Mozilla/5.0 (Windows NT 6.1; Win64; x64) AppleWebKit/537.36 (KHTML, like Gecko) Chrome/90.0.4430.212 Safari/537.36"
202.10.43.32 - - [27/Aug/2026:05:24:00 +0700] "POST /wp-cron.php?doing_wp_cron=1787783040.8754289150238037109375 HTTP/1.1" 200 0 "-" "WordPress/7.1; https://arlindo.ac.id"
129.225.125.127 - - [27/Aug/2026:05:24:00 +0700] "GET /wp-admin/index.php HTTP/1.1" 200 9956 "https://arlindo.ac.id/wp-login.php" "Mozilla/5.0 (Macintosh; Intel Mac OS X 10_15_7) AppleWebKit/537.36 (KHTML, like Gecko) Chrome/93.0.4577.63 Safari/537.36"
202.10.43.32 - - [27/Aug/2026:05:24:00 +0700] "POST /?wordfence_syncAttackData=1787783040.4326 HTTP/1.1" 200 1392 "-" "WordPress/7.1; https://arlindo.ac.id"
129.225.125.127 - - [27/Aug/2026:05:24:00 +0700] "POST /wp-login.php HTTP/1.1" 200 9956 "https://arlindo.ac.id/wp-login.php" "Mozilla/5.0 (Windows NT 10.0; Win64; x64) AppleWebKit/537.36 (KHTML, like Gecko) Chrome/90.0.4430.212 Safari/537.36"
202.10.43.32 - - [27/Aug/2026:05:24:30 +0700] "POST /?wordfence_syncAttackData=1787783070.452 HTTP/1.1" 200 1394 "-" "WordPress/7.1; https://arlindo.ac.id"
129.225.125.127 - - [27/Aug/2026:05:24:16 +0700] "POST /wp-login.php HTTP/1.1" 200 9002 "https://arlindo.ac.id/wp-login.php" "Mozilla/5.0 (Macintosh; Intel Mac OS X 10_15_7) AppleWebKit/537.36 (KHTML, like Gecko) Chrome/92.0.4515.131 Safari/537.36"
202.10.43.32 - - [27/Aug/2026:05:24:30 +0700] "POST /wp-cron.php?doing_wp_cron=1787783070.8897130489349365234375 HTTP/1.1" 200 0 "-" "WordPress/7.1; https://arlindo.ac.id"
129.225.125.127 - - [27/Aug/2026:05:24:30 +0700] "GET /wp-admin/index.php HTTP/1.1" 200 9957 "https://arlindo.ac.id/wp-login.php" "Mozilla/5.0 (Windows NT 6.1; Win64; x64) AppleWebKit/537.36 (KHTML, like Gecko) Chrome/91.0.4472.124 Safari/537.36"
103.65.237.131 - - [27/Aug/2026:05:23:36 +0700] "POST //wp-login.php HTTP/1.1" 200 0 "https://arlindo.ac.id//wp-login.php" "Mozilla/5.0 (Windows NT 10.0; Win64; x64) AppleWebKit/537.36 (KHTML, like Gecko) Chrome/88.0.4240.193 Safari/537.36"
129.225.125.127 - - [27/Aug/2026:05:24:30 +0700] "POST /wp-login.php HTTP/1.1" 200 9957 "https://arlindo.ac.id/wp-login.php" "Mozilla/5.0 (X11; Linux x86_64; rv:91.0) Gecko/20100101 Firefox/91.0"
91.92.242.197 - - [27/Aug/2026:05:24:29 +0700] "POST /wp-login.php HTTP/1.1" 200 0 "-" "Mozilla/5.0"
129.225.125.127 - - [27/Aug/2026:05:24:46 +0700] "POST /wp-login.php HTTP/1.1" 200 9004 "https://arlindo.ac.id/wp-login.php" "Mozilla/5.0 (Windows NT 10.0; Win64; x64) AppleWebKit/537.36 (KHTML, like Gecko) Chrome/92.0.4515.131 Safari/537.36"
129.225.125.127 - - [27/Aug/2026:05:25:01 +0700] "POST /wp-login.php HTTP/1.1" 200 0 "https://arlindo.ac.id/wp-login.php" "Mozilla/5.0 (Macintosh; Intel Mac OS X 10_15_7) AppleWebKit/605.1.15 (KHTML, like Gecko) Version/14.1.1 Safari/605.1.15"
52.15.147.27 - - [27/Aug/2026:05:25:18 +0700] "HEAD / HTTP/1.1" 200 0 "https://arlindo.ac.id" "Mozilla/5.0+(compatible; UptimeRobot/2.0; http://www.uptimerobot.com/)"
103.59.161.152 - - [27/Aug/2026:05:25:12 +0700] "POST /wp-login.php HTTP/1.1" 200 0 "-" "Mozilla/5.0"
129.225.125.127 - - [27/Aug/2026:05:25:16 +0700] "POST /wp-login.php HTTP/1.1" 200 9004 "https://arlindo.ac.id/wp-login.php" "Mozilla/5.0 (Windows NT 10.0; Win64; x64) AppleWebKit/537.36 (KHTML, like Gecko) Chrome/92.0.4515.131 Safari/537.36"
202.10.43.32 - - [27/Aug/2026:05:25:31 +0700] "POST /wp-cron.php?doing_wp_cron=1787783131.1392230987548828125000 HTTP/1.1" 200 0 "-" "WordPress/7.1; https://arlindo.ac.id"
202.10.43.32 - - [27/Aug/2026:05:25:30 +0700] "POST /?wordfence_syncAttackData=1787783130.6901 HTTP/1.1" 200 1394 "-" "WordPress/7.1; https://arlindo.ac.id"
129.225.125.127 - - [27/Aug/2026:05:25:30 +0700] "GET /wp-admin/index.php HTTP/1.1" 200 10150 "https://arlindo.ac.id/wp-login.php" "Mozilla/5.0 (Windows NT 10.0; Win64; x64) AppleWebKit/537.36 (KHTML, like Gecko) Chrome/94.0.4606.71 Safari/537.36"
103.65.237.131 - - [27/Aug/2026:05:24:38 +0700] "POST //wp-login.php HTTP/1.1" 200 0 "https://arlindo.ac.id//wp-login.php" "Mozilla/5.0 (Windows NT 10.0; Win64; x64) AppleWebKit/537.36 (KHTML, like Gecko) Chrome/88.0.4240.193 Safari/537.36"
129.225.125.127 - - [27/Aug/2026:05:25:31 +0700] "POST /wp-login.php HTTP/1.1" 200 10150 "https://arlindo.ac.id/wp-login.php" "Mozilla/5.0 (Windows NT 10.0; Win64; x64; rv:93.0) Gecko/20100101 Firefox/93.0"
129.225.125.127 - - [27/Aug/2026:05:25:46 +0700] "POST /wp-login.php HTTP/1.1" 200 9004 "https://arlindo.ac.id/wp-login.php" "Mozilla/5.0 (Windows NT 6.1; Win64; x64; rv:90.0) Gecko/20100101 Firefox/90.0.1"
202.10.43.32 - - [27/Aug/2026:05:26:01 +0700] "POST /wp-cron.php?doing_wp_cron=1787783161.0429449081420898437500 HTTP/1.1" 200 0 "-" "WordPress/7.1; https://arlindo.ac.id"
202.10.43.32 - - [27/Aug/2026:05:26:00 +0700] "POST /?wordfence_syncAttackData=1787783160.6135 HTTP/1.1" 200 1394 "-" "WordPress/7.1; https://arlindo.ac.id"
129.225.125.127 - - [27/Aug/2026:05:26:00 +0700] "GET /wp-admin/index.php HTTP/1.1" 200 9954 "https://arlindo.ac.id/wp-login.php" "Mozilla/5.0 (Macintosh; Intel Mac OS X 10_15_7; rv:91.0) Gecko/20100101 Firefox/91.0"
129.225.125.127 - - [27/Aug/2026:05:26:01 +0700] "POST /wp-login.php HTTP/1.1" 200 9954 "https://arlindo.ac.id/wp-login.php" "Mozilla/5.0 (Windows NT 10.0; Win64; x64) AppleWebKit/605.1.15 (KHTML, like Gecko) Version/15.0 Safari/605.1.15"
91.92.242.197 - - [27/Aug/2026:05:26:06 +0700] "POST /wp-login.php HTTP/1.1" 200 0 "-" "Mozilla/5.0"
129.225.125.127 - - [27/Aug/2026:05:26:16 +0700] "POST /wp-login.php HTTP/1.1" 200 9004 "https://arlindo.ac.id/wp-login.php" "Mozilla/5.0 (Macintosh; Intel Mac OS X 10_15_7; rv:92.0) Gecko/20100101 Firefox/92.0"
202.10.43.32 - - [27/Aug/2026:05:26:30 +0700] "POST /?wordfence_syncAttackData=1787783190.5869 HTTP/1.1" 200 1394 "-" "WordPress/7.1; https://arlindo.ac.id"
202.10.43.32 - - [27/Aug/2026:05:26:31 +0700] "POST /wp-cron.php?doing_wp_cron=1787783191.0159399509429931640625 HTTP/1.1" 200 0 "-" "WordPress/7.1; https://arlindo.ac.id"
129.225.125.127 - - [27/Aug/2026:05:26:30 +0700] "GET /wp-admin/index.php HTTP/1.1" 200 9953 "https://arlindo.ac.id/wp-login.php" "Mozilla/5.0 (Macintosh; Intel Mac OS X 10_15_7) AppleWebKit/537.36 (KHTML, like Gecko) Chrome/93.0.4577.63 Safari/537.36"
103.65.237.131 - - [27/Aug/2026:05:25:40 +0700] "POST //wp-login.php HTTP/1.1" 200 0 "https://arlindo.ac.id//wp-login.php" "Mozilla/5.0 (Windows NT 10.0; Win64; x64) AppleWebKit/537.36 (KHTML, like Gecko) Chrome/88.0.4240.193 Safari/537.36"
129.225.125.127 - - [27/Aug/2026:05:26:31 +0700] "POST /wp-login.php HTTP/1.1" 200 9953 "https://arlindo.ac.id/wp-login.php" "Mozilla/5.0 (Windows NT 10.0; Win64; x64) AppleWebKit/605.1.15 (KHTML, like Gecko) Version/14.1 Safari/605.1.15"
103.59.161.152 - - [27/Aug/2026:05:26:41 +0700] "POST /wp-login.php HTTP/1.1" 200 0 "-" "Mozilla/5.0"
129.225.125.127 - - [27/Aug/2026:05:26:46 +0700] "POST /wp-login.php HTTP/1.1" 200 9004 "https://arlindo.ac.id/wp-login.php" "Mozilla/5.0 (Macintosh; Intel Mac OS X 10_15_7) AppleWebKit/605.1.15 (KHTML, like Gecko) Version/14.1 Safari/605.1.15"
202.10.43.32 - - [27/Aug/2026:05:27:00 +0700] "POST /wp-cron.php?doing_wp_cron=1787783220.9756910800933837890625 HTTP/1.1" 200 0 "-" "WordPress/7.1; https://arlindo.ac.id"
202.10.43.32 - - [27/Aug/2026:05:27:00 +0700] "POST /?wordfence_syncAttackData=1787783220.5152 HTTP/1.1" 200 1394 "-" "WordPress/7.1; https://arlindo.ac.id"
129.225.125.127 - - [27/Aug/2026:05:27:00 +0700] "GET /wp-admin/index.php HTTP/1.1" 200 9955 "https://arlindo.ac.id/wp-login.php" "Mozilla/5.0 (Windows NT 10.0; Win64; x64; rv:92.0) Gecko/20100101 Firefox/92.0"
129.225.125.127 - - [27/Aug/2026:05:27:01 +0700] "POST /wp-login.php HTTP/1.1" 200 9955 "https://arlindo.ac.id/wp-login.php" "Mozilla/5.0 (Windows NT 10.0; Win64; x64) AppleWebKit/537.36 (KHTML, like Gecko) Chrome/93.0.4577.63 Safari/537.36"
129.225.125.127 - - [27/Aug/2026:05:27:16 +0700] "POST /wp-login.php HTTP/1.1" 200 9004 "https://arlindo.ac.id/wp-login.php" "Mozilla/5.0 (Macintosh; Intel Mac OS X 10_15_7) AppleWebKit/605.1.15 (KHTML, like Gecko) Version/14.1 Safari/605.1.15"
202.10.43.32 - - [27/Aug/2026:05:27:30 +0700] "POST /wp-cron.php?doing_wp_cron=1787783250.9665009975433349609375 HTTP/1.1" 200 0 "-" "WordPress/7.1; https://arlindo.ac.id"
202.10.43.32 - - [27/Aug/2026:05:27:30 +0700] "POST /?wordfence_syncAttackData=1787783250.5336 HTTP/1.1" 200 1394 "-" "WordPress/7.1; https://arlindo.ac.id"
129.225.125.127 - - [27/Aug/2026:05:27:30 +0700] "GET /wp-admin/index.php HTTP/1.1" 200 9949 "https://arlindo.ac.id/wp-login.php" "Mozilla/5.0 (Windows NT 10.0; Win64; x64) AppleWebKit/537.36 (KHTML, like Gecko) Chrome/92.0.4515.131 Safari/537.36"
103.65.237.131 - - [27/Aug/2026:05:26:42 +0700] "POST //wp-login.php HTTP/1.1" 200 0 "https://arlindo.ac.id//wp-login.php" "Mozilla/5.0 (Windows NT 10.0; Win64; x64) AppleWebKit/537.36 (KHTML, like Gecko) Chrome/88.0.4240.193 Safari/537.36"
129.225.125.127 - - [27/Aug/2026:05:27:31 +0700] "POST /wp-login.php HTTP/1.1" 200 9949 "https://arlindo.ac.id/wp-login.php" "Mozilla/5.0 (Windows NT 6.1; Win64; x64) AppleWebKit/537.36 (KHTML, like Gecko) Chrome/92.0.4515.131 Safari/537.36"
129.225.125.127 - - [27/Aug/2026:05:27:46 +0700] "POST /wp-login.php HTTP/1.1" 200 9004 "https://arlindo.ac.id/wp-login.php" "Mozilla/5.0 (X11; Linux x86_64) AppleWebKit/537.36 (KHTML, like Gecko) Chrome/90.0.4430.212 Safari/537.36"
202.10.43.32 - - [27/Aug/2026:05:28:00 +0700] "POST /wp-cron.php?doing_wp_cron=1787783280.9548640251159667968750 HTTP/1.1" 200 0 "-" "WordPress/7.1; https://arlindo.ac.id"
202.10.43.32 - - [27/Aug/2026:05:28:00 +0700] "POST /?wordfence_syncAttackData=1787783280.5274 HTTP/1.1" 200 1394 "-" "WordPress/7.1; https://arlindo.ac.id"
129.225.125.127 - - [27/Aug/2026:05:28:00 +0700] "GET /wp-admin/index.php HTTP/1.1" 200 10001 "https://arlindo.ac.id/wp-login.php" "Mozilla/5.0 (X11; Linux x86_64) AppleWebKit/537.36 (KHTML, like Gecko) Chrome/92.0.4515.131 Safari/537.36"
91.92.242.197 - - [27/Aug/2026:05:27:44 +0700] "POST /wp-login.php HTTP/1.1" 200 0 "-" "Mozilla/5.0"
129.225.125.127 - - [27/Aug/2026:05:28:01 +0700] "POST /wp-login.php HTTP/1.1" 200 10001 "https://arlindo.ac.id/wp-login.php" "Mozilla/5.0 (Macintosh; Intel Mac OS X 10_15_7) AppleWebKit/537.36 (KHTML, like Gecko) Chrome/92.0.4515.131 Safari/537.36"
103.59.161.152 - - [27/Aug/2026:05:28:12 +0700] "POST /wp-login.php HTTP/1.1" 200 0 "-" "Mozilla/5.0"
129.225.125.127 - - [27/Aug/2026:05:28:16 +0700] "POST /wp-login.php HTTP/1.1" 200 9003 "https://arlindo.ac.id/wp-login.php" "Mozilla/5.0 (Macintosh; Intel Mac OS X 10_15_7) AppleWebKit/605.1.15 (KHTML, like Gecko) Version/15.0 Safari/605.1.15"
202.10.43.32 - - [27/Aug/2026:05:28:30 +0700] "POST /?wordfence_syncAttackData=1787783310.5555 HTTP/1.1" 200 1394 "-" "WordPress/7.1; https://arlindo.ac.id"
129.225.125.127 - - [27/Aug/2026:05:28:30 +0700] "GET /wp-admin/index.php HTTP/1.1" 200 9955 "https://arlindo.ac.id/wp-login.php" "Mozilla/5.0 (Windows NT 10.0; Win64; x64) AppleWebKit/537.36 (KHTML, like Gecko) Chrome/91.0.4472.124 Safari/537.36"
202.10.43.32 - - [27/Aug/2026:05:28:31 +0700] "POST /wp-cron.php?doing_wp_cron=1787783311.0417931079864501953125 HTTP/1.1" 200 0 "-" "WordPress/7.1; https://arlindo.ac.id"
103.65.237.131 - - [27/Aug/2026:05:27:44 +0700] "POST //wp-login.php HTTP/1.1" 200 0 "https://arlindo.ac.id//wp-login.php" "Mozilla/5.0 (Windows NT 10.0; Win64; x64) AppleWebKit/537.36 (KHTML, like Gecko) Chrome/88.0.4240.193 Safari/537.36"
129.225.125.127 - - [27/Aug/2026:05:28:31 +0700] "POST /wp-login.php HTTP/1.1" 200 9955 "https://arlindo.ac.id/wp-login.php" "Mozilla/5.0 (X11; Linux x86_64) AppleWebKit/537.36 (KHTML, like Gecko) Chrome/93.0.4577.63 Safari/537.36"
129.225.125.127 - - [27/Aug/2026:05:28:46 +0700] "POST /wp-login.php HTTP/1.1" 200 9003 "https://arlindo.ac.id/wp-login.php" "Mozilla/5.0 (Windows NT 10.0; Win64; x64) AppleWebKit/537.36 (KHTML, like Gecko) Chrome/90.0.4430.212 Safari/537.36"
