52.139.37.240 - - [26/Aug/2026:19:35:46 +0700] "GET /wp-admin/js/ HTTP/1.1" 200 3448 "-" "Mozilla/5.0 (Windows NT 10.0; Win64; x64) AppleWebKit/537.36 (KHTML, like Gecko) Chrome/120.0.0.0 Safari/537.36"
52.139.37.240 - - [26/Aug/2026:19:35:46 +0700] "GET /wp-content/uploads/index.php HTTP/1.1" 301 0 "-" "Mozilla/5.0 (Windows NT 10.0; Win64; x64) AppleWebKit/537.36 (KHTML, like Gecko) Chrome/120.0.0.0 Safari/537.36"
52.139.37.240 - - [26/Aug/2026:19:35:47 +0700] "GET /ws83.php HTTP/1.1" 404 16136 "-" "Mozilla/5.0 (Windows NT 10.0; Win64; x64) AppleWebKit/537.36 (KHTML, like Gecko) Chrome/120.0.0.0 Safari/537.36"
52.139.37.240 - - [26/Aug/2026:19:35:48 +0700] "GET /atex1.php HTTP/1.1" 404 16136 "-" "Mozilla/5.0 (Windows NT 10.0; Win64; x64) AppleWebKit/537.36 (KHTML, like Gecko) Chrome/120.0.0.0 Safari/537.36"
52.139.37.240 - - [26/Aug/2026:19:35:49 +0700] "GET /class-t.api.php HTTP/1.1" 404 16136 "-" "Mozilla/5.0 (Windows NT 10.0; Win64; x64) AppleWebKit/537.36 (KHTML, like Gecko) Chrome/120.0.0.0 Safari/537.36"
52.139.37.240 - - [26/Aug/2026:19:35:50 +0700] "GET /w.php HTTP/1.1" 404 16136 "-" "Mozilla/5.0 (Windows NT 10.0; Win64; x64) AppleWebKit/537.36 (KHTML, like Gecko) Chrome/120.0.0.0 Safari/537.36"
52.139.37.240 - - [26/Aug/2026:19:35:51 +0700] "GET /archive.php HTTP/1.1" 404 16136 "-" "Mozilla/5.0 (Windows NT 10.0; Win64; x64) AppleWebKit/537.36 (KHTML, like Gecko) Chrome/120.0.0.0 Safari/537.36"
202.10.43.32 - - [26/Aug/2026:19:35:52 +0700] "POST /wp-cron.php?doing_wp_cron=1787747752.7136960029602050781250 HTTP/1.1" 200 0 "-" "WordPress/7.1; https://arlindo.ac.id"
52.139.37.240 - - [26/Aug/2026:19:35:53 +0700] "GET /bless.php HTTP/1.1" 404 16136 "-" "Mozilla/5.0 (Windows NT 10.0; Win64; x64) AppleWebKit/537.36 (KHTML, like Gecko) Chrome/120.0.0.0 Safari/537.36"
52.139.37.240 - - [26/Aug/2026:19:35:54 +0700] "GET /sagax1.php HTTP/1.1" 404 16136 "-" "Mozilla/5.0 (Windows NT 10.0; Win64; x64) AppleWebKit/537.36 (KHTML, like Gecko) Chrome/120.0.0.0 Safari/537.36"
52.139.37.240 - - [26/Aug/2026:19:35:55 +0700] "GET /wpc.php HTTP/1.1" 404 16136 "-" "Mozilla/5.0 (Windows NT 10.0; Win64; x64) AppleWebKit/537.36 (KHTML, like Gecko) Chrome/120.0.0.0 Safari/537.36"
52.139.37.240 - - [26/Aug/2026:19:35:57 +0700] "GET /fone1.php HTTP/1.1" 404 16136 "-" "Mozilla/5.0 (Windows NT 10.0; Win64; x64) AppleWebKit/537.36 (KHTML, like Gecko) Chrome/120.0.0.0 Safari/537.36"
52.139.37.240 - - [26/Aug/2026:19:35:58 +0700] "GET /ncx.php HTTP/1.1" 404 16136 "-" "Mozilla/5.0 (Windows NT 10.0; Win64; x64) AppleWebKit/537.36 (KHTML, like Gecko) Chrome/120.0.0.0 Safari/537.36"
52.139.37.240 - - [26/Aug/2026:19:35:59 +0700] "GET /wp-admin/js/index.php HTTP/1.1" 301 0 "-" "Mozilla/5.0 (Windows NT 10.0; Win64; x64) AppleWebKit/537.36 (KHTML, like Gecko) Chrome/120.0.0.0 Safari/537.36"
52.139.37.240 - - [26/Aug/2026:19:36:00 +0700] "GET /wso.php HTTP/1.1" 404 16136 "-" "Mozilla/5.0 (Windows NT 10.0; Win64; x64) AppleWebKit/537.36 (KHTML, like Gecko) Chrome/120.0.0.0 Safari/537.36"
52.139.37.240 - - [26/Aug/2026:19:36:01 +0700] "GET /zup.php73 HTTP/1.1" 404 16192 "-" "Mozilla/5.0 (Windows NT 10.0; Win64; x64) AppleWebKit/537.36 (KHTML, like Gecko) Chrome/120.0.0.0 Safari/537.36"
52.139.37.240 - - [26/Aug/2026:19:36:02 +0700] "GET /k.php HTTP/1.1" 404 16136 "-" "Mozilla/5.0 (Windows NT 10.0; Win64; x64) AppleWebKit/537.36 (KHTML, like Gecko) Chrome/120.0.0.0 Safari/537.36"
178.156.185.231 - - [26/Aug/2026:19:36:04 +0700] "HEAD / HTTP/1.1" 200 0 "https://arlindo.ac.id" "Mozilla/5.0+(compatible; UptimeRobot/2.0; http://www.uptimerobot.com/)"
52.139.37.240 - - [26/Aug/2026:19:36:03 +0700] "GET /wp-blink.php HTTP/1.1" 404 16136 "-" "Mozilla/5.0 (Windows NT 10.0; Win64; x64) AppleWebKit/537.36 (KHTML, like Gecko) Chrome/120.0.0.0 Safari/537.36"
52.139.37.240 - - [26/Aug/2026:19:36:05 +0700] "GET /randkeyword.PhP7 HTTP/1.1" 404 16192 "-" "Mozilla/5.0 (Windows NT 10.0; Win64; x64) AppleWebKit/537.36 (KHTML, like Gecko) Chrome/120.0.0.0 Safari/537.36"
52.139.37.240 - - [26/Aug/2026:19:36:07 +0700] "GET /wp-admin/css/colors/ectoplasm/ HTTP/1.1" 200 707 "-" "Mozilla/5.0 (Windows NT 10.0; Win64; x64) AppleWebKit/537.36 (KHTML, like Gecko) Chrome/120.0.0.0 Safari/537.36"
52.139.37.240 - - [26/Aug/2026:19:36:07 +0700] "GET /wp-content/ HTTP/1.1" 200 0 "-" "Mozilla/5.0 (Windows NT 10.0; Win64; x64) AppleWebKit/537.36 (KHTML, like Gecko) Chrome/120.0.0.0 Safari/537.36"
52.139.37.240 - - [26/Aug/2026:19:36:07 +0700] "GET /ww5.php HTTP/1.1" 404 16136 "-" "Mozilla/5.0 (Windows NT 10.0; Win64; x64) AppleWebKit/537.36 (KHTML, like Gecko) Chrome/120.0.0.0 Safari/537.36"
52.139.37.240 - - [26/Aug/2026:19:36:08 +0700] "GET /wp-admin/classwithtostring.php HTTP/1.1" 404 16136 "-" "Mozilla/5.0 (Windows NT 10.0; Win64; x64) AppleWebKit/537.36 (KHTML, like Gecko) Chrome/120.0.0.0 Safari/537.36"
202.10.43.32 - - [26/Aug/2026:19:36:10 +0700] "POST /wp-cron.php?doing_wp_cron=1787747770.7611200809478759765625 HTTP/1.1" 200 0 "-" "WordPress/7.1; https://arlindo.ac.id"
52.139.37.240 - - [26/Aug/2026:19:36:10 +0700] "GET /atomlib.php HTTP/1.1" 404 16136 "-" "Mozilla/5.0 (Windows NT 10.0; Win64; x64) AppleWebKit/537.36 (KHTML, like Gecko) Chrome/120.0.0.0 Safari/537.36"
52.139.37.240 - - [26/Aug/2026:19:36:11 +0700] "GET /rip.php HTTP/1.1" 404 16136 "-" "Mozilla/5.0 (Windows NT 10.0; Win64; x64) AppleWebKit/537.36 (KHTML, like Gecko) Chrome/120.0.0.0 Safari/537.36"
52.139.37.240 - - [26/Aug/2026:19:36:12 +0700] "GET /php.php HTTP/1.1" 404 16136 "-" "Mozilla/5.0 (Windows NT 10.0; Win64; x64) AppleWebKit/537.36 (KHTML, like Gecko) Chrome/120.0.0.0 Safari/537.36"
91.92.242.197 - - [26/Aug/2026:19:38:35 +0700] "POST /wp-login.php HTTP/1.1" 503 18946 "-" "Mozilla/5.0"
202.10.43.32 - - [26/Aug/2026:19:38:38 +0700] "POST /wp-cron.php?doing_wp_cron=1787747918.1668980121612548828125 HTTP/1.1" 200 0 "-" "WordPress/7.1; https://arlindo.ac.id"
178.156.185.231 - - [26/Aug/2026:19:41:11 +0700] "HEAD / HTTP/1.1" 200 0 "https://arlindo.ac.id" "Mozilla/5.0+(compatible; UptimeRobot/2.0; http://www.uptimerobot.com/)"
172.212.194.58 - - [26/Aug/2026:19:41:28 +0700] "GET /wp-content/plugins/hellopress/wp_filemanager.php HTTP/1.1" 404 5749 "-" "-"
172.212.194.58 - - [26/Aug/2026:19:41:29 +0700] "GET /this_is_a_new_hello_world.php HTTP/1.1" 404 5749 "-" "-"
172.212.194.58 - - [26/Aug/2026:19:41:29 +0700] "GET /vpn.php HTTP/1.1" 404 5749 "-" "-"
172.212.194.58 - - [26/Aug/2026:19:41:30 +0700] "GET /aaa.php HTTP/1.1" 404 5749 "-" "-"
172.212.194.58 - - [26/Aug/2026:19:41:30 +0700] "GET /admin.php HTTP/1.1" 404 5749 "-" "-"
172.212.194.58 - - [26/Aug/2026:19:41:31 +0700] "GET /file52.php HTTP/1.1" 404 5749 "-" "-"
172.212.194.58 - - [26/Aug/2026:19:41:31 +0700] "GET /11.php HTTP/1.1" 404 5749 "-" "-"
172.212.194.58 - - [26/Aug/2026:19:41:32 +0700] "GET /fling.php HTTP/1.1" 404 5749 "-" "-"
172.212.194.58 - - [26/Aug/2026:19:41:32 +0700] "GET /w.php HTTP/1.1" 404 5749 "-" "-"
172.212.194.58 - - [26/Aug/2026:19:41:33 +0700] "GET /kir.php HTTP/1.1" 404 5749 "-" "-"
172.212.194.58 - - [26/Aug/2026:19:41:33 +0700] "GET /media.php HTTP/1.1" 404 5749 "-" "-"
172.212.194.58 - - [26/Aug/2026:19:41:34 +0700] "GET /simple.php HTTP/1.1" 404 5749 "-" "-"
172.212.194.58 - - [26/Aug/2026:19:41:35 +0700] "GET /222.php HTTP/1.1" 404 5749 "-" "-"
172.212.194.58 - - [26/Aug/2026:19:41:35 +0700] "GET /a3ampzmbipnkpxeqhqpsanCdefault.php HTTP/1.1" 404 5749 "-" "-"
172.212.194.58 - - [26/Aug/2026:19:41:36 +0700] "GET /adminfuns.php HTTP/1.1" 404 5749 "-" "-"
172.212.194.58 - - [26/Aug/2026:19:41:36 +0700] "GET /1.php HTTP/1.1" 404 5749 "-" "-"
172.212.194.58 - - [26/Aug/2026:19:41:37 +0700] "GET /adminfuns.php HTTP/1.1" 404 5749 "-" "-"
172.212.194.58 - - [26/Aug/2026:19:41:37 +0700] "GET /chosen.php HTTP/1.1" 404 5749 "-" "-"
172.212.194.58 - - [26/Aug/2026:19:41:40 +0700] "GET /about.php HTTP/1.1" 404 5749 "-" "-"
172.212.194.58 - - [26/Aug/2026:19:41:40 +0700] "GET /3PJcpMFsD8B.php HTTP/1.1" 404 5749 "-" "-"
172.212.194.58 - - [26/Aug/2026:19:41:41 +0700] "GET /8.php HTTP/1.1" 404 5749 "-" "-"
172.212.194.58 - - [26/Aug/2026:19:41:41 +0700] "GET /File.php HTTP/1.1" 404 5749 "-" "-"
172.212.194.58 - - [26/Aug/2026:19:41:42 +0700] "GET /ops.php HTTP/1.1" 404 5749 "-" "-"
172.212.194.58 - - [26/Aug/2026:19:41:42 +0700] "GET /sky.php HTTP/1.1" 404 5749 "-" "-"
172.212.194.58 - - [26/Aug/2026:19:41:43 +0700] "GET /k.php HTTP/1.1" 404 5749 "-" "-"
172.212.194.58 - - [26/Aug/2026:19:41:44 +0700] "GET /images.php HTTP/1.1" 404 5749 "-" "-"
172.212.194.58 - - [26/Aug/2026:19:41:45 +0700] "GET /robots.php HTTP/1.1" 404 5749 "-" "-"
172.212.194.58 - - [26/Aug/2026:19:41:45 +0700] "GET /nofile.php HTTP/1.1" 404 5749 "-" "-"
172.212.194.58 - - [26/Aug/2026:19:41:46 +0700] "GET /system_log.php HTTP/1.1" 404 5749 "-" "-"
172.212.194.58 - - [26/Aug/2026:19:41:46 +0700] "GET /cabs.php HTTP/1.1" 404 5749 "-" "-"
172.212.194.58 - - [26/Aug/2026:19:41:47 +0700] "GET /site.php HTTP/1.1" 404 5749 "-" "-"
172.212.194.58 - - [26/Aug/2026:19:41:47 +0700] "GET /ass.php HTTP/1.1" 404 5749 "-" "-"
172.212.194.58 - - [26/Aug/2026:19:41:48 +0700] "GET /a.php HTTP/1.1" 404 5749 "-" "-"
172.212.194.58 - - [26/Aug/2026:19:41:48 +0700] "GET /ccc.php HTTP/1.1" 404 5749 "-" "-"
172.212.194.58 - - [26/Aug/2026:19:41:49 +0700] "GET /wp-mails.php HTTP/1.1" 404 5749 "-" "-"
172.212.194.58 - - [26/Aug/2026:19:41:49 +0700] "GET /dyt8mjxc3yofbkoriukvgjaCdefault.php HTTP/1.1" 404 5749 "-" "-"
172.212.194.58 - - [26/Aug/2026:19:41:50 +0700] "GET /coffexium.php HTTP/1.1" 404 5749 "-" "-"
172.212.194.58 - - [26/Aug/2026:19:41:50 +0700] "GET /new.php HTTP/1.1" 404 5749 "-" "-"
202.10.43.32 - - [26/Aug/2026:19:42:26 +0700] "POST /wp-cron.php?doing_wp_cron=1787748146.0892210006713867187500 HTTP/1.1" 200 0 "-" "WordPress/7.1; https://arlindo.ac.id"
136.65.127.210 - - [26/Aug/2026:19:42:23 +0700] "GET /tools-ai-untuk-mahasiswa-8-ai-terbaik-yang-wajib-diketahui-di-2026 HTTP/2" 301 0 "-" "Mozilla/5.0 AppleWebKit/537.36 (KHTML, like Gecko; compatible; SleepBot/1.0; +http://sleepbot.com/) Chrome/131.0.0.0 Safari/537.36"
136.65.127.210 - - [26/Aug/2026:19:42:26 +0700] "GET /tools-ai-untuk-mahasiswa-8-ai-terbaik-yang-wajib-diketahui-di-2026/ HTTP/2" 200 29209 "https://arlindo.ac.id/tools-ai-untuk-mahasiswa-8-ai-terbaik-yang-wajib-diketahui-di-2026" "Mozilla/5.0 AppleWebKit/537.36 (KHTML, like Gecko; compatible; SleepBot/1.0; +http://sleepbot.com/) Chrome/131.0.0.0 Safari/537.36"
91.92.242.197 - - [26/Aug/2026:19:42:22 +0700] "POST /wp-login.php HTTP/1.1" 503 18033 "-" "Mozilla/5.0"
172.212.194.58 - - [26/Aug/2026:19:43:29 +0700] "GET /edit.php HTTP/1.1" 404 5749 "-" "-"
172.212.194.58 - - [26/Aug/2026:19:43:29 +0700] "GET /in.php HTTP/1.1" 404 5749 "-" "-"
172.212.194.58 - - [26/Aug/2026:19:43:30 +0700] "GET /zoo1.php HTTP/1.1" 404 5749 "-" "-"
172.212.194.58 - - [26/Aug/2026:19:43:30 +0700] "GET /sm.php HTTP/1.1" 404 5749 "-" "-"
172.212.194.58 - - [26/Aug/2026:19:43:31 +0700] "GET /admin.php HTTP/1.1" 404 5749 "-" "-"
172.212.194.58 - - [26/Aug/2026:19:43:31 +0700] "GET /wp.php HTTP/1.1" 404 5749 "-" "-"
172.212.194.58 - - [26/Aug/2026:19:43:32 +0700] "GET /reviall.php HTTP/1.1" 404 5749 "-" "-"
172.212.194.58 - - [26/Aug/2026:19:43:32 +0700] "GET /4PJcpMFsD8B.php HTTP/1.1" 404 5749 "-" "-"
172.212.194.58 - - [26/Aug/2026:19:43:33 +0700] "GET /domvf.php HTTP/1.1" 404 5749 "-" "-"
172.212.194.58 - - [26/Aug/2026:19:43:33 +0700] "GET /mac.php HTTP/1.1" 404 5749 "-" "-"
172.212.194.58 - - [26/Aug/2026:19:43:34 +0700] "GET /100.php HTTP/1.1" 404 5749 "-" "-"
172.212.194.58 - - [26/Aug/2026:19:43:35 +0700] "GET /classwithtostring.php HTTP/1.1" 404 5749 "-" "-"
172.212.194.58 - - [26/Aug/2026:19:43:35 +0700] "GET /ms-edit.php HTTP/1.1" 404 5749 "-" "-"
172.212.194.58 - - [26/Aug/2026:19:43:36 +0700] "GET /xiugai.php HTTP/1.1" 404 5749 "-" "-"
172.212.194.58 - - [26/Aug/2026:19:43:36 +0700] "GET /dex.php HTTP/1.1" 404 5749 "-" "-"
172.212.194.58 - - [26/Aug/2026:19:43:37 +0700] "GET /abcd.php HTTP/1.1" 404 5749 "-" "-"
172.212.194.58 - - [26/Aug/2026:19:43:37 +0700] "GET /red.php HTTP/1.1" 404 5749 "-" "-"
172.212.194.58 - - [26/Aug/2026:19:43:38 +0700] "GET /yj09.php HTTP/1.1" 404 5749 "-" "-"
172.212.194.58 - - [26/Aug/2026:19:43:38 +0700] "GET /7.php HTTP/1.1" 404 5749 "-" "-"
172.212.194.58 - - [26/Aug/2026:19:43:39 +0700] "GET /wp-content/options.php HTTP/1.1" 404 5749 "-" "-"
172.212.194.58 - - [26/Aug/2026:19:43:40 +0700] "GET /txets.php HTTP/1.1" 404 5749 "-" "-"
172.212.194.58 - - [26/Aug/2026:19:43:41 +0700] "GET /wp-content/index.php HTTP/1.1" 404 5749 "-" "-"
172.212.194.58 - - [26/Aug/2026:19:43:42 +0700] "GET /wp-content/cong.php HTTP/1.1" 404 5749 "-" "-"
172.212.194.58 - - [26/Aug/2026:19:43:43 +0700] "GET /wp-admin/setup-config.php HTTP/1.1" 404 5749 "-" "-"
172.212.194.58 - - [26/Aug/2026:19:43:43 +0700] "GET /wp-css.php HTTP/1.1" 404 5749 "-" "-"
172.212.194.58 - - [26/Aug/2026:19:43:45 +0700] "GET /df.php HTTP/1.1" 404 5749 "-" "-"
172.212.194.58 - - [26/Aug/2026:19:43:46 +0700] "GET /wp-admin/privacy.php HTTP/1.1" 404 5749 "-" "-"
172.212.194.58 - - [26/Aug/2026:19:43:47 +0700] "GET /kerang.php HTTP/1.1" 404 5749 "-" "-"
172.212.194.58 - - [26/Aug/2026:19:43:48 +0700] "GET /css.php HTTP/1.1" 404 5749 "-" "-"
172.212.194.58 - - [26/Aug/2026:19:43:49 +0700] "GET /wpxml.php HTTP/1.1" 404 5749 "-" "-"
172.212.194.58 - - [26/Aug/2026:19:43:51 +0700] "GET /wp-asudo.php HTTP/1.1" 404 5749 "-" "-"
172.212.194.58 - - [26/Aug/2026:19:43:52 +0700] "GET /wp-admin/js/index.php HTTP/1.1" 404 5749 "-" "-"
172.212.194.58 - - [26/Aug/2026:19:43:53 +0700] "GET /wp-content/ms-files.php HTTP/1.1" 404 5749 "-" "-"
172.212.194.58 - - [26/Aug/2026:19:43:54 +0700] "GET /crgio.php HTTP/1.1" 404 5749 "-" "-"
172.212.194.58 - - [26/Aug/2026:19:43:54 +0700] "GET /wp-content/themes/index.php HTTP/1.1" 404 5749 "-" "-"
172.212.194.58 - - [26/Aug/2026:19:43:56 +0700] "GET /we.php HTTP/1.1" 404 5749 "-" "-"
172.212.194.58 - - [26/Aug/2026:19:43:57 +0700] "GET /xty.php HTTP/1.1" 404 5749 "-" "-"
172.212.194.58 - - [26/Aug/2026:19:43:58 +0700] "GET /sxxb.php HTTP/1.1" 404 5749 "-" "-"
172.212.194.58 - - [26/Aug/2026:19:43:58 +0700] "GET /wp-content/admin.php HTTP/1.1" 404 5749 "-" "-"
172.212.194.58 - - [26/Aug/2026:19:43:59 +0700] "GET /yawa.php HTTP/1.1" 404 5749 "-" "-"
172.212.194.58 - - [26/Aug/2026:19:44:00 +0700] "GET /dehnl.php HTTP/1.1" 404 5749 "-" "-"
172.212.194.58 - - [26/Aug/2026:19:44:01 +0700] "GET /run.php HTTP/1.1" 404 5749 "-" "-"
172.212.194.58 - - [26/Aug/2026:19:44:01 +0700] "GET /wp-content/uploads/users.php HTTP/1.1" 404 5749 "-" "-"
172.212.194.58 - - [26/Aug/2026:19:44:02 +0700] "GET /albin.php HTTP/1.1" 404 5749 "-" "-"
172.212.194.58 - - [26/Aug/2026:19:44:03 +0700] "GET /Jcrop.php HTTP/1.1" 404 5749 "-" "-"
172.212.194.58 - - [26/Aug/2026:19:44:04 +0700] "GET /ohct.php HTTP/1.1" 404 5749 "-" "-"
172.212.194.58 - - [26/Aug/2026:19:44:05 +0700] "GET /bp.php HTTP/1.1" 404 5749 "-" "-"
172.212.194.58 - - [26/Aug/2026:19:44:07 +0700] "GET /meninbox.php HTTP/1.1" 404 5749 "-" "-"
172.212.194.58 - - [26/Aug/2026:19:44:08 +0700] "GET /load.php HTTP/1.1" 404 5749 "-" "-"
172.212.194.58 - - [26/Aug/2026:19:44:08 +0700] "GET /mifta.php HTTP/1.1" 404 5749 "-" "-"
172.212.194.58 - - [26/Aug/2026:19:44:09 +0700] "GET /gecko-new.php HTTP/1.1" 404 5749 "-" "-"
172.212.194.58 - - [26/Aug/2026:19:44:10 +0700] "GET /read.php HTTP/1.1" 404 5749 "-" "-"
172.212.194.58 - - [26/Aug/2026:19:44:10 +0700] "GET /82.php HTTP/1.1" 404 5749 "-" "-"
172.212.194.58 - - [26/Aug/2026:19:44:11 +0700] "GET /wp-content/min.php HTTP/1.1" 404 5749 "-" "-"
172.212.194.58 - - [26/Aug/2026:19:44:13 +0700] "GET /index2.php HTTP/1.1" 404 5749 "-" "-"
172.212.194.58 - - [26/Aug/2026:19:44:14 +0700] "GET /wp-admin/css/index.php HTTP/1.1" 404 5749 "-" "-"
172.212.194.58 - - [26/Aug/2026:19:44:15 +0700] "GET /css/database.php HTTP/1.1" 404 5749 "-" "-"
172.212.194.58 - - [26/Aug/2026:19:44:16 +0700] "GET /ab.php HTTP/1.1" 404 5749 "-" "-"
172.212.194.58 - - [26/Aug/2026:19:44:17 +0700] "GET /wp-content/uploads/panel.php HTTP/1.1" 404 5749 "-" "-"
172.212.194.58 - - [26/Aug/2026:19:44:18 +0700] "GET /php.php HTTP/1.1" 404 5749 "-" "-"
172.212.194.58 - - [26/Aug/2026:19:44:19 +0700] "GET /fine.php HTTP/1.1" 404 5749 "-" "-"
172.212.194.58 - - [26/Aug/2026:19:44:20 +0700] "GET /kj.php HTTP/1.1" 404 5749 "-" "-"
172.212.194.58 - - [26/Aug/2026:19:44:20 +0700] "GET /ty.php HTTP/1.1" 404 5749 "-" "-"
172.212.194.58 - - [26/Aug/2026:19:44:22 +0700] "GET /wp-content/uploads/file1.php HTTP/1.1" 404 5749 "-" "-"
172.212.194.58 - - [26/Aug/2026:19:44:23 +0700] "GET /wp-admin/images/acxx.php HTTP/1.1" 404 5749 "-" "-"
172.212.194.58 - - [26/Aug/2026:19:44:24 +0700] "GET /memberfuns.php HTTP/1.1" 404 5749 "-" "-"
172.212.194.58 - - [26/Aug/2026:19:44:25 +0700] "GET /adjig.php HTTP/1.1" 404 5749 "-" "-"
172.212.194.58 - - [26/Aug/2026:19:44:26 +0700] "GET /wp-includes/Text/Diff/Engine/file_cdd9.php HTTP/1.1" 404 5749 "-" "-"
172.212.194.58 - - [26/Aug/2026:19:44:27 +0700] "GET /nwflm.php HTTP/1.1" 404 5749 "-" "-"
172.212.194.58 - - [26/Aug/2026:19:44:28 +0700] "GET /public/wp-admin/js/index.php HTTP/1.1" 404 5749 "-" "-"
172.212.194.58 - - [26/Aug/2026:19:44:29 +0700] "GET /makeasmtp.php HTTP/1.1" 404 5749 "-" "-"
91.92.242.197 - - [26/Aug/2026:19:45:58 +0700] "POST /wp-login.php HTTP/1.1" 503 18033 "-" "Mozilla/5.0"
54.87.112.51 - - [26/Aug/2026:19:46:18 +0700] "HEAD / HTTP/1.1" 200 0 "https://arlindo.ac.id" "Mozilla/5.0+(compatible; UptimeRobot/2.0; http://www.uptimerobot.com/)"
202.10.43.32 - - [26/Aug/2026:19:46:59 +0700] "POST /wp-cron.php?doing_wp_cron=1787748418.9928779602050781250000 HTTP/1.1" 200 0 "-" "WordPress/7.1; https://arlindo.ac.id"
202.10.43.32 - - [26/Aug/2026:19:46:58 +0700] "POST /?wordfence_syncAttackData=1787748418.0964 HTTP/1.1" 200 0 "-" "WordPress/7.1; https://arlindo.ac.id"
50.6.207.27 - - [26/Aug/2026:19:46:57 +0700] "GET /rss/ HTTP/2" 301 0 "-" "Mozilla/5.0 (Windows NT 10.0; Win64; x64) AppleWebKit/537.36 (KHTML, like Gecko) Chrome/151.0.0.0 Safari/537.36"
202.10.43.32 - - [26/Aug/2026:19:47:01 +0700] "POST /wp-cron.php?doing_wp_cron=1787748421.0877990722656250000000 HTTP/1.1" 200 0 "-" "WordPress/7.1; https://arlindo.ac.id"
50.6.207.27 - - [26/Aug/2026:19:46:59 +0700] "GET /feed/ HTTP/2" 200 23391 "-" "Mozilla/5.0 (Windows NT 10.0; Win64; x64) AppleWebKit/537.36 (KHTML, like Gecko) Chrome/151.0.0.0 Safari/537.36"
69.57.172.212 - - [26/Aug/2026:19:47:03 +0700] "GET /readme.html HTTP/2" 200 2657 "-" "Mozilla/5.0 (Windows NT 10.0; Win64; x64) AppleWebKit/537.36 (KHTML, like Gecko) Chrome/151.0.0.0 Safari/537.36"
103.161.173.104 - - [26/Aug/2026:19:47:17 +0700] "GET /wp-json/wp/v2/users?_jsonp=callback&per_page=100&_fields=id,slug HTTP/2" 401 100 "-" "Mozilla/5.0 (Windows NT 10.0; Win64; x64) AppleWebKit/537.36 (KHTML, like Gecko) Chrome/151.0.0.0 Safari/537.36"
202.10.43.32 - - [26/Aug/2026:19:47:17 +0700] "POST /wp-cron.php?doing_wp_cron=1787748437.9571359157562255859375 HTTP/1.1" 200 0 "-" "WordPress/7.1; https://arlindo.ac.id"
50.6.169.131 - - [26/Aug/2026:19:47:18 +0700] "GET /wp-json/oembed/1.0/embed?url=https%3A%2F%2Fmail.arlindo.ac.id&format=json HTTP/2" 404 70 "-" "Mozilla/5.0 (Windows NT 10.0; Win64; x64) AppleWebKit/537.36 (KHTML, like Gecko) Chrome/151.0.0.0 Safari/537.36"
103.74.116.219 - - [26/Aug/2026:19:47:36 +0700] "GET /wp-json/ldlms/v2/users?per_page=100&_fields=user_login HTTP/2" 404 105 "-" "Mozilla/5.0 (Windows NT 10.0; Win64; x64) AppleWebKit/537.36 (KHTML, like Gecko) Chrome/151.0.0.0 Safari/537.36"
202.10.43.32 - - [26/Aug/2026:19:47:38 +0700] "POST /wp-cron.php?doing_wp_cron=1787748458.8424990177154541015625 HTTP/1.1" 200 0 "-" "WordPress/7.1; https://arlindo.ac.id"
47.86.33.52 - - [26/Aug/2026:19:47:37 +0700] "GET /sitemap_index.xml HTTP/2" 200 278 "-" "Mozilla/5.0 (Windows NT 10.0; Win64; x64) AppleWebKit/537.36 (KHTML, like Gecko) Chrome/151.0.0.0 Safari/537.36"
209.42.18.223 - - [26/Aug/2026:19:47:40 +0700] "GET /wp-sitemap-users-1.xml HTTP/2" 301 0 "-" "Mozilla/5.0 (Windows NT 10.0; Win64; x64) AppleWebKit/537.36 (KHTML, like Gecko) Chrome/151.0.0.0 Safari/537.36"
54.39.22.239 - - [26/Aug/2026:19:47:42 +0700] "GET /wp-json/wc/v1/customers?per_page=100&_fields=username HTTP/2" 404 105 "-" "Mozilla/5.0 (Windows NT 10.0; Win64; x64) AppleWebKit/537.36 (KHTML, like Gecko) Chrome/151.0.0.0 Safari/537.36"
209.42.18.223 - - [26/Aug/2026:19:47:41 +0700] "GET /author-sitemap.xml HTTP/2" 404 15065 "-" "Mozilla/5.0 (Windows NT 10.0; Win64; x64) AppleWebKit/537.36 (KHTML, like Gecko) Chrome/151.0.0.0 Safari/537.36"
202.10.43.32 - - [26/Aug/2026:19:47:50 +0700] "POST /wp-cron.php?doing_wp_cron=1787748470.6359879970550537109375 HTTP/1.1" 200 0 "-" "WordPress/7.1; https://arlindo.ac.id"
50.6.207.27 - - [26/Aug/2026:19:47:49 +0700] "GET /feed/json/ HTTP/2" 404 16153 "-" "Mozilla/5.0 (Windows NT 10.0; Win64; x64) AppleWebKit/537.36 (KHTML, like Gecko) Chrome/151.0.0.0 Safari/537.36"
191.101.50.240 - - [26/Aug/2026:19:47:56 +0700] "GET /?rest_route=/wp/v2/users&_jsonp=callback&per_page=100&_fields=id,slug HTTP/2" 401 100 "-" "Mozilla/5.0 (Windows NT 10.0; Win64; x64) AppleWebKit/537.36 (KHTML, like Gecko) Chrome/151.0.0.0 Safari/537.36"
202.10.43.32 - - [26/Aug/2026:19:47:57 +0700] "POST /wp-cron.php?doing_wp_cron=1787748476.9984269142150878906250 HTTP/1.1" 200 0 "-" "WordPress/7.1; https://arlindo.ac.id"
209.42.18.223 - - [26/Aug/2026:19:48:00 +0700] "GET /wp-json/tutor/v1/students HTTP/2" 404 105 "-" "Mozilla/5.0 (Windows NT 10.0; Win64; x64) AppleWebKit/537.36 (KHTML, like Gecko) Chrome/151.0.0.0 Safari/537.36"
51.79.178.46 - - [26/Aug/2026:19:48:02 +0700] "POST /xmlrpc.php HTTP/2" 403 1242 "-" "Mozilla/5.0 (Windows NT 10.0; Win64; x64) AppleWebKit/537.36 (KHTML, like Gecko) Chrome/151.0.0.0 Safari/537.36"
91.92.242.197 - - [26/Aug/2026:19:49:32 +0700] "POST /wp-login.php HTTP/1.1" 200 0 "-" "Mozilla/5.0"
202.10.43.32 - - [26/Aug/2026:19:50:20 +0700] "POST /wp-cron.php?doing_wp_cron=1787748620.5083389282226562500000 HTTP/1.1" 200 0 "-" "WordPress/7.1; https://arlindo.ac.id"
106.0.62.80 - - [26/Aug/2026:19:50:17 +0700] "GET /feed/ HTTP/2" 200 23391 "-" "Mozilla/5.0 (Windows NT 10.0; Win64; x64) AppleWebKit/537.36 (KHTML, like Gecko) Chrome/151.0.0.0 Safari/537.36"
202.10.43.32 - - [26/Aug/2026:19:50:45 +0700] "POST /wp-cron.php?doing_wp_cron=1787748645.4927608966827392578125 HTTP/1.1" 200 0 "-" "WordPress/7.1; https://arlindo.ac.id"
95.111.251.70 - - [26/Aug/2026:19:50:45 +0700] "GET /?author=2 HTTP/2" 404 0 "-" "Mozilla/5.0 (Windows NT 10.0; Win64; x64) AppleWebKit/537.36 (KHTML, like Gecko) Chrome/151.0.0.0 Safari/537.36"
62.210.185.4 - - [26/Aug/2026:19:50:45 +0700] "GET /wp-json/ldlms/v2/users?per_page=100&_fields=user_login HTTP/2" 404 105 "-" "Mozilla/5.0 (Windows NT 10.0; Win64; x64) AppleWebKit/537.36 (KHTML, like Gecko) Chrome/151.0.0.0 Safari/537.36"
70.32.23.119 - - [26/Aug/2026:19:50:48 +0700] "GET /wp-json/mepr/v1/members HTTP/2" 404 105 "-" "Mozilla/5.0 (Windows NT 10.0; Win64; x64) AppleWebKit/537.36 (KHTML, like Gecko) Chrome/151.0.0.0 Safari/537.36"
3.20.63.178 - - [26/Aug/2026:19:51:26 +0700] "HEAD / HTTP/1.1" 200 0 "https://arlindo.ac.id" "Mozilla/5.0+(compatible; UptimeRobot/2.0; http://www.uptimerobot.com/)"
202.10.43.32 - - [26/Aug/2026:19:53:16 +0700] "POST /wp-cron.php?doing_wp_cron=1787748796.2841000556945800781250 HTTP/1.1" 200 0 "-" "WordPress/7.1; https://arlindo.ac.id"
91.92.242.197 - - [26/Aug/2026:19:53:12 +0700] "POST /wp-login.php HTTP/1.1" 503 18946 "-" "Mozilla/5.0"
52.15.147.27 - - [26/Aug/2026:19:56:32 +0700] "HEAD / HTTP/1.1" 200 0 "https://arlindo.ac.id" "Mozilla/5.0+(compatible; UptimeRobot/2.0; http://www.uptimerobot.com/)"
91.92.242.197 - - [26/Aug/2026:19:56:47 +0700] "POST /wp-login.php HTTP/1.1" 503 18033 "-" "Mozilla/5.0"
9.129.51.214 - - [26/Aug/2026:19:57:08 +0700] "GET /ide-bisnis-2026-anak-muda/ HTTP/2" 200 26715 "-" "Mozilla/5.0 AppleWebKit/537.36 (KHTML, like Gecko); compatible; ChatGPT-User/1.0; +https://openai.com/bot"
202.10.43.32 - - [26/Aug/2026:19:59:25 +0700] "POST /wp-cron.php?doing_wp_cron=1787749165.5148010253906250000000 HTTP/1.1" 200 0 "-" "WordPress/7.1; https://arlindo.ac.id"
34.61.131.42 - - [26/Aug/2026:19:59:21 +0700] "GET /2026/07/25 HTTP/2" 301 0 "-" "Mozilla/5.0 AppleWebKit/537.36 (KHTML, like Gecko; compatible; SleepBot/1.0; +http://sleepbot.com/) Chrome/131.0.0.0 Safari/537.36"
34.61.131.42 - - [26/Aug/2026:19:59:25 +0700] "GET /2026/07/25/ HTTP/2" 200 17919 "https://arlindo.ac.id/2026/07/25" "Mozilla/5.0 AppleWebKit/537.36 (KHTML, like Gecko; compatible; SleepBot/1.0; +http://sleepbot.com/) Chrome/131.0.0.0 Safari/537.36"
202.10.43.32 - - [26/Aug/2026:19:59:23 +0700] "POST /?wordfence_syncAttackData=1787749163.693 HTTP/1.1" 200 0 "-" "WordPress/7.1; https://arlindo.ac.id"
162.240.171.12 - - [26/Aug/2026:20:00:06 +0700] "GET /readme.html HTTP/2" 200 2657 "-" "Mozilla/5.0 (Windows NT 10.0; Win64; x64) AppleWebKit/537.36 (KHTML, like Gecko) Chrome/151.0.0.0 Safari/537.36"
173.254.29.95 - - [26/Aug/2026:20:00:08 +0700] "GET /?rest_route=/wp/v2/users&_fields=slug&per_page=100&page=1 HTTP/2" 401 89 "-" "Mozilla/5.0 (Windows NT 10.0; Win64; x64) AppleWebKit/537.36 (KHTML, like Gecko) Chrome/151.0.0.0 Safari/537.36"
202.10.43.32 - - [26/Aug/2026:20:00:09 +0700] "POST /wp-cron.php?doing_wp_cron=1787749209.6398899555206298828125 HTTP/1.1" 200 0 "-" "WordPress/7.1; https://arlindo.ac.id"
91.92.242.197 - - [26/Aug/2026:20:00:20 +0700] "POST /wp-login.php HTTP/1.1" 503 18033 "-" "Mozilla/5.0"
202.10.43.32 - - [26/Aug/2026:20:00:29 +0700] "POST /?wordfence_syncAttackData=1787749229.5175 HTTP/1.1" 200 0 "-" "WordPress/7.1; https://arlindo.ac.id"
34.31.252.64 - - [26/Aug/2026:20:00:29 +0700] "GET /kompetisi-religi-bertajuk-arlindo-ramadan-festival-competition-tingkat-slta-se-jabodetabek-sukses-digelar-stie-arlindo-dengan-31-tim-perwakilan-masing-masing-wilayah HTTP/2" 301 0 "-" "Mozilla/5.0 AppleWebKit/537.36 (KHTML, like Gecko; compatible; SleepBot/1.0; +http://sleepbot.com/) Chrome/131.0.0.0 Safari/537.36"
34.31.252.64 - - [26/Aug/2026:20:00:30 +0700] "GET /kompetisi-religi-bertajuk-arlindo-ramadan-festival-competition-tingkat-slta-se-jabodetabek-sukses-digelar-stie-arlindo-dengan-31-tim-perwakilan-masing-masing-wilayah/ HTTP/2" 200 30680 "https://arlindo.ac.id/kompetisi-religi-bertajuk-arlindo-ramadan-festival-competition-tingkat-slta-se-jabodetabek-sukses-digelar-stie-arlindo-dengan-31-tim-perwakilan-masing-masing-wilayah" "Mozilla/5.0 AppleWebKit/537.36 (KHTML, like Gecko; compatible; SleepBot/1.0; +http://sleepbot.com/) Chrome/131.0.0.0 Safari/537.36"
108.167.161.148 - - [26/Aug/2026:20:00:31 +0700] "GET /wp-json/wp/v2/posts?per_page=20&_embed=author&_fields=_embedded HTTP/2" 200 14 "-" "Mozilla/5.0 (Windows NT 10.0; Win64; x64) AppleWebKit/537.36 (KHTML, like Gecko) Chrome/151.0.0.0 Safari/537.36"
185.181.254.165 - - [26/Aug/2026:20:00:45 +0700] "GET /?rest_route=/wp/v2/users&_jsonp=callback&per_page=100&_fields=id,slug HTTP/2" 401 100 "-" "Mozilla/5.0 (Windows NT 10.0; Win64; x64) AppleWebKit/537.36 (KHTML, like Gecko) Chrome/151.0.0.0 Safari/537.36"
202.10.43.32 - - [26/Aug/2026:20:00:46 +0700] "POST /wp-cron.php?doing_wp_cron=1787749246.4152770042419433593750 HTTP/1.1" 200 0 "-" "WordPress/7.1; https://arlindo.ac.id"
20.75.217.75 - - [26/Aug/2026:20:00:48 +0700] "GET /wp-json/wc/v2/customers?per_page=100&_fields=username HTTP/2" 404 105 "-" "Mozilla/5.0 (Windows NT 10.0; Win64; x64) AppleWebKit/537.36 (KHTML, like Gecko) Chrome/151.0.0.0 Safari/537.36"
202.10.43.32 - - [26/Aug/2026:20:00:56 +0700] "POST /wp-cron.php?doing_wp_cron=1787749256.6647560596466064453125 HTTP/1.1" 200 0 "-" "WordPress/7.1; https://arlindo.ac.id"
209.42.20.222 - - [26/Aug/2026:20:00:55 +0700] "GET /feed/json/ HTTP/2" 404 16153 "-" "Mozilla/5.0 (Windows NT 10.0; Win64; x64) AppleWebKit/537.36 (KHTML, like Gecko) Chrome/151.0.0.0 Safari/537.36"
202.10.43.32 - - [26/Aug/2026:20:01:03 +0700] "POST /wp-cron.php?doing_wp_cron=1787749263.0908379554748535156250 HTTP/1.1" 200 0 "-" "WordPress/7.1; https://arlindo.ac.id"
74.74.162.204 - - [26/Aug/2026:20:01:02 +0700] "GET /wp-json/mepr/v1/members HTTP/2" 404 105 "-" "Mozilla/5.0 (Windows NT 10.0; Win64; x64) AppleWebKit/537.36 (KHTML, like Gecko) Chrome/151.0.0.0 Safari/537.36"
103.156.21.26 - - [26/Aug/2026:20:01:08 +0700] "GET /wp-json/wp/v2/users?per_page=50&_embed&_fields=id,slug,name HTTP/2" 401 89 "-" "Mozilla/5.0 (Windows NT 10.0; Win64; x64) AppleWebKit/537.36 (KHTML, like Gecko) Chrome/151.0.0.0 Safari/537.36"
202.10.43.32 - - [26/Aug/2026:20:01:10 +0700] "POST /wp-cron.php?doing_wp_cron=1787749270.4416921138763427734375 HTTP/1.1" 200 0 "-" "WordPress/7.1; https://arlindo.ac.id"
97.74.87.194 - - [26/Aug/2026:20:01:09 +0700] "GET /wp-json/wp/v2/media?per_page=50&_fields=author HTTP/2" 200 26 "-" "Mozilla/5.0 (Windows NT 10.0; Win64; x64) AppleWebKit/537.36 (KHTML, like Gecko) Chrome/151.0.0.0 Safari/537.36"
43.134.38.171 - - [26/Aug/2026:20:01:22 +0700] "GET / HTTP/1.1" 200 36607 "http://www.arlindo.ac.id" "Mozilla/5.0 (iPhone; CPU iPhone OS 13_2_3 like Mac OS X) AppleWebKit/605.1.15 (KHTML, like Gecko) Version/13.0.3 Mobile/15E148 Safari/604.1"
212.47.76.178 - - [26/Aug/2026:20:01:25 +0700] "GET /?author=1 HTTP/2" 404 0 "-" "Mozilla/5.0 (Windows NT 10.0; Win64; x64) AppleWebKit/537.36 (KHTML, like Gecko) Chrome/151.0.0.0 Safari/537.36"
192.250.239.85 - - [26/Aug/2026:20:01:26 +0700] "GET /?author=2 HTTP/2" 404 0 "-" "Mozilla/5.0 (Windows NT 10.0; Win64; x64) AppleWebKit/537.36 (KHTML, like Gecko) Chrome/151.0.0.0 Safari/537.36"
3.133.226.214 - - [26/Aug/2026:20:01:39 +0700] "HEAD / HTTP/1.1" 200 0 "https://arlindo.ac.id" "Mozilla/5.0+(compatible; UptimeRobot/2.0; http://www.uptimerobot.com/)"
91.92.242.197 - - [26/Aug/2026:20:03:54 +0700] "POST /wp-login.php HTTP/1.1" 200 7961 "-" "Mozilla/5.0"
202.10.43.32 - - [26/Aug/2026:20:03:59 +0700] "POST /wp-cron.php?doing_wp_cron=1787749439.4278290271759033203125 HTTP/1.1" 200 0 "-" "WordPress/7.1; https://arlindo.ac.id"
5.161.75.7 - - [26/Aug/2026:20:06:45 +0700] "HEAD / HTTP/1.1" 200 0 "https://arlindo.ac.id" "Mozilla/5.0+(compatible; UptimeRobot/2.0; http://www.uptimerobot.com/)"
202.10.43.32 - - [26/Aug/2026:20:07:35 +0700] "POST /wp-cron.php?doing_wp_cron=1787749655.7703280448913574218750 HTTP/1.1" 200 0 "-" "WordPress/7.1; https://arlindo.ac.id"
91.92.242.197 - - [26/Aug/2026:20:07:31 +0700] "POST /wp-login.php HTTP/1.1" 503 18946 "-" "Mozilla/5.0"
34.132.98.154 - - [26/Aug/2026:20:08:22 +0700] "GET /stie-arlindo-serahkan-beasiswa-kuliah-kepada-empat-wisudawan-sma-yapisa HTTP/2" 301 0 "-" "Mozilla/5.0 AppleWebKit/537.36 (KHTML, like Gecko; compatible; SleepBot/1.0; +http://sleepbot.com/) Chrome/131.0.0.0 Safari/537.36"
34.132.98.154 - - [26/Aug/2026:20:08:23 +0700] "GET /stie-arlindo-serahkan-beasiswa-kuliah-kepada-empat-wisudawan-sma-yapisa/ HTTP/2" 200 25410 "https://arlindo.ac.id/stie-arlindo-serahkan-beasiswa-kuliah-kepada-empat-wisudawan-sma-yapisa" "Mozilla/5.0 AppleWebKit/537.36 (KHTML, like Gecko; compatible; SleepBot/1.0; +http://sleepbot.com/) Chrome/131.0.0.0 Safari/537.36"
202.10.43.32 - - [26/Aug/2026:20:08:23 +0700] "POST /wp-cron.php?doing_wp_cron=1787749703.2845449447631835937500 HTTP/1.1" 200 0 "-" "WordPress/7.1; https://arlindo.ac.id"
34.91.129.93 - - [26/Aug/2026:20:08:33 +0700] "GET / HTTP/1.1" 200 12425 "-" "Scrapy/2.17.0 (+https://scrapy.org)"
35.204.69.78 - - [26/Aug/2026:20:08:34 +0700] "GET /data:image/x-icon;base64,AAABAAEAICAAAAEAIADSAgAAFgAAAIlQTkcNChoKAAAADUlIRFIAAAAgAAAAIAgGAAAAc3p69AAAAplJREFUWIXt1j2IHGUYB/DfOzdnjIKFkECIVWIKvUFsIkRExa9KJCLaWAgWJx4DilZWgpDDiI0wiViIoGATP1CCEDYHSeCwUBBkgiiKURQJFiLo4d0eOxYzC8nsO9m9XcXC+8MW+3z+9/l6l2383xH+iSBpElyTdoda26xsDqp/h0CVZ3vwKm7tMBngAs7h7eRYebG6hMtMBHbMBX89vfARHprQ5U8cwdFQlIOZCVR5di1+w/wWXT/EY6EoN5NZCODuKZLDwzgSMCuBe2fwfX6QZwtpWzqfBBtLC3txF/ZhxKbBGx0EfsTJS77vwmGjlZrD4mUzUOXZjVjGI65cnTXchB8iupdDUb7QinsQZ7GzZftdQj2JVZ49iC/w6JjksIo7OnS9tiA5Vn6GtyK2+1MY5NkhfGDygVrBAxH5WkPuMjR7/3UsUFLl2Q68s4XkA3ws3v9zoSjX28Kr5wL1xrTxa6ou+f6OZGvqPg9v1wZeaUjcELE/DVfNhWFSvy/enOIZ9eq1sTokEMNLWI79oirP8g6fXpVnh7GEvY1sV/OJ4f0UhyKKk6EoX4x5pEkgXv6L6OM99YqNw/c4kXSwG5nkIfpLCynuiahW1GWeJHkfT4aiXO9atz1XcD6I6yLyHu6bIPk6Hg9FeYZ63y9EjBarPDvQ8VJ1nd9V3D4m+RncForyxFCQ4hSeahlej88Hefauurdwaufr5z/F/ZHAX6nL+mZE18e36IWiHLkFocqzW9QXcNz1+wUHxJ/f10JRPjvGP4pk/vj5L3F8AtufdD+/p6dJDknzX+05fDLGtife/766t9MRgFCUffWTudwE3AqBlVCUf0xLYGTQqzzbhydwJ3Y34g318J1tmX+DPBTlz9MS2MY2/nP8DTGaqeTDf30rAAAAAElFTkSuQmCC HTTP/1.1" 404 3421 "-" "Scrapy/2.17.0 (+https://scrapy.org)"
114.119.136.243 - - [26/Aug/2026:20:10:47 +0700] "GET /wp-content/uploads/2026/08/IMG_2839-1024x683.jpg HTTP/1.1" 200 105334 "https://arlindo.ac.id/yayasan-arlindo-group-jalin-mou-dengan-untidar-untuk-perluas-akses-beasiswa/" "Mozilla/5.0 (Linux; Android 7.0;) AppleWebKit/537.36 (HTML, like Gecko) Mobile Safari/537.36 (compatible; PetalBot;+https://webmaster.petalsearch.com/site/petalbot)"
91.92.242.197 - - [26/Aug/2026:20:11:15 +0700] "POST /wp-login.php HTTP/1.1" 503 18033 "-" "Mozilla/5.0"
202.10.43.32 - - [26/Aug/2026:20:11:22 +0700] "POST /wp-cron.php?doing_wp_cron=1787749882.7493200302124023437500 HTTP/1.1" 200 0 "-" "WordPress/7.1; https://arlindo.ac.id"
202.10.43.32 - - [26/Aug/2026:20:11:21 +0700] "POST /?wordfence_syncAttackData=1787749881.753 HTTP/1.1" 200 0 "-" "WordPress/7.1; https://arlindo.ac.id"
163.47.13.6 - - [26/Aug/2026:20:11:20 +0700] "POST /wp-json/batch/v1 HTTP/1.1" 207 634 "-" "Mozilla/5.0 (Windows NT 10.0; Win64; x64) AppleWebKit/537.36"
52.87.72.16 - - [26/Aug/2026:20:11:53 +0700] "HEAD / HTTP/1.1" 200 0 "https://arlindo.ac.id" "Mozilla/5.0+(compatible; UptimeRobot/2.0; http://www.uptimerobot.com/)"
114.119.131.116 - - [26/Aug/2026:20:12:07 +0700] "GET /2026/07/07/ HTTP/1.1" 200 17649 "https://arlindo.ac.id/mahasiswa-stie-arlindo-belajar-perilaku-organisasi-di-kampung-adat-kranggan/" "Mozilla/5.0 (Linux; Android 7.0;) AppleWebKit/537.36 (HTML, like Gecko) Mobile Safari/537.36 (compatible; PetalBot;+https://webmaster.petalsearch.com/site/petalbot)"
202.10.43.32 - - [26/Aug/2026:20:13:15 +0700] "POST /wp-cron.php?doing_wp_cron=1787749995.8983108997344970703125 HTTP/1.1" 200 0 "-" "WordPress/7.1; https://arlindo.ac.id"
57.141.16.2 - - [26/Aug/2026:20:13:12 +0700] "GET /sitemap-index.xml HTTP/2" 404 18340 "-" "Mozilla/5.0 (Windows NT 10.0; Win64; x64) AppleWebKit/537.36 (KHTML, like Gecko) Chrome/145.0.0.0 Safari/537.36 (compatible; meta-externalagent/1.1 (+https://developers.facebook.com/docs/sharing/webmasters/crawler))"
91.92.242.197 - - [26/Aug/2026:20:14:51 +0700] "POST /wp-login.php HTTP/1.1" 503 18033 "-" "Mozilla/5.0"
3.12.251.153 - - [26/Aug/2026:20:17:00 +0700] "HEAD / HTTP/1.1" 200 0 "https://arlindo.ac.id" "Mozilla/5.0+(compatible; UptimeRobot/2.0; http://www.uptimerobot.com/)"
202.10.43.32 - - [26/Aug/2026:20:18:34 +0700] "POST /wp-cron.php?doing_wp_cron=1787750314.5024509429931640625000 HTTP/1.1" 200 0 "-" "WordPress/7.1; https://arlindo.ac.id"
202.10.43.32 - - [26/Aug/2026:20:18:32 +0700] "POST /?wordfence_syncAttackData=1787750312.611 HTTP/1.1" 200 0 "-" "WordPress/7.1; https://arlindo.ac.id"
202.10.43.32 - - [26/Aug/2026:20:18:36 +0700] "POST /wp-cron.php?doing_wp_cron=1787750316.2740609645843505859375 HTTP/1.1" 200 0 "-" "WordPress/7.1; https://arlindo.ac.id"
91.92.242.197 - - [26/Aug/2026:20:18:29 +0700] "POST /wp-login.php HTTP/1.1" 503 18946 "-" "Mozilla/5.0"
5.161.215.244 - - [26/Aug/2026:20:22:07 +0700] "HEAD / HTTP/1.1" 200 0 "https://arlindo.ac.id" "Mozilla/5.0+(compatible; UptimeRobot/2.0; http://www.uptimerobot.com/)"
34.30.223.149 - - [26/Aug/2026:20:22:07 +0700] "GET /author/yadi/ HTTP/1.1" 200 28216 "-" "Mozilla/5.0 (Macintosh; Intel Mac OS X 10_15_7) AppleWebKit/537.36 (KHTML, like Gecko) Chrome/120.0.0.0 Safari/537.36"
91.92.242.197 - - [26/Aug/2026:20:22:10 +0700] "POST /wp-login.php HTTP/1.1" 503 18032 "-" "Mozilla/5.0"
104.28.213.128 - - [26/Aug/2026:20:23:17 +0700] "GET / HTTP/1.1" 401 36 "-" "Python-urllib/3.12"
104.28.245.128 - - [26/Aug/2026:20:23:18 +0700] "GET / HTTP/1.1" 401 36 "-" "Python-urllib/3.12"
104.28.245.128 - - [26/Aug/2026:20:23:18 +0700] "GET /admin HTTP/1.1" 401 36 "-" "Python-urllib/3.12"
104.28.245.128 - - [26/Aug/2026:20:23:18 +0700] "GET /admin HTTP/1.1" 401 36 "-" "Python-urllib/3.12"
104.28.245.128 - - [26/Aug/2026:20:23:18 +0700] "GET / HTTP/1.1" 401 36 "-" "Python-urllib/3.12"
104.28.245.128 - - [26/Aug/2026:20:23:18 +0700] "GET /admin HTTP/1.1" 401 36 "-" "Python-urllib/3.12"
202.10.43.32 - - [26/Aug/2026:20:23:18 +0700] "POST /wp-cron.php?doing_wp_cron=1787750598.5334589481353759765625 HTTP/1.1" 200 0 "-" "WordPress/7.1; https://arlindo.ac.id"
202.10.43.32 - - [26/Aug/2026:20:23:17 +0700] "POST /?wordfence_syncAttackData=1787750597.5188 HTTP/1.1" 200 0 "-" "WordPress/7.1; https://arlindo.ac.id"
104.28.245.128 - - [26/Aug/2026:20:23:18 +0700] "GET /admin/login HTTP/1.1" 401 36 "-" "Python-urllib/3.12"
104.28.245.128 - - [26/Aug/2026:20:23:18 +0700] "GET / HTTP/1.1" 401 36 "-" "Python-urllib/3.12"
104.28.245.128 - - [26/Aug/2026:20:23:18 +0700] "GET / HTTP/1.1" 401 36 "-" "Python-urllib/3.12"
104.28.245.128 - - [26/Aug/2026:20:23:16 +0700] "GET / HTTP/1.1" 301 0 "-" "Python-urllib/3.12"
104.28.245.128 - - [26/Aug/2026:20:23:19 +0700] "GET /admin/login HTTP/1.1" 401 36 "-" "Python-urllib/3.12"
104.28.245.128 - - [26/Aug/2026:20:23:19 +0700] "GET /admin HTTP/1.1" 401 36 "-" "Python-urllib/3.12"
104.28.245.128 - - [26/Aug/2026:20:23:19 +0700] "GET / HTTP/1.1" 200 236137 "-" "Python-urllib/3.12"
104.28.245.128 - - [26/Aug/2026:20:23:19 +0700] "GET /admin/login HTTP/1.1" 401 36 "-" "Python-urllib/3.12"
104.28.245.128 - - [26/Aug/2026:20:23:19 +0700] "GET / HTTP/1.1" 401 36 "-" "Python-urllib/3.12"
104.28.245.128 - - [26/Aug/2026:20:23:19 +0700] "GET /admin HTTP/1.1" 401 36 "-" "Python-urllib/3.12"
104.28.245.128 - - [26/Aug/2026:20:23:19 +0700] "GET /admin/login HTTP/1.1" 401 36 "-" "Python-urllib/3.12"
104.28.245.128 - - [26/Aug/2026:20:23:20 +0700] "GET /wp-admin/ HTTP/1.1" 302 0 "-" "Python-urllib/3.12"
104.28.245.128 - - [26/Aug/2026:20:23:19 +0700] "GET /admin HTTP/1.1" 302 0 "-" "Python-urllib/3.12"
104.28.245.128 - - [26/Aug/2026:20:23:20 +0700] "GET /admin HTTP/1.1" 401 36 "-" "Python-urllib/3.12"
104.28.245.128 - - [26/Aug/2026:20:23:21 +0700] "GET /admin/login HTTP/1.1" 401 36 "-" "Python-urllib/3.12"
104.28.245.128 - - [26/Aug/2026:20:23:21 +0700] "GET /admin/login HTTP/1.1" 401 36 "-" "Python-urllib/3.12"
202.10.43.32 - - [26/Aug/2026:20:23:21 +0700] "POST /wp-cron.php?doing_wp_cron=1787750601.5112509727478027343750 HTTP/1.1" 200 0 "-" "WordPress/7.1; https://arlindo.ac.id"
104.28.245.128 - - [26/Aug/2026:20:23:21 +0700] "GET / HTTP/1.1" 400 52 "-" "Python-urllib/3.12"
104.28.245.128 - - [26/Aug/2026:20:23:21 +0700] "GET /wp-login.php?redirect_to=https%3A%2F%2Farlindo.ac.id%2Fwp-admin%2F&reauth=1 HTTP/1.1" 200 7540 "-" "Python-urllib/3.12"
104.28.245.128 - - [26/Aug/2026:20:23:22 +0700] "GET /admin HTTP/1.1" 404 5749 "-" "Python-urllib/3.12"
104.28.245.128 - - [26/Aug/2026:20:23:22 +0700] "GET /admin HTTP/1.1" 400 52 "-" "Python-urllib/3.12"
104.28.245.128 - - [26/Aug/2026:20:23:22 +0700] "GET /admin HTTP/1.1" 404 5749 "-" "Python-urllib/3.12"
104.28.245.128 - - [26/Aug/2026:20:23:22 +0700] "GET /autodiscover/autodiscover.xml HTTP/1.1" 400 52 "-" "Python-urllib/3.12"
104.28.245.128 - - [26/Aug/2026:20:23:22 +0700] "GET /admin/login HTTP/1.1" 404 5749 "-" "Python-urllib/3.12"
104.28.245.128 - - [26/Aug/2026:20:23:21 +0700] "GET / HTTP/1.1" 200 39789 "-" "Python-urllib/3.12"
104.28.245.128 - - [26/Aug/2026:20:23:22 +0700] "GET /autodiscover/autodiscover.xml HTTP/1.1" 400 52 "-" "Python-urllib/3.12"
104.28.245.128 - - [26/Aug/2026:20:23:22 +0700] "GET /admin/login HTTP/1.1" 404 5749 "-" "Python-urllib/3.12"
104.28.245.128 - - [26/Aug/2026:20:23:22 +0700] "GET /admin/login HTTP/1.1" 400 52 "-" "Python-urllib/3.12"
104.28.245.128 - - [26/Aug/2026:20:23:23 +0700] "GET /autodiscover/autodiscover.xml HTTP/1.1" 400 52 "-" "Python-urllib/3.12"
104.28.245.128 - - [26/Aug/2026:20:23:21 +0700] "GET /admin/login HTTP/1.1" 404 91849 "-" "Python-urllib/3.12"
104.28.245.128 - - [26/Aug/2026:20:23:26 +0700] "GET / HTTP/1.1" 200 39801 "-" "Python-urllib/3.12"
104.28.245.128 - - [26/Aug/2026:20:23:27 +0700] "GET /admin HTTP/1.1" 404 5750 "-" "Python-urllib/3.12"
104.28.245.128 - - [26/Aug/2026:20:23:27 +0700] "GET / HTTP/1.1" 200 236137 "-" "Python-urllib/3.12"
104.28.245.128 - - [26/Aug/2026:20:23:27 +0700] "GET /admin HTTP/1.1" 404 5750 "-" "Python-urllib/3.12"
104.28.245.128 - - [26/Aug/2026:20:23:27 +0700] "GET /admin/login HTTP/1.1" 404 5750 "-" "Python-urllib/3.12"
104.28.245.128 - - [26/Aug/2026:20:23:27 +0700] "GET /admin/login HTTP/1.1" 404 5750 "-" "Python-urllib/3.12"
104.28.245.128 - - [26/Aug/2026:20:23:27 +0700] "GET /admin HTTP/1.1" 302 0 "-" "Python-urllib/3.12"
104.28.245.128 - - [26/Aug/2026:20:23:28 +0700] "GET /wp-admin/ HTTP/1.1" 302 0 "-" "Python-urllib/3.12"
104.28.245.128 - - [26/Aug/2026:20:23:29 +0700] "GET /wp-login.php?redirect_to=https%3A%2F%2Farlindo.ac.id%2Fwp-admin%2F&reauth=1 HTTP/1.1" 200 7540 "-" "Python-urllib/3.12"
202.10.43.32 - - [26/Aug/2026:20:23:29 +0700] "POST /wp-cron.php?doing_wp_cron=1787750609.5662150382995605468750 HTTP/1.1" 200 0 "-" "WordPress/7.1; https://arlindo.ac.id"
104.28.245.128 - - [26/Aug/2026:20:23:29 +0700] "GET /admin/login HTTP/1.1" 404 91830 "-" "Python-urllib/3.12"
104.28.245.128 - - [26/Aug/2026:20:23:32 +0700] "GET / HTTP/1.1" 200 868 "-" "Python-urllib/3.12"
104.28.245.128 - - [26/Aug/2026:20:23:32 +0700] "GET /admin HTTP/1.1" 200 868 "-" "Python-urllib/3.12"
104.28.245.128 - - [26/Aug/2026:20:23:32 +0700] "GET /admin/login HTTP/1.1" 200 868 "-" "Python-urllib/3.12"
64.139.57.172 - - [26/Aug/2026:20:24:24 +0700] "GET /wp-content/uploads/2026/07/download.jpg HTTP/2" 200 49210 "https://arlindo.ac.id/tools-ai-untuk-mahasiswa-8-ai-terbaik-yang-wajib-diketahui-di-2026/" "Mozilla/5.0 (Macintosh; Intel Mac OS X 10_15_7) AppleWebKit/537.36 (KHTML, like Gecko) Chrome/130.0.0.0 Safari/537.36"
91.92.242.197 - - [26/Aug/2026:20:25:47 +0700] "POST /wp-login.php HTTP/1.1" 503 18032 "-" "Mozilla/5.0"
178.156.181.172 - - [26/Aug/2026:20:27:13 +0700] "HEAD / HTTP/1.1" 200 0 "https://arlindo.ac.id" "Mozilla/5.0+(compatible; UptimeRobot/2.0; http://www.uptimerobot.com/)"
202.10.43.32 - - [26/Aug/2026:20:29:27 +0700] "POST /wp-cron.php?doing_wp_cron=1787750967.6103620529174804687500 HTTP/1.1" 200 0 "-" "WordPress/7.1; https://arlindo.ac.id"
202.10.43.32 - - [26/Aug/2026:20:29:26 +0700] "POST /?wordfence_syncAttackData=1787750966.6678 HTTP/1.1" 200 0 "-" "WordPress/7.1; https://arlindo.ac.id"
91.92.242.197 - - [26/Aug/2026:20:29:24 +0700] "POST /wp-login.php HTTP/1.1" 503 18946 "-" "Mozilla/5.0"
9.129.55.140 - - [26/Aug/2026:20:30:52 +0700] "GET /ide-bisnis-2026-anak-muda/ HTTP/2" 200 26706 "-" "Mozilla/5.0 AppleWebKit/537.36 (KHTML, like Gecko); compatible; ChatGPT-User/1.0; +https://openai.com/bot"
158.23.184.117 - - [26/Aug/2026:20:32:12 +0700] "GET / HTTP/1.1" 200 30970 "-" "Mozilla/5.0 (Windows NT 10.0; Win64; x64) AppleWebKit/537.36 (KHTML, like Gecko) Chrome/120.0.0.0 Safari/537.36"
202.10.43.32 - - [26/Aug/2026:20:32:18 +0700] "POST /wp-cron.php?doing_wp_cron=1787751138.5519030094146728515625 HTTP/1.1" 200 0 "-" "WordPress/7.1; https://arlindo.ac.id"
158.23.184.117 - - [26/Aug/2026:20:32:12 +0700] "GET /wk HTTP/1.1" 404 16192 "-" "Mozilla/5.0 (Windows NT 10.0; Win64; x64) AppleWebKit/537.36 (KHTML, like Gecko) Chrome/120.0.0.0 Safari/537.36"
158.23.184.117 - - [26/Aug/2026:20:32:19 +0700] "GET /wk/admin.php HTTP/1.1" 404 16136 "-" "Mozilla/5.0 (Windows NT 10.0; Win64; x64) AppleWebKit/537.36 (KHTML, like Gecko) Chrome/120.0.0.0 Safari/537.36"
5.161.215.244 - - [26/Aug/2026:20:32:19 +0700] "HEAD / HTTP/1.1" 200 0 "https://arlindo.ac.id" "Mozilla/5.0+(compatible; UptimeRobot/2.0; http://www.uptimerobot.com/)"
158.23.184.117 - - [26/Aug/2026:20:32:20 +0700] "GET /admin.php HTTP/1.1" 404 16136 "-" "Mozilla/5.0 (Windows NT 10.0; Win64; x64) AppleWebKit/537.36 (KHTML, like Gecko) Chrome/120.0.0.0 Safari/537.36"
158.23.184.117 - - [26/Aug/2026:20:32:21 +0700] "GET /goods.php HTTP/1.1" 404 16136 "-" "Mozilla/5.0 (Windows NT 10.0; Win64; x64) AppleWebKit/537.36 (KHTML, like Gecko) Chrome/120.0.0.0 Safari/537.36"
158.23.184.117 - - [26/Aug/2026:20:32:23 +0700] "GET /w.php HTTP/1.1" 404 16136 "-" "Mozilla/5.0 (Windows NT 10.0; Win64; x64) AppleWebKit/537.36 (KHTML, like Gecko) Chrome/120.0.0.0 Safari/537.36"
158.23.184.117 - - [26/Aug/2026:20:32:24 +0700] "GET /new.php HTTP/1.1" 404 16136 "-" "Mozilla/5.0 (Windows NT 10.0; Win64; x64) AppleWebKit/537.36 (KHTML, like Gecko) Chrome/120.0.0.0 Safari/537.36"
158.23.184.117 - - [26/Aug/2026:20:32:25 +0700] "GET /php8.php HTTP/1.1" 404 16136 "-" "Mozilla/5.0 (Windows NT 10.0; Win64; x64) AppleWebKit/537.36 (KHTML, like Gecko) Chrome/120.0.0.0 Safari/537.36"
158.23.184.117 - - [26/Aug/2026:20:32:27 +0700] "GET /wp-content/themes/admin.php HTTP/1.1" 404 15065 "-" "Mozilla/5.0 (Windows NT 10.0; Win64; x64) AppleWebKit/537.36 (KHTML, like Gecko) Chrome/120.0.0.0 Safari/537.36"
202.10.43.32 - - [26/Aug/2026:20:32:29 +0700] "POST /wp-cron.php?doing_wp_cron=1787751149.2920050621032714843750 HTTP/1.1" 200 0 "-" "WordPress/7.1; https://arlindo.ac.id"
158.23.184.117 - - [26/Aug/2026:20:32:28 +0700] "GET /txets.php HTTP/1.1" 404 16136 "-" "Mozilla/5.0 (Windows NT 10.0; Win64; x64) AppleWebKit/537.36 (KHTML, like Gecko) Chrome/120.0.0.0 Safari/537.36"
158.23.184.117 - - [26/Aug/2026:20:32:29 +0700] "GET /adminfuns.php HTTP/1.1" 404 16136 "-" "Mozilla/5.0 (Windows NT 10.0; Win64; x64) AppleWebKit/537.36 (KHTML, like Gecko) Chrome/120.0.0.0 Safari/537.36"
158.23.184.117 - - [26/Aug/2026:20:32:31 +0700] "GET /403.php HTTP/1.1" 404 16136 "-" "Mozilla/5.0 (Windows NT 10.0; Win64; x64) AppleWebKit/537.36 (KHTML, like Gecko) Chrome/120.0.0.0 Safari/537.36"
158.23.184.117 - - [26/Aug/2026:20:32:32 +0700] "GET /wp-content HTTP/1.1" 301 795 "-" "Mozilla/5.0 (Windows NT 10.0; Win64; x64) AppleWebKit/537.36 (KHTML, like Gecko) Chrome/120.0.0.0 Safari/537.36"
158.23.184.117 - - [26/Aug/2026:20:32:32 +0700] "GET /.trash7206/index.php HTTP/1.1" 301 0 "-" "Mozilla/5.0 (Windows NT 10.0; Win64; x64) AppleWebKit/537.36 (KHTML, like Gecko) Chrome/120.0.0.0 Safari/537.36"
158.23.184.117 - - [26/Aug/2026:20:32:33 +0700] "GET /.trash7206/admin.php HTTP/1.1" 404 16136 "-" "Mozilla/5.0 (Windows NT 10.0; Win64; x64) AppleWebKit/537.36 (KHTML, like Gecko) Chrome/120.0.0.0 Safari/537.36"
158.23.184.117 - - [26/Aug/2026:20:32:36 +0700] "GET /wp-content/admin.php HTTP/1.1" 404 16136 "-" "Mozilla/5.0 (Windows NT 10.0; Win64; x64) AppleWebKit/537.36 (KHTML, like Gecko) Chrome/120.0.0.0 Safari/537.36"
158.23.184.117 - - [26/Aug/2026:20:32:37 +0700] "GET /wp-mail.php HTTP/1.1" 403 970 "-" "Mozilla/5.0 (Windows NT 10.0; Win64; x64) AppleWebKit/537.36 (KHTML, like Gecko) Chrome/120.0.0.0 Safari/537.36"
158.23.184.117 - - [26/Aug/2026:20:32:38 +0700] "GET /wp-admin HTTP/1.1" 301 795 "-" "Mozilla/5.0 (Windows NT 10.0; Win64; x64) AppleWebKit/537.36 (KHTML, like Gecko) Chrome/120.0.0.0 Safari/537.36"
158.23.184.117 - - [26/Aug/2026:20:32:38 +0700] "GET /3.php HTTP/1.1" 404 16136 "-" "Mozilla/5.0 (Windows NT 10.0; Win64; x64) AppleWebKit/537.36 (KHTML, like Gecko) Chrome/120.0.0.0 Safari/537.36"
158.23.184.117 - - [26/Aug/2026:20:32:40 +0700] "GET /wp-includes/fonts/index.php HTTP/1.1" 301 0 "-" "Mozilla/5.0 (Windows NT 10.0; Win64; x64) AppleWebKit/537.36 (KHTML, like Gecko) Chrome/120.0.0.0 Safari/537.36"
158.23.184.117 - - [26/Aug/2026:20:32:40 +0700] "GET /endpoints HTTP/1.1" 404 16192 "-" "Mozilla/5.0 (Windows NT 10.0; Win64; x64) AppleWebKit/537.36 (KHTML, like Gecko) Chrome/120.0.0.0 Safari/537.36"
158.23.184.117 - - [26/Aug/2026:20:32:42 +0700] "GET /wp-admin/css/admin.php HTTP/1.1" 404 15065 "-" "Mozilla/5.0 (Windows NT 10.0; Win64; x64) AppleWebKit/537.36 (KHTML, like Gecko) Chrome/120.0.0.0 Safari/537.36"
158.23.184.117 - - [26/Aug/2026:20:32:43 +0700] "GET /bthil.php HTTP/1.1" 404 16136 "-" "Mozilla/5.0 (Windows NT 10.0; Win64; x64) AppleWebKit/537.36 (KHTML, like Gecko) Chrome/120.0.0.0 Safari/537.36"
158.23.184.117 - - [26/Aug/2026:20:32:44 +0700] "GET /file.php HTTP/1.1" 404 16136 "-" "Mozilla/5.0 (Windows NT 10.0; Win64; x64) AppleWebKit/537.36 (KHTML, like Gecko) Chrome/120.0.0.0 Safari/537.36"
158.23.184.117 - - [26/Aug/2026:20:32:46 +0700] "GET /lock360.php HTTP/1.1" 404 16136 "-" "Mozilla/5.0 (Windows NT 10.0; Win64; x64) AppleWebKit/537.36 (KHTML, like Gecko) Chrome/120.0.0.0 Safari/537.36"
158.23.184.117 - - [26/Aug/2026:20:32:47 +0700] "GET /fpwch.php HTTP/1.1" 404 16136 "-" "Mozilla/5.0 (Windows NT 10.0; Win64; x64) AppleWebKit/537.36 (KHTML, like Gecko) Chrome/120.0.0.0 Safari/537.36"
158.23.184.117 - - [26/Aug/2026:20:32:48 +0700] "GET /storage/index.php HTTP/1.1" 301 0 "-" "Mozilla/5.0 (Windows NT 10.0; Win64; x64) AppleWebKit/537.36 (KHTML, like Gecko) Chrome/120.0.0.0 Safari/537.36"
158.23.184.117 - - [26/Aug/2026:20:32:49 +0700] "GET /wp-admin/maint HTTP/1.1" 301 795 "-" "Mozilla/5.0 (Windows NT 10.0; Win64; x64) AppleWebKit/537.36 (KHTML, like Gecko) Chrome/120.0.0.0 Safari/537.36"
158.23.184.117 - - [26/Aug/2026:20:32:49 +0700] "GET /wp-includes/blocks/search/index.php HTTP/1.1" 301 0 "-" "Mozilla/5.0 (Windows NT 10.0; Win64; x64) AppleWebKit/537.36 (KHTML, like Gecko) Chrome/120.0.0.0 Safari/537.36"
158.23.184.117 - - [26/Aug/2026:20:32:50 +0700] "GET /wp-signup.php HTTP/1.1" 302 0 "-" "Mozilla/5.0 (Windows NT 10.0; Win64; x64) AppleWebKit/537.36 (KHTML, like Gecko) Chrome/120.0.0.0 Safari/537.36"
202.10.43.32 - - [26/Aug/2026:20:32:52 +0700] "POST /wp-cron.php?doing_wp_cron=1787751172.0610499382019042968750 HTTP/1.1" 200 0 "-" "WordPress/7.1; https://arlindo.ac.id"
158.23.184.117 - - [26/Aug/2026:20:32:51 +0700] "GET /404.php HTTP/1.1" 404 16136 "-" "Mozilla/5.0 (Windows NT 10.0; Win64; x64) AppleWebKit/537.36 (KHTML, like Gecko) Chrome/120.0.0.0 Safari/537.36"
