118.96.95.93 - - [26/Aug/2026:21:44:36 +0700] "GET /wp-content/cache/min/1/wp-content/themes/hello-elementor/assets/css/theme.css?ver=1775054822 HTTP/2" 200 1123 "https://arlindo.ac.id/" "Mozilla/5.0 (Macintosh; Intel Mac OS X 10_15_7) AppleWebKit/605.1.15 (KHTML, like Gecko) Version/26.3 Safari/605.1.15"
118.96.95.93 - - [26/Aug/2026:21:44:36 +0700] "GET /wp-content/cache/min/1/wp-content/themes/hello-elementor/assets/css/header-footer.css?ver=1775054822 HTTP/2" 200 1258 "https://arlindo.ac.id/" "Mozilla/5.0 (Macintosh; Intel Mac OS X 10_15_7) AppleWebKit/605.1.15 (KHTML, like Gecko) Version/26.3 Safari/605.1.15"
118.96.95.93 - - [26/Aug/2026:21:44:36 +0700] "GET /wp-content/cache/min/1/wp-content/plugins/elementor/assets/lib/eicons/css/elementor-icons.min.css?ver=1775054822 HTTP/2" 200 3824 "https://arlindo.ac.id/" "Mozilla/5.0 (Macintosh; Intel Mac OS X 10_15_7) AppleWebKit/605.1.15 (KHTML, like Gecko) Version/26.3 Safari/605.1.15"
118.96.95.93 - - [26/Aug/2026:21:44:36 +0700] "GET /wp-content/plugins/elementor/assets/css/frontend.min.css?ver=4.0.1 HTTP/2" 200 6613 "https://arlindo.ac.id/" "Mozilla/5.0 (Macintosh; Intel Mac OS X 10_15_7) AppleWebKit/605.1.15 (KHTML, like Gecko) Version/26.3 Safari/605.1.15"
118.96.95.93 - - [26/Aug/2026:21:44:36 +0700] "GET /wp-content/plugins/elementor-pro/assets/css/frontend.min.css?ver=3.13.2 HTTP/2" 200 38822 "https://arlindo.ac.id/" "Mozilla/5.0 (Macintosh; Intel Mac OS X 10_15_7) AppleWebKit/605.1.15 (KHTML, like Gecko) Version/26.3 Safari/605.1.15"
118.96.95.93 - - [26/Aug/2026:21:44:36 +0700] "GET /wp-content/plugins/elementor/assets/css/widget-heading.min.css?ver=4.0.1 HTTP/2" 200 126 "https://arlindo.ac.id/" "Mozilla/5.0 (Macintosh; Intel Mac OS X 10_15_7) AppleWebKit/605.1.15 (KHTML, like Gecko) Version/26.3 Safari/605.1.15"
118.96.95.93 - - [26/Aug/2026:21:44:36 +0700] "GET /wp-content/plugins/elementor/assets/css/widget-image-box.min.css?ver=4.0.1 HTTP/2" 200 297 "https://arlindo.ac.id/" "Mozilla/5.0 (Macintosh; Intel Mac OS X 10_15_7) AppleWebKit/605.1.15 (KHTML, like Gecko) Version/26.3 Safari/605.1.15"
118.96.95.93 - - [26/Aug/2026:21:44:36 +0700] "GET /wp-content/plugins/elementor/assets/css/widget-icon-list.min.css?ver=4.0.1 HTTP/2" 200 928 "https://arlindo.ac.id/" "Mozilla/5.0 (Macintosh; Intel Mac OS X 10_15_7) AppleWebKit/605.1.15 (KHTML, like Gecko) Version/26.3 Safari/605.1.15"
118.96.95.93 - - [26/Aug/2026:21:44:36 +0700] "GET /wp-content/plugins/elementor/assets/css/widget-image.min.css?ver=4.0.1 HTTP/2" 200 96 "https://arlindo.ac.id/" "Mozilla/5.0 (Macintosh; Intel Mac OS X 10_15_7) AppleWebKit/605.1.15 (KHTML, like Gecko) Version/26.3 Safari/605.1.15"
118.96.95.93 - - [26/Aug/2026:21:44:36 +0700] "GET /wp-content/cache/min/1/wp-content/plugins/elementor/assets/lib/swiper/v8/css/swiper.min.css?ver=1775054822 HTTP/2" 200 4082 "https://arlindo.ac.id/" "Mozilla/5.0 (Macintosh; Intel Mac OS X 10_15_7) AppleWebKit/605.1.15 (KHTML, like Gecko) Version/26.3 Safari/605.1.15"
118.96.95.93 - - [26/Aug/2026:21:44:36 +0700] "GET /wp-content/cache/min/1/wp-content/plugins/elementskit-lite/widgets/init/assets/css/widget-styles.css?ver=1775054822 HTTP/2" 200 48908 "https://arlindo.ac.id/" "Mozilla/5.0 (Macintosh; Intel Mac OS X 10_15_7) AppleWebKit/605.1.15 (KHTML, like Gecko) Version/26.3 Safari/605.1.15"
118.96.95.93 - - [26/Aug/2026:21:44:36 +0700] "GET /wp-content/cache/min/1/wp-content/plugins/elementskit-lite/widgets/init/assets/css/responsive.css?ver=1775054822 HTTP/2" 200 2859 "https://arlindo.ac.id/" "Mozilla/5.0 (Macintosh; Intel Mac OS X 10_15_7) AppleWebKit/605.1.15 (KHTML, like Gecko) Version/26.3 Safari/605.1.15"
118.96.95.93 - - [26/Aug/2026:21:44:36 +0700] "GET /wp-content/plugins/royal-elementor-addons/assets/css/lib/animations/wpr-animations.min.css?ver=1.7.1056 HTTP/2" 200 3002 "https://arlindo.ac.id/" "Mozilla/5.0 (Macintosh; Intel Mac OS X 10_15_7) AppleWebKit/605.1.15 (KHTML, like Gecko) Version/26.3 Safari/605.1.15"
118.96.95.93 - - [26/Aug/2026:21:44:36 +0700] "GET /wp-content/plugins/royal-elementor-addons/assets/css/lib/animations/wpr-link-animations.min.css?ver=1.7.1056 HTTP/2" 200 768 "https://arlindo.ac.id/" "Mozilla/5.0 (Macintosh; Intel Mac OS X 10_15_7) AppleWebKit/605.1.15 (KHTML, like Gecko) Version/26.3 Safari/605.1.15"
118.96.95.93 - - [26/Aug/2026:21:44:36 +0700] "GET /wp-content/plugins/royal-elementor-addons/assets/css/lib/animations/loading-animations.min.css?ver=1.7.1056 HTTP/2" 200 1626 "https://arlindo.ac.id/" "Mozilla/5.0 (Macintosh; Intel Mac OS X 10_15_7) AppleWebKit/605.1.15 (KHTML, like Gecko) Version/26.3 Safari/605.1.15"
118.96.95.93 - - [26/Aug/2026:21:44:36 +0700] "GET /wp-content/plugins/royal-elementor-addons/assets/css/lib/animations/button-animations.min.css?ver=1.7.1056 HTTP/2" 200 2517 "https://arlindo.ac.id/" "Mozilla/5.0 (Macintosh; Intel Mac OS X 10_15_7) AppleWebKit/605.1.15 (KHTML, like Gecko) Version/26.3 Safari/605.1.15"
118.96.95.93 - - [26/Aug/2026:21:44:36 +0700] "GET /wp-content/plugins/royal-elementor-addons/assets/css/lib/animations/text-animations.min.css?ver=1.7.1056 HTTP/2" 200 1439 "https://arlindo.ac.id/" "Mozilla/5.0 (Macintosh; Intel Mac OS X 10_15_7) AppleWebKit/605.1.15 (KHTML, like Gecko) Version/26.3 Safari/605.1.15"
118.96.95.93 - - [26/Aug/2026:21:44:36 +0700] "GET /wp-content/cache/min/1/wp-content/plugins/elementor/assets/lib/font-awesome/css/all.min.css?ver=1775054822 HTTP/2" 200 12423 "https://arlindo.ac.id/" "Mozilla/5.0 (Macintosh; Intel Mac OS X 10_15_7) AppleWebKit/605.1.15 (KHTML, like Gecko) Version/26.3 Safari/605.1.15"
118.96.95.93 - - [26/Aug/2026:21:44:36 +0700] "GET /wp-content/plugins/elementor/assets/lib/font-awesome/css/fontawesome.min.css?ver=5.15.3 HTTP/2" 200 12164 "https://arlindo.ac.id/" "Mozilla/5.0 (Macintosh; Intel Mac OS X 10_15_7) AppleWebKit/605.1.15 (KHTML, like Gecko) Version/26.3 Safari/605.1.15"
118.96.95.93 - - [26/Aug/2026:21:44:36 +0700] "GET /wp-content/cache/min/1/wp-content/plugins/elementor/assets/lib/font-awesome/css/solid.min.css?ver=1775054822 HTTP/2" 200 314 "https://arlindo.ac.id/" "Mozilla/5.0 (Macintosh; Intel Mac OS X 10_15_7) AppleWebKit/605.1.15 (KHTML, like Gecko) Version/26.3 Safari/605.1.15"
118.96.95.93 - - [26/Aug/2026:21:44:36 +0700] "GET /wp-content/cache/min/1/wp-content/plugins/elementor/assets/lib/font-awesome/css/brands.min.css?ver=1775054822 HTTP/2" 200 313 "https://arlindo.ac.id/" "Mozilla/5.0 (Macintosh; Intel Mac OS X 10_15_7) AppleWebKit/605.1.15 (KHTML, like Gecko) Version/26.3 Safari/605.1.15"
118.96.95.93 - - [26/Aug/2026:21:44:36 +0700] "GET /wp-content/cache/min/1/wp-content/plugins/elementskit-lite/modules/elementskit-icon-pack/assets/css/ekiticons.css?ver=1775054822 HTTP/2" 200 9708 "https://arlindo.ac.id/" "Mozilla/5.0 (Macintosh; Intel Mac OS X 10_15_7) AppleWebKit/605.1.15 (KHTML, like Gecko) Version/26.3 Safari/605.1.15"
118.96.95.93 - - [26/Aug/2026:21:41:10 +0700] "GET /wp-content/uploads/2026/06/IMG_9781-scaled.jpg HTTP/2" 200 450603 "https://arlindo.ac.id/" "Mozilla/5.0 (iPad; CPU OS 26_3 like Mac OS X) AppleWebKit/605.1.15 (KHTML, like Gecko) Mobile/23D127 Instagram 441.0.0.29.79 (iPad15,3; iPadOS 26_3; en_US; en; scale=2.00; 1640x2360; IABMV/1; 1030250346) Safari/604.1"
118.96.95.93 - - [26/Aug/2026:21:41:13 +0700] "GET /wp-content/uploads/2026/08/IMG_1149-scaled.jpg HTTP/2" 200 409080 "https://arlindo.ac.id/" "Mozilla/5.0 (iPad; CPU OS 26_3 like Mac OS X) AppleWebKit/605.1.15 (KHTML, like Gecko) Mobile/23D127 Instagram 441.0.0.29.79 (iPad15,3; iPadOS 26_3; en_US; en; scale=2.00; 1640x2360; IABMV/1; 1030250346) Safari/604.1"
118.96.95.93 - - [26/Aug/2026:21:42:07 +0700] "GET /wp-content/uploads/2025/07/Restu-Mahasiswa-STIE-ARLINDO.png HTTP/2" 200 361413 "https://arlindo.ac.id/" "Mozilla/5.0 (iPad; CPU OS 26_3 like Mac OS X) AppleWebKit/605.1.15 (KHTML, like Gecko) Mobile/23D127 Instagram 441.0.0.29.79 (iPad15,3; iPadOS 26_3; en_US; en; scale=2.00; 1640x2360; IABMV/1; 1030250346) Safari/604.1"
118.96.95.93 - - [26/Aug/2026:21:44:41 +0700] "GET /wp-includes/js/jquery/jquery-migrate.min.js?ver=3.4.1 HTTP/2" 200 4678 "https://arlindo.ac.id/" "Mozilla/5.0 (Macintosh; Intel Mac OS X 10_15_7) AppleWebKit/605.1.15 (KHTML, like Gecko) Version/26.3 Safari/605.1.15"
118.96.95.93 - - [26/Aug/2026:21:44:41 +0700] "GET /wp-content/plugins/elementor/assets/lib/animations/styles/e-animation-grow.min.css?ver=4.0.1 HTTP/2" 200 198 "https://arlindo.ac.id/" "Mozilla/5.0 (Macintosh; Intel Mac OS X 10_15_7) AppleWebKit/605.1.15 (KHTML, like Gecko) Version/26.3 Safari/605.1.15"
118.96.95.93 - - [26/Aug/2026:21:44:41 +0700] "GET /wp-content/plugins/elementor/assets/css/widget-social-icons.min.css?ver=4.0.1 HTTP/2" 200 1039 "https://arlindo.ac.id/" "Mozilla/5.0 (Macintosh; Intel Mac OS X 10_15_7) AppleWebKit/605.1.15 (KHTML, like Gecko) Version/26.3 Safari/605.1.15"
118.96.95.93 - - [26/Aug/2026:21:44:41 +0700] "GET /wp-content/plugins/elementor/assets/css/conditionals/apple-webkit.min.css?ver=4.0.1 HTTP/2" 200 464 "https://arlindo.ac.id/" "Mozilla/5.0 (Macintosh; Intel Mac OS X 10_15_7) AppleWebKit/605.1.15 (KHTML, like Gecko) Version/26.3 Safari/605.1.15"
118.96.95.93 - - [26/Aug/2026:21:44:41 +0700] "GET /wp-content/cache/min/1/16a83e4036d4/wp-content/plugins/royal-elementor-addons/assets/js/lib/particles/particles.js?ver=1787219353 HTTP/2" 200 6106 "https://arlindo.ac.id/" "Mozilla/5.0 (Macintosh; Intel Mac OS X 10_15_7) AppleWebKit/605.1.15 (KHTML, like Gecko) Version/26.3 Safari/605.1.15"
118.96.95.93 - - [26/Aug/2026:21:44:41 +0700] "GET /wp-content/plugins/royal-elementor-addons/assets/js/lib/jarallax/jarallax.min.js?ver=1.12.7 HTTP/2" 200 5006 "https://arlindo.ac.id/" "Mozilla/5.0 (Macintosh; Intel Mac OS X 10_15_7) AppleWebKit/605.1.15 (KHTML, like Gecko) Version/26.3 Safari/605.1.15"
118.96.95.93 - - [26/Aug/2026:21:44:41 +0700] "GET /wp-content/plugins/royal-elementor-addons/assets/js/lib/parallax/parallax.min.js?ver=1.0 HTTP/2" 200 5022 "https://arlindo.ac.id/" "Mozilla/5.0 (Macintosh; Intel Mac OS X 10_15_7) AppleWebKit/605.1.15 (KHTML, like Gecko) Version/26.3 Safari/605.1.15"
118.96.95.93 - - [26/Aug/2026:21:44:41 +0700] "GET /wp-content/cache/min/1/44afe98a178f/wp-content/themes/hello-elementor/assets/js/hello-frontend.js?ver=1787219353 HTTP/2" 200 492 "https://arlindo.ac.id/" "Mozilla/5.0 (Macintosh; Intel Mac OS X 10_15_7) AppleWebKit/605.1.15 (KHTML, like Gecko) Version/26.3 Safari/605.1.15"
118.96.95.93 - - [26/Aug/2026:21:44:41 +0700] "GET /wp-content/plugins/elementor/assets/js/webpack.runtime.min.js?ver=4.0.1 HTTP/2" 200 2280 "https://arlindo.ac.id/" "Mozilla/5.0 (Macintosh; Intel Mac OS X 10_15_7) AppleWebKit/605.1.15 (KHTML, like Gecko) Version/26.3 Safari/605.1.15"
118.96.95.93 - - [26/Aug/2026:21:44:41 +0700] "GET /wp-content/plugins/elementor/assets/js/frontend-modules.min.js?ver=4.0.1 HTTP/2" 200 15445 "https://arlindo.ac.id/" "Mozilla/5.0 (Macintosh; Intel Mac OS X 10_15_7) AppleWebKit/605.1.15 (KHTML, like Gecko) Version/26.3 Safari/605.1.15"
118.96.95.93 - - [26/Aug/2026:21:44:41 +0700] "GET /wp-includes/js/jquery/ui/core.min.js?ver=1.14.2 HTTP/2" 200 6276 "https://arlindo.ac.id/" "Mozilla/5.0 (Macintosh; Intel Mac OS X 10_15_7) AppleWebKit/605.1.15 (KHTML, like Gecko) Version/26.3 Safari/605.1.15"
118.96.95.93 - - [26/Aug/2026:21:44:41 +0700] "GET /wp-content/plugins/elementor/assets/js/frontend.min.js?ver=4.0.1 HTTP/2" 200 10050 "https://arlindo.ac.id/" "Mozilla/5.0 (Macintosh; Intel Mac OS X 10_15_7) AppleWebKit/605.1.15 (KHTML, like Gecko) Version/26.3 Safari/605.1.15"
118.96.95.93 - - [26/Aug/2026:21:44:41 +0700] "GET /wp-includes/js/imagesloaded.min.js?ver=5.0.0 HTTP/2" 200 1687 "https://arlindo.ac.id/" "Mozilla/5.0 (Macintosh; Intel Mac OS X 10_15_7) AppleWebKit/605.1.15 (KHTML, like Gecko) Version/26.3 Safari/605.1.15"
118.96.95.93 - - [26/Aug/2026:21:44:41 +0700] "GET /wp-content/plugins/royal-elementor-addons/assets/js/lib/isotope/isotope.min.js?ver=3.0.8 HTTP/2" 200 15093 "https://arlindo.ac.id/" "Mozilla/5.0 (Macintosh; Intel Mac OS X 10_15_7) AppleWebKit/605.1.15 (KHTML, like Gecko) Version/26.3 Safari/605.1.15"
118.96.95.93 - - [26/Aug/2026:21:44:41 +0700] "GET /wp-content/plugins/royal-elementor-addons/assets/js/lib/slick/slick.min.js?ver=1.8.1 HTTP/2" 200 10053 "https://arlindo.ac.id/" "Mozilla/5.0 (Macintosh; Intel Mac OS X 10_15_7) AppleWebKit/605.1.15 (KHTML, like Gecko) Version/26.3 Safari/605.1.15"
118.96.95.93 - - [26/Aug/2026:21:44:41 +0700] "GET /wp-content/plugins/google-site-kit/dist/assets/js/googlesitekit-events-provider-content-events-33078016c5e1e9f07c35.js HTTP/2" 200 23 "https://arlindo.ac.id/" "Mozilla/5.0 (Macintosh; Intel Mac OS X 10_15_7) AppleWebKit/605.1.15 (KHTML, like Gecko) Version/26.3 Safari/605.1.15"
118.96.95.93 - - [26/Aug/2026:21:44:41 +0700] "GET /wp-content/plugins/elementor-pro/assets/js/webpack-pro.runtime.min.js?ver=3.13.2 HTTP/2" 200 2314 "https://arlindo.ac.id/" "Mozilla/5.0 (Macintosh; Intel Mac OS X 10_15_7) AppleWebKit/605.1.15 (KHTML, like Gecko) Version/26.3 Safari/605.1.15"
118.96.95.93 - - [26/Aug/2026:21:44:41 +0700] "GET /wp-includes/js/dist/hooks.min.js?ver=f0f188028580e8dc1255 HTTP/2" 200 1759 "https://arlindo.ac.id/" "Mozilla/5.0 (Macintosh; Intel Mac OS X 10_15_7) AppleWebKit/605.1.15 (KHTML, like Gecko) Version/26.3 Safari/605.1.15"
118.96.95.93 - - [26/Aug/2026:21:44:41 +0700] "GET /wp-includes/js/dist/i18n.min.js?ver=1dfe7db3940c23ea9216 HTTP/2" 200 2379 "https://arlindo.ac.id/" "Mozilla/5.0 (Macintosh; Intel Mac OS X 10_15_7) AppleWebKit/605.1.15 (KHTML, like Gecko) Version/26.3 Safari/605.1.15"
118.96.95.93 - - [26/Aug/2026:21:44:41 +0700] "GET /wp-content/plugins/elementor-pro/assets/js/frontend.min.js?ver=3.13.2 HTTP/2" 200 6327 "https://arlindo.ac.id/" "Mozilla/5.0 (Macintosh; Intel Mac OS X 10_15_7) AppleWebKit/605.1.15 (KHTML, like Gecko) Version/26.3 Safari/605.1.15"
118.96.95.93 - - [26/Aug/2026:21:44:41 +0700] "GET /wp-content/plugins/royal-elementor-addons/assets/js/lib/dompurify/dompurify.min.js?ver=3.0.6 HTTP/2" 200 8243 "https://arlindo.ac.id/" "Mozilla/5.0 (Macintosh; Intel Mac OS X 10_15_7) AppleWebKit/605.1.15 (KHTML, like Gecko) Version/26.3 Safari/605.1.15"
118.96.95.93 - - [26/Aug/2026:21:44:41 +0700] "GET /wp-content/plugins/royal-elementor-addons/assets/js/modal-popups.min.js?ver=1.7.1056 HTTP/2" 200 2634 "https://arlindo.ac.id/" "Mozilla/5.0 (Macintosh; Intel Mac OS X 10_15_7) AppleWebKit/605.1.15 (KHTML, like Gecko) Version/26.3 Safari/605.1.15"
118.96.95.93 - - [26/Aug/2026:21:44:41 +0700] "GET /wp-content/cache/min/1/1a4cae51afa9/wp-content/plugins/elementskit-lite/widgets/init/assets/js/elementor.js?ver=1787219353 HTTP/2" 200 5850 "https://arlindo.ac.id/" "Mozilla/5.0 (Macintosh; Intel Mac OS X 10_15_7) AppleWebKit/605.1.15 (KHTML, like Gecko) Version/26.3 Safari/605.1.15"
178.156.189.113 - - [26/Aug/2026:21:44:46 +0700] "HEAD / HTTP/1.1" 200 0 "https://arlindo.ac.id" "Mozilla/5.0+(compatible; UptimeRobot/2.0; http://www.uptimerobot.com/)"
118.96.95.93 - - [26/Aug/2026:21:41:10 +0700] "GET /wp-content/uploads/2026/08/IMG_3684-scaled.jpg HTTP/2" 200 492939 "https://arlindo.ac.id/" "Mozilla/5.0 (iPad; CPU OS 26_3 like Mac OS X) AppleWebKit/605.1.15 (KHTML, like Gecko) Mobile/23D127 Instagram 441.0.0.29.79 (iPad15,3; iPadOS 26_3; en_US; en; scale=2.00; 1640x2360; IABMV/1; 1030250346) Safari/604.1"
118.96.95.93 - - [26/Aug/2026:21:44:36 +0700] "GET /wp-content/plugins/royal-elementor-addons/assets/css/frontend.min.css?ver=1.7.1056 HTTP/2" 200 46624 "https://arlindo.ac.id/" "Mozilla/5.0 (Macintosh; Intel Mac OS X 10_15_7) AppleWebKit/605.1.15 (KHTML, like Gecko) Version/26.3 Safari/605.1.15"
118.96.95.93 - - [26/Aug/2026:21:44:36 +0700] "GET /wp-includes/js/jquery/jquery.min.js?ver=3.7.1 HTTP/2" 200 29744 "https://arlindo.ac.id/" "Mozilla/5.0 (Macintosh; Intel Mac OS X 10_15_7) AppleWebKit/605.1.15 (KHTML, like Gecko) Version/26.3 Safari/605.1.15"
118.96.95.93 - - [26/Aug/2026:21:44:41 +0700] "GET /wp-content/cache/min/1/0907bb4e6693/wp-content/plugins/elementskit-lite/widgets/init/assets/js/widget-scripts.js?ver=1787219353 HTTP/2" 200 16423 "https://arlindo.ac.id/" "Mozilla/5.0 (Macintosh; Intel Mac OS X 10_15_7) AppleWebKit/605.1.15 (KHTML, like Gecko) Version/26.3 Safari/605.1.15"
118.96.95.93 - - [26/Aug/2026:21:44:41 +0700] "GET /wp-content/plugins/elementor-pro/assets/js/preloaded-elements-handlers.min.js?ver=3.13.2 HTTP/2" 200 37115 "https://arlindo.ac.id/" "Mozilla/5.0 (Macintosh; Intel Mac OS X 10_15_7) AppleWebKit/605.1.15 (KHTML, like Gecko) Version/26.3 Safari/605.1.15"
118.96.95.93 - - [26/Aug/2026:21:44:41 +0700] "GET /wp-content/plugins/royal-elementor-addons/assets/js/frontend.min.js?ver=1.7.1056 HTTP/2" 200 52107 "https://arlindo.ac.id/" "Mozilla/5.0 (Macintosh; Intel Mac OS X 10_15_7) AppleWebKit/605.1.15 (KHTML, like Gecko) Version/26.3 Safari/605.1.15"
118.96.95.93 - - [26/Aug/2026:21:44:41 +0700] "GET /wp-content/uploads/2023/12/LOGO-BARU-HD-2048x486.png HTTP/2" 200 112878 "https://arlindo.ac.id/" "Mozilla/5.0 (Macintosh; Intel Mac OS X 10_15_7) AppleWebKit/605.1.15 (KHTML, like Gecko) Version/26.3 Safari/605.1.15"
118.96.95.93 - - [26/Aug/2026:21:44:57 +0700] "GET /wp-content/plugins/elementor/assets/lib/font-awesome/webfonts/fa-solid-900.woff2 HTTP/2" 200 78196 "https://arlindo.ac.id/" "Mozilla/5.0 (Macintosh; Intel Mac OS X 10_15_7) AppleWebKit/605.1.15 (KHTML, like Gecko) Version/26.3 Safari/605.1.15"
118.96.95.93 - - [26/Aug/2026:21:40:43 +0700] "GET /wp-content/uploads/2026/07/Desain-tanpa-judul.png HTTP/2" 200 720572 "https://arlindo.ac.id/" "Mozilla/5.0 (iPad; CPU OS 26_3 like Mac OS X) AppleWebKit/605.1.15 (KHTML, like Gecko) Mobile/23D127 Instagram 441.0.0.29.79 (iPad15,3; iPadOS 26_3; en_US; en; scale=2.00; 1640x2360; IABMV/1; 1030250346) Safari/604.1"
118.96.95.93 - - [26/Aug/2026:21:41:13 +0700] "GET /wp-content/uploads/2026/08/foto-gpt.png HTTP/2" 200 507625 "https://arlindo.ac.id/" "Mozilla/5.0 (iPad; CPU OS 26_3 like Mac OS X) AppleWebKit/605.1.15 (KHTML, like Gecko) Mobile/23D127 Instagram 441.0.0.29.79 (iPad15,3; iPadOS 26_3; en_US; en; scale=2.00; 1640x2360; IABMV/1; 1030250346) Safari/604.1"
118.96.95.93 - - [26/Aug/2026:21:41:13 +0700] "GET /wp-content/uploads/2026/06/adam-png-scaled.png HTTP/2" 200 507625 "https://arlindo.ac.id/" "Mozilla/5.0 (iPad; CPU OS 26_3 like Mac OS X) AppleWebKit/605.1.15 (KHTML, like Gecko) Mobile/23D127 Instagram 441.0.0.29.79 (iPad15,3; iPadOS 26_3; en_US; en; scale=2.00; 1640x2360; IABMV/1; 1030250346) Safari/604.1"
118.96.95.93 - - [26/Aug/2026:21:42:20 +0700] "GET /wp-content/uploads/2026/07/Desain-tanpa-judul.png HTTP/2" 200 393000 "https://arlindo.ac.id/" "Mozilla/5.0 (iPad; CPU OS 26_3 like Mac OS X) AppleWebKit/605.1.15 (KHTML, like Gecko) Mobile/23D127 Instagram 441.0.0.29.79 (iPad15,3; iPadOS 26_3; en_US; en; scale=2.00; 1640x2360; IABMV/1; 1030250346) Safari/604.1"
118.96.95.93 - - [26/Aug/2026:21:42:20 +0700] "GET /wp-content/plugins/elementskit-lite/modules/elementskit-icon-pack/assets/fonts/elementskit.woff?itek3h HTTP/2" 200 393000 "https://arlindo.ac.id/" "Mozilla/5.0 (iPad; CPU OS 26_3 like Mac OS X) AppleWebKit/605.1.15 (KHTML, like Gecko) Mobile/23D127 Instagram 441.0.0.29.79 (iPad15,3; iPadOS 26_3; en_US; en; scale=2.00; 1640x2360; IABMV/1; 1030250346) Safari/604.1"
118.96.95.93 - - [26/Aug/2026:21:44:34 +0700] "GET /wp-content/uploads/2026/07/Desain-tanpa-judul.png HTTP/2" 200 81875 "https://arlindo.ac.id/" "Mozilla/5.0 (iPad; CPU OS 26_3 like Mac OS X) AppleWebKit/605.1.15 (KHTML, like Gecko) Mobile/23D127 Instagram 441.0.0.29.79 (iPad15,3; iPadOS 26_3; en_US; en; scale=2.00; 1640x2360; IABMV/1; 1030250346) Safari/604.1"
118.96.95.93 - - [26/Aug/2026:21:44:34 +0700] "GET /wp-content/uploads/2026/06/IMG_9781-scaled.jpg HTTP/2" 200 98250 "https://arlindo.ac.id/" "Mozilla/5.0 (iPad; CPU OS 26_3 like Mac OS X) AppleWebKit/605.1.15 (KHTML, like Gecko) Mobile/23D127 Instagram 441.0.0.29.79 (iPad15,3; iPadOS 26_3; en_US; en; scale=2.00; 1640x2360; IABMV/1; 1030250346) Safari/604.1"
118.96.95.93 - - [26/Aug/2026:21:44:34 +0700] "GET /wp-content/plugins/elementskit-lite/modules/elementskit-icon-pack/assets/fonts/elementskit.woff?itek3h HTTP/2" 200 98250 "https://arlindo.ac.id/" "Mozilla/5.0 (iPad; CPU OS 26_3 like Mac OS X) AppleWebKit/605.1.15 (KHTML, like Gecko) Mobile/23D127 Instagram 441.0.0.29.79 (iPad15,3; iPadOS 26_3; en_US; en; scale=2.00; 1640x2360; IABMV/1; 1030250346) Safari/604.1"
118.96.95.93 - - [26/Aug/2026:21:44:57 +0700] "GET /wp-content/plugins/elementor/assets/lib/font-awesome/webfonts/fa-brands-400.woff2 HTTP/2" 200 81612 "https://arlindo.ac.id/" "Mozilla/5.0 (Macintosh; Intel Mac OS X 10_15_7) AppleWebKit/605.1.15 (KHTML, like Gecko) Version/26.3 Safari/605.1.15"
118.96.95.93 - - [26/Aug/2026:21:45:02 +0700] "GET /wp-content/plugins/elementor/assets/js/section-frontend-handlers.d85ab872da118940910d.bundle.min.js HTTP/2" 200 229 "https://arlindo.ac.id/" "Mozilla/5.0 (Macintosh; Intel Mac OS X 10_15_7) AppleWebKit/605.1.15 (KHTML, like Gecko) Version/26.3 Safari/605.1.15"
118.96.95.93 - - [26/Aug/2026:21:45:02 +0700] "GET /wp-content/plugins/elementor/assets/js/shared-frontend-handlers.03caa53373b56d3bab67.bundle.min.js HTTP/2" 200 2511 "https://arlindo.ac.id/" "Mozilla/5.0 (Macintosh; Intel Mac OS X 10_15_7) AppleWebKit/605.1.15 (KHTML, like Gecko) Version/26.3 Safari/605.1.15"
118.96.95.93 - - [26/Aug/2026:21:45:08 +0700] "GET /wp-content/uploads/2025/07/AKREDITASI-STIE-ARLINDO-1.png HTTP/2" 200 20715 "https://arlindo.ac.id/" "Mozilla/5.0 (Macintosh; Intel Mac OS X 10_15_7) AppleWebKit/605.1.15 (KHTML, like Gecko) Version/26.3 Safari/605.1.15"
118.96.95.93 - - [26/Aug/2026:21:45:08 +0700] "GET /wp-content/uploads/2025/07/Beasiswa-Stie-Arlindo.png HTTP/2" 200 14840 "https://arlindo.ac.id/" "Mozilla/5.0 (Macintosh; Intel Mac OS X 10_15_7) AppleWebKit/605.1.15 (KHTML, like Gecko) Version/26.3 Safari/605.1.15"
118.96.95.93 - - [26/Aug/2026:21:45:08 +0700] "GET /wp-content/uploads/2025/07/Biaya-Kuliah-Stie-Arlindo.png HTTP/2" 200 16986 "https://arlindo.ac.id/" "Mozilla/5.0 (Macintosh; Intel Mac OS X 10_15_7) AppleWebKit/605.1.15 (KHTML, like Gecko) Version/26.3 Safari/605.1.15"
118.96.95.93 - - [26/Aug/2026:21:45:02 +0700] "GET /wp-content/plugins/elementor/assets/js/text-editor.45609661e409413f1cef.bundle.min.js HTTP/2" 200 592 "https://arlindo.ac.id/" "Mozilla/5.0 (Macintosh; Intel Mac OS X 10_15_7) AppleWebKit/605.1.15 (KHTML, like Gecko) Version/26.3 Safari/605.1.15"
118.96.95.93 - - [26/Aug/2026:21:45:12 +0700] "GET /wp-content/plugins/elementor/assets/lib/font-awesome/webfonts/fa-regular-400.woff2 HTTP/2" 200 13276 "https://arlindo.ac.id/" "Mozilla/5.0 (Macintosh; Intel Mac OS X 10_15_7) AppleWebKit/605.1.15 (KHTML, like Gecko) Version/26.3 Safari/605.1.15"
118.96.95.93 - - [26/Aug/2026:21:45:09 +0700] "GET /wp-content/uploads/2025/07/Karir-Stie-Arlindo.png HTTP/2" 200 15292 "https://arlindo.ac.id/" "Mozilla/5.0 (Macintosh; Intel Mac OS X 10_15_7) AppleWebKit/605.1.15 (KHTML, like Gecko) Version/26.3 Safari/605.1.15"
118.96.95.93 - - [26/Aug/2026:21:45:09 +0700] "GET /wp-content/uploads/2025/07/Dosen-Stie-Arlindo.png HTTP/2" 200 9497 "https://arlindo.ac.id/" "Mozilla/5.0 (Macintosh; Intel Mac OS X 10_15_7) AppleWebKit/605.1.15 (KHTML, like Gecko) Version/26.3 Safari/605.1.15"
118.96.95.93 - - [26/Aug/2026:21:45:09 +0700] "GET /wp-content/uploads/2025/07/Fasilitas-Stie-Arlindo.png HTTP/2" 200 4128 "https://arlindo.ac.id/" "Mozilla/5.0 (Macintosh; Intel Mac OS X 10_15_7) AppleWebKit/605.1.15 (KHTML, like Gecko) Version/26.3 Safari/605.1.15"
118.96.95.93 - - [26/Aug/2026:21:45:02 +0700] "GET /wp-content/plugins/elementor/assets/lib/swiper/v8/swiper.min.js?ver=8.4.5 HTTP/2" 200 38152 "https://arlindo.ac.id/" "Mozilla/5.0 (Macintosh; Intel Mac OS X 10_15_7) AppleWebKit/605.1.15 (KHTML, like Gecko) Version/26.3 Safari/605.1.15"
118.96.95.93 - - [26/Aug/2026:21:45:15 +0700] "GET /wp-content/uploads/2026/08/IMG_2799-scaled.jpg HTTP/2" 200 65500 "https://arlindo.ac.id/" "Mozilla/5.0 (Macintosh; Intel Mac OS X 10_15_7) AppleWebKit/605.1.15 (KHTML, like Gecko) Version/26.3 Safari/605.1.15"
118.96.95.93 - - [26/Aug/2026:21:45:15 +0700] "GET /wp-content/uploads/2026/06/IMG_9781-1536x1024.jpg HTTP/2" 200 147375 "https://arlindo.ac.id/" "Mozilla/5.0 (Macintosh; Intel Mac OS X 10_15_7) AppleWebKit/605.1.15 (KHTML, like Gecko) Version/26.3 Safari/605.1.15"
118.96.95.93 - - [26/Aug/2026:21:45:44 +0700] "GET /wp-content/uploads/2025/07/Nabhan-Mahasiswa-STIE-ARLINDO.png HTTP/2" 200 32750 "https://arlindo.ac.id/" "Mozilla/5.0 (Macintosh; Intel Mac OS X 10_15_7) AppleWebKit/605.1.15 (KHTML, like Gecko) Version/26.3 Safari/605.1.15"
118.96.95.93 - - [26/Aug/2026:21:45:09 +0700] "GET /wp-content/uploads/2026/06/ARLINDO-GROUP-scaled-e1782104724845-2048x652.png HTTP/2" 200 114625 "https://arlindo.ac.id/" "Mozilla/5.0 (Macintosh; Intel Mac OS X 10_15_7) AppleWebKit/605.1.15 (KHTML, like Gecko) Version/26.3 Safari/605.1.15"
118.96.95.93 - - [26/Aug/2026:21:45:15 +0700] "GET /wp-content/uploads/2026/06/adam-png-scaled.png HTTP/2" 200 65500 "https://arlindo.ac.id/" "Mozilla/5.0 (Macintosh; Intel Mac OS X 10_15_7) AppleWebKit/605.1.15 (KHTML, like Gecko) Version/26.3 Safari/605.1.15"
118.96.95.93 - - [26/Aug/2026:21:45:15 +0700] "GET /wp-content/uploads/2026/08/IMG_3684-scaled.jpg HTTP/2" 200 65500 "https://arlindo.ac.id/" "Mozilla/5.0 (Macintosh; Intel Mac OS X 10_15_7) AppleWebKit/605.1.15 (KHTML, like Gecko) Version/26.3 Safari/605.1.15"
118.96.95.93 - - [26/Aug/2026:21:45:15 +0700] "GET /wp-content/uploads/2026/08/IMG_1149-scaled.jpg HTTP/2" 200 65500 "https://arlindo.ac.id/" "Mozilla/5.0 (Macintosh; Intel Mac OS X 10_15_7) AppleWebKit/605.1.15 (KHTML, like Gecko) Version/26.3 Safari/605.1.15"
118.96.95.93 - - [26/Aug/2026:21:44:58 +0700] "GET /wp-content/plugins/elementskit-lite/modules/elementskit-icon-pack/assets/fonts/elementskit.woff?itek3h HTTP/2" 200 196572 "https://arlindo.ac.id/" "Mozilla/5.0 (Macintosh; Intel Mac OS X 10_15_7) AppleWebKit/605.1.15 (KHTML, like Gecko) Version/26.3 Safari/605.1.15"
118.96.95.93 - - [26/Aug/2026:21:45:15 +0700] "GET /wp-content/uploads/2026/08/foto-gpt.png HTTP/2" 200 65500 "https://arlindo.ac.id/" "Mozilla/5.0 (Macintosh; Intel Mac OS X 10_15_7) AppleWebKit/605.1.15 (KHTML, like Gecko) Version/26.3 Safari/605.1.15"
118.96.95.93 - - [26/Aug/2026:21:45:09 +0700] "GET /wp-content/uploads/2025/07/mt-sample-background.jpg HTTP/2" 200 163750 "https://arlindo.ac.id/" "Mozilla/5.0 (Macintosh; Intel Mac OS X 10_15_7) AppleWebKit/605.1.15 (KHTML, like Gecko) Version/26.3 Safari/605.1.15"
118.96.95.93 - - [26/Aug/2026:21:44:36 +0700] "GET /wp-content/uploads/2026/07/Desain-tanpa-judul.png HTTP/2" 200 573125 "https://arlindo.ac.id/" "Mozilla/5.0 (Macintosh; Intel Mac OS X 10_15_7) AppleWebKit/605.1.15 (KHTML, like Gecko) Version/26.3 Safari/605.1.15"
118.96.95.93 - - [26/Aug/2026:21:45:15 +0700] "GET /wp-content/uploads/2026/06/IMG_9781-scaled.jpg HTTP/2" 200 65500 "https://arlindo.ac.id/" "Mozilla/5.0 (Macintosh; Intel Mac OS X 10_15_7) AppleWebKit/605.1.15 (KHTML, like Gecko) Version/26.3 Safari/605.1.15"
118.96.95.93 - - [26/Aug/2026:21:45:15 +0700] "GET /wp-content/uploads/2026/08/IMG_2849-scaled.jpg HTTP/2" 200 65500 "https://arlindo.ac.id/" "Mozilla/5.0 (Macintosh; Intel Mac OS X 10_15_7) AppleWebKit/605.1.15 (KHTML, like Gecko) Version/26.3 Safari/605.1.15"
118.96.95.93 - - [26/Aug/2026:21:45:15 +0700] "GET /wp-content/uploads/2025/07/Risma-Mahasiswi-STIE-ARLINDO.png HTTP/2" 200 65500 "https://arlindo.ac.id/" "Mozilla/5.0 (Macintosh; Intel Mac OS X 10_15_7) AppleWebKit/605.1.15 (KHTML, like Gecko) Version/26.3 Safari/605.1.15"
118.96.95.93 - - [26/Aug/2026:21:49:30 +0700] "GET /wp-content/uploads/2026/06/IMG_9781-scaled.jpg HTTP/1.1" 200 450603 "https://arlindo.ac.id/" "Mozilla/5.0 (iPad; CPU OS 26_3 like Mac OS X) AppleWebKit/605.1.15 (KHTML, like Gecko) Mobile/23D127 Instagram 441.0.0.29.79 (iPad15,3; iPadOS 26_3; en_US; en; scale=2.00; 1640x2360; IABMV/1; 1030250346) Safari/604.1"
118.96.95.93 - - [26/Aug/2026:21:49:30 +0700] "GET /wp-content/uploads/2026/08/IMG_3684-scaled.jpg HTTP/1.1" 200 492939 "https://arlindo.ac.id/" "Mozilla/5.0 (iPad; CPU OS 26_3 like Mac OS X) AppleWebKit/605.1.15 (KHTML, like Gecko) Mobile/23D127 Instagram 441.0.0.29.79 (iPad15,3; iPadOS 26_3; en_US; en; scale=2.00; 1640x2360; IABMV/1; 1030250346) Safari/604.1"
118.96.95.93 - - [26/Aug/2026:21:49:30 +0700] "GET /wp-content/uploads/2026/08/IMG_3684-scaled.jpg HTTP/1.1" 200 492939 "https://arlindo.ac.id/" "Mozilla/5.0 (iPad; CPU OS 26_3 like Mac OS X) AppleWebKit/605.1.15 (KHTML, like Gecko) Mobile/23D127 Instagram 441.0.0.29.79 (iPad15,3; iPadOS 26_3; en_US; en; scale=2.00; 1640x2360; IABMV/1; 1030250346) Safari/604.1"
118.96.95.93 - - [26/Aug/2026:21:49:30 +0700] "GET /wp-content/uploads/2026/08/IMG_2849-scaled.jpg HTTP/1.1" 200 395021 "https://arlindo.ac.id/" "Mozilla/5.0 (iPad; CPU OS 26_3 like Mac OS X) AppleWebKit/605.1.15 (KHTML, like Gecko) Mobile/23D127 Instagram 441.0.0.29.79 (iPad15,3; iPadOS 26_3; en_US; en; scale=2.00; 1640x2360; IABMV/1; 1030250346) Safari/604.1"
118.96.95.93 - - [26/Aug/2026:21:49:31 +0700] "GET /wp-content/uploads/2026/08/IMG_2799-scaled.jpg HTTP/1.1" 200 391382 "https://arlindo.ac.id/" "Mozilla/5.0 (iPad; CPU OS 26_3 like Mac OS X) AppleWebKit/605.1.15 (KHTML, like Gecko) Mobile/23D127 Instagram 441.0.0.29.79 (iPad15,3; iPadOS 26_3; en_US; en; scale=2.00; 1640x2360; IABMV/1; 1030250346) Safari/604.1"
118.96.95.93 - - [26/Aug/2026:21:49:31 +0700] "GET /wp-content/uploads/2026/08/IMG_2849-scaled.jpg HTTP/1.1" 200 395021 "https://arlindo.ac.id/" "Mozilla/5.0 (iPad; CPU OS 26_3 like Mac OS X) AppleWebKit/605.1.15 (KHTML, like Gecko) Mobile/23D127 Instagram 441.0.0.29.79 (iPad15,3; iPadOS 26_3; en_US; en; scale=2.00; 1640x2360; IABMV/1; 1030250346) Safari/604.1"
118.96.95.93 - - [26/Aug/2026:21:49:31 +0700] "GET /wp-content/uploads/2026/08/IMG_1149-scaled.jpg HTTP/1.1" 200 409080 "https://arlindo.ac.id/" "Mozilla/5.0 (iPad; CPU OS 26_3 like Mac OS X) AppleWebKit/605.1.15 (KHTML, like Gecko) Mobile/23D127 Instagram 441.0.0.29.79 (iPad15,3; iPadOS 26_3; en_US; en; scale=2.00; 1640x2360; IABMV/1; 1030250346) Safari/604.1"
118.96.95.93 - - [26/Aug/2026:21:49:31 +0700] "GET /wp-content/uploads/2026/08/foto-gpt.png HTTP/1.1" 200 2520647 "https://arlindo.ac.id/" "Mozilla/5.0 (iPad; CPU OS 26_3 like Mac OS X) AppleWebKit/605.1.15 (KHTML, like Gecko) Mobile/23D127 Instagram 441.0.0.29.79 (iPad15,3; iPadOS 26_3; en_US; en; scale=2.00; 1640x2360; IABMV/1; 1030250346) Safari/604.1"
118.96.95.93 - - [26/Aug/2026:21:49:31 +0700] "GET /wp-content/uploads/2026/08/IMG_1149-scaled.jpg HTTP/1.1" 200 409080 "https://arlindo.ac.id/" "Mozilla/5.0 (iPad; CPU OS 26_3 like Mac OS X) AppleWebKit/605.1.15 (KHTML, like Gecko) Mobile/23D127 Instagram 441.0.0.29.79 (iPad15,3; iPadOS 26_3; en_US; en; scale=2.00; 1640x2360; IABMV/1; 1030250346) Safari/604.1"
118.96.95.93 - - [26/Aug/2026:21:49:31 +0700] "GET /wp-content/uploads/2026/08/foto-gpt.png HTTP/1.1" 200 2520647 "https://arlindo.ac.id/" "Mozilla/5.0 (iPad; CPU OS 26_3 like Mac OS X) AppleWebKit/605.1.15 (KHTML, like Gecko) Mobile/23D127 Instagram 441.0.0.29.79 (iPad15,3; iPadOS 26_3; en_US; en; scale=2.00; 1640x2360; IABMV/1; 1030250346) Safari/604.1"
118.96.95.93 - - [26/Aug/2026:21:49:32 +0700] "GET /wp-content/uploads/2025/07/Nabhan-Mahasiswa-STIE-ARLINDO.png HTTP/1.1" 200 359226 "https://arlindo.ac.id/" "Mozilla/5.0 (iPad; CPU OS 26_3 like Mac OS X) AppleWebKit/605.1.15 (KHTML, like Gecko) Mobile/23D127 Instagram 441.0.0.29.79 (iPad15,3; iPadOS 26_3; en_US; en; scale=2.00; 1640x2360; IABMV/1; 1030250346) Safari/604.1"
118.96.95.93 - - [26/Aug/2026:21:49:32 +0700] "GET /wp-content/uploads/2025/07/Restu-Mahasiswa-STIE-ARLINDO.png HTTP/1.1" 200 361413 "https://arlindo.ac.id/" "Mozilla/5.0 (iPad; CPU OS 26_3 like Mac OS X) AppleWebKit/605.1.15 (KHTML, like Gecko) Mobile/23D127 Instagram 441.0.0.29.79 (iPad15,3; iPadOS 26_3; en_US; en; scale=2.00; 1640x2360; IABMV/1; 1030250346) Safari/604.1"
118.96.95.93 - - [26/Aug/2026:21:49:32 +0700] "GET /wp-content/uploads/2026/06/IMG_9781-1536x1024.jpg HTTP/1.1" 200 200248 "https://arlindo.ac.id/" "Mozilla/5.0 (iPad; CPU OS 26_3 like Mac OS X) AppleWebKit/605.1.15 (KHTML, like Gecko) Mobile/23D127 Instagram 441.0.0.29.79 (iPad15,3; iPadOS 26_3; en_US; en; scale=2.00; 1640x2360; IABMV/1; 1030250346) Safari/604.1"
118.96.95.93 - - [26/Aug/2026:21:49:32 +0700] "GET /wp-content/uploads/2025/07/Risma-Mahasiswi-STIE-ARLINDO.png HTTP/1.1" 200 331532 "https://arlindo.ac.id/" "Mozilla/5.0 (iPad; CPU OS 26_3 like Mac OS X) AppleWebKit/605.1.15 (KHTML, like Gecko) Mobile/23D127 Instagram 441.0.0.29.79 (iPad15,3; iPadOS 26_3; en_US; en; scale=2.00; 1640x2360; IABMV/1; 1030250346) Safari/604.1"
118.96.95.93 - - [26/Aug/2026:21:49:32 +0700] "GET /wp-content/uploads/2025/07/Nabhan-Mahasiswa-STIE-ARLINDO.png HTTP/1.1" 200 359226 "https://arlindo.ac.id/" "Mozilla/5.0 (iPad; CPU OS 26_3 like Mac OS X) AppleWebKit/605.1.15 (KHTML, like Gecko) Mobile/23D127 Instagram 441.0.0.29.79 (iPad15,3; iPadOS 26_3; en_US; en; scale=2.00; 1640x2360; IABMV/1; 1030250346) Safari/604.1"
118.96.95.93 - - [26/Aug/2026:21:49:33 +0700] "GET /wp-content/uploads/2025/07/Restu-Mahasiswa-STIE-ARLINDO.png HTTP/1.1" 200 361413 "https://arlindo.ac.id/" "Mozilla/5.0 (iPad; CPU OS 26_3 like Mac OS X) AppleWebKit/605.1.15 (KHTML, like Gecko) Mobile/23D127 Instagram 441.0.0.29.79 (iPad15,3; iPadOS 26_3; en_US; en; scale=2.00; 1640x2360; IABMV/1; 1030250346) Safari/604.1"
189.104.94.68 - - [26/Aug/2026:21:49:54 +0700] "GET /wp-content/uploads/2026/07/IMG_9700-scaled.jpg HTTP/1.1" 200 501729 "-" "Mozilla/5.0 (compatible; crawler)"
3.12.251.153 - - [26/Aug/2026:21:50:08 +0700] "HEAD / HTTP/1.1" 200 0 "https://arlindo.ac.id" "Mozilla/5.0+(compatible; UptimeRobot/2.0; http://www.uptimerobot.com/)"
9.129.51.210 - - [26/Aug/2026:21:52:12 +0700] "GET /ide-bisnis-2026-anak-muda/ HTTP/2" 200 26715 "-" "Mozilla/5.0 AppleWebKit/537.36 (KHTML, like Gecko); compatible; ChatGPT-User/1.0; +https://openai.com/bot"
3.212.128.62 - - [26/Aug/2026:21:55:31 +0700] "HEAD / HTTP/1.1" 200 0 "https://arlindo.ac.id" "Mozilla/5.0+(compatible; UptimeRobot/2.0; http://www.uptimerobot.com/)"
160.153.252.100 - - [26/Aug/2026:21:59:21 +0700] "GET / HTTP/2" 200 30995 "-" "Mozilla/5.0 (Windows NT 10.0; Win64; x64) AppleWebKit/537.36 (KHTML, like Gecko) Chrome/151.0.0.0 Safari/537.36"
108.167.161.148 - - [26/Aug/2026:21:59:43 +0700] "GET /sitemap_index.xml HTTP/2" 200 278 "-" "Mozilla/5.0 (Windows NT 10.0; Win64; x64) AppleWebKit/537.36 (KHTML, like Gecko) Chrome/151.0.0.0 Safari/537.36"
162.241.203.147 - - [26/Aug/2026:21:59:44 +0700] "GET /wp-json/wp/v2/users?_jsonp=callback&per_page=100&_fields=id,slug HTTP/2" 401 100 "-" "Mozilla/5.0 (Windows NT 10.0; Win64; x64) AppleWebKit/537.36 (KHTML, like Gecko) Chrome/151.0.0.0 Safari/537.36"
202.10.43.32 - - [26/Aug/2026:21:59:47 +0700] "POST /wp-cron.php?doing_wp_cron=1787756387.6267991065979003906250 HTTP/1.1" 200 0 "-" "WordPress/7.1; https://arlindo.ac.id"
202.10.43.32 - - [26/Aug/2026:21:59:47 +0700] "POST /wp-cron.php?doing_wp_cron=1787756387.8207778930664062500000 HTTP/1.1" 200 0 "-" "WordPress/7.1; https://arlindo.ac.id"
160.153.252.100 - - [26/Aug/2026:21:59:54 +0700] "GET /wp-json/ldlms/v1/users?per_page=100&_fields=user_login HTTP/2" 404 105 "-" "Mozilla/5.0 (Windows NT 10.0; Win64; x64) AppleWebKit/537.36 (KHTML, like Gecko) Chrome/151.0.0.0 Safari/537.36"
202.10.43.32 - - [26/Aug/2026:21:59:54 +0700] "POST /wp-cron.php?doing_wp_cron=1787756394.7867560386657714843750 HTTP/1.1" 200 0 "-" "WordPress/7.1; https://arlindo.ac.id"
202.10.43.32 - - [26/Aug/2026:21:59:55 +0700] "GET /semarak-ramadhan-arlindo-berbagi-dengan-1000-anak-yatim-dhuafa-serta-pembagian-hadiah-lomba-arfc-bersama-ustadz-maulana/ HTTP/1.1" 200 33735 "-" "AccelerateWP/Preload"
202.10.43.32 - - [26/Aug/2026:21:59:57 +0700] "GET /semarak-ramadhan-arlindo-berbagi-dengan-1000-anak-yatim-dhuafa-serta-pembagian-hadiah-lomba-arfc-bersama-ustadz-maulana/ HTTP/1.1" 200 34036 "-" "AccelerateWP/Preload Mozilla/5.0 (iPhone; CPU iPhone OS 9_1 like Mac OS X) AppleWebKit/601.1.46 (KHTML, like Gecko) Version/9.0 Mobile/13B143 Safari/601.1"
95.111.251.70 - - [26/Aug/2026:21:59:59 +0700] "GET /wp-json/buddypress/v1/members?per_page=100&_fields=user_login HTTP/2" 404 105 "-" "Mozilla/5.0 (Windows NT 10.0; Win64; x64) AppleWebKit/537.36 (KHTML, like Gecko) Chrome/151.0.0.0 Safari/537.36"
202.10.43.32 - - [26/Aug/2026:22:00:15 +0700] "POST /wp-cron.php?doing_wp_cron=1787756415.6501998901367187500000 HTTP/1.1" 200 0 "-" "WordPress/7.1; https://arlindo.ac.id"
216.194.122.158 - - [26/Aug/2026:22:00:15 +0700] "GET /?rest_route=/wp/v2/users&_jsonp=callback&per_page=100&_fields=id,slug HTTP/2" 401 100 "-" "Mozilla/5.0 (Windows NT 10.0; Win64; x64) AppleWebKit/537.36 (KHTML, like Gecko) Chrome/151.0.0.0 Safari/537.36"
91.92.241.196 - - [26/Aug/2026:22:00:22 +0700] "GET /.git/HEAD HTTP/1.1" 200 312 "-" "Mozilla/5.0 (Windows NT 10.0; Win64; x64) AppleWebKit/537.36"
91.92.241.196 - - [26/Aug/2026:22:00:23 +0700] "GET /.git/config HTTP/1.1" 200 312 "-" "Mozilla/5.0 (Windows NT 10.0; Win64; x64) AppleWebKit/537.36"
108.167.161.148 - - [26/Aug/2026:22:00:25 +0700] "GET /wp-json/wc/v1/customers?per_page=100&_fields=username HTTP/2" 404 105 "-" "Mozilla/5.0 (Windows NT 10.0; Win64; x64) AppleWebKit/537.36 (KHTML, like Gecko) Chrome/151.0.0.0 Safari/537.36"
135.236.141.99 - - [26/Aug/2026:22:00:28 +0700] "GET /wp-json/ultimate-member/v1/users HTTP/2" 404 105 "-" "Mozilla/5.0 (Windows NT 10.0; Win64; x64) AppleWebKit/537.36 (KHTML, like Gecko) Chrome/151.0.0.0 Safari/537.36"
162.240.171.12 - - [26/Aug/2026:22:00:33 +0700] "GET /wp-json/wp/v2/comments?per_page=100&_fields=author_name,author_url HTTP/2" 200 6 "-" "Mozilla/5.0 (Windows NT 10.0; Win64; x64) AppleWebKit/537.36 (KHTML, like Gecko) Chrome/151.0.0.0 Safari/537.36"
202.172.28.53 - - [26/Aug/2026:22:00:36 +0700] "GET /wp-json/wp/v2/media?per_page=50&_fields=author HTTP/2" 200 26 "-" "Mozilla/5.0 (Windows NT 10.0; Win64; x64) AppleWebKit/537.36 (KHTML, like Gecko) Chrome/151.0.0.0 Safari/537.36"
202.10.43.32 - - [26/Aug/2026:22:00:45 +0700] "POST /wp-cron.php?doing_wp_cron=1787756445.2688300609588623046875 HTTP/1.1" 200 0 "-" "WordPress/7.1; https://arlindo.ac.id"
108.167.161.148 - - [26/Aug/2026:22:00:44 +0700] "GET /wp-json/ HTTP/2" 200 24988 "-" "Mozilla/5.0 (Windows NT 10.0; Win64; x64) AppleWebKit/537.36 (KHTML, like Gecko) Chrome/151.0.0.0 Safari/537.36"
108.167.161.133 - - [26/Aug/2026:22:00:48 +0700] "POST /xmlrpc.php HTTP/2" 403 1242 "-" "Mozilla/5.0 (Windows NT 10.0; Win64; x64) AppleWebKit/537.36 (KHTML, like Gecko) Chrome/151.0.0.0 Safari/537.36"
54.87.112.51 - - [26/Aug/2026:22:00:49 +0700] "HEAD / HTTP/1.1" 200 0 "https://arlindo.ac.id" "Mozilla/5.0+(compatible; UptimeRobot/2.0; http://www.uptimerobot.com/)"
202.10.43.32 - - [26/Aug/2026:22:00:54 +0700] "POST /wp-cron.php?doing_wp_cron=1787756454.5883460044860839843750 HTTP/1.1" 200 0 "-" "WordPress/7.1; https://arlindo.ac.id"
202.172.28.53 - - [26/Aug/2026:22:00:54 +0700] "GET /wp-json/elementor-pro/v1/v1/users HTTP/2" 404 105 "-" "Mozilla/5.0 (Windows NT 10.0; Win64; x64) AppleWebKit/537.36 (KHTML, like Gecko) Chrome/151.0.0.0 Safari/537.36"
103.130.216.163 - - [26/Aug/2026:22:01:04 +0700] "GET /wp-json/tutor/v1/students HTTP/2" 404 105 "-" "Mozilla/5.0 (Windows NT 10.0; Win64; x64) AppleWebKit/537.36 (KHTML, like Gecko) Chrome/151.0.0.0 Safari/537.36"
162.240.171.12 - - [26/Aug/2026:22:01:08 +0700] "GET /wp-json/wpr-addons/v1/v1/users HTTP/2" 404 105 "-" "Mozilla/5.0 (Windows NT 10.0; Win64; x64) AppleWebKit/537.36 (KHTML, like Gecko) Chrome/151.0.0.0 Safari/537.36"
108.167.161.148 - - [26/Aug/2026:22:01:22 +0700] "GET /wp-json/wpr-addons/v1/members HTTP/2" 404 105 "-" "Mozilla/5.0 (Windows NT 10.0; Win64; x64) AppleWebKit/537.36 (KHTML, like Gecko) Chrome/151.0.0.0 Safari/537.36"
202.10.43.32 - - [26/Aug/2026:22:01:23 +0700] "POST /wp-cron.php?doing_wp_cron=1787756483.2624540328979492187500 HTTP/1.1" 200 0 "-" "WordPress/7.1; https://arlindo.ac.id"
157.230.98.178 - - [26/Aug/2026:22:01:34 +0700] "GET /wp-json/clsop/v1/users HTTP/2" 404 105 "-" "Mozilla/5.0 (Windows NT 10.0; Win64; x64) AppleWebKit/537.36 (KHTML, like Gecko) Chrome/151.0.0.0 Safari/537.36"
209.42.18.204 - - [26/Aug/2026:22:01:37 +0700] "GET /wp-json/wp-abilities/v1/members HTTP/2" 404 105 "-" "Mozilla/5.0 (Windows NT 10.0; Win64; x64) AppleWebKit/537.36 (KHTML, like Gecko) Chrome/151.0.0.0 Safari/537.36"
50.6.207.27 - - [26/Aug/2026:22:01:41 +0700] "GET /wp-json/elementor-hello-elementor/v1/v1/users HTTP/2" 404 105 "-" "Mozilla/5.0 (Windows NT 10.0; Win64; x64) AppleWebKit/537.36 (KHTML, like Gecko) Chrome/151.0.0.0 Safari/537.36"
202.10.43.32 - - [26/Aug/2026:22:02:38 +0700] "POST /wp-cron.php?doing_wp_cron=1787756558.8234870433807373046875 HTTP/1.1" 200 0 "-" "WordPress/7.1; https://arlindo.ac.id"
205.196.217.58 - - [26/Aug/2026:22:02:38 +0700] "GET /wp-json/gutenkit/v1/v1/users HTTP/2" 404 105 "-" "Mozilla/5.0 (Windows NT 10.0; Win64; x64) AppleWebKit/537.36 (KHTML, like Gecko) Chrome/151.0.0.0 Safari/537.36"
216.194.122.158 - - [26/Aug/2026:22:02:43 +0700] "GET /wp-json/wp-site-health/v1/v1/users HTTP/2" 404 105 "-" "Mozilla/5.0 (Windows NT 10.0; Win64; x64) AppleWebKit/537.36 (KHTML, like Gecko) Chrome/151.0.0.0 Safari/537.36"
202.10.43.32 - - [26/Aug/2026:22:03:01 +0700] "POST /wp-cron.php?doing_wp_cron=1787756581.8141229152679443359375 HTTP/1.1" 200 0 "-" "WordPress/7.1; https://arlindo.ac.id"
160.153.252.100 - - [26/Aug/2026:22:03:01 +0700] "GET /wp-json/wordfence/v1/users HTTP/2" 404 105 "-" "Mozilla/5.0 (Windows NT 10.0; Win64; x64) AppleWebKit/537.36 (KHTML, like Gecko) Chrome/151.0.0.0 Safari/537.36"
94.154.43.129 - - [26/Aug/2026:22:03:29 +0700] "GET / HTTP/1.1" 401 36 "-" "Mozilla/5.0 (Windows NT 10.0; Win64; x64) AppleWebKit/537.36 (KHTML, like Gecko) Chrome/147.0.0.0 Safari/537.36"
94.154.43.129 - - [26/Aug/2026:22:03:29 +0700] "GET / HTTP/1.1" 200 39789 "-" "Mozilla/5.0 (Windows NT 10.0; Win64; x64) AppleWebKit/537.36 (KHTML, like Gecko) Chrome/147.0.0.0 Safari/537.36"
94.154.43.180 - - [26/Aug/2026:22:03:29 +0700] "GET / HTTP/1.1" 401 36 "-" "Mozilla/5.0 (Windows NT 10.0; Win64; x64) AppleWebKit/537.36 (KHTML, like Gecko) Chrome/147.0.0.0 Safari/537.36"
94.154.43.129 - - [26/Aug/2026:22:03:29 +0700] "GET / HTTP/1.1" 401 36 "-" "Mozilla/5.0 (Windows NT 10.0; Win64; x64) AppleWebKit/537.36 (KHTML, like Gecko) Chrome/147.0.0.0 Safari/537.36"
202.10.43.32 - - [26/Aug/2026:22:03:30 +0700] "POST /wp-cron.php?doing_wp_cron=1787756610.1482379436492919921875 HTTP/1.1" 200 0 "-" "WordPress/7.1; https://arlindo.ac.id"
94.154.43.180 - - [26/Aug/2026:22:03:29 +0700] "GET / HTTP/1.1" 301 0 "-" "Mozilla/5.0 (Windows NT 10.0; Win64; x64) AppleWebKit/537.36 (KHTML, like Gecko) Chrome/147.0.0.0 Safari/537.36"
94.154.43.180 - - [26/Aug/2026:22:03:30 +0700] "GET / HTTP/1.1" 200 39801 "-" "Mozilla/5.0 (Windows NT 10.0; Win64; x64) AppleWebKit/537.36 (KHTML, like Gecko) Chrome/147.0.0.0 Safari/537.36"
94.154.43.158 - - [26/Aug/2026:22:03:30 +0700] "GET / HTTP/1.1" 200 236137 "-" "Mozilla/5.0 (Windows NT 10.0; Win64; x64) AppleWebKit/537.36 (KHTML, like Gecko) Chrome/147.0.0.0 Safari/537.36"
94.154.43.146 - - [26/Aug/2026:22:03:30 +0700] "GET / HTTP/1.1" 200 236137 "-" "Mozilla/5.0 (Windows NT 10.0; Win64; x64) AppleWebKit/537.36 (KHTML, like Gecko) Chrome/147.0.0.0 Safari/537.36"
108.167.161.148 - - [26/Aug/2026:22:03:34 +0700] "GET /wp-json/batch/v1/members HTTP/2" 200 0 "-" "Mozilla/5.0 (Windows NT 10.0; Win64; x64) AppleWebKit/537.36 (KHTML, like Gecko) Chrome/151.0.0.0 Safari/537.36"
50.6.207.27 - - [26/Aug/2026:22:03:34 +0700] "GET /wp-json/yoast/v1/v1/users HTTP/2" 404 105 "-" "Mozilla/5.0 (Windows NT 10.0; Win64; x64) AppleWebKit/537.36 (KHTML, like Gecko) Chrome/151.0.0.0 Safari/537.36"
108.167.161.133 - - [26/Aug/2026:22:03:44 +0700] "GET /wp-json/yoast/v1/members HTTP/2" 404 105 "-" "Mozilla/5.0 (Windows NT 10.0; Win64; x64) AppleWebKit/537.36 (KHTML, like Gecko) Chrome/151.0.0.0 Safari/537.36"
202.10.43.32 - - [26/Aug/2026:22:03:52 +0700] "POST /wp-cron.php?doing_wp_cron=1787756632.9059329032897949218750 HTTP/1.1" 200 0 "-" "WordPress/7.1; https://arlindo.ac.id"
190.92.174.21 - - [26/Aug/2026:22:03:52 +0700] "GET /wp-json/wpraddons/v1/v1/users HTTP/2" 404 105 "-" "Mozilla/5.0 (Windows NT 10.0; Win64; x64) AppleWebKit/537.36 (KHTML, like Gecko) Chrome/151.0.0.0 Safari/537.36"
129.121.74.194 - - [26/Aug/2026:22:04:12 +0700] "GET /wp-json/elementor/v1/users HTTP/2" 404 105 "-" "Mozilla/5.0 (Windows NT 10.0; Win64; x64) AppleWebKit/537.36 (KHTML, like Gecko) Chrome/151.0.0.0 Safari/537.36"
202.10.43.32 - - [26/Aug/2026:22:04:12 +0700] "POST /wp-cron.php?doing_wp_cron=1787756652.9357628822326660156250 HTTP/1.1" 200 0 "-" "WordPress/7.1; https://arlindo.ac.id"
95.111.251.70 - - [26/Aug/2026:22:04:18 +0700] "GET /wp-json/elementor/v1/v1/users HTTP/2" 404 105 "-" "Mozilla/5.0 (Windows NT 10.0; Win64; x64) AppleWebKit/537.36 (KHTML, like Gecko) Chrome/151.0.0.0 Safari/537.36"
50.6.169.131 - - [26/Aug/2026:22:04:30 +0700] "GET /wp-json/mcp/mcp-adapter-default-server/v1/users HTTP/2" 404 105 "-" "Mozilla/5.0 (Windows NT 10.0; Win64; x64) AppleWebKit/537.36 (KHTML, like Gecko) Chrome/151.0.0.0 Safari/537.36"
34.198.201.66 - - [26/Aug/2026:22:06:14 +0700] "HEAD / HTTP/1.1" 200 0 "https://arlindo.ac.id" "Mozilla/5.0+(compatible; UptimeRobot/2.0; http://www.uptimerobot.com/)"
5.161.61.238 - - [26/Aug/2026:22:11:27 +0700] "HEAD / HTTP/1.1" 200 0 "https://arlindo.ac.id" "Mozilla/5.0+(compatible; UptimeRobot/2.0; http://www.uptimerobot.com/)"
202.10.43.32 - - [26/Aug/2026:22:16:35 +0700] "POST /wp-cron.php?doing_wp_cron=1787757395.8499119281768798828125 HTTP/1.1" 200 0 "-" "WordPress/7.1; https://arlindo.ac.id"
103.253.27.47 - - [26/Aug/2026:22:16:32 +0700] "POST /wp-json/batch/v1 HTTP/1.1" 207 16 "-" "Mozilla/5.0 (compatible; wp2shell-audit/3.1)"
103.253.27.47 - - [26/Aug/2026:22:16:36 +0700] "POST /wp-json/batch/v1 HTTP/1.1" 207 16 "-" "Mozilla/5.0 (compatible; wp2shell-audit/3.1)"
103.253.27.47 - - [26/Aug/2026:22:16:37 +0700] "POST /wp-json/batch/v1 HTTP/1.1" 207 478 "-" "Mozilla/5.0 (compatible; wp2shell-audit/3.1)"
5.161.194.92 - - [26/Aug/2026:22:16:47 +0700] "HEAD / HTTP/1.1" 200 0 "https://arlindo.ac.id" "Mozilla/5.0+(compatible; UptimeRobot/2.0; http://www.uptimerobot.com/)"
112.86.225.154 - - [26/Aug/2026:22:18:50 +0700] "GET / HTTP/1.1" 200 36596 "-" "Sogou web spider/4.0(+http://www.sogou.com/docs/help/webmasters.htm#07)"
158.23.184.117 - - [26/Aug/2026:22:20:59 +0700] "GET / HTTP/1.1" 200 30995 "-" "Mozilla/5.0 (Windows NT 10.0; Win64; x64) AppleWebKit/537.36 (KHTML, like Gecko) Chrome/120.0.0.0 Safari/537.36"
158.23.184.117 - - [26/Aug/2026:22:20:59 +0700] "GET /admin/function.php HTTP/1.1" 404 16136 "-" "Mozilla/5.0 (Windows NT 10.0; Win64; x64) AppleWebKit/537.36 (KHTML, like Gecko) Chrome/120.0.0.0 Safari/537.36"
202.10.43.32 - - [26/Aug/2026:22:21:02 +0700] "POST /wp-cron.php?doing_wp_cron=1787757662.6814239025115966796875 HTTP/1.1" 200 0 "-" "WordPress/7.1; https://arlindo.ac.id"
158.23.184.117 - - [26/Aug/2026:22:21:03 +0700] "GET /admin.php HTTP/1.1" 404 16136 "-" "Mozilla/5.0 (Windows NT 10.0; Win64; x64) AppleWebKit/537.36 (KHTML, like Gecko) Chrome/120.0.0.0 Safari/537.36"
158.23.184.117 - - [26/Aug/2026:22:21:04 +0700] "GET /config.php HTTP/1.1" 404 16136 "-" "Mozilla/5.0 (Windows NT 10.0; Win64; x64) AppleWebKit/537.36 (KHTML, like Gecko) Chrome/120.0.0.0 Safari/537.36"
158.23.184.117 - - [26/Aug/2026:22:21:06 +0700] "GET /about/function.php HTTP/1.1" 404 16136 "-" "Mozilla/5.0 (Windows NT 10.0; Win64; x64) AppleWebKit/537.36 (KHTML, like Gecko) Chrome/120.0.0.0 Safari/537.36"
158.23.184.117 - - [26/Aug/2026:22:21:07 +0700] "GET /lock.php HTTP/1.1" 404 16136 "-" "Mozilla/5.0 (Windows NT 10.0; Win64; x64) AppleWebKit/537.36 (KHTML, like Gecko) Chrome/120.0.0.0 Safari/537.36"
202.10.43.32 - - [26/Aug/2026:22:21:10 +0700] "POST /wp-cron.php?doing_wp_cron=1787757670.2387580871582031250000 HTTP/1.1" 200 0 "-" "WordPress/7.1; https://arlindo.ac.id"
158.23.184.117 - - [26/Aug/2026:22:21:09 +0700] "GET /simple.php HTTP/1.1" 404 16136 "-" "Mozilla/5.0 (Windows NT 10.0; Win64; x64) AppleWebKit/537.36 (KHTML, like Gecko) Chrome/120.0.0.0 Safari/537.36"
158.23.184.117 - - [26/Aug/2026:22:21:10 +0700] "GET /radio.php HTTP/1.1" 404 16136 "-" "Mozilla/5.0 (Windows NT 10.0; Win64; x64) AppleWebKit/537.36 (KHTML, like Gecko) Chrome/120.0.0.0 Safari/537.36"
158.23.184.117 - - [26/Aug/2026:22:21:12 +0700] "GET /wp-mail.php HTTP/1.1" 403 970 "-" "Mozilla/5.0 (Windows NT 10.0; Win64; x64) AppleWebKit/537.36 (KHTML, like Gecko) Chrome/120.0.0.0 Safari/537.36"
158.23.184.117 - - [26/Aug/2026:22:21:12 +0700] "GET /wp-content/post.php HTTP/1.1" 404 16136 "-" "Mozilla/5.0 (Windows NT 10.0; Win64; x64) AppleWebKit/537.36 (KHTML, like Gecko) Chrome/120.0.0.0 Safari/537.36"
158.23.184.117 - - [26/Aug/2026:22:21:14 +0700] "GET /alfa.php HTTP/1.1" 404 16136 "-" "Mozilla/5.0 (Windows NT 10.0; Win64; x64) AppleWebKit/537.36 (KHTML, like Gecko) Chrome/120.0.0.0 Safari/537.36"
158.23.184.117 - - [26/Aug/2026:22:21:15 +0700] "GET /.well-known/acme-challenge/post.php HTTP/1.1" 404 15065 "-" "Mozilla/5.0 (Windows NT 10.0; Win64; x64) AppleWebKit/537.36 (KHTML, like Gecko) Chrome/120.0.0.0 Safari/537.36"
158.23.184.117 - - [26/Aug/2026:22:21:16 +0700] "GET /wp-content/plugins/post.php HTTP/1.1" 404 15065 "-" "Mozilla/5.0 (Windows NT 10.0; Win64; x64) AppleWebKit/537.36 (KHTML, like Gecko) Chrome/120.0.0.0 Safari/537.36"
158.23.184.117 - - [26/Aug/2026:22:21:19 +0700] "GET /text.php HTTP/1.1" 404 16136 "-" "Mozilla/5.0 (Windows NT 10.0; Win64; x64) AppleWebKit/537.36 (KHTML, like Gecko) Chrome/120.0.0.0 Safari/537.36"
158.23.184.117 - - [26/Aug/2026:22:21:20 +0700] "GET /autoload_classmap.php HTTP/1.1" 404 16136 "-" "Mozilla/5.0 (Windows NT 10.0; Win64; x64) AppleWebKit/537.36 (KHTML, like Gecko) Chrome/120.0.0.0 Safari/537.36"
