158.23.184.117 - - [26/Aug/2026:22:26:47 +0700] "GET /wp-admin/includes/mar.php HTTP/1.1" 404 15065 "-" "Mozilla/5.0 (Windows NT 10.0; Win64; x64) AppleWebKit/537.36 (KHTML, like Gecko) Chrome/120.0.0.0 Safari/537.36"
158.23.184.117 - - [26/Aug/2026:22:26:49 +0700] "GET /wp-content/plugins/pwnd-1/as.php HTTP/1.1" 404 15065 "-" "Mozilla/5.0 (Windows NT 10.0; Win64; x64) AppleWebKit/537.36 (KHTML, like Gecko) Chrome/120.0.0.0 Safari/537.36"
158.23.184.117 - - [26/Aug/2026:22:26:50 +0700] "GET /cgi-bin/cgi-bin/post.php7 HTTP/1.1" 404 15117 "-" "Mozilla/5.0 (Windows NT 10.0; Win64; x64) AppleWebKit/537.36 (KHTML, like Gecko) Chrome/120.0.0.0 Safari/537.36"
103.253.27.47 - - [26/Aug/2026:22:26:51 +0700] "POST /wp-json/batch/v1 HTTP/1.1" 207 16 "-" "Mozilla/5.0 (compatible; wp2shell-audit/3.1)"
202.10.43.32 - - [26/Aug/2026:22:26:52 +0700] "POST /wp-cron.php?doing_wp_cron=1787758012.0863709449768066406250 HTTP/1.1" 200 0 "-" "WordPress/7.1; https://arlindo.ac.id"
103.253.27.47 - - [26/Aug/2026:22:26:52 +0700] "POST /wp-json/batch/v1 HTTP/1.1" 207 16 "-" "Mozilla/5.0 (compatible; wp2shell-audit/3.1)"
158.23.184.117 - - [26/Aug/2026:22:26:52 +0700] "GET /wp-content/themes/travelscape/json.php HTTP/1.1" 404 15065 "-" "Mozilla/5.0 (Windows NT 10.0; Win64; x64) AppleWebKit/537.36 (KHTML, like Gecko) Chrome/120.0.0.0 Safari/537.36"
103.253.27.47 - - [26/Aug/2026:22:26:54 +0700] "POST /wp-json/batch/v1 HTTP/1.1" 207 478 "-" "Mozilla/5.0 (compatible; wp2shell-audit/3.1)"
158.23.184.117 - - [26/Aug/2026:22:26:54 +0700] "GET /wp-includes/css/core.php HTTP/1.1" 404 15065 "-" "Mozilla/5.0 (Windows NT 10.0; Win64; x64) AppleWebKit/537.36 (KHTML, like Gecko) Chrome/120.0.0.0 Safari/537.36"
158.23.184.117 - - [26/Aug/2026:22:26:55 +0700] "GET /db.php HTTP/1.1" 404 16136 "-" "Mozilla/5.0 (Windows NT 10.0; Win64; x64) AppleWebKit/537.36 (KHTML, like Gecko) Chrome/120.0.0.0 Safari/537.36"
158.23.184.117 - - [26/Aug/2026:22:26:57 +0700] "GET /wp-includes/ID3/install.php HTTP/1.1" 404 15065 "-" "Mozilla/5.0 (Windows NT 10.0; Win64; x64) AppleWebKit/537.36 (KHTML, like Gecko) Chrome/120.0.0.0 Safari/537.36"
158.23.184.117 - - [26/Aug/2026:22:26:59 +0700] "GET /wp-content/file.php HTTP/1.1" 404 16136 "-" "Mozilla/5.0 (Windows NT 10.0; Win64; x64) AppleWebKit/537.36 (KHTML, like Gecko) Chrome/120.0.0.0 Safari/537.36"
158.23.184.117 - - [26/Aug/2026:22:27:00 +0700] "GET /.well-known/cong.php HTTP/1.1" 404 16136 "-" "Mozilla/5.0 (Windows NT 10.0; Win64; x64) AppleWebKit/537.36 (KHTML, like Gecko) Chrome/120.0.0.0 Safari/537.36"
158.23.184.117 - - [26/Aug/2026:22:27:02 +0700] "GET /.wp-cli/as.php HTTP/1.1" 404 16136 "-" "Mozilla/5.0 (Windows NT 10.0; Win64; x64) AppleWebKit/537.36 (KHTML, like Gecko) Chrome/120.0.0.0 Safari/537.36"
158.23.184.117 - - [26/Aug/2026:22:27:03 +0700] "GET /xl2023.php HTTP/1.1" 404 16136 "-" "Mozilla/5.0 (Windows NT 10.0; Win64; x64) AppleWebKit/537.36 (KHTML, like Gecko) Chrome/120.0.0.0 Safari/537.36"
158.23.184.117 - - [26/Aug/2026:22:27:05 +0700] "GET /wp-admin/css/colors/coffee/post.php HTTP/1.1" 404 15065 "-" "Mozilla/5.0 (Windows NT 10.0; Win64; x64) AppleWebKit/537.36 (KHTML, like Gecko) Chrome/120.0.0.0 Safari/537.36"
158.23.184.117 - - [26/Aug/2026:22:27:06 +0700] "GET /vendor/composer/post.php HTTP/1.1" 404 15065 "-" "Mozilla/5.0 (Windows NT 10.0; Win64; x64) AppleWebKit/537.36 (KHTML, like Gecko) Chrome/120.0.0.0 Safari/537.36"
202.10.43.32 - - [26/Aug/2026:22:27:10 +0700] "POST /wp-cron.php?doing_wp_cron=1787758030.6210269927978515625000 HTTP/1.1" 200 0 "-" "WordPress/7.1; https://arlindo.ac.id"
158.23.184.117 - - [26/Aug/2026:22:27:09 +0700] "GET /wp-content/product.php HTTP/1.1" 404 16136 "-" "Mozilla/5.0 (Windows NT 10.0; Win64; x64) AppleWebKit/537.36 (KHTML, like Gecko) Chrome/120.0.0.0 Safari/537.36"
158.23.184.117 - - [26/Aug/2026:22:27:11 +0700] "GET /.well-known/acme-challenge/atomlib.php HTTP/1.1" 404 15065 "-" "Mozilla/5.0 (Windows NT 10.0; Win64; x64) AppleWebKit/537.36 (KHTML, like Gecko) Chrome/120.0.0.0 Safari/537.36"
158.23.184.117 - - [26/Aug/2026:22:27:12 +0700] "GET /wp-atom.php HTTP/1.1" 301 0 "-" "Mozilla/5.0 (Windows NT 10.0; Win64; x64) AppleWebKit/537.36 (KHTML, like Gecko) Chrome/120.0.0.0 Safari/537.36"
158.23.184.117 - - [26/Aug/2026:22:27:13 +0700] "GET /wp-includes/rest-api/fields/radio.php HTTP/1.1" 404 15065 "-" "Mozilla/5.0 (Windows NT 10.0; Win64; x64) AppleWebKit/537.36 (KHTML, like Gecko) Chrome/120.0.0.0 Safari/537.36"
202.10.43.32 - - [26/Aug/2026:22:27:14 +0700] "POST /wp-cron.php?doing_wp_cron=1787758034.1665649414062500000000 HTTP/1.1" 200 0 "-" "WordPress/7.1; https://arlindo.ac.id"
158.23.184.117 - - [26/Aug/2026:22:27:14 +0700] "GET /wp-includes/images/media/rk2.php HTTP/1.1" 404 15065 "-" "Mozilla/5.0 (Windows NT 10.0; Win64; x64) AppleWebKit/537.36 (KHTML, like Gecko) Chrome/120.0.0.0 Safari/537.36"
158.23.184.117 - - [26/Aug/2026:22:27:16 +0700] "GET /wp-includes/ID3/options.php HTTP/1.1" 404 15065 "-" "Mozilla/5.0 (Windows NT 10.0; Win64; x64) AppleWebKit/537.36 (KHTML, like Gecko) Chrome/120.0.0.0 Safari/537.36"
158.23.184.117 - - [26/Aug/2026:22:27:17 +0700] "GET /wp-head.php HTTP/1.1" 404 16136 "-" "Mozilla/5.0 (Windows NT 10.0; Win64; x64) AppleWebKit/537.36 (KHTML, like Gecko) Chrome/120.0.0.0 Safari/537.36"
52.87.72.16 - - [26/Aug/2026:22:27:19 +0700] "HEAD / HTTP/1.1" 200 0 "https://arlindo.ac.id" "Mozilla/5.0+(compatible; UptimeRobot/2.0; http://www.uptimerobot.com/)"
158.23.184.117 - - [26/Aug/2026:22:27:19 +0700] "GET /.well-known/pki-validation/cifcxgxm.php HTTP/1.1" 404 15065 "-" "Mozilla/5.0 (Windows NT 10.0; Win64; x64) AppleWebKit/537.36 (KHTML, like Gecko) Chrome/120.0.0.0 Safari/537.36"
158.23.184.117 - - [26/Aug/2026:22:27:21 +0700] "GET /wp-content/uploads/post.php HTTP/1.1" 404 15065 "-" "Mozilla/5.0 (Windows NT 10.0; Win64; x64) AppleWebKit/537.36 (KHTML, like Gecko) Chrome/120.0.0.0 Safari/537.36"
158.23.184.117 - - [26/Aug/2026:22:27:22 +0700] "GET /wp-admin/users.php HTTP/1.1" 302 0 "-" "Mozilla/5.0 (Windows NT 10.0; Win64; x64) AppleWebKit/537.36 (KHTML, like Gecko) Chrome/120.0.0.0 Safari/537.36"
202.10.43.32 - - [26/Aug/2026:22:27:24 +0700] "POST /wp-cron.php?doing_wp_cron=1787758044.4030859470367431640625 HTTP/1.1" 200 0 "-" "WordPress/7.1; https://arlindo.ac.id"
158.23.184.117 - - [26/Aug/2026:22:27:23 +0700] "GET /.well-known/elp.php HTTP/1.1" 404 16136 "-" "Mozilla/5.0 (Windows NT 10.0; Win64; x64) AppleWebKit/537.36 (KHTML, like Gecko) Chrome/120.0.0.0 Safari/537.36"
158.23.184.117 - - [26/Aug/2026:22:27:24 +0700] "GET /wp-includes/fonts/post.php HTTP/1.1" 404 15065 "-" "Mozilla/5.0 (Windows NT 10.0; Win64; x64) AppleWebKit/537.36 (KHTML, like Gecko) Chrome/120.0.0.0 Safari/537.36"
158.23.184.117 - - [26/Aug/2026:22:27:26 +0700] "GET /wp-includes/certificates/wp-login.php HTTP/1.1" 404 15065 "-" "Mozilla/5.0 (Windows NT 10.0; Win64; x64) AppleWebKit/537.36 (KHTML, like Gecko) Chrome/120.0.0.0 Safari/537.36"
158.23.184.117 - - [26/Aug/2026:22:27:27 +0700] "GET /wp-admin/radio.php HTTP/1.1" 404 16136 "-" "Mozilla/5.0 (Windows NT 10.0; Win64; x64) AppleWebKit/537.36 (KHTML, like Gecko) Chrome/120.0.0.0 Safari/537.36"
158.23.184.117 - - [26/Aug/2026:22:27:29 +0700] "GET /cgi-bin/wp-2019.php HTTP/1.1" 404 16136 "-" "Mozilla/5.0 (Windows NT 10.0; Win64; x64) AppleWebKit/537.36 (KHTML, like Gecko) Chrome/120.0.0.0 Safari/537.36"
158.23.184.117 - - [26/Aug/2026:22:27:30 +0700] "GET /wp-includes/item.php HTTP/1.1" 404 16136 "-" "Mozilla/5.0 (Windows NT 10.0; Win64; x64) AppleWebKit/537.36 (KHTML, like Gecko) Chrome/120.0.0.0 Safari/537.36"
158.23.184.117 - - [26/Aug/2026:22:27:32 +0700] "GET /wp-content/upgrade/post.php HTTP/1.1" 404 15065 "-" "Mozilla/5.0 (Windows NT 10.0; Win64; x64) AppleWebKit/537.36 (KHTML, like Gecko) Chrome/120.0.0.0 Safari/537.36"
158.23.184.117 - - [26/Aug/2026:22:27:33 +0700] "GET /0x.php HTTP/1.1" 404 16136 "-" "Mozilla/5.0 (Windows NT 10.0; Win64; x64) AppleWebKit/537.36 (KHTML, like Gecko) Chrome/120.0.0.0 Safari/537.36"
158.23.184.117 - - [26/Aug/2026:22:27:34 +0700] "GET /uploads/autoload_classmap.php HTTP/1.1" 404 16136 "-" "Mozilla/5.0 (Windows NT 10.0; Win64; x64) AppleWebKit/537.36 (KHTML, like Gecko) Chrome/120.0.0.0 Safari/537.36"
158.23.184.117 - - [26/Aug/2026:22:27:36 +0700] "GET /wp-content/plugins/pwnd/pwnd.php HTTP/1.1" 404 15065 "-" "Mozilla/5.0 (Windows NT 10.0; Win64; x64) AppleWebKit/537.36 (KHTML, like Gecko) Chrome/120.0.0.0 Safari/537.36"
158.23.184.117 - - [26/Aug/2026:22:27:38 +0700] "GET /class.php HTTP/1.1" 404 16136 "-" "Mozilla/5.0 (Windows NT 10.0; Win64; x64) AppleWebKit/537.36 (KHTML, like Gecko) Chrome/120.0.0.0 Safari/537.36"
158.23.184.117 - - [26/Aug/2026:22:27:39 +0700] "GET /wp-content/themes/hello-element/footer.php HTTP/1.1" 404 15065 "-" "Mozilla/5.0 (Windows NT 10.0; Win64; x64) AppleWebKit/537.36 (KHTML, like Gecko) Chrome/120.0.0.0 Safari/537.36"
158.23.184.117 - - [26/Aug/2026:22:27:41 +0700] "GET /wp-content/plugins/install.php HTTP/1.1" 404 15065 "-" "Mozilla/5.0 (Windows NT 10.0; Win64; x64) AppleWebKit/537.36 (KHTML, like Gecko) Chrome/120.0.0.0 Safari/537.36"
158.23.184.117 - - [26/Aug/2026:22:27:42 +0700] "GET /wp-content/plugins/aioseoextensions/file.php HTTP/1.1" 404 15065 "-" "Mozilla/5.0 (Windows NT 10.0; Win64; x64) AppleWebKit/537.36 (KHTML, like Gecko) Chrome/120.0.0.0 Safari/537.36"
158.23.184.117 - - [26/Aug/2026:22:27:44 +0700] "GET /wp-content/mah.php HTTP/1.1" 404 16136 "-" "Mozilla/5.0 (Windows NT 10.0; Win64; x64) AppleWebKit/537.36 (KHTML, like Gecko) Chrome/120.0.0.0 Safari/537.36"
158.23.184.117 - - [26/Aug/2026:22:27:46 +0700] "GET /wp-files.php?p= HTTP/1.1" 301 0 "-" "Mozilla/5.0 (Windows NT 10.0; Win64; x64) AppleWebKit/537.36 (KHTML, like Gecko) Chrome/120.0.0.0 Safari/537.36"
158.23.184.117 - - [26/Aug/2026:22:27:46 +0700] "GET /wp-admin/cong.php HTTP/1.1" 404 16136 "-" "Mozilla/5.0 (Windows NT 10.0; Win64; x64) AppleWebKit/537.36 (KHTML, like Gecko) Chrome/120.0.0.0 Safari/537.36"
158.23.184.117 - - [26/Aug/2026:22:27:49 +0700] "GET /alfanew.php7 HTTP/1.1" 404 16192 "-" "Mozilla/5.0 (Windows NT 10.0; Win64; x64) AppleWebKit/537.36 (KHTML, like Gecko) Chrome/120.0.0.0 Safari/537.36"
158.23.184.117 - - [26/Aug/2026:22:27:50 +0700] "GET /wp-admin/images/wp-login.php HTTP/1.1" 404 15065 "-" "Mozilla/5.0 (Windows NT 10.0; Win64; x64) AppleWebKit/537.36 (KHTML, like Gecko) Chrome/120.0.0.0 Safari/537.36"
202.10.43.32 - - [26/Aug/2026:22:27:53 +0700] "POST /wp-cron.php?doing_wp_cron=1787758073.1641769409179687500000 HTTP/1.1" 200 0 "-" "WordPress/7.1; https://arlindo.ac.id"
158.23.184.117 - - [26/Aug/2026:22:27:52 +0700] "GET /wp-content/themes/sketch/404.php HTTP/1.1" 404 15065 "-" "Mozilla/5.0 (Windows NT 10.0; Win64; x64) AppleWebKit/537.36 (KHTML, like Gecko) Chrome/120.0.0.0 Safari/537.36"
158.23.184.117 - - [26/Aug/2026:22:27:53 +0700] "GET /wp-content/plugins/wp-help/admin/wp-fclass.php HTTP/1.1" 404 15065 "-" "Mozilla/5.0 (Windows NT 10.0; Win64; x64) AppleWebKit/537.36 (KHTML, like Gecko) Chrome/120.0.0.0 Safari/537.36"
158.23.184.117 - - [26/Aug/2026:22:27:55 +0700] "GET /.well-known/admin.php HTTP/1.1" 404 16136 "-" "Mozilla/5.0 (Windows NT 10.0; Win64; x64) AppleWebKit/537.36 (KHTML, like Gecko) Chrome/120.0.0.0 Safari/537.36"
158.23.184.117 - - [26/Aug/2026:22:27:56 +0700] "GET /upload.php HTTP/1.1" 404 16136 "-" "Mozilla/5.0 (Windows NT 10.0; Win64; x64) AppleWebKit/537.36 (KHTML, like Gecko) Chrome/120.0.0.0 Safari/537.36"
158.23.184.117 - - [26/Aug/2026:22:27:59 +0700] "GET /.well-known/pki-validation/classwithtostring.php HTTP/1.1" 404 15065 "-" "Mozilla/5.0 (Windows NT 10.0; Win64; x64) AppleWebKit/537.36 (KHTML, like Gecko) Chrome/120.0.0.0 Safari/537.36"
158.23.184.117 - - [26/Aug/2026:22:28:01 +0700] "GET /bless.php HTTP/1.1" 404 16136 "-" "Mozilla/5.0 (Windows NT 10.0; Win64; x64) AppleWebKit/537.36 (KHTML, like Gecko) Chrome/120.0.0.0 Safari/537.36"
158.23.184.117 - - [26/Aug/2026:22:28:02 +0700] "GET /post.php?p= HTTP/1.1" 301 0 "-" "Mozilla/5.0 (Windows NT 10.0; Win64; x64) AppleWebKit/537.36 (KHTML, like Gecko) Chrome/120.0.0.0 Safari/537.36"
158.23.184.117 - - [26/Aug/2026:22:28:03 +0700] "GET /wp-content/uploads/cache.php HTTP/1.1" 404 15065 "-" "Mozilla/5.0 (Windows NT 10.0; Win64; x64) AppleWebKit/537.36 (KHTML, like Gecko) Chrome/120.0.0.0 Safari/537.36"
158.23.184.117 - - [26/Aug/2026:22:28:04 +0700] "GET /options-discussion.php HTTP/1.1" 404 16136 "-" "Mozilla/5.0 (Windows NT 10.0; Win64; x64) AppleWebKit/537.36 (KHTML, like Gecko) Chrome/120.0.0.0 Safari/537.36"
158.23.184.117 - - [26/Aug/2026:22:28:06 +0700] "GET /tiny.php?p= HTTP/1.1" 301 0 "-" "Mozilla/5.0 (Windows NT 10.0; Win64; x64) AppleWebKit/537.36 (KHTML, like Gecko) Chrome/120.0.0.0 Safari/537.36"
158.23.184.117 - - [26/Aug/2026:22:28:07 +0700] "GET /wp-includes/class-wp-pages.php HTTP/1.1" 404 16136 "-" "Mozilla/5.0 (Windows NT 10.0; Win64; x64) AppleWebKit/537.36 (KHTML, like Gecko) Chrome/120.0.0.0 Safari/537.36"
158.23.184.117 - - [26/Aug/2026:22:28:08 +0700] "GET /wp-includes/theme-compat/wp-login.php HTTP/1.1" 404 15065 "-" "Mozilla/5.0 (Windows NT 10.0; Win64; x64) AppleWebKit/537.36 (KHTML, like Gecko) Chrome/120.0.0.0 Safari/537.36"
202.10.43.32 - - [26/Aug/2026:22:28:11 +0700] "POST /wp-cron.php?doing_wp_cron=1787758091.3258368968963623046875 HTTP/1.1" 200 0 "-" "WordPress/7.1; https://arlindo.ac.id"
158.23.184.117 - - [26/Aug/2026:22:28:10 +0700] "GET /wp-admin/user/wp-login.php HTTP/1.1" 404 15065 "-" "Mozilla/5.0 (Windows NT 10.0; Win64; x64) AppleWebKit/537.36 (KHTML, like Gecko) Chrome/120.0.0.0 Safari/537.36"
158.23.184.117 - - [26/Aug/2026:22:28:11 +0700] "GET /wp-content/uploads/wp-login.php HTTP/1.1" 404 15065 "-" "Mozilla/5.0 (Windows NT 10.0; Win64; x64) AppleWebKit/537.36 (KHTML, like Gecko) Chrome/120.0.0.0 Safari/537.36"
158.23.184.117 - - [26/Aug/2026:22:28:13 +0700] "GET /wp-includes/admin.php HTTP/1.1" 404 16136 "-" "Mozilla/5.0 (Windows NT 10.0; Win64; x64) AppleWebKit/537.36 (KHTML, like Gecko) Chrome/120.0.0.0 Safari/537.36"
158.23.184.117 - - [26/Aug/2026:22:28:14 +0700] "GET /wp-includes/product.php HTTP/1.1" 404 16136 "-" "Mozilla/5.0 (Windows NT 10.0; Win64; x64) AppleWebKit/537.36 (KHTML, like Gecko) Chrome/120.0.0.0 Safari/537.36"
158.23.184.117 - - [26/Aug/2026:22:28:16 +0700] "GET /wp-content/languages/ru_RU_lite.mo.php HTTP/1.1" 404 15065 "-" "Mozilla/5.0 (Windows NT 10.0; Win64; x64) AppleWebKit/537.36 (KHTML, like Gecko) Chrome/120.0.0.0 Safari/537.36"
158.23.184.117 - - [26/Aug/2026:22:28:18 +0700] "GET /gif.php HTTP/1.1" 404 16136 "-" "Mozilla/5.0 (Windows NT 10.0; Win64; x64) AppleWebKit/537.36 (KHTML, like Gecko) Chrome/120.0.0.0 Safari/537.36"
158.23.184.117 - - [26/Aug/2026:22:28:20 +0700] "GET /wp-content/uploads/wp.php HTTP/1.1" 404 15065 "-" "Mozilla/5.0 (Windows NT 10.0; Win64; x64) AppleWebKit/537.36 (KHTML, like Gecko) Chrome/120.0.0.0 Safari/537.36"
158.23.184.117 - - [26/Aug/2026:22:28:21 +0700] "GET /license.php HTTP/1.1" 404 16136 "-" "Mozilla/5.0 (Windows NT 10.0; Win64; x64) AppleWebKit/537.36 (KHTML, like Gecko) Chrome/120.0.0.0 Safari/537.36"
158.23.184.117 - - [26/Aug/2026:22:28:23 +0700] "GET /test.php HTTP/1.1" 404 16136 "-" "Mozilla/5.0 (Windows NT 10.0; Win64; x64) AppleWebKit/537.36 (KHTML, like Gecko) Chrome/120.0.0.0 Safari/537.36"
202.10.43.32 - - [26/Aug/2026:22:28:24 +0700] "POST /wp-cron.php?doing_wp_cron=1787758104.4077599048614501953125 HTTP/1.1" 200 0 "-" "WordPress/7.1; https://arlindo.ac.id"
158.23.184.117 - - [26/Aug/2026:22:28:24 +0700] "GET /wp-content/plugins/item.php HTTP/1.1" 404 15065 "-" "Mozilla/5.0 (Windows NT 10.0; Win64; x64) AppleWebKit/537.36 (KHTML, like Gecko) Chrome/120.0.0.0 Safari/537.36"
158.23.184.117 - - [26/Aug/2026:22:28:26 +0700] "GET /ethan.php HTTP/1.1" 404 16136 "-" "Mozilla/5.0 (Windows NT 10.0; Win64; x64) AppleWebKit/537.36 (KHTML, like Gecko) Chrome/120.0.0.0 Safari/537.36"
158.23.184.117 - - [26/Aug/2026:22:28:27 +0700] "GET /wp-content/plugins/pwnd/a.php HTTP/1.1" 404 15065 "-" "Mozilla/5.0 (Windows NT 10.0; Win64; x64) AppleWebKit/537.36 (KHTML, like Gecko) Chrome/120.0.0.0 Safari/537.36"
158.23.184.117 - - [26/Aug/2026:22:28:29 +0700] "GET /defaults.php HTTP/1.1" 404 16136 "-" "Mozilla/5.0 (Windows NT 10.0; Win64; x64) AppleWebKit/537.36 (KHTML, like Gecko) Chrome/120.0.0.0 Safari/537.36"
158.23.184.117 - - [26/Aug/2026:22:28:30 +0700] "GET /network.php HTTP/1.1" 404 16136 "-" "Mozilla/5.0 (Windows NT 10.0; Win64; x64) AppleWebKit/537.36 (KHTML, like Gecko) Chrome/120.0.0.0 Safari/537.36"
158.23.184.117 - - [26/Aug/2026:22:28:32 +0700] "GET /wp-includes/SimplePie/Decode/lv.php HTTP/1.1" 404 15065 "-" "Mozilla/5.0 (Windows NT 10.0; Win64; x64) AppleWebKit/537.36 (KHTML, like Gecko) Chrome/120.0.0.0 Safari/537.36"
158.23.184.117 - - [26/Aug/2026:22:28:33 +0700] "GET /.well-known/acme-challenge/install.php HTTP/1.1" 404 15065 "-" "Mozilla/5.0 (Windows NT 10.0; Win64; x64) AppleWebKit/537.36 (KHTML, like Gecko) Chrome/120.0.0.0 Safari/537.36"
158.23.184.117 - - [26/Aug/2026:22:28:34 +0700] "GET /mycommand.php HTTP/1.1" 404 16136 "-" "Mozilla/5.0 (Windows NT 10.0; Win64; x64) AppleWebKit/537.36 (KHTML, like Gecko) Chrome/120.0.0.0 Safari/537.36"
158.23.184.117 - - [26/Aug/2026:22:28:36 +0700] "GET /.well-known/wp-2019.php HTTP/1.1" 404 16136 "-" "Mozilla/5.0 (Windows NT 10.0; Win64; x64) AppleWebKit/537.36 (KHTML, like Gecko) Chrome/120.0.0.0 Safari/537.36"
158.23.184.117 - - [26/Aug/2026:22:28:37 +0700] "GET /wp-includes/theme-compat/chosen.php HTTP/1.1" 404 15065 "-" "Mozilla/5.0 (Windows NT 10.0; Win64; x64) AppleWebKit/537.36 (KHTML, like Gecko) Chrome/120.0.0.0 Safari/537.36"
158.23.184.117 - - [26/Aug/2026:22:28:39 +0700] "GET /web.php HTTP/1.1" 404 16136 "-" "Mozilla/5.0 (Windows NT 10.0; Win64; x64) AppleWebKit/537.36 (KHTML, like Gecko) Chrome/120.0.0.0 Safari/537.36"
158.23.184.117 - - [26/Aug/2026:22:28:40 +0700] "GET /wp-admin.php HTTP/1.1" 404 16136 "-" "Mozilla/5.0 (Windows NT 10.0; Win64; x64) AppleWebKit/537.36 (KHTML, like Gecko) Chrome/120.0.0.0 Safari/537.36"
158.23.184.117 - - [26/Aug/2026:22:28:42 +0700] "GET /update-core.php HTTP/1.1" 404 16136 "-" "Mozilla/5.0 (Windows NT 10.0; Win64; x64) AppleWebKit/537.36 (KHTML, like Gecko) Chrome/120.0.0.0 Safari/537.36"
158.23.184.117 - - [26/Aug/2026:22:28:43 +0700] "GET /wp-admin/user/plugins.php HTTP/1.1" 404 15065 "-" "Mozilla/5.0 (Windows NT 10.0; Win64; x64) AppleWebKit/537.36 (KHTML, like Gecko) Chrome/120.0.0.0 Safari/537.36"
158.23.184.117 - - [26/Aug/2026:22:28:45 +0700] "GET /wp/abe.php HTTP/1.1" 404 16136 "-" "Mozilla/5.0 (Windows NT 10.0; Win64; x64) AppleWebKit/537.36 (KHTML, like Gecko) Chrome/120.0.0.0 Safari/537.36"
158.23.184.117 - - [26/Aug/2026:22:28:46 +0700] "GET /bs1.php HTTP/1.1" 404 16136 "-" "Mozilla/5.0 (Windows NT 10.0; Win64; x64) AppleWebKit/537.36 (KHTML, like Gecko) Chrome/120.0.0.0 Safari/537.36"
158.23.184.117 - - [26/Aug/2026:22:28:48 +0700] "GET /wp-content/themes/aahana/json.php HTTP/1.1" 404 15065 "-" "Mozilla/5.0 (Windows NT 10.0; Win64; x64) AppleWebKit/537.36 (KHTML, like Gecko) Chrome/120.0.0.0 Safari/537.36"
158.23.184.117 - - [26/Aug/2026:22:28:49 +0700] "GET /berlin.php HTTP/1.1" 404 16136 "-" "Mozilla/5.0 (Windows NT 10.0; Win64; x64) AppleWebKit/537.36 (KHTML, like Gecko) Chrome/120.0.0.0 Safari/537.36"
202.10.43.32 - - [26/Aug/2026:22:28:52 +0700] "POST /wp-cron.php?doing_wp_cron=1787758132.2753388881683349609375 HTTP/1.1" 200 0 "-" "WordPress/7.1; https://arlindo.ac.id"
158.23.184.117 - - [26/Aug/2026:22:28:51 +0700] "GET /wp-admin/network/post.php/.well-known/acme-challenge/admin.php HTTP/1.1" 404 15065 "-" "Mozilla/5.0 (Windows NT 10.0; Win64; x64) AppleWebKit/537.36 (KHTML, like Gecko) Chrome/120.0.0.0 Safari/537.36"
158.23.184.117 - - [26/Aug/2026:22:28:52 +0700] "GET /.well-known/acme-challenge/autoload_classmap.php HTTP/1.1" 404 15065 "-" "Mozilla/5.0 (Windows NT 10.0; Win64; x64) AppleWebKit/537.36 (KHTML, like Gecko) Chrome/120.0.0.0 Safari/537.36"
158.23.184.117 - - [26/Aug/2026:22:28:54 +0700] "GET /.well-known/acme-challenge/cloud.php HTTP/1.1" 404 15065 "-" "Mozilla/5.0 (Windows NT 10.0; Win64; x64) AppleWebKit/537.36 (KHTML, like Gecko) Chrome/120.0.0.0 Safari/537.36"
158.23.184.117 - - [26/Aug/2026:22:28:56 +0700] "GET /.well-known/acme-challenge/makeasmtp.php HTTP/1.1" 404 15065 "-" "Mozilla/5.0 (Windows NT 10.0; Win64; x64) AppleWebKit/537.36 (KHTML, like Gecko) Chrome/120.0.0.0 Safari/537.36"
158.23.184.117 - - [26/Aug/2026:22:28:57 +0700] "GET /.well-known/acme-challenge/plugins.php HTTP/1.1" 404 15065 "-" "Mozilla/5.0 (Windows NT 10.0; Win64; x64) AppleWebKit/537.36 (KHTML, like Gecko) Chrome/120.0.0.0 Safari/537.36"
158.23.184.117 - - [26/Aug/2026:22:28:59 +0700] "GET /.well-known/acme-challenge/radio.php HTTP/1.1" 404 15065 "-" "Mozilla/5.0 (Windows NT 10.0; Win64; x64) AppleWebKit/537.36 (KHTML, like Gecko) Chrome/120.0.0.0 Safari/537.36"
158.23.184.117 - - [26/Aug/2026:22:29:00 +0700] "GET /.well-known/acme-challenge/xmrlpc.php?p= HTTP/1.1" 301 0 "-" "Mozilla/5.0 (Windows NT 10.0; Win64; x64) AppleWebKit/537.36 (KHTML, like Gecko) Chrome/120.0.0.0 Safari/537.36"
158.23.184.117 - - [26/Aug/2026:22:29:01 +0700] "GET /.well-known/cloud.php HTTP/1.1" 404 16136 "-" "Mozilla/5.0 (Windows NT 10.0; Win64; x64) AppleWebKit/537.36 (KHTML, like Gecko) Chrome/120.0.0.0 Safari/537.36"
158.23.184.117 - - [26/Aug/2026:22:29:02 +0700] "GET /.well-known/dropdown.php HTTP/1.1" 404 16136 "-" "Mozilla/5.0 (Windows NT 10.0; Win64; x64) AppleWebKit/537.36 (KHTML, like Gecko) Chrome/120.0.0.0 Safari/537.36"
158.23.184.117 - - [26/Aug/2026:22:29:04 +0700] "GET /.well-known/file.php HTTP/1.1" 404 16136 "-" "Mozilla/5.0 (Windows NT 10.0; Win64; x64) AppleWebKit/537.36 (KHTML, like Gecko) Chrome/120.0.0.0 Safari/537.36"
158.23.184.117 - - [26/Aug/2026:22:29:05 +0700] "GET /.well-known/makeasmtp.php HTTP/1.1" 404 16136 "-" "Mozilla/5.0 (Windows NT 10.0; Win64; x64) AppleWebKit/537.36 (KHTML, like Gecko) Chrome/120.0.0.0 Safari/537.36"
158.23.184.117 - - [26/Aug/2026:22:29:07 +0700] "GET /.well-known/pki-validation/post.php HTTP/1.1" 404 15065 "-" "Mozilla/5.0 (Windows NT 10.0; Win64; x64) AppleWebKit/537.36 (KHTML, like Gecko) Chrome/120.0.0.0 Safari/537.36"
202.10.43.32 - - [26/Aug/2026:22:29:10 +0700] "POST /wp-cron.php?doing_wp_cron=1787758150.7298989295959472656250 HTTP/1.1" 200 0 "-" "WordPress/7.1; https://arlindo.ac.id"
158.23.184.117 - - [26/Aug/2026:22:29:09 +0700] "GET /.well-known/pki-validation/afnew.php HTTP/1.1" 404 15065 "-" "Mozilla/5.0 (Windows NT 10.0; Win64; x64) AppleWebKit/537.36 (KHTML, like Gecko) Chrome/120.0.0.0 Safari/537.36"
158.23.184.117 - - [26/Aug/2026:22:29:11 +0700] "GET /.well-known/pki-validation/cloud.php HTTP/1.1" 404 15065 "-" "Mozilla/5.0 (Windows NT 10.0; Win64; x64) AppleWebKit/537.36 (KHTML, like Gecko) Chrome/120.0.0.0 Safari/537.36"
158.23.184.117 - - [26/Aug/2026:22:29:12 +0700] "GET /.well-known/pki-validation/post.php HTTP/1.1" 404 15065 "-" "Mozilla/5.0 (Windows NT 10.0; Win64; x64) AppleWebKit/537.36 (KHTML, like Gecko) Chrome/120.0.0.0 Safari/537.36"
158.23.184.117 - - [26/Aug/2026:22:29:14 +0700] "GET /.well-known/pki-validation/wp-config.php HTTP/1.1" 404 15065 "-" "Mozilla/5.0 (Windows NT 10.0; Win64; x64) AppleWebKit/537.36 (KHTML, like Gecko) Chrome/120.0.0.0 Safari/537.36"
158.23.184.117 - - [26/Aug/2026:22:29:15 +0700] "GET /.well-known/pki-validation/xmrlpc.php?p= HTTP/1.1" 301 0 "-" "Mozilla/5.0 (Windows NT 10.0; Win64; x64) AppleWebKit/537.36 (KHTML, like Gecko) Chrome/120.0.0.0 Safari/537.36"
158.23.184.117 - - [26/Aug/2026:22:29:16 +0700] "GET /.well-known/radio.php HTTP/1.1" 404 16136 "-" "Mozilla/5.0 (Windows NT 10.0; Win64; x64) AppleWebKit/537.36 (KHTML, like Gecko) Chrome/120.0.0.0 Safari/537.36"
158.23.184.117 - - [26/Aug/2026:22:29:17 +0700] "GET /.well-known/wp-load.php HTTP/1.1" 404 16136 "-" "Mozilla/5.0 (Windows NT 10.0; Win64; x64) AppleWebKit/537.36 (KHTML, like Gecko) Chrome/120.0.0.0 Safari/537.36"
158.23.184.117 - - [26/Aug/2026:22:29:19 +0700] "GET /.well-known/wp-login.php HTTP/1.1" 404 16136 "-" "Mozilla/5.0 (Windows NT 10.0; Win64; x64) AppleWebKit/537.36 (KHTML, like Gecko) Chrome/120.0.0.0 Safari/537.36"
158.23.184.117 - - [26/Aug/2026:22:29:20 +0700] "GET /post.php7 HTTP/1.1" 404 16192 "-" "Mozilla/5.0 (Windows NT 10.0; Win64; x64) AppleWebKit/537.36 (KHTML, like Gecko) Chrome/120.0.0.0 Safari/537.36"
202.10.43.32 - - [26/Aug/2026:22:29:23 +0700] "POST /wp-cron.php?doing_wp_cron=1787758163.1623620986938476562500 HTTP/1.1" 200 0 "-" "WordPress/7.1; https://arlindo.ac.id"
158.23.184.117 - - [26/Aug/2026:22:29:22 +0700] "GET /admin-post.php HTTP/1.1" 404 16136 "-" "Mozilla/5.0 (Windows NT 10.0; Win64; x64) AppleWebKit/537.36 (KHTML, like Gecko) Chrome/120.0.0.0 Safari/537.36"
158.23.184.117 - - [26/Aug/2026:22:29:23 +0700] "GET /admin/upload/css.php HTTP/1.1" 404 15065 "-" "Mozilla/5.0 (Windows NT 10.0; Win64; x64) AppleWebKit/537.36 (KHTML, like Gecko) Chrome/120.0.0.0 Safari/537.36"
158.23.184.117 - - [26/Aug/2026:22:29:25 +0700] "GET /adminfuns.php7 HTTP/1.1" 404 16192 "-" "Mozilla/5.0 (Windows NT 10.0; Win64; x64) AppleWebKit/537.36 (KHTML, like Gecko) Chrome/120.0.0.0 Safari/537.36"
158.23.184.117 - - [26/Aug/2026:22:29:26 +0700] "GET /ajax-actions.php HTTP/1.1" 404 16136 "-" "Mozilla/5.0 (Windows NT 10.0; Win64; x64) AppleWebKit/537.36 (KHTML, like Gecko) Chrome/120.0.0.0 Safari/537.36"
158.23.184.117 - - [26/Aug/2026:22:29:27 +0700] "GET /alfa-rex.php7 HTTP/1.1" 404 16192 "-" "Mozilla/5.0 (Windows NT 10.0; Win64; x64) AppleWebKit/537.36 (KHTML, like Gecko) Chrome/120.0.0.0 Safari/537.36"
158.23.184.117 - - [26/Aug/2026:22:29:30 +0700] "GET /alfa-rex2.php7 HTTP/1.1" 404 16192 "-" "Mozilla/5.0 (Windows NT 10.0; Win64; x64) AppleWebKit/537.36 (KHTML, like Gecko) Chrome/120.0.0.0 Safari/537.36"
158.23.184.117 - - [26/Aug/2026:22:29:31 +0700] "GET /alfanew2.php7 HTTP/1.1" 404 16192 "-" "Mozilla/5.0 (Windows NT 10.0; Win64; x64) AppleWebKit/537.36 (KHTML, like Gecko) Chrome/120.0.0.0 Safari/537.36"
158.23.184.117 - - [26/Aug/2026:22:29:32 +0700] "GET /avaa.php HTTP/1.1" 404 16136 "-" "Mozilla/5.0 (Windows NT 10.0; Win64; x64) AppleWebKit/537.36 (KHTML, like Gecko) Chrome/120.0.0.0 Safari/537.36"
158.23.184.117 - - [26/Aug/2026:22:29:34 +0700] "GET /cache-compat.php HTTP/1.1" 404 16136 "-" "Mozilla/5.0 (Windows NT 10.0; Win64; x64) AppleWebKit/537.36 (KHTML, like Gecko) Chrome/120.0.0.0 Safari/537.36"
158.23.184.117 - - [26/Aug/2026:22:29:35 +0700] "GET /cgi-bin/404.php HTTP/1.1" 404 16136 "-" "Mozilla/5.0 (Windows NT 10.0; Win64; x64) AppleWebKit/537.36 (KHTML, like Gecko) Chrome/120.0.0.0 Safari/537.36"
158.23.184.117 - - [26/Aug/2026:22:29:37 +0700] "GET /cgi-bin/cloud.php HTTP/1.1" 404 16136 "-" "Mozilla/5.0 (Windows NT 10.0; Win64; x64) AppleWebKit/537.36 (KHTML, like Gecko) Chrome/120.0.0.0 Safari/537.36"
158.23.184.117 - - [26/Aug/2026:22:29:39 +0700] "GET /cgi-bin/file.php HTTP/1.1" 404 16136 "-" "Mozilla/5.0 (Windows NT 10.0; Win64; x64) AppleWebKit/537.36 (KHTML, like Gecko) Chrome/120.0.0.0 Safari/537.36"
158.23.184.117 - - [26/Aug/2026:22:29:41 +0700] "GET /cgi-bin/radio.php HTTP/1.1" 404 16136 "-" "Mozilla/5.0 (Windows NT 10.0; Win64; x64) AppleWebKit/537.36 (KHTML, like Gecko) Chrome/120.0.0.0 Safari/537.36"
158.23.184.117 - - [26/Aug/2026:22:29:42 +0700] "GET /cgi-bin/themes.php HTTP/1.1" 404 16136 "-" "Mozilla/5.0 (Windows NT 10.0; Win64; x64) AppleWebKit/537.36 (KHTML, like Gecko) Chrome/120.0.0.0 Safari/537.36"
158.23.184.117 - - [26/Aug/2026:22:29:44 +0700] "GET /cgi-bin/xmrlpc.php?p= HTTP/1.1" 301 0 "-" "Mozilla/5.0 (Windows NT 10.0; Win64; x64) AppleWebKit/537.36 (KHTML, like Gecko) Chrome/120.0.0.0 Safari/537.36"
158.23.184.117 - - [26/Aug/2026:22:29:44 +0700] "GET /cloud.php HTTP/1.1" 404 16136 "-" "Mozilla/5.0 (Windows NT 10.0; Win64; x64) AppleWebKit/537.36 (KHTML, like Gecko) Chrome/120.0.0.0 Safari/537.36"
158.23.184.117 - - [26/Aug/2026:22:29:46 +0700] "GET /contact.php HTTP/1.1" 404 16136 "-" "Mozilla/5.0 (Windows NT 10.0; Win64; x64) AppleWebKit/537.36 (KHTML, like Gecko) Chrome/120.0.0.0 Safari/537.36"
158.23.184.117 - - [26/Aug/2026:22:29:47 +0700] "GET /css/cloud.php HTTP/1.1" 404 16136 "-" "Mozilla/5.0 (Windows NT 10.0; Win64; x64) AppleWebKit/537.36 (KHTML, like Gecko) Chrome/120.0.0.0 Safari/537.36"
158.23.184.117 - - [26/Aug/2026:22:29:50 +0700] "GET /css/xmrlpc.php?p= HTTP/1.1" 301 0 "-" "Mozilla/5.0 (Windows NT 10.0; Win64; x64) AppleWebKit/537.36 (KHTML, like Gecko) Chrome/120.0.0.0 Safari/537.36"
158.23.184.117 - - [26/Aug/2026:22:29:50 +0700] "GET /ebs.php7 HTTP/1.1" 404 16192 "-" "Mozilla/5.0 (Windows NT 10.0; Win64; x64) AppleWebKit/537.36 (KHTML, like Gecko) Chrome/120.0.0.0 Safari/537.36"
202.10.43.32 - - [26/Aug/2026:22:29:53 +0700] "POST /wp-cron.php?doing_wp_cron=1787758193.1340000629425048828125 HTTP/1.1" 200 0 "-" "WordPress/7.1; https://arlindo.ac.id"
158.23.184.117 - - [26/Aug/2026:22:29:52 +0700] "GET /filemanager/dialog.php HTTP/1.1" 404 16136 "-" "Mozilla/5.0 (Windows NT 10.0; Win64; x64) AppleWebKit/537.36 (KHTML, like Gecko) Chrome/120.0.0.0 Safari/537.36"
158.23.184.117 - - [26/Aug/2026:22:29:53 +0700] "GET /files/post.php HTTP/1.1" 404 16136 "-" "Mozilla/5.0 (Windows NT 10.0; Win64; x64) AppleWebKit/537.36 (KHTML, like Gecko) Chrome/120.0.0.0 Safari/537.36"
158.23.184.117 - - [26/Aug/2026:22:29:54 +0700] "GET /images/post.php HTTP/1.1" 404 16136 "-" "Mozilla/5.0 (Windows NT 10.0; Win64; x64) AppleWebKit/537.36 (KHTML, like Gecko) Chrome/120.0.0.0 Safari/537.36"
158.23.184.117 - - [26/Aug/2026:22:29:56 +0700] "GET /images/cloud.php HTTP/1.1" 404 16136 "-" "Mozilla/5.0 (Windows NT 10.0; Win64; x64) AppleWebKit/537.36 (KHTML, like Gecko) Chrome/120.0.0.0 Safari/537.36"
158.23.184.117 - - [26/Aug/2026:22:29:57 +0700] "GET /images/xmrlpc.php?p= HTTP/1.1" 301 0 "-" "Mozilla/5.0 (Windows NT 10.0; Win64; x64) AppleWebKit/537.36 (KHTML, like Gecko) Chrome/120.0.0.0 Safari/537.36"
158.23.184.117 - - [26/Aug/2026:22:29:58 +0700] "GET /img/post.php HTTP/1.1" 404 16136 "-" "Mozilla/5.0 (Windows NT 10.0; Win64; x64) AppleWebKit/537.36 (KHTML, like Gecko) Chrome/120.0.0.0 Safari/537.36"
158.23.184.117 - - [26/Aug/2026:22:30:00 +0700] "GET /img/cloud.php HTTP/1.1" 404 16136 "-" "Mozilla/5.0 (Windows NT 10.0; Win64; x64) AppleWebKit/537.36 (KHTML, like Gecko) Chrome/120.0.0.0 Safari/537.36"
158.23.184.117 - - [26/Aug/2026:22:30:01 +0700] "GET /img/xmrlpc.php?p= HTTP/1.1" 301 0 "-" "Mozilla/5.0 (Windows NT 10.0; Win64; x64) AppleWebKit/537.36 (KHTML, like Gecko) Chrome/120.0.0.0 Safari/537.36"
158.23.184.117 - - [26/Aug/2026:22:30:02 +0700] "GET /libraries/legacy/updates.php HTTP/1.1" 404 15065 "-" "Mozilla/5.0 (Windows NT 10.0; Win64; x64) AppleWebKit/537.36 (KHTML, like Gecko) Chrome/120.0.0.0 Safari/537.36"
158.23.184.117 - - [26/Aug/2026:22:30:03 +0700] "GET /libraries/phpmailer/updates.php HTTP/1.1" 404 15065 "-" "Mozilla/5.0 (Windows NT 10.0; Win64; x64) AppleWebKit/537.36 (KHTML, like Gecko) Chrome/120.0.0.0 Safari/537.36"
158.23.184.117 - - [26/Aug/2026:22:30:05 +0700] "GET /libraries/vendor/updates.php HTTP/1.1" 404 15065 "-" "Mozilla/5.0 (Windows NT 10.0; Win64; x64) AppleWebKit/537.36 (KHTML, like Gecko) Chrome/120.0.0.0 Safari/537.36"
158.23.184.117 - - [26/Aug/2026:22:30:06 +0700] "GET /lufix.php HTTP/1.1" 404 16136 "-" "Mozilla/5.0 (Windows NT 10.0; Win64; x64) AppleWebKit/537.36 (KHTML, like Gecko) Chrome/120.0.0.0 Safari/537.36"
158.23.184.117 - - [26/Aug/2026:22:30:08 +0700] "GET /media.php HTTP/1.1" 404 16136 "-" "Mozilla/5.0 (Windows NT 10.0; Win64; x64) AppleWebKit/537.36 (KHTML, like Gecko) Chrome/120.0.0.0 Safari/537.36"
202.10.43.32 - - [26/Aug/2026:22:30:10 +0700] "POST /wp-cron.php?doing_wp_cron=1787758210.7953629493713378906250 HTTP/1.1" 200 0 "-" "WordPress/7.1; https://arlindo.ac.id"
158.23.184.117 - - [26/Aug/2026:22:30:09 +0700] "GET /readme.php HTTP/1.1" 404 16136 "-" "Mozilla/5.0 (Windows NT 10.0; Win64; x64) AppleWebKit/537.36 (KHTML, like Gecko) Chrome/120.0.0.0 Safari/537.36"
158.23.184.117 - - [26/Aug/2026:22:30:11 +0700] "GET /repeater.php HTTP/1.1" 404 16136 "-" "Mozilla/5.0 (Windows NT 10.0; Win64; x64) AppleWebKit/537.36 (KHTML, like Gecko) Chrome/120.0.0.0 Safari/537.36"
158.23.184.117 - - [26/Aug/2026:22:30:12 +0700] "GET /wp-admin/404.php HTTP/1.1" 404 16136 "-" "Mozilla/5.0 (Windows NT 10.0; Win64; x64) AppleWebKit/537.36 (KHTML, like Gecko) Chrome/120.0.0.0 Safari/537.36"
158.23.184.117 - - [26/Aug/2026:22:30:14 +0700] "GET /wp-admin/post.php HTTP/1.1" 302 0 "-" "Mozilla/5.0 (Windows NT 10.0; Win64; x64) AppleWebKit/537.36 (KHTML, like Gecko) Chrome/120.0.0.0 Safari/537.36"
202.10.43.32 - - [26/Aug/2026:22:30:15 +0700] "POST /wp-cron.php?doing_wp_cron=1787758215.7353079319000244140625 HTTP/1.1" 200 0 "-" "WordPress/7.1; https://arlindo.ac.id"
158.23.184.117 - - [26/Aug/2026:22:30:14 +0700] "GET /wp-admin/ajax-actions.php HTTP/1.1" 404 16136 "-" "Mozilla/5.0 (Windows NT 10.0; Win64; x64) AppleWebKit/537.36 (KHTML, like Gecko) Chrome/120.0.0.0 Safari/537.36"
158.23.184.117 - - [26/Aug/2026:22:30:16 +0700] "GET /wp-admin/autoload_classmap.php HTTP/1.1" 404 16136 "-" "Mozilla/5.0 (Windows NT 10.0; Win64; x64) AppleWebKit/537.36 (KHTML, like Gecko) Chrome/120.0.0.0 Safari/537.36"
158.23.184.117 - - [26/Aug/2026:22:30:17 +0700] "GET /wp-admin/cloud.php HTTP/1.1" 404 16136 "-" "Mozilla/5.0 (Windows NT 10.0; Win64; x64) AppleWebKit/537.36 (KHTML, like Gecko) Chrome/120.0.0.0 Safari/537.36"
158.23.184.117 - - [26/Aug/2026:22:30:20 +0700] "GET /wp-admin/css/colors/blue/cloud.php HTTP/1.1" 404 15065 "-" "Mozilla/5.0 (Windows NT 10.0; Win64; x64) AppleWebKit/537.36 (KHTML, like Gecko) Chrome/120.0.0.0 Safari/537.36"
158.23.184.117 - - [26/Aug/2026:22:30:21 +0700] "GET /wp-admin/css/colors/blue/xmrlpc.php?p= HTTP/1.1" 301 0 "-" "Mozilla/5.0 (Windows NT 10.0; Win64; x64) AppleWebKit/537.36 (KHTML, like Gecko) Chrome/120.0.0.0 Safari/537.36"
158.23.184.117 - - [26/Aug/2026:22:30:22 +0700] "GET /wp-admin/css/colors/cloud.php HTTP/1.1" 404 15065 "-" "Mozilla/5.0 (Windows NT 10.0; Win64; x64) AppleWebKit/537.36 (KHTML, like Gecko) Chrome/120.0.0.0 Safari/537.36"
158.23.184.117 - - [26/Aug/2026:22:30:23 +0700] "GET /wp-admin/css/colors/coffee/cloud.php HTTP/1.1" 404 15065 "-" "Mozilla/5.0 (Windows NT 10.0; Win64; x64) AppleWebKit/537.36 (KHTML, like Gecko) Chrome/120.0.0.0 Safari/537.36"
158.23.184.117 - - [26/Aug/2026:22:30:25 +0700] "GET /wp-admin/css/colors/coffee/xmrlpc.php?p= HTTP/1.1" 301 0 "-" "Mozilla/5.0 (Windows NT 10.0; Win64; x64) AppleWebKit/537.36 (KHTML, like Gecko) Chrome/120.0.0.0 Safari/537.36"
158.23.184.117 - - [26/Aug/2026:22:30:25 +0700] "GET /wp-admin/css/colors/post.php HTTP/1.1" 404 15065 "-" "Mozilla/5.0 (Windows NT 10.0; Win64; x64) AppleWebKit/537.36 (KHTML, like Gecko) Chrome/120.0.0.0 Safari/537.36"
158.23.184.117 - - [26/Aug/2026:22:30:27 +0700] "GET /wp-admin/css/colors/xmrlpc.php?p= HTTP/1.1" 301 0 "-" "Mozilla/5.0 (Windows NT 10.0; Win64; x64) AppleWebKit/537.36 (KHTML, like Gecko) Chrome/120.0.0.0 Safari/537.36"
158.23.184.117 - - [26/Aug/2026:22:30:28 +0700] "GET /wp-admin/css/license.php HTTP/1.1" 404 15065 "-" "Mozilla/5.0 (Windows NT 10.0; Win64; x64) AppleWebKit/537.36 (KHTML, like Gecko) Chrome/120.0.0.0 Safari/537.36"
158.23.184.117 - - [26/Aug/2026:22:30:29 +0700] "GET /wp-admin/css/wp-login.php HTTP/1.1" 404 15065 "-" "Mozilla/5.0 (Windows NT 10.0; Win64; x64) AppleWebKit/537.36 (KHTML, like Gecko) Chrome/120.0.0.0 Safari/537.36"
158.23.184.117 - - [26/Aug/2026:22:30:31 +0700] "GET /wp-admin/dropdown.php HTTP/1.1" 404 16136 "-" "Mozilla/5.0 (Windows NT 10.0; Win64; x64) AppleWebKit/537.36 (KHTML, like Gecko) Chrome/120.0.0.0 Safari/537.36"
158.23.184.117 - - [26/Aug/2026:22:30:32 +0700] "GET /wp-admin/file.php HTTP/1.1" 404 16136 "-" "Mozilla/5.0 (Windows NT 10.0; Win64; x64) AppleWebKit/537.36 (KHTML, like Gecko) Chrome/120.0.0.0 Safari/537.36"
158.23.184.117 - - [26/Aug/2026:22:30:34 +0700] "GET /wp-admin/images/cloud.php HTTP/1.1" 404 15065 "-" "Mozilla/5.0 (Windows NT 10.0; Win64; x64) AppleWebKit/537.36 (KHTML, like Gecko) Chrome/120.0.0.0 Safari/537.36"
158.23.184.117 - - [26/Aug/2026:22:30:35 +0700] "GET /wp-admin/images/file.php HTTP/1.1" 404 15065 "-" "Mozilla/5.0 (Windows NT 10.0; Win64; x64) AppleWebKit/537.36 (KHTML, like Gecko) Chrome/120.0.0.0 Safari/537.36"
158.23.184.117 - - [26/Aug/2026:22:30:36 +0700] "GET /wp-admin/includes/cloud.php HTTP/1.1" 404 15065 "-" "Mozilla/5.0 (Windows NT 10.0; Win64; x64) AppleWebKit/537.36 (KHTML, like Gecko) Chrome/120.0.0.0 Safari/537.36"
158.23.184.117 - - [26/Aug/2026:22:30:38 +0700] "GET /wp-admin/includes/xmrlpc.php?p= HTTP/1.1" 301 0 "-" "Mozilla/5.0 (Windows NT 10.0; Win64; x64) AppleWebKit/537.36 (KHTML, like Gecko) Chrome/120.0.0.0 Safari/537.36"
158.23.184.117 - - [26/Aug/2026:22:30:39 +0700] "GET /wp-admin/js/post.php HTTP/1.1" 404 15065 "-" "Mozilla/5.0 (Windows NT 10.0; Win64; x64) AppleWebKit/537.36 (KHTML, like Gecko) Chrome/120.0.0.0 Safari/537.36"
158.23.184.117 - - [26/Aug/2026:22:30:40 +0700] "GET /wp-admin/js/widgets/post.php7 HTTP/1.1" 404 15117 "-" "Mozilla/5.0 (Windows NT 10.0; Win64; x64) AppleWebKit/537.36 (KHTML, like Gecko) Chrome/120.0.0.0 Safari/537.36"
158.23.184.117 - - [26/Aug/2026:22:30:42 +0700] "GET /wp-admin/js/widgets/cloud.php HTTP/1.1" 404 15065 "-" "Mozilla/5.0 (Windows NT 10.0; Win64; x64) AppleWebKit/537.36 (KHTML, like Gecko) Chrome/120.0.0.0 Safari/537.36"
158.23.184.117 - - [26/Aug/2026:22:30:43 +0700] "GET /wp-admin/js/widgets/xmrlpc.php?p= HTTP/1.1" 301 0 "-" "Mozilla/5.0 (Windows NT 10.0; Win64; x64) AppleWebKit/537.36 (KHTML, like Gecko) Chrome/120.0.0.0 Safari/537.36"
158.23.184.117 - - [26/Aug/2026:22:30:44 +0700] "GET /wp-admin/license.php HTTP/1.1" 404 16136 "-" "Mozilla/5.0 (Windows NT 10.0; Win64; x64) AppleWebKit/537.36 (KHTML, like Gecko) Chrome/120.0.0.0 Safari/537.36"
158.23.184.117 - - [26/Aug/2026:22:30:45 +0700] "GET /wp-admin/maint/maint/ajax-actions.php HTTP/1.1" 404 15065 "-" "Mozilla/5.0 (Windows NT 10.0; Win64; x64) AppleWebKit/537.36 (KHTML, like Gecko) Chrome/120.0.0.0 Safari/537.36"
158.23.184.117 - - [26/Aug/2026:22:30:47 +0700] "GET /wp-admin/network/cloud.php HTTP/1.1" 404 15065 "-" "Mozilla/5.0 (Windows NT 10.0; Win64; x64) AppleWebKit/537.36 (KHTML, like Gecko) Chrome/120.0.0.0 Safari/537.36"
158.23.184.117 - - [26/Aug/2026:22:30:49 +0700] "GET /wp-admin/network/xmrlpc.php?p= HTTP/1.1" 301 0 "-" "Mozilla/5.0 (Windows NT 10.0; Win64; x64) AppleWebKit/537.36 (KHTML, like Gecko) Chrome/120.0.0.0 Safari/537.36"
158.23.184.117 - - [26/Aug/2026:22:30:50 +0700] "GET /wp-admin/repeater.php HTTP/1.1" 404 16136 "-" "Mozilla/5.0 (Windows NT 10.0; Win64; x64) AppleWebKit/537.36 (KHTML, like Gecko) Chrome/120.0.0.0 Safari/537.36"
202.10.43.32 - - [26/Aug/2026:22:30:52 +0700] "POST /wp-cron.php?doing_wp_cron=1787758252.3711481094360351562500 HTTP/1.1" 200 0 "-" "WordPress/7.1; https://arlindo.ac.id"
158.23.184.117 - - [26/Aug/2026:22:30:51 +0700] "GET /wp-admin/themes.php HTTP/1.1" 302 0 "-" "Mozilla/5.0 (Windows NT 10.0; Win64; x64) AppleWebKit/537.36 (KHTML, like Gecko) Chrome/120.0.0.0 Safari/537.36"
158.23.184.117 - - [26/Aug/2026:22:30:52 +0700] "GET /wp-admin/user/post.php HTTP/1.1" 404 15065 "-" "Mozilla/5.0 (Windows NT 10.0; Win64; x64) AppleWebKit/537.36 (KHTML, like Gecko) Chrome/120.0.0.0 Safari/537.36"
202.10.43.32 - - [26/Aug/2026:22:30:55 +0700] "POST /wp-cron.php?doing_wp_cron=1787758255.0781700611114501953125 HTTP/1.1" 200 0 "-" "WordPress/7.1; https://arlindo.ac.id"
158.23.184.117 - - [26/Aug/2026:22:30:54 +0700] "GET /wp-admin/user/themes.php HTTP/1.1" 404 15065 "-" "Mozilla/5.0 (Windows NT 10.0; Win64; x64) AppleWebKit/537.36 (KHTML, like Gecko) Chrome/120.0.0.0 Safari/537.36"
158.23.184.117 - - [26/Aug/2026:22:30:55 +0700] "GET /wp-admin/user/xmrlpc.php?p= HTTP/1.1" 301 0 "-" "Mozilla/5.0 (Windows NT 10.0; Win64; x64) AppleWebKit/537.36 (KHTML, like Gecko) Chrome/120.0.0.0 Safari/537.36"
158.23.184.117 - - [26/Aug/2026:22:30:56 +0700] "GET /wp-admin/wp-login.php HTTP/1.1" 404 16136 "-" "Mozilla/5.0 (Windows NT 10.0; Win64; x64) AppleWebKit/537.36 (KHTML, like Gecko) Chrome/120.0.0.0 Safari/537.36"
158.23.184.117 - - [26/Aug/2026:22:30:57 +0700] "GET /wp-admin/wp-signup.php HTTP/1.1" 404 16136 "-" "Mozilla/5.0 (Windows NT 10.0; Win64; x64) AppleWebKit/537.36 (KHTML, like Gecko) Chrome/120.0.0.0 Safari/537.36"
158.23.184.117 - - [26/Aug/2026:22:31:00 +0700] "GET /wp-admin/xmrlpc.php?p= HTTP/1.1" 301 0 "-" "Mozilla/5.0 (Windows NT 10.0; Win64; x64) AppleWebKit/537.36 (KHTML, like Gecko) Chrome/120.0.0.0 Safari/537.36"
158.23.184.117 - - [26/Aug/2026:22:31:01 +0700] "GET /wp-configs.php HTTP/1.1" 404 16136 "-" "Mozilla/5.0 (Windows NT 10.0; Win64; x64) AppleWebKit/537.36 (KHTML, like Gecko) Chrome/120.0.0.0 Safari/537.36"
158.23.184.117 - - [26/Aug/2026:22:31:03 +0700] "GET /wp-consar.php HTTP/1.1" 404 16136 "-" "Mozilla/5.0 (Windows NT 10.0; Win64; x64) AppleWebKit/537.36 (KHTML, like Gecko) Chrome/120.0.0.0 Safari/537.36"
158.23.184.117 - - [26/Aug/2026:22:31:04 +0700] "GET /wp-content/post.php HTTP/1.1" 404 16136 "-" "Mozilla/5.0 (Windows NT 10.0; Win64; x64) AppleWebKit/537.36 (KHTML, like Gecko) Chrome/120.0.0.0 Safari/537.36"
158.23.184.117 - - [26/Aug/2026:22:31:05 +0700] "GET /wp-content/banners/post.php HTTP/1.1" 404 15065 "-" "Mozilla/5.0 (Windows NT 10.0; Win64; x64) AppleWebKit/537.36 (KHTML, like Gecko) Chrome/120.0.0.0 Safari/537.36"
158.23.184.117 - - [26/Aug/2026:22:31:07 +0700] "GET /wp-content/blogs.dir/post.php HTTP/1.1" 404 15065 "-" "Mozilla/5.0 (Windows NT 10.0; Win64; x64) AppleWebKit/537.36 (KHTML, like Gecko) Chrome/120.0.0.0 Safari/537.36"
158.23.184.117 - - [26/Aug/2026:22:31:08 +0700] "GET /wp-content/cloud.php HTTP/1.1" 404 16136 "-" "Mozilla/5.0 (Windows NT 10.0; Win64; x64) AppleWebKit/537.36 (KHTML, like Gecko) Chrome/120.0.0.0 Safari/537.36"
158.23.184.117 - - [26/Aug/2026:22:31:10 +0700] "GET /wp-content/dropdown.php HTTP/1.1" 404 16136 "-" "Mozilla/5.0 (Windows NT 10.0; Win64; x64) AppleWebKit/537.36 (KHTML, like Gecko) Chrome/120.0.0.0 Safari/537.36"
202.10.43.32 - - [26/Aug/2026:22:31:11 +0700] "POST /wp-cron.php?doing_wp_cron=1787758271.0455799102783203125000 HTTP/1.1" 200 0 "-" "WordPress/7.1; https://arlindo.ac.id"
158.23.184.117 - - [26/Aug/2026:22:31:11 +0700] "GET /wp-content/gallery/post.php HTTP/1.1" 404 15065 "-" "Mozilla/5.0 (Windows NT 10.0; Win64; x64) AppleWebKit/537.36 (KHTML, like Gecko) Chrome/120.0.0.0 Safari/537.36"
158.23.184.117 - - [26/Aug/2026:22:31:12 +0700] "GET /wp-content/plugins/Cache/Cache.php HTTP/1.1" 404 15065 "-" "Mozilla/5.0 (Windows NT 10.0; Win64; x64) AppleWebKit/537.36 (KHTML, like Gecko) Chrome/120.0.0.0 Safari/537.36"
158.23.184.117 - - [26/Aug/2026:22:31:14 +0700] "GET /wp-content/plugins/awesome-coming-soon/come.php HTTP/1.1" 404 15065 "-" "Mozilla/5.0 (Windows NT 10.0; Win64; x64) AppleWebKit/537.36 (KHTML, like Gecko) Chrome/120.0.0.0 Safari/537.36"
158.23.184.117 - - [26/Aug/2026:22:31:15 +0700] "GET /wp-content/plugins/dropdown.php HTTP/1.1" 404 15065 "-" "Mozilla/5.0 (Windows NT 10.0; Win64; x64) AppleWebKit/537.36 (KHTML, like Gecko) Chrome/120.0.0.0 Safari/537.36"
158.23.184.117 - - [26/Aug/2026:22:31:17 +0700] "GET /wp-content/plugins/linkpreview/db.php?u HTTP/1.1" 404 15065 "-" "Mozilla/5.0 (Windows NT 10.0; Win64; x64) AppleWebKit/537.36 (KHTML, like Gecko) Chrome/120.0.0.0 Safari/537.36"
158.23.184.117 - - [26/Aug/2026:22:31:18 +0700] "GET /wp-content/plugins/not/includes/post.php HTTP/1.1" 404 15065 "-" "Mozilla/5.0 (Windows NT 10.0; Win64; x64) AppleWebKit/537.36 (KHTML, like Gecko) Chrome/120.0.0.0 Safari/537.36"
158.23.184.117 - - [26/Aug/2026:22:31:20 +0700] "GET /wp-content/plugins/seoo/wsoyanz.php HTTP/1.1" 404 15065 "-" "Mozilla/5.0 (Windows NT 10.0; Win64; x64) AppleWebKit/537.36 (KHTML, like Gecko) Chrome/120.0.0.0 Safari/537.36"
158.23.184.117 - - [26/Aug/2026:22:31:21 +0700] "GET /wp-content/plugins/seoo/wsoyanz1.php HTTP/1.1" 404 15065 "-" "Mozilla/5.0 (Windows NT 10.0; Win64; x64) AppleWebKit/537.36 (KHTML, like Gecko) Chrome/120.0.0.0 Safari/537.36"
158.23.184.117 - - [26/Aug/2026:22:31:22 +0700] "GET /wp-content/plugins/seoplugins/db.php?u HTTP/1.1" 404 15065 "-" "Mozilla/5.0 (Windows NT 10.0; Win64; x64) AppleWebKit/537.36 (KHTML, like Gecko) Chrome/120.0.0.0 Safari/537.36"
158.23.184.117 - - [26/Aug/2026:22:31:24 +0700] "GET /wp-content/plugins/seoplugins/mar.php HTTP/1.1" 404 15065 "-" "Mozilla/5.0 (Windows NT 10.0; Win64; x64) AppleWebKit/537.36 (KHTML, like Gecko) Chrome/120.0.0.0 Safari/537.36"
158.23.184.117 - - [26/Aug/2026:22:31:25 +0700] "GET /wp-content/plugins/simple/simple.php HTTP/1.1" 404 15065 "-" "Mozilla/5.0 (Windows NT 10.0; Win64; x64) AppleWebKit/537.36 (KHTML, like Gecko) Chrome/120.0.0.0 Safari/537.36"
136.65.127.210 - - [26/Aug/2026:22:31:28 +0700] "GET /2026/07/17 HTTP/2" 301 0 "-" "Mozilla/5.0 AppleWebKit/537.36 (KHTML, like Gecko; compatible; SleepBot/1.0; +http://sleepbot.com/) Chrome/131.0.0.0 Safari/537.36"
158.23.184.117 - - [26/Aug/2026:22:31:27 +0700] "GET /wp-content/plugins/wp-conflg.php HTTP/1.1" 404 15065 "-" "Mozilla/5.0 (Windows NT 10.0; Win64; x64) AppleWebKit/537.36 (KHTML, like Gecko) Chrome/120.0.0.0 Safari/537.36"
136.65.127.210 - - [26/Aug/2026:22:31:29 +0700] "GET /2026/07/17/ HTTP/2" 200 18774 "https://arlindo.ac.id/2026/07/17" "Mozilla/5.0 AppleWebKit/537.36 (KHTML, like Gecko; compatible; SleepBot/1.0; +http://sleepbot.com/) Chrome/131.0.0.0 Safari/537.36"
158.23.184.117 - - [26/Aug/2026:22:31:29 +0700] "GET /wp-content/plugins/wp-theme-editor/include.php HTTP/1.1" 404 15065 "-" "Mozilla/5.0 (Windows NT 10.0; Win64; x64) AppleWebKit/537.36 (KHTML, like Gecko) Chrome/120.0.0.0 Safari/537.36"
158.23.184.117 - - [26/Aug/2026:22:31:31 +0700] "GET /wp-content/repeater.php HTTP/1.1" 404 16136 "-" "Mozilla/5.0 (Windows NT 10.0; Win64; x64) AppleWebKit/537.36 (KHTML, like Gecko) Chrome/120.0.0.0 Safari/537.36"
158.23.184.117 - - [26/Aug/2026:22:31:32 +0700] "GET /wp-content/themes.php HTTP/1.1" 404 16136 "-" "Mozilla/5.0 (Windows NT 10.0; Win64; x64) AppleWebKit/537.36 (KHTML, like Gecko) Chrome/120.0.0.0 Safari/537.36"
158.23.184.117 - - [26/Aug/2026:22:31:34 +0700] "GET /wp-content/themes/404.php HTTP/1.1" 404 15065 "-" "Mozilla/5.0 (Windows NT 10.0; Win64; x64) AppleWebKit/537.36 (KHTML, like Gecko) Chrome/120.0.0.0 Safari/537.36"
158.23.184.117 - - [26/Aug/2026:22:31:35 +0700] "GET /wp-content/themes/admin.php HTTP/1.1" 404 15065 "-" "Mozilla/5.0 (Windows NT 10.0; Win64; x64) AppleWebKit/537.36 (KHTML, like Gecko) Chrome/120.0.0.0 Safari/537.36"
158.23.184.117 - - [26/Aug/2026:22:31:37 +0700] "GET /wp-content/themes/pridmag/db.php?u HTTP/1.1" 404 15065 "-" "Mozilla/5.0 (Windows NT 10.0; Win64; x64) AppleWebKit/537.36 (KHTML, like Gecko) Chrome/120.0.0.0 Safari/537.36"
158.23.184.117 - - [26/Aug/2026:22:31:39 +0700] "GET /wp-content/themes/seotheme/db.php?u HTTP/1.1" 404 15065 "-" "Mozilla/5.0 (Windows NT 10.0; Win64; x64) AppleWebKit/537.36 (KHTML, like Gecko) Chrome/120.0.0.0 Safari/537.36"
158.23.184.117 - - [26/Aug/2026:22:31:41 +0700] "GET /wp-content/themes/seotheme/mar.php HTTP/1.1" 404 15065 "-" "Mozilla/5.0 (Windows NT 10.0; Win64; x64) AppleWebKit/537.36 (KHTML, like Gecko) Chrome/120.0.0.0 Safari/537.36"
158.23.184.117 - - [26/Aug/2026:22:31:44 +0700] "GET /wp-content/themes/themes.php HTTP/1.1" 404 15065 "-" "Mozilla/5.0 (Windows NT 10.0; Win64; x64) AppleWebKit/537.36 (KHTML, like Gecko) Chrome/120.0.0.0 Safari/537.36"
158.23.184.117 - - [26/Aug/2026:22:31:45 +0700] "GET /wp-content/updates.php HTTP/1.1" 404 16136 "-" "Mozilla/5.0 (Windows NT 10.0; Win64; x64) AppleWebKit/537.36 (KHTML, like Gecko) Chrome/120.0.0.0 Safari/537.36"
158.23.184.117 - - [26/Aug/2026:22:31:46 +0700] "GET /wp-content/updraft/post.php HTTP/1.1" 404 15065 "-" "Mozilla/5.0 (Windows NT 10.0; Win64; x64) AppleWebKit/537.36 (KHTML, like Gecko) Chrome/120.0.0.0 Safari/537.36"
158.23.184.117 - - [26/Aug/2026:22:31:48 +0700] "GET /wp-content/upgrade-temp-backup/post.php HTTP/1.1" 404 15064 "-" "Mozilla/5.0 (Windows NT 10.0; Win64; x64) AppleWebKit/537.36 (KHTML, like Gecko) Chrome/120.0.0.0 Safari/537.36"
158.23.184.117 - - [26/Aug/2026:22:31:50 +0700] "GET /wp-content/upgrade/function.php HTTP/1.1" 404 15065 "-" "Mozilla/5.0 (Windows NT 10.0; Win64; x64) AppleWebKit/537.36 (KHTML, like Gecko) Chrome/120.0.0.0 Safari/537.36"
158.23.184.117 - - [26/Aug/2026:22:31:51 +0700] "GET /wp-content/upgrade/post.php HTTP/1.1" 404 15065 "-" "Mozilla/5.0 (Windows NT 10.0; Win64; x64) AppleWebKit/537.36 (KHTML, like Gecko) Chrome/120.0.0.0 Safari/537.36"
202.10.43.32 - - [26/Aug/2026:22:31:52 +0700] "POST /wp-cron.php?doing_wp_cron=1787758312.4545760154724121093750 HTTP/1.1" 200 0 "-" "WordPress/7.1; https://arlindo.ac.id"
158.23.184.117 - - [26/Aug/2026:22:31:52 +0700] "GET /wp-includes.bak/html-api/post.php HTTP/1.1" 404 15065 "-" "Mozilla/5.0 (Windows NT 10.0; Win64; x64) AppleWebKit/537.36 (KHTML, like Gecko) Chrome/120.0.0.0 Safari/537.36"
202.10.43.32 - - [26/Aug/2026:22:31:55 +0700] "POST /wp-cron.php?doing_wp_cron=1787758315.2913870811462402343750 HTTP/1.1" 200 0 "-" "WordPress/7.1; https://arlindo.ac.id"
158.23.184.117 - - [26/Aug/2026:22:31:54 +0700] "GET /wp-includes/404.php HTTP/1.1" 404 16136 "-" "Mozilla/5.0 (Windows NT 10.0; Win64; x64) AppleWebKit/537.36 (KHTML, like Gecko) Chrome/120.0.0.0 Safari/537.36"
158.23.184.117 - - [26/Aug/2026:22:31:55 +0700] "GET /wp-includes/ID3/post.php HTTP/1.1" 404 15065 "-" "Mozilla/5.0 (Windows NT 10.0; Win64; x64) AppleWebKit/537.36 (KHTML, like Gecko) Chrome/120.0.0.0 Safari/537.36"
158.23.184.117 - - [26/Aug/2026:22:31:57 +0700] "GET /wp-includes/SimplePie/wp-login.php HTTP/1.1" 404 15065 "-" "Mozilla/5.0 (Windows NT 10.0; Win64; x64) AppleWebKit/537.36 (KHTML, like Gecko) Chrome/120.0.0.0 Safari/537.36"
158.23.184.117 - - [26/Aug/2026:22:31:59 +0700] "GET /wp-includes/Text/post.php HTTP/1.1" 404 15065 "-" "Mozilla/5.0 (Windows NT 10.0; Win64; x64) AppleWebKit/537.36 (KHTML, like Gecko) Chrome/120.0.0.0 Safari/537.36"
