216.73.216.179 - - [27/Aug/2026:06:51:04 +0700] "GET /sitemap_index.xml?action=edit&file=index.php&path=%2Fhome%2Farld4297%2Fpublic_html%2Fwp-content HTTP/2" 200 768 "-" "Mozilla/5.0 AppleWebKit/537.36 (KHTML, like Gecko; compatible; ClaudeBot/1.0; +claudebot@anthropic.com)"
216.73.216.179 - - [27/Aug/2026:06:51:04 +0700] "GET /sitemap_index.xml?action=edit&file=tablepress-custom.min.css&path=%2Fhome%2Farld4297%2Fpublic_html%2Fwp-content HTTP/2" 200 772 "-" "Mozilla/5.0 AppleWebKit/537.36 (KHTML, like Gecko; compatible; ClaudeBot/1.0; +claudebot@anthropic.com)"
216.73.216.179 - - [27/Aug/2026:06:51:05 +0700] "GET /sitemap_index.xml?path=%2Fhome%2Farld4297%2Fpublic_html%2Flpm.arlindo.ac.id%2Fwp-includes HTTP/2" 200 5298 "-" "Mozilla/5.0 AppleWebKit/537.36 (KHTML, like Gecko; compatible; ClaudeBot/1.0; +claudebot@anthropic.com)"
202.10.43.32 - - [27/Aug/2026:06:51:08 +0700] "POST /wp-cron.php?doing_wp_cron=1787788268.8037691116333007812500 HTTP/1.1" 200 0 "-" "WordPress/7.1; https://arlindo.ac.id"
216.73.216.179 - - [27/Aug/2026:06:51:06 +0700] "GET /sitemap_index.xml?path=%2Fhome%2Farld4297%2Fpublic_html%2Fmedivacare.com%2Fwp-includes HTTP/2" 200 5299 "-" "Mozilla/5.0 AppleWebKit/537.36 (KHTML, like Gecko; compatible; ClaudeBot/1.0; +claudebot@anthropic.com)"
216.73.216.179 - - [27/Aug/2026:06:51:06 +0700] "GET /sitemap_index.xml?path=%2Fhome%2Farld4297%2Fpublic_html%2Fejournal.arlindo.ac.id%2Fclasses HTTP/2" 200 1314 "-" "Mozilla/5.0 AppleWebKit/537.36 (KHTML, like Gecko; compatible; ClaudeBot/1.0; +claudebot@anthropic.com)"
216.73.216.179 - - [27/Aug/2026:06:51:07 +0700] "GET /sitemap_index.xml?path=%2Fhome%2Farld4297%2Fpublic_html%2Flpm.arlindo.ac.id%2Fwp-admin HTTP/2" 200 2550 "-" "Mozilla/5.0 AppleWebKit/537.36 (KHTML, like Gecko; compatible; ClaudeBot/1.0; +claudebot@anthropic.com)"
216.73.216.179 - - [27/Aug/2026:06:51:07 +0700] "GET /sitemap_index.xml?path=%2Fhome%2Farld4297%2Fpublic_html%2Fejournal.arlindo.ac.id%2Fcache HTTP/2" 200 3974 "-" "Mozilla/5.0 AppleWebKit/537.36 (KHTML, like Gecko; compatible; ClaudeBot/1.0; +claudebot@anthropic.com)"
216.73.216.179 - - [27/Aug/2026:06:51:07 +0700] "GET /sitemap_index.xml?path=%2Fhome%2Farld4297%2Fpublic_html%2Fcrm.arlindo.ac.id%2Fapi HTTP/2" 200 1065 "-" "Mozilla/5.0 AppleWebKit/537.36 (KHTML, like Gecko; compatible; ClaudeBot/1.0; +claudebot@anthropic.com)"
216.73.216.179 - - [27/Aug/2026:06:51:07 +0700] "GET /sitemap_index.xml?path=%2Fhome%2Farld4297%2Fpublic_html%2Fejournal.arlindo.ac.id%2Fdocs HTTP/2" 200 1385 "-" "Mozilla/5.0 AppleWebKit/537.36 (KHTML, like Gecko; compatible; ClaudeBot/1.0; +claudebot@anthropic.com)"
216.73.216.179 - - [27/Aug/2026:06:51:10 +0700] "GET /sitemap_index.xml?path=%2Fhome%2Farld4297%2Fpublic_html%2Fcms.digilabkreasi.my.id%2Fbootstrap HTTP/2" 200 1128 "-" "Mozilla/5.0 AppleWebKit/537.36 (KHTML, like Gecko; compatible; ClaudeBot/1.0; +claudebot@anthropic.com)"
216.73.216.179 - - [27/Aug/2026:06:51:10 +0700] "GET /sitemap_index.xml?action=edit&file=wp-config-sample.php&path=%2Fhome%2Farld4297%2Fpublic_html%2Fmedivacare.com HTTP/2" 200 2018 "-" "Mozilla/5.0 AppleWebKit/537.36 (KHTML, like Gecko; compatible; ClaudeBot/1.0; +claudebot@anthropic.com)"
216.73.216.179 - - [27/Aug/2026:06:51:10 +0700] "GET /sitemap_index.xml?path=%2Fhome%2Farld4297%2Fpublic_html%2Fmedivacare.com%2Fwp-content HTTP/2" 200 1207 "-" "Mozilla/5.0 AppleWebKit/537.36 (KHTML, like Gecko; compatible; ClaudeBot/1.0; +claudebot@anthropic.com)"
216.73.216.179 - - [27/Aug/2026:06:51:10 +0700] "GET /sitemap_index.xml?path=%2Fhome%2Farld4297%2Fpublic_html%2Fdosen.arlindo.ac.id%2Fcgi-bin HTTP/2" 200 994 "-" "Mozilla/5.0 AppleWebKit/537.36 (KHTML, like Gecko; compatible; ClaudeBot/1.0; +claudebot@anthropic.com)"
216.73.216.179 - - [27/Aug/2026:06:51:10 +0700] "GET /sitemap_index.xml?action=edit&file=xmlrpc.php&path=%2Fhome%2Farld4297%2Fpublic_html%2Flpm.arlindo.ac.id HTTP/2" 200 2176 "-" "Mozilla/5.0 AppleWebKit/537.36 (KHTML, like Gecko; compatible; ClaudeBot/1.0; +claudebot@anthropic.com)"
216.73.216.179 - - [27/Aug/2026:06:51:10 +0700] "GET /sitemap_index.xml?path=%2Fhome%2Farld4297%2Fpublic_html%2Fejournal.arlindo.ac.id%2Ftools HTTP/2" 200 1366 "-" "Mozilla/5.0 AppleWebKit/537.36 (KHTML, like Gecko; compatible; ClaudeBot/1.0; +claudebot@anthropic.com)"
216.73.216.179 - - [27/Aug/2026:06:51:12 +0700] "GET /sitemap_index.xml?path=%2Fhome%2Farld4297%2Fpublic_html%2Fcms.digilabkreasi.my.id%2Fdatabase HTTP/2" 200 1152 "-" "Mozilla/5.0 AppleWebKit/537.36 (KHTML, like Gecko; compatible; ClaudeBot/1.0; +claudebot@anthropic.com)"
216.73.216.179 - - [27/Aug/2026:06:51:12 +0700] "GET /sitemap_index.xml?path=%2Fhome%2Farld4297%2Fpublic_html%2Fmhs.arlindo.ac.id%2Fcgi-bin HTTP/2" 200 991 "-" "Mozilla/5.0 AppleWebKit/537.36 (KHTML, like Gecko; compatible; ClaudeBot/1.0; +claudebot@anthropic.com)"
216.73.216.179 - - [27/Aug/2026:06:51:12 +0700] "GET /sitemap_index.xml?action=edit&file=wp-comments-post.php&path=%2Fhome%2Farld4297%2Fpublic_html%2Flpm.arlindo.ac.id HTTP/2" 200 1803 "-" "Mozilla/5.0 AppleWebKit/537.36 (KHTML, like Gecko; compatible; ClaudeBot/1.0; +claudebot@anthropic.com)"
216.73.216.179 - - [27/Aug/2026:06:51:12 +0700] "GET /sitemap_index.xml?action=edit&file=xmlrpc.php&path=%2Fhome%2Farld4297%2Fpublic_html%2Fmedivacare.com HTTP/2" 200 2176 "-" "Mozilla/5.0 AppleWebKit/537.36 (KHTML, like Gecko; compatible; ClaudeBot/1.0; +claudebot@anthropic.com)"
216.73.216.179 - - [27/Aug/2026:06:51:12 +0700] "GET /sitemap_index.xml?path=%2Fhome%2Farld4297%2Fpublic_html%2Fejournal.arlindo.ac.id%2Fcontrollers HTTP/2" 200 1089 "-" "Mozilla/5.0 AppleWebKit/537.36 (KHTML, like Gecko; compatible; ClaudeBot/1.0; +claudebot@anthropic.com)"
91.92.242.197 - - [27/Aug/2026:06:51:04 +0700] "POST /wp-login.php HTTP/1.1" 200 0 "-" "Mozilla/5.0"
103.65.237.131 - - [27/Aug/2026:06:50:26 +0700] "POST //wp-login.php HTTP/1.1" 200 0 "https://arlindo.ac.id//wp-login.php" "Mozilla/5.0 (Windows NT 10.0; Win64; x64) AppleWebKit/537.36 (KHTML, like Gecko) Chrome/88.0.4240.193 Safari/537.36"
216.73.216.179 - - [27/Aug/2026:06:51:37 +0700] "GET /sitemap_index.xml?path=%2Fhome%2Farld4297%2Fpublic_html%2Fpmb.arlindo.ac.id%2Fwp-content HTTP/2" 200 1039 "-" "Mozilla/5.0 AppleWebKit/537.36 (KHTML, like Gecko; compatible; ClaudeBot/1.0; +claudebot@anthropic.com)"
202.10.43.32 - - [27/Aug/2026:06:51:39 +0700] "POST /wp-cron.php?doing_wp_cron=1787788299.5168259143829345703125 HTTP/1.1" 200 0 "-" "WordPress/7.1; https://arlindo.ac.id"
216.73.216.179 - - [27/Aug/2026:06:51:37 +0700] "GET /sitemap_index.xml?action=edit&file=wp-activate.php&path=%2Fhome%2Farld4297%2Fpublic_html%2Flpm.arlindo.ac.id HTTP/2" 200 3465 "-" "Mozilla/5.0 AppleWebKit/537.36 (KHTML, like Gecko; compatible; ClaudeBot/1.0; +claudebot@anthropic.com)"
216.73.216.179 - - [27/Aug/2026:06:51:37 +0700] "GET /sitemap_index.xml?path=%2Fhome%2Farld4297%2Fpublic_html%2Fsiakad.arlindo.ac.id%2Fcgi-bin HTTP/2" 200 990 "-" "Mozilla/5.0 AppleWebKit/537.36 (KHTML, like Gecko; compatible; ClaudeBot/1.0; +claudebot@anthropic.com)"
216.73.216.179 - - [27/Aug/2026:06:51:37 +0700] "GET /sitemap_index.xml?action=edit&file=tablepress-combined.min.css&path=%2Fhome%2Farld4297%2Fpublic_html%2Fwp-content HTTP/2" 200 2307 "-" "Mozilla/5.0 AppleWebKit/537.36 (KHTML, like Gecko; compatible; ClaudeBot/1.0; +claudebot@anthropic.com)"
216.73.216.179 - - [27/Aug/2026:06:51:37 +0700] "GET /sitemap_index.xml?path=%2Fhome%2Farld4297%2Fpublic_html%2Fejournal.arlindo.ac.id%2Fjs HTTP/2" 200 1137 "-" "Mozilla/5.0 AppleWebKit/537.36 (KHTML, like Gecko; compatible; ClaudeBot/1.0; +claudebot@anthropic.com)"
216.73.216.179 - - [27/Aug/2026:06:51:37 +0700] "GET /sitemap_index.xml?action=edit&file=wp-activate.php&path=%2Fhome%2Farld4297%2Fpublic_html%2Fmedivacare.com HTTP/2" 200 3465 "-" "Mozilla/5.0 AppleWebKit/537.36 (KHTML, like Gecko; compatible; ClaudeBot/1.0; +claudebot@anthropic.com)"
216.73.216.179 - - [27/Aug/2026:06:51:39 +0700] "GET /sitemap_index.xml?action=edit&file=phpunit.xml&path=%2Fhome%2Farld4297%2Fpublic_html%2Fcms.digilabkreasi.my.id HTTP/2" 200 1252 "-" "Mozilla/5.0 AppleWebKit/537.36 (KHTML, like Gecko; compatible; ClaudeBot/1.0; +claudebot@anthropic.com)"
216.73.216.179 - - [27/Aug/2026:06:51:40 +0700] "GET /sitemap_index.xml?action=edit&file=wp-load.php&path=%2Fhome%2Farld4297%2Fpublic_html%2Fmedivacare.com HTTP/2" 200 2365 "-" "Mozilla/5.0 AppleWebKit/537.36 (KHTML, like Gecko; compatible; ClaudeBot/1.0; +claudebot@anthropic.com)"
216.73.216.179 - - [27/Aug/2026:06:51:40 +0700] "GET /sitemap_index.xml?path=%2Fhome%2Farld4297%2Fpublic_html%2Flpm.arlindo.ac.id%2Fwp-content HTTP/2" 200 1144 "-" "Mozilla/5.0 AppleWebKit/537.36 (KHTML, like Gecko; compatible; ClaudeBot/1.0; +claudebot@anthropic.com)"
216.73.216.179 - - [27/Aug/2026:06:51:40 +0700] "GET /sitemap_index.xml?action=edit&file=wp-load.php&path=%2Fhome%2Farld4297%2Fpublic_html%2Flpm.arlindo.ac.id HTTP/2" 200 2365 "-" "Mozilla/5.0 AppleWebKit/537.36 (KHTML, like Gecko; compatible; ClaudeBot/1.0; +claudebot@anthropic.com)"
216.73.216.179 - - [27/Aug/2026:06:51:40 +0700] "GET /sitemap_index.xml?action=edit&file=wp-config-sample.php&path=%2Fhome%2Farld4297%2Fpublic_html%2Flpm.arlindo.ac.id HTTP/2" 200 2018 "-" "Mozilla/5.0 AppleWebKit/537.36 (KHTML, like Gecko; compatible; ClaudeBot/1.0; +claudebot@anthropic.com)"
216.73.216.179 - - [27/Aug/2026:06:51:53 +0700] "GET /sitemap_index.xml?path=%2Fhome%2Farld4297%2Fpublic_html%2Fcms.digilabkreasi.my.id%2Fapp HTTP/2" 200 1103 "-" "Mozilla/5.0 AppleWebKit/537.36 (KHTML, like Gecko; compatible; ClaudeBot/1.0; +claudebot@anthropic.com)"
216.73.216.179 - - [27/Aug/2026:06:51:53 +0700] "GET /sitemap_index.xml?path=%2Fhome%2Farld4297%2Fpublic_html%2Fejournal.arlindo.ac.id%2Fpages HTTP/2" 200 1251 "-" "Mozilla/5.0 AppleWebKit/537.36 (KHTML, like Gecko; compatible; ClaudeBot/1.0; +claudebot@anthropic.com)"
202.10.43.32 - - [27/Aug/2026:06:51:55 +0700] "POST /wp-cron.php?doing_wp_cron=1787788315.3282709121704101562500 HTTP/1.1" 200 0 "-" "WordPress/7.1; https://arlindo.ac.id"
216.73.216.179 - - [27/Aug/2026:06:51:53 +0700] "GET /sitemap_index.xml?path=%2Fhome%2Farld4297%2Fpublic_html%2Fejournal.arlindo.ac.id%2Fregistry HTTP/2" 200 1197 "-" "Mozilla/5.0 AppleWebKit/537.36 (KHTML, like Gecko; compatible; ClaudeBot/1.0; +claudebot@anthropic.com)"
216.73.216.179 - - [27/Aug/2026:06:51:53 +0700] "GET /sitemap_index.xml?action=edit&file=wp-config.php&path=%2Fhome%2Farld4297%2Fpublic_html%2Flpm.arlindo.ac.id HTTP/2" 200 2315 "-" "Mozilla/5.0 AppleWebKit/537.36 (KHTML, like Gecko; compatible; ClaudeBot/1.0; +claudebot@anthropic.com)"
216.73.216.179 - - [27/Aug/2026:06:51:53 +0700] "GET /sitemap_index.xml?path=%2Fhome%2Farld4297%2Fpublic_html%2Fejournal.arlindo.ac.id%2Ftemplates HTTP/2" 200 1170 "-" "Mozilla/5.0 AppleWebKit/537.36 (KHTML, like Gecko; compatible; ClaudeBot/1.0; +claudebot@anthropic.com)"
216.73.216.179 - - [27/Aug/2026:06:51:53 +0700] "GET /sitemap_index.xml?path=%2Fhome%2Farld4297%2Fpublic_html%2Fcms.digilabkreasi.my.id%2Fresources HTTP/2" 200 1082 "-" "Mozilla/5.0 AppleWebKit/537.36 (KHTML, like Gecko; compatible; ClaudeBot/1.0; +claudebot@anthropic.com)"
216.73.216.179 - - [27/Aug/2026:06:51:55 +0700] "GET /sitemap_index.xml?path=%2Fhome%2Farld4297%2Fpublic_html%2Fcms.digilabkreasi.my.id%2Fstorage HTTP/2" 200 1087 "-" "Mozilla/5.0 AppleWebKit/537.36 (KHTML, like Gecko; compatible; ClaudeBot/1.0; +claudebot@anthropic.com)"
216.73.216.179 - - [27/Aug/2026:06:51:55 +0700] "GET /sitemap_index.xml?path=%2Fhome%2Farld4297%2Fpublic_html%2Fejournal.arlindo.ac.id%2Flocale HTTP/2" 200 1502 "-" "Mozilla/5.0 AppleWebKit/537.36 (KHTML, like Gecko; compatible; ClaudeBot/1.0; +claudebot@anthropic.com)"
216.73.216.179 - - [27/Aug/2026:06:51:55 +0700] "GET /sitemap_index.xml?action=edit&file=wp-config.php&path=%2Fhome%2Farld4297%2Fpublic_html%2Fmedivacare.com HTTP/2" 200 2355 "-" "Mozilla/5.0 AppleWebKit/537.36 (KHTML, like Gecko; compatible; ClaudeBot/1.0; +claudebot@anthropic.com)"
216.73.216.179 - - [27/Aug/2026:06:51:56 +0700] "GET /sitemap_index.xml?path=%2Fhome%2Farld4297%2Fpublic_html%2Fejournal.arlindo.ac.id%2Flib HTTP/2" 200 1050 "-" "Mozilla/5.0 AppleWebKit/537.36 (KHTML, like Gecko; compatible; ClaudeBot/1.0; +claudebot@anthropic.com)"
216.73.216.179 - - [27/Aug/2026:06:51:56 +0700] "GET /sitemap_index.xml?action=edit&file=wp-mail.php&path=%2Fhome%2Farld4297%2Fpublic_html%2Flpm.arlindo.ac.id HTTP/2" 200 3921 "-" "Mozilla/5.0 AppleWebKit/537.36 (KHTML, like Gecko; compatible; ClaudeBot/1.0; +claudebot@anthropic.com)"
216.73.216.179 - - [27/Aug/2026:06:52:02 +0700] "GET /sitemap_index.xml?action=edit&file=wp-mail.php&path=%2Fhome%2Farld4297%2Fpublic_html%2Fmedivacare.com HTTP/2" 200 3921 "-" "Mozilla/5.0 AppleWebKit/537.36 (KHTML, like Gecko; compatible; ClaudeBot/1.0; +claudebot@anthropic.com)"
216.73.216.179 - - [27/Aug/2026:06:52:02 +0700] "GET /sitemap_index.xml?action=edit&file=wp-cron.php&path=%2Fhome%2Farld4297%2Fpublic_html%2Flpm.arlindo.ac.id HTTP/2" 200 2859 "-" "Mozilla/5.0 AppleWebKit/537.36 (KHTML, like Gecko; compatible; ClaudeBot/1.0; +claudebot@anthropic.com)"
216.73.216.179 - - [27/Aug/2026:06:52:02 +0700] "GET /sitemap_index.xml?action=edit&file=wp-cron.php&path=%2Fhome%2Farld4297%2Fpublic_html%2Fmedivacare.com HTTP/2" 200 2859 "-" "Mozilla/5.0 AppleWebKit/537.36 (KHTML, like Gecko; compatible; ClaudeBot/1.0; +claudebot@anthropic.com)"
216.73.216.179 - - [27/Aug/2026:06:52:02 +0700] "GET /sitemap_index.xml?action=edit&file=wp-trackback.php&path=%2Fhome%2Farld4297%2Fpublic_html%2Flpm.arlindo.ac.id HTTP/2" 200 2742 "-" "Mozilla/5.0 AppleWebKit/537.36 (KHTML, like Gecko; compatible; ClaudeBot/1.0; +claudebot@anthropic.com)"
216.73.216.179 - - [27/Aug/2026:06:52:02 +0700] "GET /sitemap_index.xml?path=%2Fhome%2Farld4297%2Fpublic_html%2Fcms.digilabkreasi.my.id%2Ftests HTTP/2" 200 1122 "-" "Mozilla/5.0 AppleWebKit/537.36 (KHTML, like Gecko; compatible; ClaudeBot/1.0; +claudebot@anthropic.com)"
216.73.216.179 - - [27/Aug/2026:06:52:02 +0700] "GET /sitemap_index.xml?path=%2Fhome%2Farld4297%2Fpublic_html%2Fejournal.arlindo.ac.id%2Fstyles HTTP/2" 200 1090 "-" "Mozilla/5.0 AppleWebKit/537.36 (KHTML, like Gecko; compatible; ClaudeBot/1.0; +claudebot@anthropic.com)"
216.73.216.179 - - [27/Aug/2026:06:52:04 +0700] "GET /sitemap_index.xml?action=edit&file=wp-trackback.php&path=%2Fhome%2Farld4297%2Fpublic_html%2Fmedivacare.com HTTP/2" 200 2742 "-" "Mozilla/5.0 AppleWebKit/537.36 (KHTML, like Gecko; compatible; ClaudeBot/1.0; +claudebot@anthropic.com)"
216.73.216.179 - - [27/Aug/2026:06:52:04 +0700] "GET /sitemap_index.xml?action=edit&file=wp-settings.php&path=%2Fhome%2Farld4297%2Fpublic_html%2Flpm.arlindo.ac.id HTTP/2" 200 7352 "-" "Mozilla/5.0 AppleWebKit/537.36 (KHTML, like Gecko; compatible; ClaudeBot/1.0; +claudebot@anthropic.com)"
216.73.216.179 - - [27/Aug/2026:06:52:05 +0700] "GET /sitemap_index.xml?path=%2Fhome%2Farld4297%2Fpublic_html%2Fcms.digilabkreasi.my.id%2Fcms HTTP/2" 200 1000 "-" "Mozilla/5.0 AppleWebKit/537.36 (KHTML, like Gecko; compatible; ClaudeBot/1.0; +claudebot@anthropic.com)"
216.73.216.179 - - [27/Aug/2026:06:52:05 +0700] "GET /sitemap_index.xml?action=edit&file=wp-settings.php&path=%2Fhome%2Farld4297%2Fpublic_html%2Fmedivacare.com HTTP/2" 200 7352 "-" "Mozilla/5.0 AppleWebKit/537.36 (KHTML, like Gecko; compatible; ClaudeBot/1.0; +claudebot@anthropic.com)"
216.73.216.179 - - [27/Aug/2026:06:52:05 +0700] "GET /sitemap_index.xml?path=%2Fhome%2Farld4297%2Fpublic_html%2Fdigilabkreasi.my.id%2Fcgi-bin HTTP/2" 200 1003 "-" "Mozilla/5.0 AppleWebKit/537.36 (KHTML, like Gecko; compatible; ClaudeBot/1.0; +claudebot@anthropic.com)"
202.10.43.32 - - [27/Aug/2026:06:52:28 +0700] "POST /wp-cron.php?doing_wp_cron=1787788348.9196200370788574218750 HTTP/1.1" 200 0 "-" "WordPress/7.1; https://arlindo.ac.id"
216.73.216.179 - - [27/Aug/2026:06:52:28 +0700] "GET /robots.txt HTTP/2" 200 1476 "-" "Mozilla/5.0 AppleWebKit/537.36 (KHTML, like Gecko; compatible; ClaudeBot/1.0; +claudebot@anthropic.com)"
103.65.237.131 - - [27/Aug/2026:06:51:28 +0700] "POST //wp-login.php HTTP/1.1" 200 0 "https://arlindo.ac.id//wp-login.php" "Mozilla/5.0 (Windows NT 10.0; Win64; x64) AppleWebKit/537.36 (KHTML, like Gecko) Chrome/88.0.4240.193 Safari/537.36"
216.73.216.179 - - [27/Aug/2026:06:52:29 +0700] "GET /sitemap_index.xml?action=edit&file=error_log&path=%2Fhome%2Farld4297%2Fpublic_html%2Flpm.arlindo.ac.id HTTP/2" 200 25137 "-" "Mozilla/5.0 AppleWebKit/537.36 (KHTML, like Gecko; compatible; ClaudeBot/1.0; +claudebot@anthropic.com)"
216.73.216.179 - - [27/Aug/2026:06:52:29 +0700] "GET /sitemap_index.xml?action=edit&file=wp-blog-header.php&path=%2Fhome%2Farld4297%2Fpublic_html%2Flpm.arlindo.ac.id HTTP/2" 200 938 "-" "Mozilla/5.0 AppleWebKit/537.36 (KHTML, like Gecko; compatible; ClaudeBot/1.0; +claudebot@anthropic.com)"
216.73.216.179 - - [27/Aug/2026:06:52:29 +0700] "GET /sitemap_index.xml?action=edit&file=wp-blog-header.php&path=%2Fhome%2Farld4297%2Fpublic_html%2Fmedivacare.com HTTP/2" 200 938 "-" "Mozilla/5.0 AppleWebKit/537.36 (KHTML, like Gecko; compatible; ClaudeBot/1.0; +claudebot@anthropic.com)"
216.73.216.179 - - [27/Aug/2026:06:52:29 +0700] "GET /sitemap_index.xml?action=edit&file=index.php&path=%2Fhome%2Farld4297%2Fpublic_html%2Flpm.arlindo.ac.id HTTP/2" 200 953 "-" "Mozilla/5.0 AppleWebKit/537.36 (KHTML, like Gecko; compatible; ClaudeBot/1.0; +claudebot@anthropic.com)"
216.73.216.179 - - [27/Aug/2026:06:52:29 +0700] "GET /sitemap_index.xml?path=%2Fhome%2Farld4297%2Fpublic_html%2Fejournal.arlindo.ac.id%2Fpublic HTTP/2" 200 1097 "-" "Mozilla/5.0 AppleWebKit/537.36 (KHTML, like Gecko; compatible; ClaudeBot/1.0; +claudebot@anthropic.com)"
216.73.216.179 - - [27/Aug/2026:06:52:29 +0700] "GET /sitemap_index.xml?action=edit&file=error_log&path=%2Fhome%2Farld4297%2Fpublic_html%2Fmedivacare.com HTTP/2" 200 28972 "-" "Mozilla/5.0 AppleWebKit/537.36 (KHTML, like Gecko; compatible; ClaudeBot/1.0; +claudebot@anthropic.com)"
216.73.216.179 - - [27/Aug/2026:06:52:30 +0700] "GET /sitemap_index.xml?action=edit&file=index.php&path=%2Fhome%2Farld4297%2Fpublic_html%2Fmedivacare.com HTTP/2" 200 953 "-" "Mozilla/5.0 AppleWebKit/537.36 (KHTML, like Gecko; compatible; ClaudeBot/1.0; +claudebot@anthropic.com)"
216.73.216.179 - - [27/Aug/2026:06:52:31 +0700] "GET /sitemap_index.xml?action=edit&file=wp-login.php&path=%2Fhome%2Farld4297%2Fpublic_html%2Flpm.arlindo.ac.id HTTP/2" 200 14695 "-" "Mozilla/5.0 AppleWebKit/537.36 (KHTML, like Gecko; compatible; ClaudeBot/1.0; +claudebot@anthropic.com)"
216.73.216.179 - - [27/Aug/2026:06:52:31 +0700] "GET /sitemap_index.xml?action=edit&file=config.TEMPLATE.inc.php&path=%2Fhome%2Farld4297%2Fpublic_html%2Fejournal.arlindo.ac.id HTTP/2" 200 7331 "-" "Mozilla/5.0 AppleWebKit/537.36 (KHTML, like Gecko; compatible; ClaudeBot/1.0; +claudebot@anthropic.com)"
216.73.216.179 - - [27/Aug/2026:06:52:32 +0700] "GET /sitemap_index.xml?path=%2Fhome%2Farld4297%2Fpublic_html%2Fcrm.arlindo.ac.id%2Fassets HTTP/2" 200 1196 "-" "Mozilla/5.0 AppleWebKit/537.36 (KHTML, like Gecko; compatible; ClaudeBot/1.0; +claudebot@anthropic.com)"
216.73.216.179 - - [27/Aug/2026:06:52:32 +0700] "GET /sitemap_index.xml?action=edit&file=wp-login.php&path=%2Fhome%2Farld4297%2Fpublic_html%2Fmedivacare.com HTTP/2" 200 14695 "-" "Mozilla/5.0 AppleWebKit/537.36 (KHTML, like Gecko; compatible; ClaudeBot/1.0; +claudebot@anthropic.com)"
216.73.216.179 - - [27/Aug/2026:06:52:33 +0700] "GET /sitemap_index.xml?action=edit&file=wp-links-opml.php&path=%2Fhome%2Farld4297%2Fpublic_html%2Flpm.arlindo.ac.id HTTP/2" 200 1892 "-" "Mozilla/5.0 AppleWebKit/537.36 (KHTML, like Gecko; compatible; ClaudeBot/1.0; +claudebot@anthropic.com)"
216.73.216.179 - - [27/Aug/2026:06:52:33 +0700] "GET /sitemap_index.xml?path=%2Fhome%2Farld4297%2Fpublic_html%2Flms.arlindo.ac.id%2F.well-known HTTP/2" 200 1045 "-" "Mozilla/5.0 AppleWebKit/537.36 (KHTML, like Gecko; compatible; ClaudeBot/1.0; +claudebot@anthropic.com)"
216.73.216.179 - - [27/Aug/2026:06:52:33 +0700] "GET /sitemap_index.xml?path=%2Fhome%2Farld4297%2Fpublic_html%2Fcms.digilabkreasi.my.id%2Froutes HTTP/2" 200 1120 "-" "Mozilla/5.0 AppleWebKit/537.36 (KHTML, like Gecko; compatible; ClaudeBot/1.0; +claudebot@anthropic.com)"
216.73.216.179 - - [27/Aug/2026:06:52:33 +0700] "GET /sitemap_index.xml?action=edit&file=dummy.php&path=%2Fhome%2Farld4297%2Fpublic_html%2Fcms.digilabkreasi.my.id HTTP/2" 200 1347 "-" "Mozilla/5.0 AppleWebKit/537.36 (KHTML, like Gecko; compatible; ClaudeBot/1.0; +claudebot@anthropic.com)"
216.73.216.179 - - [27/Aug/2026:06:52:33 +0700] "GET /sitemap_index.xml?action=edit&file=wp-links-opml.php&path=%2Fhome%2Farld4297%2Fpublic_html%2Fmedivacare.com HTTP/2" 200 1892 "-" "Mozilla/5.0 AppleWebKit/537.36 (KHTML, like Gecko; compatible; ClaudeBot/1.0; +claudebot@anthropic.com)"
216.73.216.179 - - [27/Aug/2026:06:52:33 +0700] "GET /sitemap_index.xml?action=edit&file=error_log&path=%2Fhome%2Farld4297%2Fpublic_html%2Fejournal.arlindo.ac.id HTTP/2" 200 108682 "-" "Mozilla/5.0 AppleWebKit/537.36 (KHTML, like Gecko; compatible; ClaudeBot/1.0; +claudebot@anthropic.com)"
216.73.216.179 - - [27/Aug/2026:06:52:36 +0700] "GET /sitemap_index.xml?action=edit&file=.gitattributes&path=%2Fhome%2Farld4297%2Fpublic_html%2Fcms.digilabkreasi.my.id HTTP/2" 200 850 "-" "Mozilla/5.0 AppleWebKit/537.36 (KHTML, like Gecko; compatible; ClaudeBot/1.0; +claudebot@anthropic.com)"
216.73.216.179 - - [27/Aug/2026:06:52:36 +0700] "GET /sitemap_index.xml?action=edit&file=index.php&path=%2Fhome%2Farld4297%2Fpublic_html%2Fejournal.arlindo.ac.id HTTP/2" 200 2162 "-" "Mozilla/5.0 AppleWebKit/537.36 (KHTML, like Gecko; compatible; ClaudeBot/1.0; +claudebot@anthropic.com)"
216.73.216.179 - - [27/Aug/2026:06:52:36 +0700] "GET /sitemap_index.xml?path=%2Fhome%2Farld4297%2Fpublic_html%2Fejournal.arlindo.ac.id%2Fschemas HTTP/2" 200 1140 "-" "Mozilla/5.0 AppleWebKit/537.36 (KHTML, like Gecko; compatible; ClaudeBot/1.0; +claudebot@anthropic.com)"
216.73.216.179 - - [27/Aug/2026:06:52:37 +0700] "GET /sitemap_index.xml?action=edit&file=.env.example&path=%2Fhome%2Farld4297%2Fpublic_html%2Fcms.digilabkreasi.my.id HTTP/2" 200 1345 "-" "Mozilla/5.0 AppleWebKit/537.36 (KHTML, like Gecko; compatible; ClaudeBot/1.0; +claudebot@anthropic.com)"
216.73.216.179 - - [27/Aug/2026:06:52:37 +0700] "GET /sitemap_index.xml?path=%2Fhome%2Farld4297%2Fpublic_html%2Fcms.digilabkreasi.my.id%2Fconfig HTTP/2" 200 1235 "-" "Mozilla/5.0 AppleWebKit/537.36 (KHTML, like Gecko; compatible; ClaudeBot/1.0; +claudebot@anthropic.com)"
103.59.161.152 - - [27/Aug/2026:06:51:59 +0700] "POST /wp-login.php HTTP/1.1" 200 0 "-" "Mozilla/5.0"
91.92.242.197 - - [27/Aug/2026:06:52:42 +0700] "POST /wp-login.php HTTP/1.1" 200 0 "-" "Mozilla/5.0"
216.73.216.179 - - [27/Aug/2026:06:53:05 +0700] "GET /sitemap_index.xml?path=%2Fhome%2Farld4297%2Fpublic_html%2Fejournal.arlindo.ac.id%2Fojs-3.3.0-21 HTTP/2" 200 993 "-" "Mozilla/5.0 AppleWebKit/537.36 (KHTML, like Gecko; compatible; ClaudeBot/1.0; +claudebot@anthropic.com)"
216.73.216.179 - - [27/Aug/2026:06:53:05 +0700] "GET /sitemap_index.xml?path=%2Fhome%2Farld4297%2Fpublic_html%2Fcms.digilabkreasi.my.id%2Fvendor HTTP/2" 200 1383 "-" "Mozilla/5.0 AppleWebKit/537.36 (KHTML, like Gecko; compatible; ClaudeBot/1.0; +claudebot@anthropic.com)"
202.10.43.32 - - [27/Aug/2026:06:53:07 +0700] "POST /wp-cron.php?doing_wp_cron=1787788387.7209839820861816406250 HTTP/1.1" 200 0 "-" "WordPress/7.1; https://arlindo.ac.id"
216.73.216.179 - - [27/Aug/2026:06:53:05 +0700] "GET /sitemap_index.xml?action=edit&file=google4427f012edbfee90.html&path=%2Fhome%2Farld4297%2Fpublic_html%2Flpm.arlindo.ac.id HTTP/2" 200 774 "-" "Mozilla/5.0 AppleWebKit/537.36 (KHTML, like Gecko; compatible; ClaudeBot/1.0; +claudebot@anthropic.com)"
216.73.216.179 - - [27/Aug/2026:06:53:05 +0700] "GET /sitemap_index.xml?action=edit&file=config.inc.php&path=%2Fhome%2Farld4297%2Fpublic_html%2Fejournal.arlindo.ac.id HTTP/2" 200 7366 "-" "Mozilla/5.0 AppleWebKit/537.36 (KHTML, like Gecko; compatible; ClaudeBot/1.0; +claudebot@anthropic.com)"
216.73.216.179 - - [27/Aug/2026:06:53:05 +0700] "GET /sitemap_index.xml?action=edit&file=wp-signup.php&path=%2Fhome%2Farld4297%2Fpublic_html%2Fmedivacare.com HTTP/2" 200 9390 "-" "Mozilla/5.0 AppleWebKit/537.36 (KHTML, like Gecko; compatible; ClaudeBot/1.0; +claudebot@anthropic.com)"
216.73.216.179 - - [27/Aug/2026:06:53:08 +0700] "GET /sitemap_index.xml?path=%2Fhome%2Farld4297%2Fpublic_html%2Flpm.arlindo.ac.id%2F.well-known HTTP/2" 200 1047 "-" "Mozilla/5.0 AppleWebKit/537.36 (KHTML, like Gecko; compatible; ClaudeBot/1.0; +claudebot@anthropic.com)"
216.73.216.179 - - [27/Aug/2026:06:53:08 +0700] "GET /sitemap_index.xml?action=edit&file=readme.html&path=%2Fhome%2Farld4297%2Fpublic_html%2Flpm.arlindo.ac.id HTTP/2" 200 3807 "-" "Mozilla/5.0 AppleWebKit/537.36 (KHTML, like Gecko; compatible; ClaudeBot/1.0; +claudebot@anthropic.com)"
202.10.43.32 - - [27/Aug/2026:06:53:10 +0700] "POST /wp-cron.php?doing_wp_cron=1787788390.1331110000610351562500 HTTP/1.1" 200 0 "-" "WordPress/7.1; https://arlindo.ac.id"
216.73.216.179 - - [27/Aug/2026:06:53:08 +0700] "GET /sitemap_index.xml?path=%2Fhome%2Farld4297%2Fpublic_html%2Fmedivacare.com%2F.well-known HTTP/2" 200 1058 "-" "Mozilla/5.0 AppleWebKit/537.36 (KHTML, like Gecko; compatible; ClaudeBot/1.0; +claudebot@anthropic.com)"
216.73.216.179 - - [27/Aug/2026:06:53:08 +0700] "GET /sitemap_index.xml?path=%2Fhome%2Farld4297%2Fpublic_html%2Fcms.digilabkreasi.my.id%2Fpublic HTTP/2" 200 1192 "-" "Mozilla/5.0 AppleWebKit/537.36 (KHTML, like Gecko; compatible; ClaudeBot/1.0; +claudebot@anthropic.com)"
216.73.216.179 - - [27/Aug/2026:06:53:09 +0700] "GET /sitemap_index.xml?action=edit&file=index-old.php&path=%2Fhome%2Farld4297%2Fpublic_html%2Flpm.arlindo.ac.id HTTP/2" 200 960 "-" "Mozilla/5.0 AppleWebKit/537.36 (KHTML, like Gecko; compatible; ClaudeBot/1.0; +claudebot@anthropic.com)"
216.73.216.179 - - [27/Aug/2026:06:53:09 +0700] "GET /sitemap_index.xml?action=edit&file=readme.html&path=%2Fhome%2Farld4297%2Fpublic_html%2Fmedivacare.com HTTP/2" 200 3807 "-" "Mozilla/5.0 AppleWebKit/537.36 (KHTML, like Gecko; compatible; ClaudeBot/1.0; +claudebot@anthropic.com)"
216.73.216.179 - - [27/Aug/2026:06:53:19 +0700] "GET /sitemap_index.xml?action=edit&file=.htaccess&path=%2Fhome%2Farld4297%2Fpublic_html%2Fmedivacare.com HTTP/2" 200 2752 "-" "Mozilla/5.0 AppleWebKit/537.36 (KHTML, like Gecko; compatible; ClaudeBot/1.0; +claudebot@anthropic.com)"
216.73.216.179 - - [27/Aug/2026:06:53:19 +0700] "GET /sitemap_index.xml?action=edit&file=package.json&path=%2Fhome%2Farld4297%2Fpublic_html%2Fcms.digilabkreasi.my.id HTTP/2" 200 932 "-" "Mozilla/5.0 AppleWebKit/537.36 (KHTML, like Gecko; compatible; ClaudeBot/1.0; +claudebot@anthropic.com)"
216.73.216.179 - - [27/Aug/2026:06:53:19 +0700] "GET /sitemap_index.xml?path=%2Fhome%2Farld4297%2Fpublic_html%2Fdosen.arlindo.ac.id%2F.well-known HTTP/2" 200 1051 "-" "Mozilla/5.0 AppleWebKit/537.36 (KHTML, like Gecko; compatible; ClaudeBot/1.0; +claudebot@anthropic.com)"
216.73.216.179 - - [27/Aug/2026:06:53:19 +0700] "GET /sitemap_index.xml?action=edit&file=.htaccess&path=%2Fhome%2Farld4297%2Fpublic_html%2Flpm.arlindo.ac.id HTTP/2" 200 1181 "-" "Mozilla/5.0 AppleWebKit/537.36 (KHTML, like Gecko; compatible; ClaudeBot/1.0; +claudebot@anthropic.com)"
216.73.216.179 - - [27/Aug/2026:06:53:19 +0700] "GET /sitemap_index.xml?action=edit&file=index.html&path=%2Fhome%2Farld4297%2Fpublic_html%2Fcrm.arlindo.ac.id HTTP/2" 200 1509 "-" "Mozilla/5.0 AppleWebKit/537.36 (KHTML, like Gecko; compatible; ClaudeBot/1.0; +claudebot@anthropic.com)"
216.73.216.179 - - [27/Aug/2026:06:53:21 +0700] "GET /sitemap_index.xml?path=%2Fhome%2Farld4297%2Fpublic_html%2Fmhs.arlindo.ac.id%2F.well-known HTTP/2" 200 1048 "-" "Mozilla/5.0 AppleWebKit/537.36 (KHTML, like Gecko; compatible; ClaudeBot/1.0; +claudebot@anthropic.com)"
216.73.216.179 - - [27/Aug/2026:06:53:21 +0700] "GET /sitemap_index.xml?path=%2Fhome%2Farld4297%2Fpublic_html%2F.well-known%2Facme-challenge HTTP/2" 200 1157 "-" "Mozilla/5.0 AppleWebKit/537.36 (KHTML, like Gecko; compatible; ClaudeBot/1.0; +claudebot@anthropic.com)"
216.73.216.179 - - [27/Aug/2026:06:53:22 +0700] "GET /sitemap_index.xml?path=%2Fhome%2Farld4297%2Fpublic_html%2Fcrm.arlindo.ac.id%2F.well-known HTTP/2" 200 1048 "-" "Mozilla/5.0 AppleWebKit/537.36 (KHTML, like Gecko; compatible; ClaudeBot/1.0; +claudebot@anthropic.com)"
216.73.216.179 - - [27/Aug/2026:06:53:22 +0700] "GET /sitemap_index.xml?action=edit&file=error_log&path=%2Fhome%2Farld4297%2Fpublic_html%2Fcms.digilabkreasi.my.id HTTP/2" 200 1277 "-" "Mozilla/5.0 AppleWebKit/537.36 (KHTML, like Gecko; compatible; ClaudeBot/1.0; +claudebot@anthropic.com)"
216.73.216.179 - - [27/Aug/2026:06:53:22 +0700] "GET /sitemap_index.xml?path=%2Fhome%2Farld4297%2Fpublic_html%2Fejournal.arlindo.ac.id%2F.well-known HTTP/2" 200 1051 "-" "Mozilla/5.0 AppleWebKit/537.36 (KHTML, like Gecko; compatible; ClaudeBot/1.0; +claudebot@anthropic.com)"
216.73.216.179 - - [27/Aug/2026:06:53:23 +0700] "GET /sitemap_index.xml?action=edit&file=wp-signup.php&path=%2Fhome%2Farld4297%2Fpublic_html%2Flpm.arlindo.ac.id HTTP/2" 200 9390 "-" "Mozilla/5.0 AppleWebKit/537.36 (KHTML, like Gecko; compatible; ClaudeBot/1.0; +claudebot@anthropic.com)"
202.10.43.32 - - [27/Aug/2026:06:53:24 +0700] "POST /wp-cron.php?doing_wp_cron=1787788404.0802099704742431640625 HTTP/1.1" 200 0 "-" "WordPress/7.1; https://arlindo.ac.id"
103.65.237.131 - - [27/Aug/2026:06:52:30 +0700] "POST //wp-login.php HTTP/1.1" 200 0 "https://arlindo.ac.id//wp-login.php" "Mozilla/5.0 (Windows NT 10.0; Win64; x64) AppleWebKit/537.36 (KHTML, like Gecko) Chrome/88.0.4240.193 Safari/537.36"
178.156.187.238 - - [27/Aug/2026:06:53:33 +0700] "HEAD / HTTP/1.1" 200 0 "https://arlindo.ac.id" "Mozilla/5.0+(compatible; UptimeRobot/2.0; http://www.uptimerobot.com/)"
216.73.216.179 - - [27/Aug/2026:06:53:39 +0700] "GET /sitemap_index.xml?action=edit&file=.htaccess&path=%2Fhome%2Farld4297%2Fpublic_html%2Fcrm.arlindo.ac.id HTTP/2" 200 1047 "-" "Mozilla/5.0 AppleWebKit/537.36 (KHTML, like Gecko; compatible; ClaudeBot/1.0; +claudebot@anthropic.com)"
216.73.216.179 - - [27/Aug/2026:06:53:39 +0700] "GET /sitemap_index.xml?action=edit&file=README.md&path=%2Fhome%2Farld4297%2Fpublic_html%2Fejournal.arlindo.ac.id HTTP/2" 200 1830 "-" "Mozilla/5.0 AppleWebKit/537.36 (KHTML, like Gecko; compatible; ClaudeBot/1.0; +claudebot@anthropic.com)"
216.73.216.179 - - [27/Aug/2026:06:53:39 +0700] "GET /sitemap_index.xml?path=%2Fhome%2Farld4297%2Fpublic_html%2Fdigilabkreasi.my.id%2F.well-known HTTP/2" 200 1062 "-" "Mozilla/5.0 AppleWebKit/537.36 (KHTML, like Gecko; compatible; ClaudeBot/1.0; +claudebot@anthropic.com)"
216.73.216.179 - - [27/Aug/2026:06:53:39 +0700] "GET /sitemap_index.xml?action=edit&file=.gitignore&path=%2Fhome%2Farld4297%2Fpublic_html%2Fcms.digilabkreasi.my.id HTTP/2" 200 938 "-" "Mozilla/5.0 AppleWebKit/537.36 (KHTML, like Gecko; compatible; ClaudeBot/1.0; +claudebot@anthropic.com)"
216.73.216.179 - - [27/Aug/2026:06:53:39 +0700] "GET /sitemap_index.xml?action=edit&file=cypress.json&path=%2Fhome%2Farld4297%2Fpublic_html%2Fejournal.arlindo.ac.id HTTP/2" 200 1132 "-" "Mozilla/5.0 AppleWebKit/537.36 (KHTML, like Gecko; compatible; ClaudeBot/1.0; +claudebot@anthropic.com)"
216.73.216.179 - - [27/Aug/2026:06:53:41 +0700] "GET /sitemap_index.xml?action=edit&file=error_log&path=%2Fhome%2Farld4297%2Fpublic_html%2Fdigilabkreasi.my.id HTTP/2" 200 125034 "-" "Mozilla/5.0 AppleWebKit/537.36 (KHTML, like Gecko; compatible; ClaudeBot/1.0; +claudebot@anthropic.com)"
216.73.216.179 - - [27/Aug/2026:06:53:41 +0700] "GET /sitemap_index.xml?action=edit&file=google64c0444c29a98e52.html&path=%2Fhome%2Farld4297%2Fpublic_html%2Flpm.arlindo.ac.id HTTP/2" 200 775 "-" "Mozilla/5.0 AppleWebKit/537.36 (KHTML, like Gecko; compatible; ClaudeBot/1.0; +claudebot@anthropic.com)"
216.73.216.179 - - [27/Aug/2026:06:53:42 +0700] "GET /sitemap_index.xml?action=edit&file=sitemap.xml&path=%2Fhome%2Farld4297%2Fpublic_html%2Flpm.arlindo.ac.id HTTP/2" 200 979 "-" "Mozilla/5.0 AppleWebKit/537.36 (KHTML, like Gecko; compatible; ClaudeBot/1.0; +claudebot@anthropic.com)"
216.73.216.179 - - [27/Aug/2026:06:53:42 +0700] "GET /sitemap_index.xml?action=edit&file=composer.json&path=%2Fhome%2Farld4297%2Fpublic_html%2Fcms.digilabkreasi.my.id HTTP/2" 200 1793 "-" "Mozilla/5.0 AppleWebKit/537.36 (KHTML, like Gecko; compatible; ClaudeBot/1.0; +claudebot@anthropic.com)"
216.73.216.179 - - [27/Aug/2026:06:53:42 +0700] "GET /sitemap_index.xml?action=edit&file=.htaccess&path=%2Fhome%2Farld4297%2Fpublic_html%2Fmitra.arlindo.ac.id HTTP/2" 200 911 "-" "Mozilla/5.0 AppleWebKit/537.36 (KHTML, like Gecko; compatible; ClaudeBot/1.0; +claudebot@anthropic.com)"
216.73.216.179 - - [27/Aug/2026:06:53:43 +0700] "GET /sitemap_index.xml?action=edit&file=package-lock.json&path=%2Fhome%2Farld4297%2Fpublic_html%2Fcms.digilabkreasi.my.id HTTP/2" 200 13051 "-" "Mozilla/5.0 AppleWebKit/537.36 (KHTML, like Gecko; compatible; ClaudeBot/1.0; +claudebot@anthropic.com)"
202.10.43.32 - - [27/Aug/2026:06:54:00 +0700] "POST /wp-cron.php?doing_wp_cron=1787788440.0090570449829101562500 HTTP/1.1" 200 0 "-" "WordPress/7.1; https://arlindo.ac.id"
216.73.216.179 - - [27/Aug/2026:06:53:58 +0700] "GET /sitemap_index.xml?action=edit&file=.editorconfig&path=%2Fhome%2Farld4297%2Fpublic_html%2Fcms.digilabkreasi.my.id HTTP/2" 200 886 "-" "Mozilla/5.0 AppleWebKit/537.36 (KHTML, like Gecko; compatible; ClaudeBot/1.0; +claudebot@anthropic.com)"
216.73.216.179 - - [27/Aug/2026:06:53:58 +0700] "GET /sitemap_index.xml?action=edit&file=.htaccess&path=%2Fhome%2Farld4297%2Fpublic_html%2Fdigilabkreasi.my.id HTTP/2" 200 911 "-" "Mozilla/5.0 AppleWebKit/537.36 (KHTML, like Gecko; compatible; ClaudeBot/1.0; +claudebot@anthropic.com)"
216.73.216.179 - - [27/Aug/2026:06:53:58 +0700] "GET /sitemap_index.xml?action=edit&file=vite.config.js&path=%2Fhome%2Farld4297%2Fpublic_html%2Fcms.digilabkreasi.my.id HTTP/2" 200 966 "-" "Mozilla/5.0 AppleWebKit/537.36 (KHTML, like Gecko; compatible; ClaudeBot/1.0; +claudebot@anthropic.com)"
216.73.216.179 - - [27/Aug/2026:06:53:58 +0700] "GET /sitemap_index.xml?action=edit&file=composer.phar&path=%2Fhome%2Farld4297%2Fpublic_html%2Fdigilabkreasi.my.id HTTP/2" 200 752 "-" "Mozilla/5.0 AppleWebKit/537.36 (KHTML, like Gecko; compatible; ClaudeBot/1.0; +claudebot@anthropic.com)"
216.73.216.179 - - [27/Aug/2026:06:53:58 +0700] "GET /sitemap_index.xml?action=edit&file=README.md&path=%2Fhome%2Farld4297%2Fpublic_html%2Fcms.digilabkreasi.my.id HTTP/2" 200 2274 "-" "Mozilla/5.0 AppleWebKit/537.36 (KHTML, like Gecko; compatible; ClaudeBot/1.0; +claudebot@anthropic.com)"
216.73.216.179 - - [27/Aug/2026:06:54:00 +0700] "GET /sitemap_index.xml?action=edit&file=.env&path=%2Fhome%2Farld4297%2Fpublic_html%2Fcms.digilabkreasi.my.id HTTP/2" 200 1380 "-" "Mozilla/5.0 AppleWebKit/537.36 (KHTML, like Gecko; compatible; ClaudeBot/1.0; +claudebot@anthropic.com)"
216.73.216.179 - - [27/Aug/2026:06:54:00 +0700] "GET /sitemap_index.xml?action=edit&file=dist.zip&path=%2Fhome%2Farld4297%2Fpublic_html%2Fcrm.arlindo.ac.id HTTP/2" 200 748 "-" "Mozilla/5.0 AppleWebKit/537.36 (KHTML, like Gecko; compatible; ClaudeBot/1.0; +claudebot@anthropic.com)"
216.73.216.179 - - [27/Aug/2026:06:54:00 +0700] "GET /sitemap_index.xml?action=edit&file=composer.phar&path=%2Fhome%2Farld4297%2Fpublic_html%2Fcms.digilabkreasi.my.id HTTP/2" 200 752 "-" "Mozilla/5.0 AppleWebKit/537.36 (KHTML, like Gecko; compatible; ClaudeBot/1.0; +claudebot@anthropic.com)"
216.73.216.179 - - [27/Aug/2026:06:54:01 +0700] "GET /sitemap_index.xml?action=edit&file=composer.lock&path=%2Fhome%2Farld4297%2Fpublic_html%2Fcms.digilabkreasi.my.id HTTP/2" 200 36561 "-" "Mozilla/5.0 AppleWebKit/537.36 (KHTML, like Gecko; compatible; ClaudeBot/1.0; +claudebot@anthropic.com)"
216.73.216.179 - - [27/Aug/2026:06:54:01 +0700] "GET /sitemap_index.xml?path=%2Fhome%2Farld4297%2Fpublic_html%2Fsiakad.arlindo.ac.id%2F.well-known HTTP/2" 200 1052 "-" "Mozilla/5.0 AppleWebKit/537.36 (KHTML, like Gecko; compatible; ClaudeBot/1.0; +claudebot@anthropic.com)"
202.10.43.32 - - [27/Aug/2026:06:54:11 +0700] "POST /wp-cron.php?doing_wp_cron=1787788451.4174380302429199218750 HTTP/1.1" 200 0 "-" "WordPress/7.1; https://arlindo.ac.id"
216.73.216.179 - - [27/Aug/2026:06:54:09 +0700] "GET /sitemap_index.xml?action=edit&file=license.txt&path=%2Fhome%2Farld4297%2Fpublic_html%2Fmedivacare.com HTTP/2" 200 8077 "-" "Mozilla/5.0 AppleWebKit/537.36 (KHTML, like Gecko; compatible; ClaudeBot/1.0; +claudebot@anthropic.com)"
216.73.216.179 - - [27/Aug/2026:06:54:09 +0700] "GET /sitemap_index.xml?action=edit&file=ojs-3.3.0-21.tar.gz&path=%2Fhome%2Farld4297%2Fpublic_html%2Fejournal.arlindo.ac.id HTTP/2" 200 760 "-" "Mozilla/5.0 AppleWebKit/537.36 (KHTML, like Gecko; compatible; ClaudeBot/1.0; +claudebot@anthropic.com)"
216.73.216.179 - - [27/Aug/2026:06:54:09 +0700] "GET /sitemap_index.xml?action=edit&file=license.txt&path=%2Fhome%2Farld4297%2Fpublic_html%2Flpm.arlindo.ac.id HTTP/2" 200 8077 "-" "Mozilla/5.0 AppleWebKit/537.36 (KHTML, like Gecko; compatible; ClaudeBot/1.0; +claudebot@anthropic.com)"
216.73.216.179 - - [27/Aug/2026:06:54:09 +0700] "GET /sitemap_index.xml?action=edit&file=arld4297_digilabs_nusadaya&path=%2Fhome%2Farld4297%2Fpublic_html%2Fcms.digilabkreasi.my.id HTTP/2" 200 767 "-" "Mozilla/5.0 AppleWebKit/537.36 (KHTML, like Gecko; compatible; ClaudeBot/1.0; +claudebot@anthropic.com)"
216.73.216.179 - - [27/Aug/2026:06:54:09 +0700] "GET /sitemap_index.xml?action=edit&file=robots.txt&path=%2Fhome%2Farld4297%2Fpublic_html%2Fejournal.arlindo.ac.id HTTP/2" 200 773 "-" "Mozilla/5.0 AppleWebKit/537.36 (KHTML, like Gecko; compatible; ClaudeBot/1.0; +claudebot@anthropic.com)"
216.73.216.179 - - [27/Aug/2026:06:54:11 +0700] "GET /sitemap_index.xml?action=edit&file=robots.txt&path=%2Fhome%2Farld4297%2Fpublic_html%2Flpm.arlindo.ac.id HTTP/2" 200 772 "-" "Mozilla/5.0 AppleWebKit/537.36 (KHTML, like Gecko; compatible; ClaudeBot/1.0; +claudebot@anthropic.com)"
216.73.216.179 - - [27/Aug/2026:06:54:12 +0700] "GET /sitemap_index.xml?action=edit&file=.npmrc&path=%2Fhome%2Farld4297%2Fpublic_html%2Fcms.digilabkreasi.my.id HTTP/2" 200 766 "-" "Mozilla/5.0 AppleWebKit/537.36 (KHTML, like Gecko; compatible; ClaudeBot/1.0; +claudebot@anthropic.com)"
216.73.216.179 - - [27/Aug/2026:06:54:12 +0700] "GET /sitemap_index.xml?action=edit&file=googled63069b31958a7a4.html&path=%2Fhome%2Farld4297%2Fpublic_html%2Flpm.arlindo.ac.id HTTP/2" 200 775 "-" "Mozilla/5.0 AppleWebKit/537.36 (KHTML, like Gecko; compatible; ClaudeBot/1.0; +claudebot@anthropic.com)"
216.73.216.179 - - [27/Aug/2026:06:54:12 +0700] "GET /sitemap_index.xml?action=edit&file=artisan&path=%2Fhome%2Farld4297%2Fpublic_html%2Fcms.digilabkreasi.my.id HTTP/2" 200 1014 "-" "Mozilla/5.0 AppleWebKit/537.36 (KHTML, like Gecko; compatible; ClaudeBot/1.0; +claudebot@anthropic.com)"
216.73.216.179 - - [27/Aug/2026:06:54:12 +0700] "GET /sitemap_index.xml?action=edit&file=favicon.ico&path=%2Fhome%2Farld4297%2Fpublic_html%2Fejournal.arlindo.ac.id HTTP/2" 200 747 "-" "Mozilla/5.0 AppleWebKit/537.36 (KHTML, like Gecko; compatible; ClaudeBot/1.0; +claudebot@anthropic.com)"
103.59.161.152 - - [27/Aug/2026:06:54:02 +0700] "POST /wp-login.php HTTP/1.1" 200 0 "-" "Mozilla/5.0"
103.65.237.131 - - [27/Aug/2026:06:53:32 +0700] "POST //wp-login.php HTTP/1.1" 200 0 "https://arlindo.ac.id//wp-login.php" "Mozilla/5.0 (Windows NT 10.0; Win64; x64) AppleWebKit/537.36 (KHTML, like Gecko) Chrome/88.0.4240.193 Safari/537.36"
91.92.242.197 - - [27/Aug/2026:06:54:20 +0700] "POST /wp-login.php HTTP/1.1" 200 0 "-" "Mozilla/5.0"
94.154.43.180 - - [27/Aug/2026:06:55:27 +0700] "GET / HTTP/1.1" 400 52 "-" "Mozilla/5.0 (Windows NT 10.0; Win64; x64) AppleWebKit/537.36 (KHTML, like Gecko) Chrome/147.0.0.0 Safari/537.36"
103.65.237.131 - - [27/Aug/2026:06:54:34 +0700] "POST //wp-login.php HTTP/1.1" 200 0 "https://arlindo.ac.id//wp-login.php" "Mozilla/5.0 (Windows NT 10.0; Win64; x64) AppleWebKit/537.36 (KHTML, like Gecko) Chrome/88.0.4240.193 Safari/537.36"
91.92.242.197 - - [27/Aug/2026:06:55:58 +0700] "POST /wp-login.php HTTP/1.1" 200 0 "-" "Mozilla/5.0"
103.59.161.152 - - [27/Aug/2026:06:55:19 +0700] "POST /wp-login.php HTTP/1.1" 200 0 "-" "Mozilla/5.0"
103.65.237.131 - - [27/Aug/2026:06:55:36 +0700] "POST //wp-login.php HTTP/1.1" 200 0 "https://arlindo.ac.id//wp-login.php" "Mozilla/5.0 (Windows NT 10.0; Win64; x64) AppleWebKit/537.36 (KHTML, like Gecko) Chrome/88.0.4240.193 Safari/537.36"
202.10.43.32 - - [27/Aug/2026:06:56:40 +0700] "POST /wp-cron.php?doing_wp_cron=1787788600.4189639091491699218750 HTTP/1.1" 200 0 "-" "WordPress/7.1; https://arlindo.ac.id"
45.198.224.94 - - [27/Aug/2026:06:56:36 +0700] "GET /wp-login.php HTTP/1.1" 200 4233 "-" "Mozilla/5.0 (Macintosh; Intel Mac OS X 10_15_7) AppleWebKit/537.36 (KHTML, like Gecko) Chrome/124.0.0.0 Safari/537.36"
45.198.224.94 - - [27/Aug/2026:06:56:40 +0700] "GET /wp-login.php HTTP/1.1" 200 4233 "-" "Mozilla/5.0 (Windows NT 10.0; Win64; x64) AppleWebKit/537.36 (KHTML, like Gecko) Chrome/124.0.0.0 Safari/537.36"
45.198.224.94 - - [27/Aug/2026:06:56:41 +0700] "GET /wp-json/wp/v2/users HTTP/1.1" 200 1667 "-" "Mozilla/5.0 (Windows NT 10.0; Win64; x64; rv:102.0) Gecko/20100101 Firefox/102.0"
45.198.224.94 - - [27/Aug/2026:06:56:42 +0700] "GET /?author=1 HTTP/1.1" 200 1593 "-" "Mozilla/5.0 (Windows NT 10.0; Win64; x64) AppleWebKit/537.36 (KHTML, like Gecko) Chrome/123.0.0.0 Safari/537.36"
45.198.224.94 - - [27/Aug/2026:06:56:42 +0700] "GET /?feed=rss2 HTTP/1.1" 200 1593 "-" "Mozilla/5.0 (Macintosh; Intel Mac OS X 10_15_7) AppleWebKit/537.36 (KHTML, like Gecko) Chrome/124.0.0.0 Safari/537.36"
103.65.237.131 - - [27/Aug/2026:06:56:39 +0700] "POST //wp-login.php HTTP/1.1" 200 0 "https://arlindo.ac.id//wp-login.php" "Mozilla/5.0 (Windows NT 10.0; Win64; x64) AppleWebKit/537.36 (KHTML, like Gecko) Chrome/88.0.4240.193 Safari/537.36"
103.59.161.152 - - [27/Aug/2026:06:56:39 +0700] "POST /wp-login.php HTTP/1.1" 200 0 "-" "Mozilla/5.0"
45.198.224.94 - - [27/Aug/2026:06:56:43 +0700] "POST /wp-login.php HTTP/1.1" 200 1593 "-" "Mozilla/5.0 (Windows NT 10.0; Win64; x64) AppleWebKit/537.36 (KHTML, like Gecko) Chrome/124.0.0.0 Safari/537.36"
91.92.242.197 - - [27/Aug/2026:06:57:37 +0700] "POST /wp-login.php HTTP/1.1" 200 0 "-" "Mozilla/5.0"
45.198.224.94 - - [27/Aug/2026:06:57:03 +0700] "POST /wp-login.php HTTP/1.1" 200 0 "-" "Mozilla/5.0 (Windows NT 10.0; Win64; x64; rv:102.0) Gecko/20100101 Firefox/102.0"
202.10.43.32 - - [27/Aug/2026:06:58:13 +0700] "POST /wp-cron.php?doing_wp_cron=1787788693.1667048931121826171875 HTTP/1.1" 200 0 "-" "WordPress/7.1; https://arlindo.ac.id"
213.180.203.33 - - [27/Aug/2026:06:58:12 +0700] "GET /robots.txt HTTP/1.1" 200 8243 "-" "Mozilla/5.0 (compatible; YandexBot/3.0; +http://yandex.com/bots)"
77.88.47.30 - - [27/Aug/2026:06:58:14 +0700] "GET / HTTP/2" 200 36596 "-" "Mozilla/5.0 (compatible; YandexBot/3.0; +http://yandex.com/bots)"
45.138.0.35 - - [27/Aug/2026:06:58:14 +0700] "GET / HTTP/2" 200 36596 "-" "Mozilla/5.0 (compatible; YandexBot/3.0; +http://yandex.com/bots)"
95.108.213.125 - - [27/Aug/2026:06:58:14 +0700] "GET / HTTP/2" 200 36596 "-" "Mozilla/5.0 (compatible; YandexBot/3.0; +http://yandex.com/bots)"
77.88.9.1 - - [27/Aug/2026:06:58:14 +0700] "GET / HTTP/2" 200 36596 "-" "Mozilla/5.0 (compatible; YandexBot/3.0; +http://yandex.com/bots)"
87.250.233.1 - - [27/Aug/2026:06:58:14 +0700] "GET / HTTP/2" 200 36622 "-" "Mozilla/5.0 (compatible; YandexBot/3.0; +http://yandex.com/bots)"
77.88.9.142 - - [27/Aug/2026:06:58:14 +0700] "GET / HTTP/2" 200 36596 "-" "Mozilla/5.0 (compatible; YandexBot/3.0; +http://yandex.com/bots)"
45.148.65.27 - - [27/Aug/2026:06:58:16 +0700] "GET / HTTP/2" 200 36622 "-" "Mozilla/5.0 (compatible; YandexBot/3.0; +http://yandex.com/bots)"
141.8.143.1 - - [27/Aug/2026:06:58:16 +0700] "GET / HTTP/2" 200 36596 "-" "Mozilla/5.0 (compatible; YandexBot/3.0; +http://yandex.com/bots)"
5.255.251.129 - - [27/Aug/2026:06:58:18 +0700] "GET / HTTP/2" 200 36596 "-" "Mozilla/5.0 (compatible; YandexBot/3.0; +http://yandex.com/bots)"
45.198.224.94 - - [27/Aug/2026:06:57:24 +0700] "POST /wp-login.php HTTP/1.1" 200 0 "-" "Mozilla/5.0 (X11; Ubuntu; Linux x86_64; rv:102.0) Gecko/20100101 Firefox/102.0"
45.198.224.94 - - [27/Aug/2026:06:57:44 +0700] "POST /wp-login.php HTTP/1.1" 200 0 "-" "Mozilla/5.0 (Macintosh; Intel Mac OS X 10_15_7) AppleWebKit/537.36 (KHTML, like Gecko) Chrome/124.0.0.0 Safari/537.36"
45.198.224.94 - - [27/Aug/2026:06:58:25 +0700] "POST /wp-login.php HTTP/1.1" 200 0 "-" "Mozilla/5.0 (X11; Ubuntu; Linux x86_64; rv:102.0) Gecko/20100101 Firefox/102.0"
45.198.224.94 - - [27/Aug/2026:06:58:05 +0700] "POST /wp-login.php HTTP/1.1" 200 0 "-" "Mozilla/5.0 (X11; Ubuntu; Linux x86_64; rv:102.0) Gecko/20100101 Firefox/102.0"
103.65.237.131 - - [27/Aug/2026:06:57:41 +0700] "POST //wp-login.php HTTP/1.1" 200 0 "https://arlindo.ac.id//wp-login.php" "Mozilla/5.0 (Windows NT 10.0; Win64; x64) AppleWebKit/537.36 (KHTML, like Gecko) Chrome/88.0.4240.193 Safari/537.36"
18.116.205.62 - - [27/Aug/2026:06:58:47 +0700] "HEAD / HTTP/1.1" 200 0 "https://arlindo.ac.id" "Mozilla/5.0+(compatible; UptimeRobot/2.0; http://www.uptimerobot.com/)"
103.59.161.152 - - [27/Aug/2026:06:58:28 +0700] "POST /wp-login.php HTTP/1.1" 200 0 "-" "Mozilla/5.0"
91.92.242.197 - - [27/Aug/2026:06:59:18 +0700] "POST /wp-login.php HTTP/1.1" 200 0 "-" "Mozilla/5.0"
103.65.237.131 - - [27/Aug/2026:06:58:43 +0700] "POST //wp-login.php HTTP/1.1" 200 0 "https://arlindo.ac.id//wp-login.php" "Mozilla/5.0 (Windows NT 10.0; Win64; x64) AppleWebKit/537.36 (KHTML, like Gecko) Chrome/88.0.4240.193 Safari/537.36"
97.74.87.194 - - [27/Aug/2026:07:00:01 +0700] "GET /wp-login.php HTTP/2" 403 9678 "-" "Mozilla/5.0 (Windows NT 10.0; Win64; x64) AppleWebKit/537.36 (KHTML, like Gecko) Chrome/151.0.0.0 Safari/537.36"
103.65.237.131 - - [27/Aug/2026:06:59:45 +0700] "POST //wp-login.php HTTP/1.1" 200 0 "https://arlindo.ac.id//wp-login.php" "Mozilla/5.0 (Windows NT 10.0; Win64; x64) AppleWebKit/537.36 (KHTML, like Gecko) Chrome/88.0.4240.193 Safari/537.36"
103.59.161.152 - - [27/Aug/2026:06:59:59 +0700] "POST /wp-login.php HTTP/1.1" 200 0 "-" "Mozilla/5.0"
91.92.242.197 - - [27/Aug/2026:07:00:56 +0700] "POST /wp-login.php HTTP/1.1" 200 0 "-" "Mozilla/5.0"
103.59.161.152 - - [27/Aug/2026:07:01:13 +0700] "POST /wp-login.php HTTP/1.1" 200 0 "-" "Mozilla/5.0"
103.65.237.131 - - [27/Aug/2026:07:00:47 +0700] "POST //wp-login.php HTTP/1.1" 200 0 "https://arlindo.ac.id//wp-login.php" "Mozilla/5.0 (Windows NT 10.0; Win64; x64) AppleWebKit/537.36 (KHTML, like Gecko) Chrome/88.0.4240.193 Safari/537.36"
202.10.43.32 - - [27/Aug/2026:07:01:50 +0700] "POST /wp-cron.php?doing_wp_cron=1787788910.1605250835418701171875 HTTP/1.1" 200 0 "-" "WordPress/7.1; https://arlindo.ac.id"
74.7.227.188 - - [27/Aug/2026:07:01:48 +0700] "GET /sitemap_index.xml HTTP/2" 200 1629 "-" "Mozilla/5.0 AppleWebKit/537.36 (KHTML, like Gecko; compatible; GPTBot/1.4; +https://openai.com/gptbot)"
74.7.228.51 - - [27/Aug/2026:07:01:48 +0700] "GET /robots.txt HTTP/2" 200 1476 "-" "Mozilla/5.0 (Macintosh; Intel Mac OS X 10_15_7) AppleWebKit/537.36 (KHTML, like Gecko) Chrome/131.0.0.0 Safari/537.36; compatible; OAI-SearchBot/1.4; robots.txt; +https://openai.com/searchbot"
74.7.227.188 - - [27/Aug/2026:07:01:50 +0700] "GET /sitemap_index.xml?path=/home/arld4297/public_html HTTP/2" 200 1629 "https://arlindo.ac.id/sitemap_index.xml" "Mozilla/5.0 AppleWebKit/537.36 (KHTML, like Gecko; compatible; GPTBot/1.4; +https://openai.com/gptbot)"
202.10.43.32 - - [27/Aug/2026:07:01:53 +0700] "POST /wp-cron.php?doing_wp_cron=1787788913.8350820541381835937500 HTTP/1.1" 200 0 "-" "WordPress/7.1; https://arlindo.ac.id"
74.7.227.188 - - [27/Aug/2026:07:01:53 +0700] "GET /sitemap_index.xml?path=%2Fhome%2Farld4297%2Fpublic_html%2Farsip.arlindo.ac.id HTTP/2" 200 979 "https://arlindo.ac.id/sitemap_index.xml" "Mozilla/5.0 AppleWebKit/537.36 (KHTML, like Gecko; compatible; GPTBot/1.4; +https://openai.com/gptbot)"
74.7.227.188 - - [27/Aug/2026:07:01:55 +0700] "GET /sitemap_index.xml?path=%2Fhome%2Farld4297%2Fpublic_html%2Felearning.arlindo.ac.id HTTP/2" 200 1033 "https://arlindo.ac.id/sitemap_index.xml" "Mozilla/5.0 AppleWebKit/537.36 (KHTML, like Gecko; compatible; GPTBot/1.4; +https://openai.com/gptbot)"
74.7.227.188 - - [27/Aug/2026:07:01:56 +0700] "GET /sitemap_index.xml?action=edit&file=wp-blog-header.php&path=%2Fhome%2Farld4297%2Fpublic_html HTTP/2" 200 938 "https://arlindo.ac.id/sitemap_index.xml" "Mozilla/5.0 AppleWebKit/537.36 (KHTML, like Gecko; compatible; GPTBot/1.4; +https://openai.com/gptbot)"
74.7.227.188 - - [27/Aug/2026:07:01:57 +0700] "GET /sitemap_index.xml?path=%2Fhome%2Farld4297%2Fpublic_html%2Fdosen.arlindo.ac.id HTTP/2" 200 1046 "https://arlindo.ac.id/sitemap_index.xml" "Mozilla/5.0 AppleWebKit/537.36 (KHTML, like Gecko; compatible; GPTBot/1.4; +https://openai.com/gptbot)"
74.7.227.188 - - [27/Aug/2026:07:01:58 +0700] "GET /sitemap_index.xml?path=%2Fhome%2Farld4297%2Fpublic_html%2Falppind.arlindo.ac.id HTTP/2" 200 1093 "https://arlindo.ac.id/sitemap_index.xml" "Mozilla/5.0 AppleWebKit/537.36 (KHTML, like Gecko; compatible; GPTBot/1.4; +https://openai.com/gptbot)"
74.7.227.188 - - [27/Aug/2026:07:01:59 +0700] "GET /sitemap_index.xml?action=edit&file=.htaccess&path=%2Fhome%2Farld4297%2Fpublic_html HTTP/2" 200 2919 "https://arlindo.ac.id/sitemap_index.xml" "Mozilla/5.0 AppleWebKit/537.36 (KHTML, like Gecko; compatible; GPTBot/1.4; +https://openai.com/gptbot)"
74.7.227.188 - - [27/Aug/2026:07:02:00 +0700] "GET /sitemap_index.xml?action=edit&file=license.txt&path=%2Fhome%2Farld4297%2Fpublic_html HTTP/2" 200 8077 "https://arlindo.ac.id/sitemap_index.xml" "Mozilla/5.0 AppleWebKit/537.36 (KHTML, like Gecko; compatible; GPTBot/1.4; +https://openai.com/gptbot)"
74.7.227.188 - - [27/Aug/2026:07:02:01 +0700] "GET /sitemap_index.xml?action=edit&file=wp-login.php&path=%2Fhome%2Farld4297%2Fpublic_html HTTP/2" 200 14695 "https://arlindo.ac.id/sitemap_index.xml" "Mozilla/5.0 AppleWebKit/537.36 (KHTML, like Gecko; compatible; GPTBot/1.4; +https://openai.com/gptbot)"
