192.53.174.226 - - [27/Aug/2026:03:55:03 +0700] "GET /wp-content/plugins/wp-3dflick-slideshow/readme.txt HTTP/1.1" 503 807 "-" "Mozilla/5.0 (Macintosh; Intel Mac OS X 10_15_7) AppleWebKit/605.1.15 (KHTML, like Gecko) Version/16.3 Mobile/15E148 Safari/604.1"
192.53.174.226 - - [27/Aug/2026:03:55:04 +0700] "GET /wp-content/plugins/hide-my-wp/readme.txt HTTP/1.1" 503 807 "-" "Mozilla/5.0 (SS; Linux x86_64) AppleWebKit/537.36 (KHTML, like Gecko) Chrome/134.0.0.0 Safari/537.36"
192.53.174.226 - - [27/Aug/2026:03:55:03 +0700] "GET /wp-content/plugins/gutenify/readme.txt HTTP/1.1" 503 807 "-" "Mozilla/5.0 (Macintosh; Intel Mac OS X 10_14_5) AppleWebKit/605.1.15 (KHTML, like Gecko) Version/12.1.1 Safari/605.1.15"
192.53.174.226 - - [27/Aug/2026:03:55:04 +0700] "GET /wp-content/plugins/fami-woocommerce-compare/readme.txt HTTP/1.1" 200 18680 "-" "Mozilla/5.0 (Macintosh; Intel Mac OS X 10_15_7) AppleWebKit/605.1.15 (KHTML, like Gecko) Version/17.13 Mobile/15E148 Safari/604.1"
192.53.174.226 - - [27/Aug/2026:03:55:04 +0700] "GET /wp-content/themes/lekker/style.css HTTP/1.1" 200 18680 "-" "Mozilla/5.0 (Macintosh; Intel Mac OS X 10_15_7) AppleWebKit/537.36 (KHTML, like Gecko) Chrome/105.0.0.0 Safari/537.36"
192.53.174.226 - - [27/Aug/2026:03:55:04 +0700] "GET /wp-content/plugins/image-slider-widget/readme.txt HTTP/1.1" 200 18680 "-" "Mozilla/5.0 (Macintosh; Intel Mac OS X 11) AppleWebKit/617.29 (KHTML, like Gecko) Version/17.7 Safari/617.29"
192.53.174.226 - - [27/Aug/2026:03:55:04 +0700] "GET /wp-content/themes/hendon/style.css HTTP/1.1" 200 18680 "-" "Mozilla/5.0 (Windows NT 10.0; Win64; x64; rv:68.0) Gecko/20100101 Firefox/68.0"
192.53.174.226 - - [27/Aug/2026:03:55:03 +0700] "GET /wp-content/plugins/relais-2fa/readme.txt HTTP/1.1" 200 18680 "-" "Mozilla/5.0 (Macintosh; Intel Mac OS X 10_15_7) AppleWebKit/537.36 (KHTML, like Gecko) Chrome/127.0.0.0 Safari/537.36"
192.53.174.226 - - [27/Aug/2026:03:55:04 +0700] "GET /wp-content/plugins/contest-gallery-pro/readme.txt HTTP/1.1" 200 18690 "-" "Mozilla/5.0 (Fedora; Linux i686) AppleWebKit/537.36 (KHTML, like Gecko) Chrome/129.0.0.0 Safari/537.36"
192.53.174.226 - - [27/Aug/2026:03:55:04 +0700] "GET /wp-content/themes/setsail/style.css HTTP/1.1" 200 18680 "-" "Mozilla/5.0 (ZZ; Linux x86_64) AppleWebKit/537.36 (KHTML, like Gecko) Chrome/129.0.0.0 Safari/537.36"
192.53.174.226 - - [27/Aug/2026:03:55:04 +0700] "GET /wp-content/themes/kiamo/style.css HTTP/1.1" 200 18690 "-" "Mozilla/5.0 (X11; Linux i686; rv:1.9.5.20) Gecko/ Firefox/3.6.20"
192.53.174.226 - - [27/Aug/2026:03:55:04 +0700] "GET /wp-content/plugins/torod/readme.txt HTTP/1.1" 200 18680 "-" "Mozilla/5.0 (SS; Linux i686) AppleWebKit/537.36 (KHTML, like Gecko) Chrome/132.0.0.0 Safari/537.36"
192.53.174.226 - - [27/Aug/2026:03:55:04 +0700] "GET /wp-content/plugins/buddyforms/readme.txt HTTP/1.1" 200 18680 "-" "Mozilla/5.0 (Windows NT 10.0; Win64; x64; WOW64; rv:41.0) Gecko/20100101 Firefox/140.0.2 (x64 de)"
192.53.174.226 - - [27/Aug/2026:03:55:04 +0700] "GET /wp-content/themes/yvora/style.css HTTP/1.1" 200 18680 "-" "Mozilla/5.0 (Macintosh; Intel Mac OS X 10_15_7) AppleWebKit/537.36 (KHTML, like Gecko) Chrome/105.0.0.0 Safari/537.36"
192.53.174.226 - - [27/Aug/2026:03:55:04 +0700] "GET /wp-content/plugins/wp-user-manager/readme.txt HTTP/1.1" 200 18680 "-" "Mozilla/5.0 (Ubuntu; Linux x86_64) AppleWebKit/537.36 (KHTML, like Gecko) Chrome/133.0.0.0 Safari/537.36"
192.53.174.226 - - [27/Aug/2026:03:55:03 +0700] "GET /wp-content/plugins/picturesurf-gallery/readme.txt HTTP/1.1" 200 18680 "-" "Mozilla/5.0 (Macintosh; Intel Mac OS X 10_9_5) AppleWebKit/600.2.5 (KHTML, like Gecko) Version/7.1.2 Safari/537.85.11"
192.53.174.226 - - [27/Aug/2026:03:55:03 +0700] "GET /wp-content/plugins/divebook/readme.txt HTTP/1.1" 200 18680 "-" "Mozilla/5.0 (Macintosh; Intel Mac OS X 10_10) AppleWebKit/537.36 (KHTML, like Gecko) Version/8.0 Safari/537.36"
192.53.174.226 - - [27/Aug/2026:03:55:03 +0700] "GET /wp-content/plugins/g-web-shop/readme.txt HTTP/1.1" 200 18680 "-" "Mozilla/5.0 (Macintosh; U; Intel Mac OS X 10_5_3; en-ca) AppleWebKit/525.18 (KHTML, like Gecko) Version/3.1.1 Safari/525.20"
192.53.174.226 - - [27/Aug/2026:03:55:04 +0700] "GET /wp-content/plugins/maanstore-api/readme.txt HTTP/1.1" 200 18680 "-" "Mozilla/5.0 (Macintosh; Intel Mac OS X 10.15; rv:139.0) Gecko/20100101 Firefox/139.0"
192.53.174.226 - - [27/Aug/2026:03:55:04 +0700] "GET /wp-content/plugins/wp-business-intelligence-lite/readme.txt HTTP/1.1" 200 18680 "-" "Mozilla/5.0 (Windows NT 10.0; Win64; x64; rv:124.0) Gecko/20100101 Firefox/124.0"
103.65.237.131 - - [27/Aug/2026:03:54:41 +0700] "POST //wp-login.php HTTP/1.1" 200 0 "https://arlindo.ac.id//wp-login.php" "Mozilla/5.0 (Windows NT 10.0; Win64; x64) AppleWebKit/537.36 (KHTML, like Gecko) Chrome/88.0.4240.193 Safari/537.36"
192.53.174.226 - - [27/Aug/2026:03:55:03 +0700] "GET /wp-content/plugins/near-login/readme.txt HTTP/1.1" 200 18690 "-" "Mozilla/5.0 (Windows NT 10.0; Win64; x64; rv:59.0) Gecko/20100101 Firefox/59.0"
192.53.174.226 - - [27/Aug/2026:03:55:03 +0700] "GET /wp-content/plugins/cbxpetition/readme.txt HTTP/1.1" 200 18690 "-" "Mozilla/5.0 (CentOS; Linux i686) AppleWebKit/537.36 (KHTML, like Gecko) Chrome/135.0.0.0 Safari/537.36"
91.92.242.197 - - [27/Aug/2026:03:56:08 +0700] "POST /wp-login.php HTTP/1.1" 200 0 "-" "Mozilla/5.0"
103.59.161.152 - - [27/Aug/2026:03:56:16 +0700] "POST /wp-login.php HTTP/1.1" 200 0 "-" "Mozilla/5.0"
103.65.237.131 - - [27/Aug/2026:03:55:43 +0700] "POST //wp-login.php HTTP/1.1" 200 0 "https://arlindo.ac.id//wp-login.php" "Mozilla/5.0 (Windows NT 10.0; Win64; x64) AppleWebKit/537.36 (KHTML, like Gecko) Chrome/88.0.4240.193 Safari/537.36"
5.161.73.160 - - [27/Aug/2026:03:57:21 +0700] "HEAD / HTTP/1.1" 200 0 "https://arlindo.ac.id" "Mozilla/5.0+(compatible; UptimeRobot/2.0; http://www.uptimerobot.com/)"
103.65.237.131 - - [27/Aug/2026:03:56:45 +0700] "POST //wp-login.php HTTP/1.1" 200 0 "https://arlindo.ac.id//wp-login.php" "Mozilla/5.0 (Windows NT 10.0; Win64; x64) AppleWebKit/537.36 (KHTML, like Gecko) Chrome/88.0.4240.193 Safari/537.36"
91.92.242.197 - - [27/Aug/2026:03:57:44 +0700] "POST /wp-login.php HTTP/1.1" 200 0 "-" "Mozilla/5.0"
103.59.161.152 - - [27/Aug/2026:03:57:57 +0700] "POST /wp-login.php HTTP/1.1" 200 0 "-" "Mozilla/5.0"
103.65.237.131 - - [27/Aug/2026:03:57:47 +0700] "POST //wp-login.php HTTP/1.1" 200 0 "https://arlindo.ac.id//wp-login.php" "Mozilla/5.0 (Windows NT 10.0; Win64; x64) AppleWebKit/537.36 (KHTML, like Gecko) Chrome/88.0.4240.193 Safari/537.36"
202.10.43.32 - - [27/Aug/2026:03:59:06 +0700] "POST /wp-cron.php?doing_wp_cron=1787777946.6955471038818359375000 HTTP/1.1" 200 0 "-" "WordPress/7.1; https://arlindo.ac.id"
136.64.222.255 - - [27/Aug/2026:03:59:04 +0700] "GET /2026/08/12 HTTP/2" 200 1394 "-" "Mozilla/5.0 AppleWebKit/537.36 (KHTML, like Gecko; compatible; SleepBot/1.0; +http://sleepbot.com/) Chrome/131.0.0.0 Safari/537.36"
91.92.242.197 - - [27/Aug/2026:03:59:22 +0700] "POST /wp-login.php HTTP/1.1" 200 0 "-" "Mozilla/5.0"
103.65.237.131 - - [27/Aug/2026:03:58:49 +0700] "POST //wp-login.php HTTP/1.1" 200 0 "https://arlindo.ac.id//wp-login.php" "Mozilla/5.0 (Windows NT 10.0; Win64; x64) AppleWebKit/537.36 (KHTML, like Gecko) Chrome/88.0.4240.193 Safari/537.36"
103.59.161.152 - - [27/Aug/2026:03:59:36 +0700] "POST /wp-login.php HTTP/1.1" 200 0 "-" "Mozilla/5.0"
103.65.237.131 - - [27/Aug/2026:03:59:51 +0700] "POST //wp-login.php HTTP/1.1" 200 0 "https://arlindo.ac.id//wp-login.php" "Mozilla/5.0 (Windows NT 10.0; Win64; x64) AppleWebKit/537.36 (KHTML, like Gecko) Chrome/88.0.4240.193 Safari/537.36"
103.59.161.152 - - [27/Aug/2026:04:00:56 +0700] "POST /wp-login.php HTTP/1.1" 200 0 "-" "Mozilla/5.0"
91.92.242.197 - - [27/Aug/2026:04:00:59 +0700] "POST /wp-login.php HTTP/1.1" 200 0 "-" "Mozilla/5.0"
103.65.237.131 - - [27/Aug/2026:04:00:53 +0700] "POST //wp-login.php HTTP/1.1" 200 0 "https://arlindo.ac.id//wp-login.php" "Mozilla/5.0 (Windows NT 10.0; Win64; x64) AppleWebKit/537.36 (KHTML, like Gecko) Chrome/88.0.4240.193 Safari/537.36"
69.171.230.45 - - [27/Aug/2026:04:02:11 +0700] "GET /robots.txt HTTP/2" 200 0 "-" "facebookexternalhit/1.1 (+http://www.facebook.com/externalhit_uatext.php)"
69.171.230.48 - - [27/Aug/2026:04:02:11 +0700] "GET /robots.txt HTTP/2" 200 1682 "-" "facebookexternalhit/1.1 (+http://www.facebook.com/externalhit_uatext.php)"
69.63.189.27 - - [27/Aug/2026:04:02:14 +0700] "GET /robots.txt HTTP/2" 200 0 "-" "facebookexternalhit/1.1 (+http://www.facebook.com/externalhit_uatext.php)"
202.10.43.32 - - [27/Aug/2026:04:02:15 +0700] "POST /wp-cron.php?doing_wp_cron=1787778135.7932031154632568359375 HTTP/1.1" 200 0 "-" "WordPress/7.1; https://arlindo.ac.id"
57.141.14.11 - - [27/Aug/2026:04:02:16 +0700] "GET /2026/08/24/ HTTP/2" 200 20185 "-" "Mozilla/5.0 (Macintosh; Intel Mac OS X 10_15_7) AppleWebKit/537.36 (KHTML, like Gecko) Chrome/145.0.0.0 Safari/537.36 (compatible; meta-externalagent/1.1 (+https://developers.facebook.com/docs/sharing/webmasters/crawler))"
69.63.189.11 - - [27/Aug/2026:04:02:16 +0700] "GET /robots.txt HTTP/2" 200 1682 "-" "facebookexternalhit/1.1 (+http://www.facebook.com/externalhit_uatext.php)"
69.63.189.9 - - [27/Aug/2026:04:02:18 +0700] "GET /robots.txt HTTP/2" 200 0 "-" "facebookexternalhit/1.1 (+http://www.facebook.com/externalhit_uatext.php)"
69.63.189.5 - - [27/Aug/2026:04:02:18 +0700] "GET /robots.txt HTTP/2" 200 0 "-" "facebookexternalhit/1.1 (+http://www.facebook.com/externalhit_uatext.php)"
69.63.189.42 - - [27/Aug/2026:04:02:18 +0700] "GET /robots.txt HTTP/2" 200 0 "-" "facebookexternalhit/1.1 (+http://www.facebook.com/externalhit_uatext.php)"
69.63.189.35 - - [27/Aug/2026:04:02:18 +0700] "GET /robots.txt HTTP/2" 200 0 "-" "facebookexternalhit/1.1 (+http://www.facebook.com/externalhit_uatext.php)"
69.63.189.19 - - [27/Aug/2026:04:02:18 +0700] "GET /robots.txt HTTP/2" 200 0 "-" "facebookexternalhit/1.1 (+http://www.facebook.com/externalhit_uatext.php)"
57.141.14.106 - - [27/Aug/2026:04:02:19 +0700] "GET /wp-content/uploads/2026/08/IMG_3684-1024x683.jpg HTTP/2" 200 127407 "https://arlindo.ac.id/2026/08/24/" "Mozilla/5.0 (Macintosh; Intel Mac OS X 10_15_7) AppleWebKit/537.36 (KHTML, like Gecko) Chrome/145.0.0.0 Safari/537.36 (compatible; meta-externalagent/1.1 (+https://developers.facebook.com/docs/sharing/webmasters/crawler))"
57.141.14.26 - - [27/Aug/2026:04:02:20 +0700] "GET /wp-includes/js/dist/i18n.min.js?ver=1dfe7db3940c23ea9216 HTTP/2" 200 2493 "https://arlindo.ac.id/2026/08/24/" "Mozilla/5.0 (Macintosh; Intel Mac OS X 10_15_7) AppleWebKit/537.36 (KHTML, like Gecko) Chrome/145.0.0.0 Safari/537.36 (compatible; meta-externalagent/1.1 (+https://developers.facebook.com/docs/sharing/webmasters/crawler))"
103.59.161.152 - - [27/Aug/2026:04:02:06 +0700] "POST /wp-login.php HTTP/1.1" 200 0 "-" "Mozilla/5.0"
57.141.14.45 - - [27/Aug/2026:04:02:22 +0700] "POST /wp-admin/admin-ajax.php HTTP/2" 200 2335 "https://arlindo.ac.id/2026/08/24/" "Mozilla/5.0 (Macintosh; Intel Mac OS X 10_15_7) AppleWebKit/537.36 (KHTML, like Gecko) Chrome/145.0.0.0 Safari/537.36 (compatible; meta-externalagent/1.1 (+https://developers.facebook.com/docs/sharing/webmasters/crawler))"
69.171.230.45 - - [27/Aug/2026:04:02:23 +0700] "GET /robots.txt HTTP/2" 200 0 "-" "facebookexternalhit/1.1 (+http://www.facebook.com/externalhit_uatext.php)"
69.171.231.8 - - [27/Aug/2026:04:02:23 +0700] "GET /robots.txt HTTP/2" 200 0 "-" "facebookexternalhit/1.1 (+http://www.facebook.com/externalhit_uatext.php)"
69.171.231.34 - - [27/Aug/2026:04:02:23 +0700] "GET /robots.txt HTTP/2" 200 0 "-" "facebookexternalhit/1.1 (+http://www.facebook.com/externalhit_uatext.php)"
202.10.43.32 - - [27/Aug/2026:04:02:24 +0700] "POST /wp-cron.php?doing_wp_cron=1787778144.5361180305480957031250 HTTP/1.1" 200 0 "-" "WordPress/7.1; https://arlindo.ac.id"
69.171.230.40 - - [27/Aug/2026:04:02:23 +0700] "GET /robots.txt HTTP/2" 200 0 "-" "facebookexternalhit/1.1 (+http://www.facebook.com/externalhit_uatext.php)"
69.171.231.7 - - [27/Aug/2026:04:02:23 +0700] "GET /robots.txt HTTP/2" 200 0 "-" "facebookexternalhit/1.1 (+http://www.facebook.com/externalhit_uatext.php)"
69.171.231.34 - - [27/Aug/2026:04:02:23 +0700] "GET /robots.txt HTTP/2" 200 0 "-" "facebookexternalhit/1.1 (+http://www.facebook.com/externalhit_uatext.php)"
69.171.231.25 - - [27/Aug/2026:04:02:23 +0700] "GET /robots.txt HTTP/2" 200 0 "-" "facebookexternalhit/1.1 (+http://www.facebook.com/externalhit_uatext.php)"
69.171.231.116 - - [27/Aug/2026:04:02:25 +0700] "GET /robots.txt HTTP/2" 200 1682 "-" "facebookexternalhit/1.1 (+http://www.facebook.com/externalhit_uatext.php)"
57.141.14.99 - - [27/Aug/2026:04:02:27 +0700] "GET /wp-content/uploads/2023/12/FITURED-IMAGE-WEB.jpg HTTP/2" 200 326994 "https://arlindo.ac.id/2026/08/24/" "Mozilla/5.0 (Macintosh; Intel Mac OS X 10_15_7) AppleWebKit/537.36 (KHTML, like Gecko) Chrome/145.0.0.0 Safari/537.36 (compatible; meta-externalagent/1.1 (+https://developers.facebook.com/docs/sharing/webmasters/crawler))"
5.161.194.92 - - [27/Aug/2026:04:02:28 +0700] "HEAD / HTTP/1.1" 200 0 "https://arlindo.ac.id" "Mozilla/5.0+(compatible; UptimeRobot/2.0; http://www.uptimerobot.com/)"
47.128.60.229 - - [27/Aug/2026:04:02:42 +0700] "GET / HTTP/2" 400 52 "-" "Mozilla/5.0 (Linux; Android 5.0) AppleWebKit/537.36 (KHTML, like Gecko) Mobile Safari/537.36 (compatible; Bytespider; spider-feedback@bytedance.com)"
103.65.237.131 - - [27/Aug/2026:04:01:55 +0700] "POST //wp-login.php HTTP/1.1" 200 0 "https://arlindo.ac.id//wp-login.php" "Mozilla/5.0 (Windows NT 10.0; Win64; x64) AppleWebKit/537.36 (KHTML, like Gecko) Chrome/88.0.4240.193 Safari/537.36"
91.92.242.197 - - [27/Aug/2026:04:02:38 +0700] "POST /wp-login.php HTTP/1.1" 200 0 "-" "Mozilla/5.0"
103.59.161.152 - - [27/Aug/2026:04:03:13 +0700] "POST /wp-login.php HTTP/1.1" 200 0 "-" "Mozilla/5.0"
103.65.237.131 - - [27/Aug/2026:04:02:57 +0700] "POST //wp-login.php HTTP/1.1" 200 0 "https://arlindo.ac.id//wp-login.php" "Mozilla/5.0 (Windows NT 10.0; Win64; x64) AppleWebKit/537.36 (KHTML, like Gecko) Chrome/88.0.4240.193 Safari/537.36"
202.10.43.32 - - [27/Aug/2026:04:04:24 +0700] "POST /wp-cron.php?doing_wp_cron=1787778264.1156620979309082031250 HTTP/1.1" 200 0 "-" "WordPress/7.1; https://arlindo.ac.id"
136.65.127.210 - - [27/Aug/2026:04:04:21 +0700] "GET /kuliah-kelas-karyawan-di-cibubur-bekasi HTTP/2" 200 1394 "-" "Mozilla/5.0 AppleWebKit/537.36 (KHTML, like Gecko; compatible; SleepBot/1.0; +http://sleepbot.com/) Chrome/131.0.0.0 Safari/537.36"
103.59.161.152 - - [27/Aug/2026:04:04:20 +0700] "POST /wp-login.php HTTP/1.1" 200 0 "-" "Mozilla/5.0"
47.128.60.252 - - [27/Aug/2026:04:04:53 +0700] "GET / HTTP/2" 400 52 "-" "Mozilla/5.0 (Linux; Android 5.0) AppleWebKit/537.36 (KHTML, like Gecko) Mobile Safari/537.36 (compatible; Bytespider; spider-feedback@bytedance.com)"
103.65.237.131 - - [27/Aug/2026:04:03:59 +0700] "POST //wp-login.php HTTP/1.1" 200 0 "https://arlindo.ac.id//wp-login.php" "Mozilla/5.0 (Windows NT 10.0; Win64; x64) AppleWebKit/537.36 (KHTML, like Gecko) Chrome/88.0.4240.193 Safari/537.36"
57.141.14.26 - - [27/Aug/2026:04:05:03 +0700] "GET /kompetisi-religi-bertajuk-arlindo-ramadan-festival-competition-tingkat-slta-se-jabodetabek-sukses-digelar-stie-arlindo-dengan-31-tim-perwakilan-masing-masing-wilayah/ HTTP/2" 200 34602 "-" "Mozilla/5.0 (X11; Linux x86_64) AppleWebKit/537.36 (KHTML, like Gecko) Chrome/145.0.0.0 Safari/537.36 (compatible; meta-externalagent/1.1 (+https://developers.facebook.com/docs/sharing/webmasters/crawler))"
91.92.242.197 - - [27/Aug/2026:04:04:17 +0700] "POST /wp-login.php HTTP/1.1" 200 0 "-" "Mozilla/5.0"
103.59.161.152 - - [27/Aug/2026:04:05:26 +0700] "POST /wp-login.php HTTP/1.1" 200 0 "-" "Mozilla/5.0"
103.65.237.131 - - [27/Aug/2026:04:05:01 +0700] "POST //wp-login.php HTTP/1.1" 200 0 "https://arlindo.ac.id//wp-login.php" "Mozilla/5.0 (Windows NT 10.0; Win64; x64) AppleWebKit/537.36 (KHTML, like Gecko) Chrome/88.0.4240.193 Safari/537.36"
91.92.242.197 - - [27/Aug/2026:04:05:59 +0700] "POST /wp-login.php HTTP/1.1" 200 0 "-" "Mozilla/5.0"
103.59.161.152 - - [27/Aug/2026:04:06:32 +0700] "POST /wp-login.php HTTP/1.1" 200 0 "-" "Mozilla/5.0"
103.65.237.131 - - [27/Aug/2026:04:06:03 +0700] "POST //wp-login.php HTTP/1.1" 200 0 "https://arlindo.ac.id//wp-login.php" "Mozilla/5.0 (Windows NT 10.0; Win64; x64) AppleWebKit/537.36 (KHTML, like Gecko) Chrome/88.0.4240.193 Safari/537.36"
52.22.236.30 - - [27/Aug/2026:04:07:36 +0700] "HEAD / HTTP/1.1" 200 0 "https://arlindo.ac.id" "Mozilla/5.0+(compatible; UptimeRobot/2.0; http://www.uptimerobot.com/)"
91.92.242.197 - - [27/Aug/2026:04:07:33 +0700] "POST /wp-login.php HTTP/1.1" 200 0 "-" "Mozilla/5.0"
103.59.161.152 - - [27/Aug/2026:04:07:41 +0700] "POST /wp-login.php HTTP/1.1" 200 0 "-" "Mozilla/5.0"
103.65.237.131 - - [27/Aug/2026:04:07:05 +0700] "POST //wp-login.php HTTP/1.1" 200 0 "https://arlindo.ac.id//wp-login.php" "Mozilla/5.0 (Windows NT 10.0; Win64; x64) AppleWebKit/537.36 (KHTML, like Gecko) Chrome/88.0.4240.193 Safari/537.36"
149.143.156.218 - - [27/Aug/2026:04:08:19 +0700] "GET / HTTP/2" 200 31005 "https://www.google.ac.id/" "Mozilla/5.0 (Linux; Android 14; Pixel 6 Pro) AppleWebKit/537.36 (KHTML, like Gecko) Chrome/122.0.6261.119 Mobile Safari/537.36 OPR/81.2.4292.78581"
103.59.161.152 - - [27/Aug/2026:04:08:53 +0700] "POST /wp-login.php HTTP/1.1" 200 0 "-" "Mozilla/5.0"
103.65.237.131 - - [27/Aug/2026:04:08:07 +0700] "POST //wp-login.php HTTP/1.1" 200 0 "https://arlindo.ac.id//wp-login.php" "Mozilla/5.0 (Windows NT 10.0; Win64; x64) AppleWebKit/537.36 (KHTML, like Gecko) Chrome/88.0.4240.193 Safari/537.36"
202.10.43.32 - - [27/Aug/2026:04:09:11 +0700] "POST /wp-cron.php?doing_wp_cron=1787778551.3231220245361328125000 HTTP/1.1" 200 0 "-" "WordPress/7.1; https://arlindo.ac.id"
47.86.33.52 - - [27/Aug/2026:04:09:07 +0700] "GET /wp-login.php HTTP/2" 200 3843 "-" "Mozilla/5.0 (Windows NT 10.0; Win64; x64) AppleWebKit/537.36 (KHTML, like Gecko) Chrome/151.0.0.0 Safari/537.36"
34.171.68.95 - - [27/Aug/2026:04:09:52 +0700] "GET / HTTP/1.1" 200 30965 "-" "Mozilla/5.0 (Macintosh; Intel Mac OS X 10_15_7) AppleWebKit/537.36 (KHTML, like Gecko) Chrome/120.0.0.0 Safari/537.36"
91.92.242.197 - - [27/Aug/2026:04:09:08 +0700] "POST /wp-login.php HTTP/1.1" 200 0 "-" "Mozilla/5.0"
103.65.237.131 - - [27/Aug/2026:04:09:09 +0700] "POST //wp-login.php HTTP/1.1" 200 0 "https://arlindo.ac.id//wp-login.php" "Mozilla/5.0 (Windows NT 10.0; Win64; x64) AppleWebKit/537.36 (KHTML, like Gecko) Chrome/88.0.4240.193 Safari/537.36"
103.59.161.152 - - [27/Aug/2026:04:10:02 +0700] "POST /wp-login.php HTTP/1.1" 200 0 "-" "Mozilla/5.0"
47.128.60.43 - - [27/Aug/2026:04:10:58 +0700] "GET /peresmian-stie-arlindo/ HTTP/2" 200 26026 "-" "Mozilla/5.0 (Linux; Android 5.0) AppleWebKit/537.36 (KHTML, like Gecko) Mobile Safari/537.36 (compatible; Bytespider; spider-feedback@bytedance.com)"
47.128.60.43 - - [27/Aug/2026:04:10:59 +0700] "GET /wp-content/uploads/2024/01/Launching-768x524.jpg HTTP/2" 206 500 "https://arlindo.ac.id/peresmian-stie-arlindo/" "Mozilla/5.0 (Linux; Android 5.0) AppleWebKit/537.36 (KHTML, like Gecko) Mobile Safari/537.36 (compatible; Bytespider; spider-feedback@bytedance.com)"
91.92.242.197 - - [27/Aug/2026:04:10:44 +0700] "POST /wp-login.php HTTP/1.1" 200 0 "-" "Mozilla/5.0"
103.65.237.131 - - [27/Aug/2026:04:10:11 +0700] "POST //wp-login.php HTTP/1.1" 200 0 "https://arlindo.ac.id//wp-login.php" "Mozilla/5.0 (Windows NT 10.0; Win64; x64) AppleWebKit/537.36 (KHTML, like Gecko) Chrome/88.0.4240.193 Safari/537.36"
103.59.161.152 - - [27/Aug/2026:04:11:13 +0700] "POST /wp-login.php HTTP/1.1" 200 0 "-" "Mozilla/5.0"
47.128.60.65 - - [27/Aug/2026:04:12:04 +0700] "GET /2024/01/23/ HTTP/2" 200 20514 "-" "Mozilla/5.0 (Linux; Android 5.0) AppleWebKit/537.36 (KHTML, like Gecko) Mobile Safari/537.36 (compatible; Bytespider; spider-feedback@bytedance.com)"
103.65.237.131 - - [27/Aug/2026:04:11:13 +0700] "POST //wp-login.php HTTP/1.1" 200 0 "https://arlindo.ac.id//wp-login.php" "Mozilla/5.0 (Windows NT 10.0; Win64; x64) AppleWebKit/537.36 (KHTML, like Gecko) Chrome/88.0.4240.193 Safari/537.36"
202.10.43.32 - - [27/Aug/2026:04:12:24 +0700] "POST /wp-cron.php?doing_wp_cron=1787778744.8506450653076171875000 HTTP/1.1" 200 0 "-" "WordPress/7.1; https://arlindo.ac.id"
34.171.68.95 - - [27/Aug/2026:04:12:24 +0700] "GET /wp-json/wp/v2/users/3 HTTP/1.1" 200 1450 "-" "Mozilla/5.0 (Macintosh; Intel Mac OS X 10_15_7) AppleWebKit/537.36 (KHTML, like Gecko) Chrome/120.0.0.0 Safari/537.36"
91.92.242.197 - - [27/Aug/2026:04:12:23 +0700] "POST /wp-login.php HTTP/1.1" 200 0 "-" "Mozilla/5.0"
3.212.128.62 - - [27/Aug/2026:04:12:50 +0700] "HEAD / HTTP/1.1" 200 0 "https://arlindo.ac.id" "Mozilla/5.0+(compatible; UptimeRobot/2.0; http://www.uptimerobot.com/)"
103.65.237.131 - - [27/Aug/2026:04:12:15 +0700] "POST //wp-login.php HTTP/1.1" 200 0 "https://arlindo.ac.id//wp-login.php" "Mozilla/5.0 (Windows NT 10.0; Win64; x64) AppleWebKit/537.36 (KHTML, like Gecko) Chrome/88.0.4240.193 Safari/537.36"
103.59.161.152 - - [27/Aug/2026:04:12:24 +0700] "POST /wp-login.php HTTP/1.1" 200 0 "-" "Mozilla/5.0"
103.59.161.152 - - [27/Aug/2026:04:13:39 +0700] "POST /wp-login.php HTTP/1.1" 200 0 "-" "Mozilla/5.0"
103.65.237.131 - - [27/Aug/2026:04:13:17 +0700] "POST //wp-login.php HTTP/1.1" 200 0 "https://arlindo.ac.id//wp-login.php" "Mozilla/5.0 (Windows NT 10.0; Win64; x64) AppleWebKit/537.36 (KHTML, like Gecko) Chrome/88.0.4240.193 Safari/537.36"
91.92.242.197 - - [27/Aug/2026:04:14:00 +0700] "POST /wp-login.php HTTP/1.1" 200 0 "-" "Mozilla/5.0"
103.59.161.152 - - [27/Aug/2026:04:14:47 +0700] "POST /wp-login.php HTTP/1.1" 200 0 "-" "Mozilla/5.0"
103.65.237.131 - - [27/Aug/2026:04:14:19 +0700] "POST //wp-login.php HTTP/1.1" 200 0 "https://arlindo.ac.id//wp-login.php" "Mozilla/5.0 (Windows NT 10.0; Win64; x64) AppleWebKit/537.36 (KHTML, like Gecko) Chrome/88.0.4240.193 Safari/537.36"
91.92.242.197 - - [27/Aug/2026:04:15:39 +0700] "POST /wp-login.php HTTP/1.1" 200 0 "-" "Mozilla/5.0"
103.65.237.131 - - [27/Aug/2026:04:15:22 +0700] "POST //wp-login.php HTTP/1.1" 200 0 "https://arlindo.ac.id//wp-login.php" "Mozilla/5.0 (Windows NT 10.0; Win64; x64) AppleWebKit/537.36 (KHTML, like Gecko) Chrome/88.0.4240.193 Safari/537.36"
103.59.161.152 - - [27/Aug/2026:04:15:53 +0700] "POST /wp-login.php HTTP/1.1" 200 0 "-" "Mozilla/5.0"
103.59.161.152 - - [27/Aug/2026:04:17:08 +0700] "POST /wp-login.php HTTP/1.1" 200 0 "-" "Mozilla/5.0"
103.65.237.131 - - [27/Aug/2026:04:16:24 +0700] "POST //wp-login.php HTTP/1.1" 200 0 "https://arlindo.ac.id//wp-login.php" "Mozilla/5.0 (Windows NT 10.0; Win64; x64) AppleWebKit/537.36 (KHTML, like Gecko) Chrome/88.0.4240.193 Safari/537.36"
91.92.242.197 - - [27/Aug/2026:04:17:15 +0700] "POST /wp-login.php HTTP/1.1" 200 0 "-" "Mozilla/5.0"
3.149.57.90 - - [27/Aug/2026:04:18:01 +0700] "HEAD / HTTP/1.1" 200 0 "https://arlindo.ac.id" "Mozilla/5.0+(compatible; UptimeRobot/2.0; http://www.uptimerobot.com/)"
103.65.237.131 - - [27/Aug/2026:04:17:26 +0700] "POST //wp-login.php HTTP/1.1" 200 0 "https://arlindo.ac.id//wp-login.php" "Mozilla/5.0 (Windows NT 10.0; Win64; x64) AppleWebKit/537.36 (KHTML, like Gecko) Chrome/88.0.4240.193 Safari/537.36"
91.92.242.197 - - [27/Aug/2026:04:18:53 +0700] "POST /wp-login.php HTTP/1.1" 200 0 "-" "Mozilla/5.0"
103.65.237.131 - - [27/Aug/2026:04:18:28 +0700] "POST //wp-login.php HTTP/1.1" 200 0 "https://arlindo.ac.id//wp-login.php" "Mozilla/5.0 (Windows NT 10.0; Win64; x64) AppleWebKit/537.36 (KHTML, like Gecko) Chrome/88.0.4240.193 Safari/537.36"
202.10.43.32 - - [27/Aug/2026:04:19:41 +0700] "POST /wp-cron.php?doing_wp_cron=1787779181.5302369594573974609375 HTTP/1.1" 200 0 "-" "WordPress/7.1; https://arlindo.ac.id"
47.128.45.7 - - [27/Aug/2026:04:19:37 +0700] "GET /robots.txt HTTP/2" 200 1682 "-" "Mozilla/5.0 (iPhone; CPU iPhone OS 7_1_2 like Mac OS X) AppleWebKit/537.36 (KHTML, like Gecko) Version/7.0 Mobile Safari/537.36 (compatible; Bytespider; https://bytedance.sg.larkoffice.com/docx/K5bxdypulop3IIxrJb0lOjLVgFe)"
103.59.161.152 - - [27/Aug/2026:04:19:15 +0700] "POST /wp-login.php HTTP/1.1" 200 0 "-" "Mozilla/5.0"
103.65.237.131 - - [27/Aug/2026:04:19:30 +0700] "POST //wp-login.php HTTP/1.1" 200 0 "https://arlindo.ac.id//wp-login.php" "Mozilla/5.0 (Windows NT 10.0; Win64; x64) AppleWebKit/537.36 (KHTML, like Gecko) Chrome/88.0.4240.193 Safari/537.36"
91.92.242.197 - - [27/Aug/2026:04:20:29 +0700] "POST /wp-login.php HTTP/1.1" 200 0 "-" "Mozilla/5.0"
103.59.161.152 - - [27/Aug/2026:04:20:33 +0700] "POST /wp-login.php HTTP/1.1" 200 0 "-" "Mozilla/5.0"
103.65.237.131 - - [27/Aug/2026:04:20:32 +0700] "POST //wp-login.php HTTP/1.1" 200 0 "https://arlindo.ac.id//wp-login.php" "Mozilla/5.0 (Windows NT 10.0; Win64; x64) AppleWebKit/537.36 (KHTML, like Gecko) Chrome/88.0.4240.193 Safari/537.36"
103.59.161.152 - - [27/Aug/2026:04:21:52 +0700] "POST /wp-login.php HTTP/1.1" 200 0 "-" "Mozilla/5.0"
91.92.242.197 - - [27/Aug/2026:04:22:05 +0700] "POST /wp-login.php HTTP/1.1" 200 0 "-" "Mozilla/5.0"
103.65.237.131 - - [27/Aug/2026:04:21:34 +0700] "POST //wp-login.php HTTP/1.1" 200 0 "https://arlindo.ac.id//wp-login.php" "Mozilla/5.0 (Windows NT 10.0; Win64; x64) AppleWebKit/537.36 (KHTML, like Gecko) Chrome/88.0.4240.193 Safari/537.36"
5.161.73.160 - - [27/Aug/2026:04:23:14 +0700] "HEAD / HTTP/1.1" 200 0 "https://arlindo.ac.id" "Mozilla/5.0+(compatible; UptimeRobot/2.0; http://www.uptimerobot.com/)"
103.59.161.152 - - [27/Aug/2026:04:23:09 +0700] "POST /wp-login.php HTTP/1.1" 200 0 "-" "Mozilla/5.0"
103.65.237.131 - - [27/Aug/2026:04:22:36 +0700] "POST //wp-login.php HTTP/1.1" 200 0 "https://arlindo.ac.id//wp-login.php" "Mozilla/5.0 (Windows NT 10.0; Win64; x64) AppleWebKit/537.36 (KHTML, like Gecko) Chrome/88.0.4240.193 Safari/537.36"
91.92.242.197 - - [27/Aug/2026:04:23:41 +0700] "POST /wp-login.php HTTP/1.1" 200 0 "-" "Mozilla/5.0"
103.59.161.152 - - [27/Aug/2026:04:24:16 +0700] "POST /wp-login.php HTTP/1.1" 200 0 "-" "Mozilla/5.0"
103.65.237.131 - - [27/Aug/2026:04:23:38 +0700] "POST //wp-login.php HTTP/1.1" 200 0 "https://arlindo.ac.id//wp-login.php" "Mozilla/5.0 (Windows NT 10.0; Win64; x64) AppleWebKit/537.36 (KHTML, like Gecko) Chrome/88.0.4240.193 Safari/537.36"
91.92.242.197 - - [27/Aug/2026:04:25:18 +0700] "POST /wp-login.php HTTP/1.1" 200 0 "-" "Mozilla/5.0"
103.65.237.131 - - [27/Aug/2026:04:24:40 +0700] "POST //wp-login.php HTTP/1.1" 200 0 "https://arlindo.ac.id//wp-login.php" "Mozilla/5.0 (Windows NT 10.0; Win64; x64) AppleWebKit/537.36 (KHTML, like Gecko) Chrome/88.0.4240.193 Safari/537.36"
103.59.161.152 - - [27/Aug/2026:04:25:27 +0700] "POST /wp-login.php HTTP/1.1" 200 0 "-" "Mozilla/5.0"
103.65.237.131 - - [27/Aug/2026:04:25:42 +0700] "POST //wp-login.php HTTP/1.1" 200 0 "https://arlindo.ac.id//wp-login.php" "Mozilla/5.0 (Windows NT 10.0; Win64; x64) AppleWebKit/537.36 (KHTML, like Gecko) Chrome/88.0.4240.193 Safari/537.36"
103.59.161.152 - - [27/Aug/2026:04:26:37 +0700] "POST /wp-login.php HTTP/1.1" 200 0 "-" "Mozilla/5.0"
34.123.149.87 - - [27/Aug/2026:04:26:58 +0700] "GET /wp-json/oembed/1.0/embed?format=xml&url=https://arlindo.ac.id/arlindo-meriahkan-hut-ke-81-ri-dengan-semangat-merdeka-bersama-berbagi-kebahagiaan-tumbuh-bersama/ HTTP/1.1" 200 3823 "-" "Mozilla/5.0 (Macintosh; Intel Mac OS X 10_15_7) AppleWebKit/537.36 (KHTML, like Gecko) Chrome/120.0.0.0 Safari/537.36"
91.92.242.197 - - [27/Aug/2026:04:26:56 +0700] "POST /wp-login.php HTTP/1.1" 200 0 "-" "Mozilla/5.0"
103.65.237.131 - - [27/Aug/2026:04:26:44 +0700] "POST //wp-login.php HTTP/1.1" 200 0 "https://arlindo.ac.id//wp-login.php" "Mozilla/5.0 (Windows NT 10.0; Win64; x64) AppleWebKit/537.36 (KHTML, like Gecko) Chrome/88.0.4240.193 Safari/537.36"
34.10.180.98 - - [27/Aug/2026:04:27:51 +0700] "GET /wp-json/wp/v2/categories/14 HTTP/1.1" 200 2884 "-" "Mozilla/5.0 (Macintosh; Intel Mac OS X 10_15_7) AppleWebKit/537.36 (KHTML, like Gecko) Chrome/120.0.0.0 Safari/537.36"
168.107.94.195 - - [27/Aug/2026:04:28:00 +0700] "GET / HTTP/1.1" 200 36622 "-" "Mozilla/5.0 (Macintosh; Intel Mac OS X 10_15_7) AppleWebKit/605.1.15 (KHTML, like Gecko) Version/17.0 Safari/605.1.15"
168.107.94.195 - - [27/Aug/2026:04:28:00 +0700] "POST /wp-json/batch/v1 HTTP/1.1" 200 8088 "-" "Mozilla/5.0 (Windows NT 10.0; Win64; x64) AppleWebKit/537.36 (KHTML, like Gecko) Chrome/112.0.0.0 Safari/537.36"
168.107.94.195 - - [27/Aug/2026:04:28:01 +0700] "POST /wp-json/batch/v1 HTTP/1.1" 403 31025 "-" "Mozilla/5.0 (Windows NT 10.0; Win64; x64) AppleWebKit/537.36 (KHTML, like Gecko) Chrome/112.0.0.0 Safari/537.36"
103.59.161.152 - - [27/Aug/2026:04:27:49 +0700] "POST /wp-login.php HTTP/1.1" 200 0 "-" "Mozilla/5.0"
202.10.43.32 - - [27/Aug/2026:04:28:13 +0700] "POST /wp-cron.php?doing_wp_cron=1787779693.6927580833435058593750 HTTP/1.1" 200 0 "-" "WordPress/7.1; https://arlindo.ac.id"
34.123.149.87 - - [27/Aug/2026:04:28:13 +0700] "GET /?p=1724 HTTP/1.1" 200 1394 "-" "Mozilla/5.0 (Macintosh; Intel Mac OS X 10_15_7) AppleWebKit/537.36 (KHTML, like Gecko) Chrome/120.0.0.0 Safari/537.36"
5.161.215.244 - - [27/Aug/2026:04:28:21 +0700] "HEAD / HTTP/1.1" 200 0 "https://arlindo.ac.id" "Mozilla/5.0+(compatible; UptimeRobot/2.0; http://www.uptimerobot.com/)"
103.65.237.131 - - [27/Aug/2026:04:27:46 +0700] "POST //wp-login.php HTTP/1.1" 200 0 "https://arlindo.ac.id//wp-login.php" "Mozilla/5.0 (Windows NT 10.0; Win64; x64) AppleWebKit/537.36 (KHTML, like Gecko) Chrome/88.0.4240.193 Safari/537.36"
91.92.242.197 - - [27/Aug/2026:04:28:33 +0700] "POST /wp-login.php HTTP/1.1" 200 0 "-" "Mozilla/5.0"
103.59.161.152 - - [27/Aug/2026:04:29:13 +0700] "POST /wp-login.php HTTP/1.1" 200 0 "-" "Mozilla/5.0"
103.65.237.131 - - [27/Aug/2026:04:28:48 +0700] "POST //wp-login.php HTTP/1.1" 200 0 "https://arlindo.ac.id//wp-login.php" "Mozilla/5.0 (Windows NT 10.0; Win64; x64) AppleWebKit/537.36 (KHTML, like Gecko) Chrome/88.0.4240.193 Safari/537.36"
91.92.242.197 - - [27/Aug/2026:04:30:10 +0700] "POST /wp-login.php HTTP/1.1" 200 0 "-" "Mozilla/5.0"
103.65.237.131 - - [27/Aug/2026:04:29:51 +0700] "POST //wp-login.php HTTP/1.1" 200 0 "https://arlindo.ac.id//wp-login.php" "Mozilla/5.0 (Windows NT 10.0; Win64; x64) AppleWebKit/537.36 (KHTML, like Gecko) Chrome/88.0.4240.193 Safari/537.36"
103.59.161.152 - - [27/Aug/2026:04:30:51 +0700] "POST /wp-login.php HTTP/1.1" 200 0 "-" "Mozilla/5.0"
103.65.237.131 - - [27/Aug/2026:04:30:53 +0700] "POST //wp-login.php HTTP/1.1" 200 0 "https://arlindo.ac.id//wp-login.php" "Mozilla/5.0 (Windows NT 10.0; Win64; x64) AppleWebKit/537.36 (KHTML, like Gecko) Chrome/88.0.4240.193 Safari/537.36"
40.77.167.181 - - [27/Aug/2026:04:31:57 +0700] "GET /robots.txt HTTP/2" 200 52 "-" "Mozilla/5.0 AppleWebKit/537.36 (KHTML, like Gecko; compatible; bingbot/2.0; +http://www.bing.com/bingbot.htm) Chrome/116.0.1938.76 Safari/537.36"
91.92.242.197 - - [27/Aug/2026:04:31:47 +0700] "POST /wp-login.php HTTP/1.1" 200 0 "-" "Mozilla/5.0"
103.59.161.152 - - [27/Aug/2026:04:32:25 +0700] "POST /wp-login.php HTTP/1.1" 200 0 "-" "Mozilla/5.0"
103.65.237.131 - - [27/Aug/2026:04:31:55 +0700] "POST //wp-login.php HTTP/1.1" 200 0 "https://arlindo.ac.id//wp-login.php" "Mozilla/5.0 (Windows NT 10.0; Win64; x64) AppleWebKit/537.36 (KHTML, like Gecko) Chrome/88.0.4240.193 Safari/537.36"
5.161.75.7 - - [27/Aug/2026:04:33:36 +0700] "HEAD / HTTP/1.1" 200 0 "https://arlindo.ac.id" "Mozilla/5.0+(compatible; UptimeRobot/2.0; http://www.uptimerobot.com/)"
91.92.242.197 - - [27/Aug/2026:04:33:25 +0700] "POST /wp-login.php HTTP/1.1" 200 0 "-" "Mozilla/5.0"
103.59.161.152 - - [27/Aug/2026:04:33:33 +0700] "POST /wp-login.php HTTP/1.1" 200 0 "-" "Mozilla/5.0"
103.65.237.131 - - [27/Aug/2026:04:32:57 +0700] "POST //wp-login.php HTTP/1.1" 200 0 "https://arlindo.ac.id//wp-login.php" "Mozilla/5.0 (Windows NT 10.0; Win64; x64) AppleWebKit/537.36 (KHTML, like Gecko) Chrome/88.0.4240.193 Safari/537.36"
103.59.161.152 - - [27/Aug/2026:04:34:40 +0700] "POST /wp-login.php HTTP/1.1" 200 0 "-" "Mozilla/5.0"
103.65.237.131 - - [27/Aug/2026:04:33:59 +0700] "POST //wp-login.php HTTP/1.1" 200 0 "https://arlindo.ac.id//wp-login.php" "Mozilla/5.0 (Windows NT 10.0; Win64; x64) AppleWebKit/537.36 (KHTML, like Gecko) Chrome/88.0.4240.193 Safari/537.36"
91.92.242.197 - - [27/Aug/2026:04:35:01 +0700] "POST /wp-login.php HTTP/1.1" 200 0 "-" "Mozilla/5.0"
103.65.237.131 - - [27/Aug/2026:04:35:01 +0700] "POST //wp-login.php HTTP/1.1" 200 0 "https://arlindo.ac.id//wp-login.php" "Mozilla/5.0 (Windows NT 10.0; Win64; x64) AppleWebKit/537.36 (KHTML, like Gecko) Chrome/88.0.4240.193 Safari/537.36"
103.59.161.152 - - [27/Aug/2026:04:35:47 +0700] "POST /wp-login.php HTTP/1.1" 200 0 "-" "Mozilla/5.0"
34.56.53.225 - - [27/Aug/2026:04:36:34 +0700] "GET /hubungi-kami/ HTTP/1.1" 200 19916 "-" "Mozilla/5.0 (Macintosh; Intel Mac OS X 10_15_7) AppleWebKit/537.36 (KHTML, like Gecko) Chrome/120.0.0.0 Safari/537.36"
91.92.242.197 - - [27/Aug/2026:04:36:40 +0700] "POST /wp-login.php HTTP/1.1" 200 0 "-" "Mozilla/5.0"
103.65.237.131 - - [27/Aug/2026:04:36:03 +0700] "POST //wp-login.php HTTP/1.1" 200 0 "https://arlindo.ac.id//wp-login.php" "Mozilla/5.0 (Windows NT 10.0; Win64; x64) AppleWebKit/537.36 (KHTML, like Gecko) Chrome/88.0.4240.193 Safari/537.36"
103.59.161.152 - - [27/Aug/2026:04:36:53 +0700] "POST /wp-login.php HTTP/1.1" 200 0 "-" "Mozilla/5.0"
103.65.237.131 - - [27/Aug/2026:04:37:05 +0700] "POST //wp-login.php HTTP/1.1" 200 0 "https://arlindo.ac.id//wp-login.php" "Mozilla/5.0 (Windows NT 10.0; Win64; x64) AppleWebKit/537.36 (KHTML, like Gecko) Chrome/88.0.4240.193 Safari/537.36"
103.59.161.152 - - [27/Aug/2026:04:38:03 +0700] "POST /wp-login.php HTTP/1.1" 200 0 "-" "Mozilla/5.0"
91.92.242.197 - - [27/Aug/2026:04:38:19 +0700] "POST /wp-login.php HTTP/1.1" 200 0 "-" "Mozilla/5.0"
5.161.75.7 - - [27/Aug/2026:04:38:48 +0700] "HEAD / HTTP/1.1" 200 0 "https://arlindo.ac.id" "Mozilla/5.0+(compatible; UptimeRobot/2.0; http://www.uptimerobot.com/)"
47.128.32.1 - - [27/Aug/2026:04:39:00 +0700] "GET /robots.txt HTTP/2" 200 1681 "-" "Go-http-client/2.0"
202.10.43.32 - - [27/Aug/2026:04:39:04 +0700] "POST /wp-cron.php?doing_wp_cron=1787780344.1101219654083251953125 HTTP/1.1" 200 0 "-" "WordPress/7.1; https://arlindo.ac.id"
103.65.237.131 - - [27/Aug/2026:04:38:07 +0700] "POST //wp-login.php HTTP/1.1" 200 0 "https://arlindo.ac.id//wp-login.php" "Mozilla/5.0 (Windows NT 10.0; Win64; x64) AppleWebKit/537.36 (KHTML, like Gecko) Chrome/88.0.4240.193 Safari/537.36"
47.128.16.165 - - [27/Aug/2026:04:39:25 +0700] "GET /2024/01/23/ HTTP/2" 200 20468 "-" "Mozilla/5.0 (Linux; Android 5.0) AppleWebKit/537.36 (KHTML, like Gecko) Mobile Safari/537.36 (compatible; TikTokSpider; ttspider-feedback@tiktok.com)"
47.128.16.165 - - [27/Aug/2026:04:39:25 +0700] "GET /wp-content/uploads/2024/01/Launching-768x524.jpg HTTP/2" 206 500 "https://arlindo.ac.id/2024/01/23/" "Mozilla/5.0 (Linux; Android 5.0) AppleWebKit/537.36 (KHTML, like Gecko) Mobile Safari/537.36 (compatible; TikTokSpider; ttspider-feedback@tiktok.com)"
103.65.237.131 - - [27/Aug/2026:04:39:09 +0700] "POST //wp-login.php HTTP/1.1" 200 0 "https://arlindo.ac.id//wp-login.php" "Mozilla/5.0 (Windows NT 10.0; Win64; x64) AppleWebKit/537.36 (KHTML, like Gecko) Chrome/88.0.4240.193 Safari/537.36"
103.59.161.152 - - [27/Aug/2026:04:39:10 +0700] "POST /wp-login.php HTTP/1.1" 200 0 "-" "Mozilla/5.0"
91.92.242.197 - - [27/Aug/2026:04:39:54 +0700] "POST /wp-login.php HTTP/1.1" 200 0 "-" "Mozilla/5.0"
103.59.161.152 - - [27/Aug/2026:04:40:15 +0700] "POST /wp-login.php HTTP/1.1" 200 0 "-" "Mozilla/5.0"
103.65.237.131 - - [27/Aug/2026:04:40:11 +0700] "POST //wp-login.php HTTP/1.1" 200 0 "https://arlindo.ac.id//wp-login.php" "Mozilla/5.0 (Windows NT 10.0; Win64; x64) AppleWebKit/537.36 (KHTML, like Gecko) Chrome/88.0.4240.193 Safari/537.36"
52.167.144.16 - - [27/Aug/2026:04:41:27 +0700] "GET /wp-content/plugins/elementskit/widgets/image-morphing/assets/shape_10/shape_01.svg HTTP/2" 200 16376 "-" "Mozilla/5.0 AppleWebKit/537.36 (KHTML, like Gecko; compatible; bingbot/2.0; +http://www.bing.com/bingbot.htm) Chrome/116.0.1938.76 Safari/537.36"
202.10.43.32 - - [27/Aug/2026:04:41:30 +0700] "POST /wp-cron.php?doing_wp_cron=1787780490.3412799835205078125000 HTTP/1.1" 200 0 "-" "WordPress/7.1; https://arlindo.ac.id"
91.92.242.197 - - [27/Aug/2026:04:41:31 +0700] "POST /wp-login.php HTTP/1.1" 200 0 "-" "Mozilla/5.0"
103.59.161.152 - - [27/Aug/2026:04:41:52 +0700] "POST /wp-login.php HTTP/1.1" 200 0 "-" "Mozilla/5.0"
103.65.237.131 - - [27/Aug/2026:04:41:13 +0700] "POST //wp-login.php HTTP/1.1" 200 0 "https://arlindo.ac.id//wp-login.php" "Mozilla/5.0 (Windows NT 10.0; Win64; x64) AppleWebKit/537.36 (KHTML, like Gecko) Chrome/88.0.4240.193 Safari/537.36"
103.59.161.152 - - [27/Aug/2026:04:43:00 +0700] "POST /wp-login.php HTTP/1.1" 200 0 "-" "Mozilla/5.0"
103.65.237.131 - - [27/Aug/2026:04:42:15 +0700] "POST //wp-login.php HTTP/1.1" 200 0 "https://arlindo.ac.id//wp-login.php" "Mozilla/5.0 (Windows NT 10.0; Win64; x64) AppleWebKit/537.36 (KHTML, like Gecko) Chrome/88.0.4240.193 Safari/537.36"
91.92.242.197 - - [27/Aug/2026:04:43:06 +0700] "POST /wp-login.php HTTP/1.1" 200 0 "-" "Mozilla/5.0"
5.161.194.92 - - [27/Aug/2026:04:43:56 +0700] "HEAD / HTTP/1.1" 200 0 "https://arlindo.ac.id" "Mozilla/5.0+(compatible; UptimeRobot/2.0; http://www.uptimerobot.com/)"
103.65.237.131 - - [27/Aug/2026:04:43:17 +0700] "POST //wp-login.php HTTP/1.1" 200 0 "https://arlindo.ac.id//wp-login.php" "Mozilla/5.0 (Windows NT 10.0; Win64; x64) AppleWebKit/537.36 (KHTML, like Gecko) Chrome/88.0.4240.193 Safari/537.36"
103.59.161.152 - - [27/Aug/2026:04:44:06 +0700] "POST /wp-login.php HTTP/1.1" 200 0 "-" "Mozilla/5.0"
91.92.242.197 - - [27/Aug/2026:04:44:43 +0700] "POST /wp-login.php HTTP/1.1" 200 0 "-" "Mozilla/5.0"
103.65.237.131 - - [27/Aug/2026:04:44:19 +0700] "POST //wp-login.php HTTP/1.1" 200 0 "https://arlindo.ac.id//wp-login.php" "Mozilla/5.0 (Windows NT 10.0; Win64; x64) AppleWebKit/537.36 (KHTML, like Gecko) Chrome/88.0.4240.193 Safari/537.36"
50.6.169.131 - - [27/Aug/2026:04:45:26 +0700] "GET /wp-login.php HTTP/2" 403 9678 "-" "Mozilla/5.0 (Windows NT 10.0; Win64; x64) AppleWebKit/537.36 (KHTML, like Gecko) Chrome/151.0.0.0 Safari/537.36"
103.59.161.152 - - [27/Aug/2026:04:45:12 +0700] "POST /wp-login.php HTTP/1.1" 200 0 "-" "Mozilla/5.0"
103.65.237.131 - - [27/Aug/2026:04:45:21 +0700] "POST //wp-login.php HTTP/1.1" 200 0 "https://arlindo.ac.id//wp-login.php" "Mozilla/5.0 (Windows NT 10.0; Win64; x64) AppleWebKit/537.36 (KHTML, like Gecko) Chrome/88.0.4240.193 Safari/537.36"
103.59.161.152 - - [27/Aug/2026:04:46:17 +0700] "POST /wp-login.php HTTP/1.1" 200 0 "-" "Mozilla/5.0"
91.92.242.197 - - [27/Aug/2026:04:46:19 +0700] "POST /wp-login.php HTTP/1.1" 200 0 "-" "Mozilla/5.0"
103.65.237.131 - - [27/Aug/2026:04:46:23 +0700] "POST //wp-login.php HTTP/1.1" 200 0 "https://arlindo.ac.id//wp-login.php" "Mozilla/5.0 (Windows NT 10.0; Win64; x64) AppleWebKit/537.36 (KHTML, like Gecko) Chrome/88.0.4240.193 Safari/537.36"
103.59.161.152 - - [27/Aug/2026:04:47:25 +0700] "POST /wp-login.php HTTP/1.1" 200 0 "-" "Mozilla/5.0"
91.92.242.197 - - [27/Aug/2026:04:47:58 +0700] "POST /wp-login.php HTTP/1.1" 200 0 "-" "Mozilla/5.0"
103.65.237.131 - - [27/Aug/2026:04:47:25 +0700] "POST //wp-login.php HTTP/1.1" 200 0 "https://arlindo.ac.id//wp-login.php" "Mozilla/5.0 (Windows NT 10.0; Win64; x64) AppleWebKit/537.36 (KHTML, like Gecko) Chrome/88.0.4240.193 Safari/537.36"
103.59.161.152 - - [27/Aug/2026:04:48:41 +0700] "POST /wp-login.php HTTP/1.1" 200 0 "-" "Mozilla/5.0"
3.149.57.90 - - [27/Aug/2026:04:49:04 +0700] "HEAD / HTTP/1.1" 200 0 "https://arlindo.ac.id" "Mozilla/5.0+(compatible; UptimeRobot/2.0; http://www.uptimerobot.com/)"
202.10.43.32 - - [27/Aug/2026:04:49:10 +0700] "POST /wp-cron.php?doing_wp_cron=1787780950.3418080806732177734375 HTTP/1.1" 200 0 "-" "WordPress/7.1; https://arlindo.ac.id"
136.65.161.194 - - [27/Aug/2026:04:49:06 +0700] "GET /mou-stie-arlindo-dan-universitas-pekalongan HTTP/2" 200 1394 "-" "Mozilla/5.0 AppleWebKit/537.36 (KHTML, like Gecko; compatible; SleepBot/1.0; +http://sleepbot.com/) Chrome/131.0.0.0 Safari/537.36"
103.65.237.131 - - [27/Aug/2026:04:48:27 +0700] "POST //wp-login.php HTTP/1.1" 200 0 "https://arlindo.ac.id//wp-login.php" "Mozilla/5.0 (Windows NT 10.0; Win64; x64) AppleWebKit/537.36 (KHTML, like Gecko) Chrome/88.0.4240.193 Safari/537.36"
91.92.242.197 - - [27/Aug/2026:04:49:34 +0700] "POST /wp-login.php HTTP/1.1" 200 0 "-" "Mozilla/5.0"
103.59.161.152 - - [27/Aug/2026:04:49:48 +0700] "POST /wp-login.php HTTP/1.1" 200 0 "-" "Mozilla/5.0"
51.89.83.144 - - [27/Aug/2026:04:50:12 +0700] "GET /wp-content/plugins/translatepress-multilingual/assets/css/trp-floater-language-switcher.css HTTP/2" 404 5750 "-" "Mozilla/5.0 (Windows NT 10.0; Win64; x64) AppleWebKit/537.36 (KHTML, like Gecko) Chrome/147.0.0.0 Safari/537.36"
51.89.83.144 - - [27/Aug/2026:04:50:13 +0700] "GET /adminer.php HTTP/2" 404 5750 "-" "Mozilla/5.0 (Windows NT 10.0; Win64; x64) AppleWebKit/537.36 (KHTML, like Gecko) Chrome/146.0.0.0 Safari/537.36"
51.89.83.144 - - [27/Aug/2026:04:50:16 +0700] "GET /blog-verify HTTP/2" 404 5750 "-" "Mozilla/5.0 (Macintosh; Intel Mac OS X 10.15; rv:150.0) Gecko/20100101 Firefox/150.0"
103.65.237.131 - - [27/Aug/2026:04:49:29 +0700] "POST //wp-login.php HTTP/1.1" 200 0 "https://arlindo.ac.id//wp-login.php" "Mozilla/5.0 (Windows NT 10.0; Win64; x64) AppleWebKit/537.36 (KHTML, like Gecko) Chrome/88.0.4240.193 Safari/537.36"
47.128.60.24 - - [27/Aug/2026:04:51:10 +0700] "GET / HTTP/2" 200 31005 "-" "Mozilla/5.0 (Linux; Android 5.0) AppleWebKit/537.36 (KHTML, like Gecko) Mobile Safari/537.36 (compatible; Bytespider; spider-feedback@bytedance.com)"
47.128.60.24 - - [27/Aug/2026:04:51:10 +0700] "GET /wp-content/uploads/2026/07/Desain-tanpa-judul.png HTTP/2" 206 500 "https://arlindo.ac.id/" "Mozilla/5.0 (Linux; Android 5.0) AppleWebKit/537.36 (KHTML, like Gecko) Mobile Safari/537.36 (compatible; Bytespider; spider-feedback@bytedance.com)"
47.128.60.24 - - [27/Aug/2026:04:51:10 +0700] "GET /wp-content/cache/min/1/wp-content/themes/hello-elementor/assets/css/reset.css?ver=1775054822 HTTP/2" 200 1578 "https://arlindo.ac.id/" "Mozilla/5.0 (Linux; Android 5.0) AppleWebKit/537.36 (KHTML, like Gecko) Mobile Safari/537.36 (compatible; Bytespider; spider-feedback@bytedance.com)"
47.128.60.24 - - [27/Aug/2026:04:51:10 +0700] "GET /wp-content/cache/min/1/wp-content/plugins/gutenkit-blocks-addon/build/gutenkit/frontend-common.css?ver=1775054822 HTTP/2" 200 404 "https://arlindo.ac.id/" "Mozilla/5.0 (Linux; Android 5.0) AppleWebKit/537.36 (KHTML, like Gecko) Mobile Safari/537.36 (compatible; Bytespider; spider-feedback@bytedance.com)"
47.128.60.24 - - [27/Aug/2026:04:51:10 +0700] "GET /wp-content/cache/min/1/wp-content/themes/hello-elementor/assets/css/header-footer.css?ver=1775054822 HTTP/2" 200 1258 "https://arlindo.ac.id/" "Mozilla/5.0 (Linux; Android 5.0) AppleWebKit/537.36 (KHTML, like Gecko) Mobile Safari/537.36 (compatible; Bytespider; spider-feedback@bytedance.com)"
47.128.60.24 - - [27/Aug/2026:04:51:10 +0700] "GET /wp-content/cache/min/1/wp-content/themes/hello-elementor/assets/css/theme.css?ver=1775054822 HTTP/2" 200 1123 "https://arlindo.ac.id/" "Mozilla/5.0 (Linux; Android 5.0) AppleWebKit/537.36 (KHTML, like Gecko) Mobile Safari/537.36 (compatible; Bytespider; spider-feedback@bytedance.com)"
47.128.60.24 - - [27/Aug/2026:04:51:10 +0700] "GET /wp-content/plugins/elementor/assets/css/frontend.min.css?ver=4.0.1 HTTP/2" 200 6613 "https://arlindo.ac.id/" "Mozilla/5.0 (Linux; Android 5.0) AppleWebKit/537.36 (KHTML, like Gecko) Mobile Safari/537.36 (compatible; Bytespider; spider-feedback@bytedance.com)"
47.128.60.24 - - [27/Aug/2026:04:51:10 +0700] "GET /wp-content/cache/min/1/wp-content/plugins/elementor/assets/lib/eicons/css/elementor-icons.min.css?ver=1775054822 HTTP/2" 200 3824 "https://arlindo.ac.id/" "Mozilla/5.0 (Linux; Android 5.0) AppleWebKit/537.36 (KHTML, like Gecko) Mobile Safari/537.36 (compatible; Bytespider; spider-feedback@bytedance.com)"
47.128.60.24 - - [27/Aug/2026:04:51:10 +0700] "GET /wp-content/plugins/elementor/assets/css/widget-heading.min.css?ver=4.0.1 HTTP/2" 200 126 "https://arlindo.ac.id/" "Mozilla/5.0 (Linux; Android 5.0) AppleWebKit/537.36 (KHTML, like Gecko) Mobile Safari/537.36 (compatible; Bytespider; spider-feedback@bytedance.com)"
47.128.60.24 - - [27/Aug/2026:04:51:10 +0700] "GET /wp-content/plugins/elementor-pro/assets/css/frontend.min.css?ver=3.13.2 HTTP/2" 200 38822 "https://arlindo.ac.id/" "Mozilla/5.0 (Linux; Android 5.0) AppleWebKit/537.36 (KHTML, like Gecko) Mobile Safari/537.36 (compatible; Bytespider; spider-feedback@bytedance.com)"
47.128.60.24 - - [27/Aug/2026:04:51:10 +0700] "GET /wp-content/plugins/elementor/assets/css/widget-icon-list.min.css?ver=4.0.1 HTTP/2" 200 928 "https://arlindo.ac.id/" "Mozilla/5.0 (Linux; Android 5.0) AppleWebKit/537.36 (KHTML, like Gecko) Mobile Safari/537.36 (compatible; Bytespider; spider-feedback@bytedance.com)"
47.128.60.24 - - [27/Aug/2026:04:51:11 +0700] "GET /wp-content/plugins/elementor/assets/css/widget-image-box.min.css?ver=4.0.1 HTTP/2" 200 297 "https://arlindo.ac.id/" "Mozilla/5.0 (Linux; Android 5.0) AppleWebKit/537.36 (KHTML, like Gecko) Mobile Safari/537.36 (compatible; Bytespider; spider-feedback@bytedance.com)"
47.128.60.24 - - [27/Aug/2026:04:51:11 +0700] "GET /wp-content/cache/min/1/wp-content/plugins/elementor/assets/lib/swiper/v8/css/swiper.min.css?ver=1775054822 HTTP/2" 200 4082 "https://arlindo.ac.id/" "Mozilla/5.0 (Linux; Android 5.0) AppleWebKit/537.36 (KHTML, like Gecko) Mobile Safari/537.36 (compatible; Bytespider; spider-feedback@bytedance.com)"
47.128.60.24 - - [27/Aug/2026:04:51:11 +0700] "GET /wp-content/plugins/elementor/assets/css/widget-image.min.css?ver=4.0.1 HTTP/2" 200 96 "https://arlindo.ac.id/" "Mozilla/5.0 (Linux; Android 5.0) AppleWebKit/537.36 (KHTML, like Gecko) Mobile Safari/537.36 (compatible; Bytespider; spider-feedback@bytedance.com)"
47.128.60.24 - - [27/Aug/2026:04:51:11 +0700] "GET /wp-content/cache/min/1/wp-content/plugins/elementskit-lite/widgets/init/assets/css/responsive.css?ver=1775054822 HTTP/2" 200 2859 "https://arlindo.ac.id/" "Mozilla/5.0 (Linux; Android 5.0) AppleWebKit/537.36 (KHTML, like Gecko) Mobile Safari/537.36 (compatible; Bytespider; spider-feedback@bytedance.com)"
47.128.60.24 - - [27/Aug/2026:04:51:11 +0700] "GET /wp-content/cache/min/1/wp-content/plugins/elementskit-lite/widgets/init/assets/css/widget-styles.css?ver=1775054822 HTTP/2" 200 48908 "https://arlindo.ac.id/" "Mozilla/5.0 (Linux; Android 5.0) AppleWebKit/537.36 (KHTML, like Gecko) Mobile Safari/537.36 (compatible; Bytespider; spider-feedback@bytedance.com)"
47.128.60.24 - - [27/Aug/2026:04:51:11 +0700] "GET /wp-content/plugins/royal-elementor-addons/assets/css/lib/animations/wpr-link-animations.min.css?ver=1.7.1056 HTTP/2" 200 768 "https://arlindo.ac.id/" "Mozilla/5.0 (Linux; Android 5.0) AppleWebKit/537.36 (KHTML, like Gecko) Mobile Safari/537.36 (compatible; Bytespider; spider-feedback@bytedance.com)"
47.128.60.24 - - [27/Aug/2026:04:51:11 +0700] "GET /wp-content/plugins/royal-elementor-addons/assets/css/lib/animations/wpr-animations.min.css?ver=1.7.1056 HTTP/2" 200 3002 "https://arlindo.ac.id/" "Mozilla/5.0 (Linux; Android 5.0) AppleWebKit/537.36 (KHTML, like Gecko) Mobile Safari/537.36 (compatible; Bytespider; spider-feedback@bytedance.com)"
47.128.60.24 - - [27/Aug/2026:04:51:11 +0700] "GET /wp-content/plugins/royal-elementor-addons/assets/css/lib/animations/button-animations.min.css?ver=1.7.1056 HTTP/2" 200 2517 "https://arlindo.ac.id/" "Mozilla/5.0 (Linux; Android 5.0) AppleWebKit/537.36 (KHTML, like Gecko) Mobile Safari/537.36 (compatible; Bytespider; spider-feedback@bytedance.com)"
47.128.60.24 - - [27/Aug/2026:04:51:11 +0700] "GET /wp-content/plugins/royal-elementor-addons/assets/css/lib/animations/loading-animations.min.css?ver=1.7.1056 HTTP/2" 200 1626 "https://arlindo.ac.id/" "Mozilla/5.0 (Linux; Android 5.0) AppleWebKit/537.36 (KHTML, like Gecko) Mobile Safari/537.36 (compatible; Bytespider; spider-feedback@bytedance.com)"
47.128.60.24 - - [27/Aug/2026:04:51:11 +0700] "GET /wp-content/plugins/royal-elementor-addons/assets/css/lib/animations/text-animations.min.css?ver=1.7.1056 HTTP/2" 200 1439 "https://arlindo.ac.id/" "Mozilla/5.0 (Linux; Android 5.0) AppleWebKit/537.36 (KHTML, like Gecko) Mobile Safari/537.36 (compatible; Bytespider; spider-feedback@bytedance.com)"
47.128.60.24 - - [27/Aug/2026:04:51:11 +0700] "GET /wp-content/plugins/royal-elementor-addons/assets/css/frontend.min.css?ver=1.7.1056 HTTP/2" 200 46624 "https://arlindo.ac.id/" "Mozilla/5.0 (Linux; Android 5.0) AppleWebKit/537.36 (KHTML, like Gecko) Mobile Safari/537.36 (compatible; Bytespider; spider-feedback@bytedance.com)"
47.128.60.24 - - [27/Aug/2026:04:51:11 +0700] "GET /wp-content/plugins/elementor/assets/lib/font-awesome/css/fontawesome.min.css?ver=5.15.3 HTTP/2" 200 12164 "https://arlindo.ac.id/" "Mozilla/5.0 (Linux; Android 5.0) AppleWebKit/537.36 (KHTML, like Gecko) Mobile Safari/537.36 (compatible; Bytespider; spider-feedback@bytedance.com)"
47.128.60.24 - - [27/Aug/2026:04:51:11 +0700] "GET /wp-content/cache/min/1/wp-content/plugins/elementor/assets/lib/font-awesome/css/all.min.css?ver=1775054822 HTTP/2" 200 12423 "https://arlindo.ac.id/" "Mozilla/5.0 (Linux; Android 5.0) AppleWebKit/537.36 (KHTML, like Gecko) Mobile Safari/537.36 (compatible; Bytespider; spider-feedback@bytedance.com)"
47.128.60.24 - - [27/Aug/2026:04:51:11 +0700] "GET /wp-content/cache/min/1/wp-content/plugins/elementor/assets/lib/font-awesome/css/brands.min.css?ver=1775054822 HTTP/2" 200 313 "https://arlindo.ac.id/" "Mozilla/5.0 (Linux; Android 5.0) AppleWebKit/537.36 (KHTML, like Gecko) Mobile Safari/537.36 (compatible; Bytespider; spider-feedback@bytedance.com)"
