202.10.43.32 - - [27/Aug/2026:05:50:31 +0700] "POST /wp-cron.php?doing_wp_cron=1787784631.4587059020996093750000 HTTP/1.1" 200 0 "-" "WordPress/7.1; https://arlindo.ac.id"
202.10.43.32 - - [27/Aug/2026:05:50:31 +0700] "POST /?wordfence_syncAttackData=1787784631.0286 HTTP/1.1" 200 1393 "-" "WordPress/7.1; https://arlindo.ac.id"
129.225.125.127 - - [27/Aug/2026:05:50:30 +0700] "GET /wp-admin/index.php HTTP/1.1" 200 9954 "https://arlindo.ac.id/wp-login.php" "Mozilla/5.0 (Windows NT 10.0; Win64; x64; rv:91.0) Gecko/20100101 Firefox/91.0"
129.225.125.127 - - [27/Aug/2026:05:50:31 +0700] "POST /wp-login.php HTTP/1.1" 200 9954 "https://arlindo.ac.id/wp-login.php" "Mozilla/5.0 (Windows NT 6.1; Win64; x64; rv:93.0) Gecko/20100101 Firefox/93.0"
91.92.242.197 - - [27/Aug/2026:05:50:28 +0700] "POST /wp-login.php HTTP/1.1" 200 0 "-" "Mozilla/5.0"
129.225.125.127 - - [27/Aug/2026:05:50:46 +0700] "POST /wp-login.php HTTP/1.1" 403 10747 "https://arlindo.ac.id/wp-login.php" "Mozilla/5.0 (Windows NT 10.0; Win64; x64) AppleWebKit/537.36 (KHTML, like Gecko) Chrome/90.0.4430.212 Safari/537.36"
129.225.125.127 - - [27/Aug/2026:05:51:00 +0700] "GET /wp-admin/index.php HTTP/1.1" 200 10163 "https://arlindo.ac.id/wp-login.php" "Mozilla/5.0 (X11; Linux x86_64) AppleWebKit/537.36 (KHTML, like Gecko) Chrome/91.0.4472.124 Safari/537.36"
129.225.125.127 - - [27/Aug/2026:05:51:01 +0700] "POST /wp-login.php HTTP/1.1" 200 10163 "https://arlindo.ac.id/wp-login.php" "Mozilla/5.0 (Windows NT 10.0; Win64; x64) AppleWebKit/605.1.15 (KHTML, like Gecko) Version/14.0.3 Safari/605.1.15"
5.161.117.52 - - [27/Aug/2026:05:51:18 +0700] "HEAD / HTTP/1.1" 200 0 "https://arlindo.ac.id" "Mozilla/5.0+(compatible; UptimeRobot/2.0; http://www.uptimerobot.com/)"
103.65.237.131 - - [27/Aug/2026:05:50:28 +0700] "POST //wp-login.php HTTP/1.1" 200 0 "https://arlindo.ac.id//wp-login.php" "Mozilla/5.0 (Windows NT 10.0; Win64; x64) AppleWebKit/537.36 (KHTML, like Gecko) Chrome/88.0.4240.193 Safari/537.36"
129.225.125.127 - - [27/Aug/2026:05:51:16 +0700] "POST /wp-login.php HTTP/1.1" 200 9004 "https://arlindo.ac.id/wp-login.php" "Mozilla/5.0 (Windows NT 6.1; Win64; x64) AppleWebKit/537.36 (KHTML, like Gecko) Chrome/90.0.4430.212 Safari/537.36"
129.225.125.127 - - [27/Aug/2026:05:51:30 +0700] "GET /wp-admin/index.php HTTP/1.1" 200 10164 "https://arlindo.ac.id/wp-login.php" "Mozilla/5.0 (X11; Linux x86_64) AppleWebKit/537.36 (KHTML, like Gecko) Chrome/90.0.4430.212 Safari/537.36"
202.10.43.32 - - [27/Aug/2026:05:51:30 +0700] "POST /wp-cron.php?doing_wp_cron=1787784690.9763929843902587890625 HTTP/1.1" 200 0 "-" "WordPress/7.1; https://arlindo.ac.id"
202.10.43.32 - - [27/Aug/2026:05:51:30 +0700] "POST /?wordfence_syncAttackData=1787784690.53 HTTP/1.1" 200 1393 "-" "WordPress/7.1; https://arlindo.ac.id"
103.59.161.152 - - [27/Aug/2026:05:51:19 +0700] "POST /wp-login.php HTTP/1.1" 200 0 "-" "Mozilla/5.0"
136.117.129.228 - - [27/Aug/2026:05:51:43 +0700] "GET /.git/config HTTP/1.1" 403 1242 "-" "-"
129.225.125.127 - - [27/Aug/2026:05:51:31 +0700] "POST /wp-login.php HTTP/1.1" 200 10164 "https://arlindo.ac.id/wp-login.php" "Mozilla/5.0 (X11; Linux x86_64; rv:92.0) Gecko/20100101 Firefox/92.0"
129.225.125.127 - - [27/Aug/2026:05:51:46 +0700] "POST /wp-login.php HTTP/1.1" 200 9004 "https://arlindo.ac.id/wp-login.php" "Mozilla/5.0 (Windows NT 10.0; Win64; x64) AppleWebKit/537.36 (KHTML, like Gecko) Chrome/90.0.4430.212 Safari/537.36"
202.10.43.32 - - [27/Aug/2026:05:52:02 +0700] "POST /wp-cron.php?doing_wp_cron=1787784722.3863670825958251953125 HTTP/1.1" 200 0 "-" "WordPress/7.1; https://arlindo.ac.id"
202.10.43.32 - - [27/Aug/2026:05:52:01 +0700] "POST /?wordfence_syncAttackData=1787784721.8275 HTTP/1.1" 200 1393 "-" "WordPress/7.1; https://arlindo.ac.id"
134.185.85.61 - - [27/Aug/2026:05:52:00 +0700] "GET /wp-login.php HTTP/1.1" 200 4232 "-" "Mozilla/5.0 (Windows NT 10.0; Win64; x64) AppleWebKit/537.36 Chrome/129.0.0.0 Safari/537.36"
134.185.85.61 - - [27/Aug/2026:05:52:02 +0700] "GET /?author=1 HTTP/1.1" 200 1591 "-" "Mozilla/5.0 (Windows NT 10.0; Win64; x64) AppleWebKit/537.36 Chrome/129.0.0.0 Safari/537.36"
134.185.85.61 - - [27/Aug/2026:05:52:04 +0700] "GET /?rest_route=/wp/v2/users HTTP/1.1" 200 1666 "-" "Mozilla/5.0 (Windows NT 10.0; Win64; rv:143.0) Gecko/20100101 Firefox/143.0"
134.185.85.61 - - [27/Aug/2026:05:52:04 +0700] "GET /feed HTTP/1.1" 200 1591 "-" "Mozilla/5.0 (Macintosh; Intel Mac OS X 10_15_7) AppleWebKit/605.1.15 Version/17.0 Safari/605.1.15"
216.73.216.179 - - [27/Aug/2026:05:52:05 +0700] "GET /robots.txt HTTP/2" 200 1474 "-" "Mozilla/5.0 AppleWebKit/537.36 (KHTML, like Gecko; compatible; ClaudeBot/1.0; +claudebot@anthropic.com)"
50.6.169.131 - - [27/Aug/2026:05:52:07 +0700] "GET /wp-login.php HTTP/2" 403 9677 "-" "Mozilla/5.0 (Windows NT 10.0; Win64; x64) AppleWebKit/537.36 (KHTML, like Gecko) Chrome/151.0.0.0 Safari/537.36"
216.73.216.179 - - [27/Aug/2026:05:52:07 +0700] "GET /sitemap_index.xml?path=%2Fhome%2Farld4297%2Fpublic_html%2Fwp-admin HTTP/2" 200 2531 "-" "Mozilla/5.0 AppleWebKit/537.36 (KHTML, like Gecko; compatible; ClaudeBot/1.0; +claudebot@anthropic.com)"
216.73.216.179 - - [27/Aug/2026:05:52:08 +0700] "GET /sitemap_index.xml?path=%2Fhome HTTP/2" 200 968 "-" "Mozilla/5.0 AppleWebKit/537.36 (KHTML, like Gecko; compatible; ClaudeBot/1.0; +claudebot@anthropic.com)"
216.73.216.179 - - [27/Aug/2026:05:52:08 +0700] "GET /sitemap_index.xml?path=%2F HTTP/2" 200 1049 "-" "Mozilla/5.0 AppleWebKit/537.36 (KHTML, like Gecko; compatible; ClaudeBot/1.0; +claudebot@anthropic.com)"
129.225.125.127 - - [27/Aug/2026:05:52:01 +0700] "POST /wp-login.php HTTP/1.1" 200 0 "https://arlindo.ac.id/wp-login.php" "Mozilla/5.0 (Windows NT 10.0; Win64; x64) AppleWebKit/537.36 (KHTML, like Gecko) Chrome/93.0.4577.63 Safari/537.36"
91.92.242.197 - - [27/Aug/2026:05:52:10 +0700] "POST /wp-login.php HTTP/1.1" 200 0 "-" "Mozilla/5.0"
129.225.125.127 - - [27/Aug/2026:05:52:16 +0700] "POST /wp-login.php HTTP/1.1" 200 9259 "https://arlindo.ac.id/wp-login.php" "Mozilla/5.0 (Windows NT 10.0; Win64; x64) AppleWebKit/537.36 (KHTML, like Gecko) Chrome/93.0.4577.63 Safari/537.36"
202.10.43.32 - - [27/Aug/2026:05:52:31 +0700] "POST /wp-cron.php?doing_wp_cron=1787784751.5694599151611328125000 HTTP/1.1" 200 0 "-" "WordPress/7.1; https://arlindo.ac.id"
103.65.237.131 - - [27/Aug/2026:05:51:30 +0700] "POST //wp-login.php HTTP/1.1" 200 0 "https://arlindo.ac.id//wp-login.php" "Mozilla/5.0 (Windows NT 10.0; Win64; x64) AppleWebKit/537.36 (KHTML, like Gecko) Chrome/88.0.4240.193 Safari/537.36"
129.225.125.127 - - [27/Aug/2026:05:52:31 +0700] "POST /wp-login.php HTTP/1.1" 200 0 "https://arlindo.ac.id/wp-login.php" "Mozilla/5.0 (Macintosh; Intel Mac OS X 10_15_7) AppleWebKit/605.1.15 (KHTML, like Gecko) Version/14.0.3 Safari/605.1.15"
103.59.161.152 - - [27/Aug/2026:05:52:32 +0700] "POST /wp-login.php HTTP/1.1" 200 0 "-" "Mozilla/5.0"
202.10.43.32 - - [27/Aug/2026:05:52:55 +0700] "POST /wp-cron.php?doing_wp_cron=1787784775.6816260814666748046875 HTTP/1.1" 200 0 "-" "WordPress/7.1; https://arlindo.ac.id"
216.73.216.179 - - [27/Aug/2026:05:52:55 +0700] "GET /sitemap_index.xml?path=%2Fhome%2Farld4297 HTTP/2" 200 1580 "-" "Mozilla/5.0 AppleWebKit/537.36 (KHTML, like Gecko; compatible; ClaudeBot/1.0; +claudebot@anthropic.com)"
216.73.216.179 - - [27/Aug/2026:05:52:55 +0700] "GET /sitemap_index.xml?action=edit&file=wp-comments-post.php&path=%2Fhome%2Farld4297%2Fpublic_html HTTP/2" 200 1803 "-" "Mozilla/5.0 AppleWebKit/537.36 (KHTML, like Gecko; compatible; ClaudeBot/1.0; +claudebot@anthropic.com)"
216.73.216.179 - - [27/Aug/2026:05:52:56 +0700] "GET /sitemap_index.xml?path=%2Fhome%2Farld4297%2Fpublic_html%2Fwp-includes HTTP/2" 200 5184 "-" "Mozilla/5.0 AppleWebKit/537.36 (KHTML, like Gecko; compatible; ClaudeBot/1.0; +claudebot@anthropic.com)"
129.225.125.127 - - [27/Aug/2026:05:52:46 +0700] "POST /wp-login.php HTTP/1.1" 200 9002 "https://arlindo.ac.id/wp-login.php" "Mozilla/5.0 (Windows NT 10.0; Win64; x64; rv:90.0) Gecko/20100101 Firefox/90.0.1"
202.10.43.32 - - [27/Aug/2026:05:53:01 +0700] "POST /wp-cron.php?doing_wp_cron=1787784781.6128909587860107421875 HTTP/1.1" 200 0 "-" "WordPress/7.1; https://arlindo.ac.id"
202.10.43.32 - - [27/Aug/2026:05:53:01 +0700] "POST /?wordfence_syncAttackData=1787784781.1456 HTTP/1.1" 200 1392 "-" "WordPress/7.1; https://arlindo.ac.id"
129.225.125.127 - - [27/Aug/2026:05:53:00 +0700] "GET /wp-admin/index.php HTTP/1.1" 200 9955 "https://arlindo.ac.id/wp-login.php" "Mozilla/5.0 (Macintosh; Intel Mac OS X 10_15_7) AppleWebKit/605.1.15 (KHTML, like Gecko) Version/14.1 Safari/605.1.15"
216.73.216.179 - - [27/Aug/2026:05:53:07 +0700] "GET /sitemap_index.xml?path=%2Fhome%2Farld4297%2Fpublic_html HTTP/2" 200 1631 "-" "Mozilla/5.0 AppleWebKit/537.36 (KHTML, like Gecko; compatible; ClaudeBot/1.0; +claudebot@anthropic.com)"
216.73.216.179 - - [27/Aug/2026:05:53:07 +0700] "GET /sitemap_index.xml?action=edit&file=wp-config-sample.php&path=%2Fhome%2Farld4297%2Fpublic_html HTTP/2" 200 2018 "-" "Mozilla/5.0 AppleWebKit/537.36 (KHTML, like Gecko; compatible; ClaudeBot/1.0; +claudebot@anthropic.com)"
216.73.216.179 - - [27/Aug/2026:05:53:08 +0700] "GET /sitemap_index.xml?action=edit&file=xmlrpc.php&path=%2Fhome%2Farld4297%2Fpublic_html HTTP/2" 200 2176 "-" "Mozilla/5.0 AppleWebKit/537.36 (KHTML, like Gecko; compatible; ClaudeBot/1.0; +claudebot@anthropic.com)"
129.225.125.127 - - [27/Aug/2026:05:53:01 +0700] "POST /wp-login.php HTTP/1.1" 200 9955 "https://arlindo.ac.id/wp-login.php" "Mozilla/5.0 (Windows NT 6.1; Win64; x64) AppleWebKit/537.36 (KHTML, like Gecko) Chrome/90.0.4430.212 Safari/537.36"
202.10.43.32 - - [27/Aug/2026:05:53:23 +0700] "POST /wp-cron.php?doing_wp_cron=1787784803.7298769950866699218750 HTTP/1.1" 200 0 "-" "WordPress/7.1; https://arlindo.ac.id"
216.73.216.179 - - [27/Aug/2026:05:53:23 +0700] "GET /sitemap_index.xml?action=edit&file=wp-load.php&path=%2Fhome%2Farld4297%2Fpublic_html HTTP/2" 200 2365 "-" "Mozilla/5.0 AppleWebKit/537.36 (KHTML, like Gecko; compatible; ClaudeBot/1.0; +claudebot@anthropic.com)"
216.73.216.179 - - [27/Aug/2026:05:53:23 +0700] "GET /sitemap_index.xml?action=edit&file=wp-activate.php&path=%2Fhome%2Farld4297%2Fpublic_html HTTP/2" 200 3465 "-" "Mozilla/5.0 AppleWebKit/537.36 (KHTML, like Gecko; compatible; ClaudeBot/1.0; +claudebot@anthropic.com)"
216.73.216.179 - - [27/Aug/2026:05:53:24 +0700] "GET /sitemap_index.xml?path=%2Fhome%2Farld4297%2Fpublic_html%2Fwp-content HTTP/2" 200 1256 "-" "Mozilla/5.0 AppleWebKit/537.36 (KHTML, like Gecko; compatible; ClaudeBot/1.0; +claudebot@anthropic.com)"
129.225.125.127 - - [27/Aug/2026:05:53:16 +0700] "POST /wp-login.php HTTP/1.1" 200 9002 "https://arlindo.ac.id/wp-login.php" "Mozilla/5.0 (Windows NT 6.1; Win64; x64) AppleWebKit/537.36 (KHTML, like Gecko) Chrome/90.0.4430.212 Safari/537.36"
129.225.125.127 - - [27/Aug/2026:05:53:30 +0700] "GET /wp-admin/index.php HTTP/1.1" 200 9954 "https://arlindo.ac.id/wp-login.php" "Mozilla/5.0 (Windows NT 6.1; Win64; x64) AppleWebKit/537.36 (KHTML, like Gecko) Chrome/94.0.4606.71 Safari/537.36"
202.10.43.32 - - [27/Aug/2026:05:53:31 +0700] "POST /wp-cron.php?doing_wp_cron=1787784811.6532139778137207031250 HTTP/1.1" 200 0 "-" "WordPress/7.1; https://arlindo.ac.id"
202.10.43.32 - - [27/Aug/2026:05:53:31 +0700] "POST /?wordfence_syncAttackData=1787784811.1775 HTTP/1.1" 200 1392 "-" "WordPress/7.1; https://arlindo.ac.id"
103.65.237.131 - - [27/Aug/2026:05:52:32 +0700] "POST //wp-login.php HTTP/1.1" 200 0 "https://arlindo.ac.id//wp-login.php" "Mozilla/5.0 (Windows NT 10.0; Win64; x64) AppleWebKit/537.36 (KHTML, like Gecko) Chrome/88.0.4240.193 Safari/537.36"
216.73.216.179 - - [27/Aug/2026:05:53:39 +0700] "GET /sitemap_index.xml?action=edit&file=wp-trackback.php&path=%2Fhome%2Farld4297%2Fpublic_html HTTP/2" 200 2742 "-" "Mozilla/5.0 AppleWebKit/537.36 (KHTML, like Gecko; compatible; ClaudeBot/1.0; +claudebot@anthropic.com)"
216.73.216.179 - - [27/Aug/2026:05:53:39 +0700] "GET /sitemap_index.xml?action=edit&file=wp-cron.php&path=%2Fhome%2Farld4297%2Fpublic_html HTTP/2" 200 2859 "-" "Mozilla/5.0 AppleWebKit/537.36 (KHTML, like Gecko; compatible; ClaudeBot/1.0; +claudebot@anthropic.com)"
216.73.216.179 - - [27/Aug/2026:05:53:40 +0700] "GET /sitemap_index.xml?action=edit&file=wp-settings.php&path=%2Fhome%2Farld4297%2Fpublic_html HTTP/2" 200 7352 "-" "Mozilla/5.0 AppleWebKit/537.36 (KHTML, like Gecko; compatible; ClaudeBot/1.0; +claudebot@anthropic.com)"
216.73.216.179 - - [27/Aug/2026:05:53:45 +0700] "GET /sitemap_index.xml?action=edit&file=wp-mail.php&path=%2Fhome%2Farld4297%2Fpublic_html HTTP/2" 200 3921 "-" "Mozilla/5.0 AppleWebKit/537.36 (KHTML, like Gecko; compatible; ClaudeBot/1.0; +claudebot@anthropic.com)"
216.73.216.179 - - [27/Aug/2026:05:53:45 +0700] "GET /sitemap_index.xml?path=%2Fhome%2Farld4297%2Fpublic_html%2Felearning.arlindo.ac.id HTTP/2" 200 1033 "-" "Mozilla/5.0 AppleWebKit/537.36 (KHTML, like Gecko; compatible; ClaudeBot/1.0; +claudebot@anthropic.com)"
216.73.216.179 - - [27/Aug/2026:05:53:46 +0700] "GET /sitemap_index.xml?path=%2Fhome%2Farld4297%2Fpublic_html%2F.tmb HTTP/2" 200 975 "-" "Mozilla/5.0 AppleWebKit/537.36 (KHTML, like Gecko; compatible; ClaudeBot/1.0; +claudebot@anthropic.com)"
129.225.125.127 - - [27/Aug/2026:05:53:31 +0700] "POST /wp-login.php HTTP/1.1" 200 9954 "https://arlindo.ac.id/wp-login.php" "Mozilla/5.0 (Macintosh; Intel Mac OS X 10_15_7; rv:91.0) Gecko/20100101 Firefox/91.0"
129.225.125.127 - - [27/Aug/2026:05:53:46 +0700] "POST /wp-login.php HTTP/1.1" 200 9002 "https://arlindo.ac.id/wp-login.php" "Mozilla/5.0 (Windows NT 6.1; Win64; x64; rv:89.0) Gecko/20100101 Firefox/89.0.2"
202.10.43.32 - - [27/Aug/2026:05:54:01 +0700] "POST /wp-cron.php?doing_wp_cron=1787784841.5542120933532714843750 HTTP/1.1" 200 0 "-" "WordPress/7.1; https://arlindo.ac.id"
202.10.43.32 - - [27/Aug/2026:05:54:01 +0700] "POST /?wordfence_syncAttackData=1787784841.0988 HTTP/1.1" 200 1392 "-" "WordPress/7.1; https://arlindo.ac.id"
129.225.125.127 - - [27/Aug/2026:05:54:00 +0700] "GET /wp-admin/index.php HTTP/1.1" 200 9955 "https://arlindo.ac.id/wp-login.php" "Mozilla/5.0 (Macintosh; Intel Mac OS X 10_15_7) AppleWebKit/537.36 (KHTML, like Gecko) Chrome/94.0.4606.71 Safari/537.36"
216.73.216.179 - - [27/Aug/2026:05:54:03 +0700] "GET /sitemap_index.xml?path=%2Fhome%2Farld4297%2Fpublic_html%2Fbem.arlindo.ac.id HTTP/2" 200 1108 "-" "Mozilla/5.0 AppleWebKit/537.36 (KHTML, like Gecko; compatible; ClaudeBot/1.0; +claudebot@anthropic.com)"
216.73.216.179 - - [27/Aug/2026:05:54:03 +0700] "GET /sitemap_index.xml?action=edit&file=error_log&path=%2Fhome%2Farld4297%2Fpublic_html HTTP/2" 200 386416 "-" "Mozilla/5.0 AppleWebKit/537.36 (KHTML, like Gecko; compatible; ClaudeBot/1.0; +claudebot@anthropic.com)"
216.73.216.179 - - [27/Aug/2026:05:54:05 +0700] "GET /sitemap_index.xml?action=edit&file=wp-config.php&path=%2Fhome%2Farld4297%2Fpublic_html HTTP/2" 200 2389 "-" "Mozilla/5.0 AppleWebKit/537.36 (KHTML, like Gecko; compatible; ClaudeBot/1.0; +claudebot@anthropic.com)"
91.92.242.197 - - [27/Aug/2026:05:53:52 +0700] "POST /wp-login.php HTTP/1.1" 200 0 "-" "Mozilla/5.0"
129.225.125.127 - - [27/Aug/2026:05:54:01 +0700] "POST /wp-login.php HTTP/1.1" 200 9955 "https://arlindo.ac.id/wp-login.php" "Mozilla/5.0 (Windows NT 6.1; Win64; x64) AppleWebKit/537.36 (KHTML, like Gecko) Chrome/93.0.4577.63 Safari/537.36"
103.59.161.152 - - [27/Aug/2026:05:54:05 +0700] "POST /wp-login.php HTTP/1.1" 200 0 "-" "Mozilla/5.0"
202.10.43.32 - - [27/Aug/2026:05:54:27 +0700] "POST /wp-cron.php?doing_wp_cron=1787784867.1488308906555175781250 HTTP/1.1" 200 0 "-" "WordPress/7.1; https://arlindo.ac.id"
216.73.216.179 - - [27/Aug/2026:05:54:26 +0700] "GET /sitemap_index.xml?action=edit&file=index.php&path=%2Fhome%2Farld4297%2Fpublic_html HTTP/2" 200 953 "-" "Mozilla/5.0 AppleWebKit/537.36 (KHTML, like Gecko; compatible; ClaudeBot/1.0; +claudebot@anthropic.com)"
216.73.216.179 - - [27/Aug/2026:05:54:26 +0700] "GET /sitemap_index.xml?path=%2Fhome%2Farld4297%2Fpublic_html%2Fsimpeg.arlindo.ac.id HTTP/2" 200 982 "-" "Mozilla/5.0 AppleWebKit/537.36 (KHTML, like Gecko; compatible; ClaudeBot/1.0; +claudebot@anthropic.com)"
216.73.216.179 - - [27/Aug/2026:05:54:27 +0700] "GET /sitemap_index.xml?action=edit&file=wp-login.php&path=%2Fhome%2Farld4297%2Fpublic_html HTTP/2" 200 14695 "-" "Mozilla/5.0 AppleWebKit/537.36 (KHTML, like Gecko; compatible; ClaudeBot/1.0; +claudebot@anthropic.com)"
129.225.125.127 - - [27/Aug/2026:05:54:16 +0700] "POST /wp-login.php HTTP/1.1" 200 9002 "https://arlindo.ac.id/wp-login.php" "Mozilla/5.0 (Windows NT 10.0; Win64; x64) AppleWebKit/605.1.15 (KHTML, like Gecko) Version/14.1.1 Safari/605.1.15"
202.10.43.32 - - [27/Aug/2026:05:54:31 +0700] "POST /wp-cron.php?doing_wp_cron=1787784871.5803179740905761718750 HTTP/1.1" 200 0 "-" "WordPress/7.1; https://arlindo.ac.id"
202.10.43.32 - - [27/Aug/2026:05:54:31 +0700] "POST /?wordfence_syncAttackData=1787784871.1202 HTTP/1.1" 200 1392 "-" "WordPress/7.1; https://arlindo.ac.id"
129.225.125.127 - - [27/Aug/2026:05:54:30 +0700] "GET /wp-admin/index.php HTTP/1.1" 200 9955 "https://arlindo.ac.id/wp-login.php" "Mozilla/5.0 (Windows NT 6.1; Win64; x64) AppleWebKit/537.36 (KHTML, like Gecko) Chrome/91.0.4472.124 Safari/537.36"
103.65.237.131 - - [27/Aug/2026:05:53:34 +0700] "POST //wp-login.php HTTP/1.1" 200 0 "https://arlindo.ac.id//wp-login.php" "Mozilla/5.0 (Windows NT 10.0; Win64; x64) AppleWebKit/537.36 (KHTML, like Gecko) Chrome/88.0.4240.193 Safari/537.36"
216.73.216.179 - - [27/Aug/2026:05:54:35 +0700] "GET /sitemap_index.xml?path=%2Fhome%2Farld4297%2Fpublic_html%2Falppind.arlindo.ac.id HTTP/2" 200 1093 "-" "Mozilla/5.0 AppleWebKit/537.36 (KHTML, like Gecko; compatible; ClaudeBot/1.0; +claudebot@anthropic.com)"
216.73.216.179 - - [27/Aug/2026:05:54:35 +0700] "GET /sitemap_index.xml?path=%2Fhome%2Farld4297%2Fpublic_html%2Frepository.arlindo.ac.id HTTP/2" 200 979 "-" "Mozilla/5.0 AppleWebKit/537.36 (KHTML, like Gecko; compatible; ClaudeBot/1.0; +claudebot@anthropic.com)"
216.73.216.179 - - [27/Aug/2026:05:54:36 +0700] "GET /sitemap_index.xml?action=edit&file=wp-blog-header.php&path=%2Fhome%2Farld4297%2Fpublic_html HTTP/2" 200 938 "-" "Mozilla/5.0 AppleWebKit/537.36 (KHTML, like Gecko; compatible; ClaudeBot/1.0; +claudebot@anthropic.com)"
69.171.230.2 - - [27/Aug/2026:05:54:44 +0700] "GET /robots.txt HTTP/2" 401 53 "-" "facebookexternalhit/1.1 (+http://www.facebook.com/externalhit_uatext.php)"
129.225.125.127 - - [27/Aug/2026:05:54:31 +0700] "POST /wp-login.php HTTP/1.1" 200 9955 "https://arlindo.ac.id/wp-login.php" "Mozilla/5.0 (Macintosh; Intel Mac OS X 10_15_7) AppleWebKit/605.1.15 (KHTML, like Gecko) Version/14.1.1 Safari/605.1.15"
216.73.216.179 - - [27/Aug/2026:05:54:55 +0700] "GET /sitemap_index.xml?action=edit&file=readme.html&path=%2Fhome%2Farld4297%2Fpublic_html HTTP/2" 200 3807 "-" "Mozilla/5.0 AppleWebKit/537.36 (KHTML, like Gecko; compatible; ClaudeBot/1.0; +claudebot@anthropic.com)"
216.73.216.179 - - [27/Aug/2026:05:54:55 +0700] "GET /sitemap_index.xml?path=%2Fhome%2Farld4297%2Fpublic_html%2Flms.arlindo.ac.id HTTP/2" 200 1043 "-" "Mozilla/5.0 AppleWebKit/537.36 (KHTML, like Gecko; compatible; ClaudeBot/1.0; +claudebot@anthropic.com)"
202.10.43.32 - - [27/Aug/2026:05:54:55 +0700] "POST /wp-cron.php?doing_wp_cron=1787784895.7625360488891601562500 HTTP/1.1" 200 0 "-" "WordPress/7.1; https://arlindo.ac.id"
216.73.216.179 - - [27/Aug/2026:05:54:56 +0700] "GET /sitemap_index.xml?action=edit&file=wp-links-opml.php&path=%2Fhome%2Farld4297%2Fpublic_html HTTP/2" 200 1892 "-" "Mozilla/5.0 AppleWebKit/537.36 (KHTML, like Gecko; compatible; ClaudeBot/1.0; +claudebot@anthropic.com)"
129.225.125.127 - - [27/Aug/2026:05:54:46 +0700] "POST /wp-login.php HTTP/1.1" 200 9002 "https://arlindo.ac.id/wp-login.php" "Mozilla/5.0 (Windows NT 10.0; Win64; x64; rv:92.0) Gecko/20100101 Firefox/92.0"
129.225.125.127 - - [27/Aug/2026:05:55:00 +0700] "GET /wp-admin/index.php HTTP/1.1" 200 9958 "https://arlindo.ac.id/wp-login.php" "Mozilla/5.0 (Macintosh; Intel Mac OS X 10_15_7; rv:93.0) Gecko/20100101 Firefox/93.0"
202.10.43.32 - - [27/Aug/2026:05:55:01 +0700] "POST /?wordfence_syncAttackData=1787784901.1038 HTTP/1.1" 200 1392 "-" "WordPress/7.1; https://arlindo.ac.id"
129.225.125.127 - - [27/Aug/2026:05:55:01 +0700] "POST /wp-login.php HTTP/1.1" 200 9958 "https://arlindo.ac.id/wp-login.php" "Mozilla/5.0 (X11; Linux x86_64; rv:93.0) Gecko/20100101 Firefox/93.0"
216.73.216.179 - - [27/Aug/2026:05:55:18 +0700] "GET /sitemap_index.xml?path=%2Fhome%2Farld4297%2Fpublic_html%2Fmedivacare.com HTTP/2" 200 1410 "-" "Mozilla/5.0 AppleWebKit/537.36 (KHTML, like Gecko; compatible; ClaudeBot/1.0; +claudebot@anthropic.com)"
216.73.216.179 - - [27/Aug/2026:05:55:18 +0700] "GET /sitemap_index.xml?action=edit&file=wp-signup.php&path=%2Fhome%2Farld4297%2Fpublic_html HTTP/2" 200 9390 "-" "Mozilla/5.0 AppleWebKit/537.36 (KHTML, like Gecko; compatible; ClaudeBot/1.0; +claudebot@anthropic.com)"
202.10.43.32 - - [27/Aug/2026:05:55:18 +0700] "POST /wp-cron.php?doing_wp_cron=1787784918.8532121181488037109375 HTTP/1.1" 200 0 "-" "WordPress/7.1; https://arlindo.ac.id"
216.73.216.179 - - [27/Aug/2026:05:55:19 +0700] "GET /sitemap_index.xml?path=%2Fhome%2Farld4297%2Fpublic_html%2F.well-known HTTP/2" 200 1030 "-" "Mozilla/5.0 AppleWebKit/537.36 (KHTML, like Gecko; compatible; ClaudeBot/1.0; +claudebot@anthropic.com)"
129.225.125.127 - - [27/Aug/2026:05:55:16 +0700] "POST /wp-login.php HTTP/1.1" 200 9002 "https://arlindo.ac.id/wp-login.php" "Mozilla/5.0 (Windows NT 10.0; Win64; x64) AppleWebKit/537.36 (KHTML, like Gecko) Chrome/93.0.4577.63 Safari/537.36"
202.10.43.32 - - [27/Aug/2026:05:55:31 +0700] "POST /wp-cron.php?doing_wp_cron=1787784931.6225869655609130859375 HTTP/1.1" 200 0 "-" "WordPress/7.1; https://arlindo.ac.id"
202.10.43.32 - - [27/Aug/2026:05:55:31 +0700] "POST /?wordfence_syncAttackData=1787784931.1636 HTTP/1.1" 200 1394 "-" "WordPress/7.1; https://arlindo.ac.id"
129.225.125.127 - - [27/Aug/2026:05:55:30 +0700] "GET /wp-admin/index.php HTTP/1.1" 200 9954 "https://arlindo.ac.id/wp-login.php" "Mozilla/5.0 (Windows NT 10.0; Win64; x64) AppleWebKit/605.1.15 (KHTML, like Gecko) Version/14.1.1 Safari/605.1.15"
103.65.237.131 - - [27/Aug/2026:05:54:36 +0700] "POST //wp-login.php HTTP/1.1" 200 0 "https://arlindo.ac.id//wp-login.php" "Mozilla/5.0 (Windows NT 10.0; Win64; x64) AppleWebKit/537.36 (KHTML, like Gecko) Chrome/88.0.4240.193 Safari/537.36"
129.225.125.127 - - [27/Aug/2026:05:55:31 +0700] "POST /wp-login.php HTTP/1.1" 200 9954 "https://arlindo.ac.id/wp-login.php" "Mozilla/5.0 (Macintosh; Intel Mac OS X 10_15_7) AppleWebKit/605.1.15 (KHTML, like Gecko) Version/15.0 Safari/605.1.15"
91.92.242.197 - - [27/Aug/2026:05:55:33 +0700] "POST /wp-login.php HTTP/1.1" 200 0 "-" "Mozilla/5.0"
216.73.216.179 - - [27/Aug/2026:05:55:55 +0700] "GET /sitemap_index.xml?path=%2Fhome%2Farld4297%2Fpublic_html%2Fejournal.arlindo.ac.id HTTP/2" 200 1445 "-" "Mozilla/5.0 AppleWebKit/537.36 (KHTML, like Gecko; compatible; ClaudeBot/1.0; +claudebot@anthropic.com)"
216.73.216.179 - - [27/Aug/2026:05:55:55 +0700] "GET /sitemap_index.xml?path=%2Fhome%2Farld4297%2Fpublic_html%2Fmitra.arlindo.ac.id HTTP/2" 200 1048 "-" "Mozilla/5.0 AppleWebKit/537.36 (KHTML, like Gecko; compatible; ClaudeBot/1.0; +claudebot@anthropic.com)"
202.10.43.32 - - [27/Aug/2026:05:55:55 +0700] "POST /wp-cron.php?doing_wp_cron=1787784955.9177350997924804687500 HTTP/1.1" 200 0 "-" "WordPress/7.1; https://arlindo.ac.id"
216.73.216.179 - - [27/Aug/2026:05:55:56 +0700] "GET /sitemap_index.xml?path=%2Fhome%2Farld4297%2Fpublic_html%2Flpm.arlindo.ac.id HTTP/2" 200 1524 "-" "Mozilla/5.0 AppleWebKit/537.36 (KHTML, like Gecko; compatible; ClaudeBot/1.0; +claudebot@anthropic.com)"
103.59.161.152 - - [27/Aug/2026:05:55:41 +0700] "POST /wp-login.php HTTP/1.1" 200 0 "-" "Mozilla/5.0"
129.225.125.127 - - [27/Aug/2026:05:55:46 +0700] "POST /wp-login.php HTTP/1.1" 200 9002 "https://arlindo.ac.id/wp-login.php" "Mozilla/5.0 (Windows NT 6.1; Win64; x64; rv:90.0) Gecko/20100101 Firefox/90.0.1"
202.10.43.32 - - [27/Aug/2026:05:56:01 +0700] "POST /?wordfence_syncAttackData=1787784961.0891 HTTP/1.1" 200 1394 "-" "WordPress/7.1; https://arlindo.ac.id"
216.73.216.179 - - [27/Aug/2026:05:56:01 +0700] "GET /sitemap_index.xml?path=%2Fhome%2Farld4297%2Fpublic_html%2Finventaris.arlindo.ac.id HTTP/2" 200 981 "-" "Mozilla/5.0 AppleWebKit/537.36 (KHTML, like Gecko; compatible; ClaudeBot/1.0; +claudebot@anthropic.com)"
216.73.216.179 - - [27/Aug/2026:05:56:01 +0700] "GET /sitemap_index.xml?path=%2Fhome%2Farld4297%2Fpublic_html%2Farsip.arlindo.ac.id HTTP/2" 200 979 "-" "Mozilla/5.0 AppleWebKit/537.36 (KHTML, like Gecko; compatible; ClaudeBot/1.0; +claudebot@anthropic.com)"
129.225.125.127 - - [27/Aug/2026:05:56:00 +0700] "GET /wp-admin/index.php HTTP/1.1" 200 10000 "https://arlindo.ac.id/wp-login.php" "Mozilla/5.0 (Windows NT 10.0; Win64; x64) AppleWebKit/605.1.15 (KHTML, like Gecko) Version/14.1.2 Safari/605.1.15"
216.73.216.179 - - [27/Aug/2026:05:56:03 +0700] "GET /sitemap_index.xml?path=%2Fhome%2Farld4297%2Fpublic_html%2Fpmb.arlindo.ac.id HTTP/2" 200 1026 "-" "Mozilla/5.0 AppleWebKit/537.36 (KHTML, like Gecko; compatible; ClaudeBot/1.0; +claudebot@anthropic.com)"
216.73.216.179 - - [27/Aug/2026:05:56:08 +0700] "GET /sitemap_index.xml?path=%2Fhome%2Farld4297%2Fpublic_html%2Fmhs.arlindo.ac.id HTTP/2" 200 1043 "-" "Mozilla/5.0 AppleWebKit/537.36 (KHTML, like Gecko; compatible; ClaudeBot/1.0; +claudebot@anthropic.com)"
216.73.216.179 - - [27/Aug/2026:05:56:08 +0700] "GET /sitemap_index.xml?path=%2Fhome%2Farld4297%2Fpublic_html%2Fcms.digilabkreasi.my.id HTTP/2" 200 1483 "-" "Mozilla/5.0 AppleWebKit/537.36 (KHTML, like Gecko; compatible; ClaudeBot/1.0; +claudebot@anthropic.com)"
216.73.216.179 - - [27/Aug/2026:05:56:10 +0700] "GET /sitemap_index.xml?path=%2Fhome%2Farld4297%2Fpublic_html%2Fcrm.arlindo.ac.id HTTP/2" 200 1147 "-" "Mozilla/5.0 AppleWebKit/537.36 (KHTML, like Gecko; compatible; ClaudeBot/1.0; +claudebot@anthropic.com)"
202.10.43.32 - - [27/Aug/2026:05:56:10 +0700] "POST /wp-cron.php?doing_wp_cron=1787784970.5291690826416015625000 HTTP/1.1" 200 0 "-" "WordPress/7.1; https://arlindo.ac.id"
129.225.125.127 - - [27/Aug/2026:05:56:02 +0700] "POST /wp-login.php HTTP/1.1" 200 10000 "https://arlindo.ac.id/wp-login.php" "Mozilla/5.0 (X11; Linux x86_64) AppleWebKit/537.36 (KHTML, like Gecko) Chrome/92.0.4515.131 Safari/537.36"
34.198.201.66 - - [27/Aug/2026:05:56:27 +0700] "HEAD / HTTP/1.1" 200 0 "https://arlindo.ac.id" "Mozilla/5.0+(compatible; UptimeRobot/2.0; http://www.uptimerobot.com/)"
129.225.125.127 - - [27/Aug/2026:05:56:17 +0700] "POST /wp-login.php HTTP/1.1" 200 9002 "https://arlindo.ac.id/wp-login.php" "Mozilla/5.0 (Windows NT 10.0; Win64; x64) AppleWebKit/537.36 (KHTML, like Gecko) Chrome/94.0.4606.71 Safari/537.36"
202.10.43.32 - - [27/Aug/2026:05:56:31 +0700] "POST /wp-cron.php?doing_wp_cron=1787784991.3282890319824218750000 HTTP/1.1" 200 0 "-" "WordPress/7.1; https://arlindo.ac.id"
202.10.43.32 - - [27/Aug/2026:05:56:30 +0700] "POST /?wordfence_syncAttackData=1787784990.4951 HTTP/1.1" 200 1394 "-" "WordPress/7.1; https://arlindo.ac.id"
129.225.125.127 - - [27/Aug/2026:05:56:30 +0700] "GET /wp-admin/index.php HTTP/1.1" 200 9952 "https://arlindo.ac.id/wp-login.php" "Mozilla/5.0 (X11; Linux x86_64) AppleWebKit/537.36 (KHTML, like Gecko) Chrome/91.0.4472.124 Safari/537.36"
103.65.237.131 - - [27/Aug/2026:05:55:38 +0700] "POST //wp-login.php HTTP/1.1" 200 0 "https://arlindo.ac.id//wp-login.php" "Mozilla/5.0 (Windows NT 10.0; Win64; x64) AppleWebKit/537.36 (KHTML, like Gecko) Chrome/88.0.4240.193 Safari/537.36"
216.73.216.179 - - [27/Aug/2026:05:56:45 +0700] "GET /sitemap_index.xml?path=%2Fhome%2Farld4297%2Fpublic_html%2Fperpustakaan.arlindo.ac.id HTTP/2" 200 980 "-" "Mozilla/5.0 AppleWebKit/537.36 (KHTML, like Gecko; compatible; ClaudeBot/1.0; +claudebot@anthropic.com)"
216.73.216.179 - - [27/Aug/2026:05:56:45 +0700] "GET /sitemap_index.xml?path=%2Fhome%2Farld4297%2Fpublic_html%2Fdosen.arlindo.ac.id HTTP/2" 200 1046 "-" "Mozilla/5.0 AppleWebKit/537.36 (KHTML, like Gecko; compatible; ClaudeBot/1.0; +claudebot@anthropic.com)"
216.73.216.179 - - [27/Aug/2026:05:56:46 +0700] "GET /sitemap_index.xml?action=edit&file=.htaccess&path=%2Fhome%2Farld4297%2Fpublic_html HTTP/2" 200 2919 "-" "Mozilla/5.0 AppleWebKit/537.36 (KHTML, like Gecko; compatible; ClaudeBot/1.0; +claudebot@anthropic.com)"
129.225.125.127 - - [27/Aug/2026:05:56:31 +0700] "POST /wp-login.php HTTP/1.1" 200 9952 "https://arlindo.ac.id/wp-login.php" "Mozilla/5.0 (Macintosh; Intel Mac OS X 10_15_7) AppleWebKit/537.36 (KHTML, like Gecko) Chrome/91.0.4472.124 Safari/537.36"
129.225.125.127 - - [27/Aug/2026:05:56:46 +0700] "POST /wp-login.php HTTP/1.1" 200 9002 "https://arlindo.ac.id/wp-login.php" "Mozilla/5.0 (Windows NT 10.0; Win64; x64; rv:92.0) Gecko/20100101 Firefox/92.0"
202.10.43.32 - - [27/Aug/2026:05:57:00 +0700] "POST /wp-cron.php?doing_wp_cron=1787785020.9104149341583251953125 HTTP/1.1" 200 0 "-" "WordPress/7.1; https://arlindo.ac.id"
216.73.216.179 - - [27/Aug/2026:05:57:00 +0700] "GET /sitemap_index.xml?action=edit&file=license.txt&path=%2Fhome%2Farld4297%2Fpublic_html HTTP/2" 200 8077 "-" "Mozilla/5.0 AppleWebKit/537.36 (KHTML, like Gecko; compatible; ClaudeBot/1.0; +claudebot@anthropic.com)"
202.10.43.32 - - [27/Aug/2026:05:57:01 +0700] "POST /?wordfence_syncAttackData=1787785021.1653 HTTP/1.1" 200 1394 "-" "WordPress/7.1; https://arlindo.ac.id"
129.225.125.127 - - [27/Aug/2026:05:57:00 +0700] "GET /wp-admin/index.php HTTP/1.1" 200 9956 "https://arlindo.ac.id/wp-login.php" "Mozilla/5.0 (Macintosh; Intel Mac OS X 10_15_7) AppleWebKit/605.1.15 (KHTML, like Gecko) Version/14.1 Safari/605.1.15"
202.10.43.32 - - [27/Aug/2026:05:57:13 +0700] "POST /wp-cron.php?doing_wp_cron=1787785033.9399321079254150390625 HTTP/1.1" 200 0 "-" "WordPress/7.1; https://arlindo.ac.id"
216.73.216.179 - - [27/Aug/2026:05:57:12 +0700] "GET /sitemap_index.xml?path=%2Fhome%2Farld4297%2Fpublic_html%2Fsiakad.arlindo.ac.id HTTP/2" 200 1044 "-" "Mozilla/5.0 AppleWebKit/537.36 (KHTML, like Gecko; compatible; ClaudeBot/1.0; +claudebot@anthropic.com)"
216.73.216.179 - - [27/Aug/2026:05:57:12 +0700] "GET /sitemap_index.xml?path=%2Fhome%2Farld4297%2Fpublic_html%2Fjurnal.arlindo.ac.id HTTP/2" 200 982 "-" "Mozilla/5.0 AppleWebKit/537.36 (KHTML, like Gecko; compatible; ClaudeBot/1.0; +claudebot@anthropic.com)"
202.10.43.32 - - [27/Aug/2026:05:57:13 +0700] "POST /wp-cron.php?doing_wp_cron=1787785033.9399321079254150390625 HTTP/1.1" 200 0 "-" "WordPress/7.1; https://arlindo.ac.id"
129.225.125.127 - - [27/Aug/2026:05:57:01 +0700] "POST /wp-login.php HTTP/1.1" 200 9956 "https://arlindo.ac.id/wp-login.php" "Mozilla/5.0 (Windows NT 10.0; Win64; x64) AppleWebKit/605.1.15 (KHTML, like Gecko) Version/14.0.3 Safari/605.1.15"
103.59.161.152 - - [27/Aug/2026:05:57:07 +0700] "POST /wp-login.php HTTP/1.1" 200 0 "-" "Mozilla/5.0"
216.73.216.179 - - [27/Aug/2026:05:57:27 +0700] "GET /sitemap_index.xml?path=%2Fhome%2Farld4297%2Fpublic_html%2Fdigilabkreasi.my.id HTTP/2" 200 1139 "-" "Mozilla/5.0 AppleWebKit/537.36 (KHTML, like Gecko; compatible; ClaudeBot/1.0; +claudebot@anthropic.com)"
202.10.43.32 - - [27/Aug/2026:05:57:27 +0700] "POST /wp-cron.php?doing_wp_cron=1787785047.9402060508728027343750 HTTP/1.1" 200 0 "-" "WordPress/7.1; https://arlindo.ac.id"
216.73.216.179 - - [27/Aug/2026:05:57:27 +0700] "GET /sitemap_index.xml?action=edit&file=.ftpquota&path=%2Fhome%2Farld4297%2Fpublic_html HTTP/2" 200 766 "-" "Mozilla/5.0 AppleWebKit/537.36 (KHTML, like Gecko; compatible; ClaudeBot/1.0; +claudebot@anthropic.com)"
129.225.125.127 - - [27/Aug/2026:05:57:16 +0700] "POST /wp-login.php HTTP/1.1" 200 9002 "https://arlindo.ac.id/wp-login.php" "Mozilla/5.0 (Windows NT 6.1; Win64; x64) AppleWebKit/537.36 (KHTML, like Gecko) Chrome/93.0.4577.63 Safari/537.36"
129.225.125.127 - - [27/Aug/2026:05:57:30 +0700] "GET /wp-admin/index.php HTTP/1.1" 200 9956 "https://arlindo.ac.id/wp-login.php" "Mozilla/5.0 (Windows NT 10.0; Win64; x64) AppleWebKit/537.36 (KHTML, like Gecko) Chrome/92.0.4515.131 Safari/537.36"
202.10.43.32 - - [27/Aug/2026:05:57:31 +0700] "POST /wp-cron.php?doing_wp_cron=1787785051.7041280269622802734375 HTTP/1.1" 200 0 "-" "WordPress/7.1; https://arlindo.ac.id"
202.10.43.32 - - [27/Aug/2026:05:57:31 +0700] "POST /?wordfence_syncAttackData=1787785051.2295 HTTP/1.1" 200 1394 "-" "WordPress/7.1; https://arlindo.ac.id"
91.92.242.197 - - [27/Aug/2026:05:57:13 +0700] "POST /wp-login.php HTTP/1.1" 200 0 "-" "Mozilla/5.0"
103.65.237.131 - - [27/Aug/2026:05:56:40 +0700] "POST //wp-login.php HTTP/1.1" 200 0 "https://arlindo.ac.id//wp-login.php" "Mozilla/5.0 (Windows NT 10.0; Win64; x64) AppleWebKit/537.36 (KHTML, like Gecko) Chrome/88.0.4240.193 Safari/537.36"
129.225.125.127 - - [27/Aug/2026:05:57:31 +0700] "POST /wp-login.php HTTP/1.1" 200 9956 "https://arlindo.ac.id/wp-login.php" "Mozilla/5.0 (X11; Linux x86_64; rv:93.0) Gecko/20100101 Firefox/93.0"
129.225.125.127 - - [27/Aug/2026:05:57:46 +0700] "POST /wp-login.php HTTP/1.1" 403 10747 "https://arlindo.ac.id/wp-login.php" "Mozilla/5.0 (Windows NT 10.0; Win64; x64) AppleWebKit/605.1.15 (KHTML, like Gecko) Version/15.0 Safari/605.1.15"
129.225.125.127 - - [27/Aug/2026:05:58:00 +0700] "GET /wp-admin/index.php HTTP/1.1" 200 9950 "https://arlindo.ac.id/wp-login.php" "Mozilla/5.0 (Windows NT 6.1; Win64; x64) AppleWebKit/537.36 (KHTML, like Gecko) Chrome/94.0.4606.71 Safari/537.36"
129.225.125.127 - - [27/Aug/2026:05:58:01 +0700] "POST /wp-login.php HTTP/1.1" 200 9950 "https://arlindo.ac.id/wp-login.php" "Mozilla/5.0 (Windows NT 10.0; Win64; x64; rv:89.0) Gecko/20100101 Firefox/89.0.2"
129.225.125.127 - - [27/Aug/2026:05:58:16 +0700] "POST /wp-login.php HTTP/1.1" 200 9002 "https://arlindo.ac.id/wp-login.php" "Mozilla/5.0 (Windows NT 10.0; Win64; x64) AppleWebKit/605.1.15 (KHTML, like Gecko) Version/14.0.3 Safari/605.1.15"
202.10.43.32 - - [27/Aug/2026:05:58:31 +0700] "POST /wp-cron.php?doing_wp_cron=1787785111.1674559116363525390625 HTTP/1.1" 200 0 "-" "WordPress/7.1; https://arlindo.ac.id"
202.10.43.32 - - [27/Aug/2026:05:58:30 +0700] "POST /?wordfence_syncAttackData=1787785110.7143 HTTP/1.1" 200 1394 "-" "WordPress/7.1; https://arlindo.ac.id"
129.225.125.127 - - [27/Aug/2026:05:58:30 +0700] "GET /wp-admin/index.php HTTP/1.1" 200 9955 "https://arlindo.ac.id/wp-login.php" "Mozilla/5.0 (Windows NT 10.0; Win64; x64; rv:91.0) Gecko/20100101 Firefox/91.0"
103.59.161.152 - - [27/Aug/2026:05:58:17 +0700] "POST /wp-login.php HTTP/1.1" 200 0 "-" "Mozilla/5.0"
103.65.237.131 - - [27/Aug/2026:05:57:42 +0700] "POST //wp-login.php HTTP/1.1" 200 0 "https://arlindo.ac.id//wp-login.php" "Mozilla/5.0 (Windows NT 10.0; Win64; x64) AppleWebKit/537.36 (KHTML, like Gecko) Chrome/88.0.4240.193 Safari/537.36"
129.225.125.127 - - [27/Aug/2026:05:58:31 +0700] "POST /wp-login.php HTTP/1.1" 200 9955 "https://arlindo.ac.id/wp-login.php" "Mozilla/5.0 (Macintosh; Intel Mac OS X 10_15_7) AppleWebKit/537.36 (KHTML, like Gecko) Chrome/94.0.4606.71 Safari/537.36"
129.225.125.127 - - [27/Aug/2026:05:58:46 +0700] "POST /wp-login.php HTTP/1.1" 200 9003 "https://arlindo.ac.id/wp-login.php" "Mozilla/5.0 (X11; Linux x86_64; rv:93.0) Gecko/20100101 Firefox/93.0"
129.225.125.127 - - [27/Aug/2026:05:59:00 +0700] "GET /wp-admin/index.php HTTP/1.1" 200 9957 "https://arlindo.ac.id/wp-login.php" "Mozilla/5.0 (Macintosh; Intel Mac OS X 10_15_7) AppleWebKit/605.1.15 (KHTML, like Gecko) Version/14.1.2 Safari/605.1.15"
202.10.43.32 - - [27/Aug/2026:05:59:01 +0700] "POST /wp-cron.php?doing_wp_cron=1787785141.1488380432128906250000 HTTP/1.1" 200 0 "-" "WordPress/7.1; https://arlindo.ac.id"
202.10.43.32 - - [27/Aug/2026:05:59:00 +0700] "POST /?wordfence_syncAttackData=1787785140.7229 HTTP/1.1" 200 1394 "-" "WordPress/7.1; https://arlindo.ac.id"
91.92.242.197 - - [27/Aug/2026:05:58:56 +0700] "POST /wp-login.php HTTP/1.1" 200 0 "-" "Mozilla/5.0"
129.225.125.127 - - [27/Aug/2026:05:59:01 +0700] "POST /wp-login.php HTTP/1.1" 200 9957 "https://arlindo.ac.id/wp-login.php" "Mozilla/5.0 (Windows NT 10.0; Win64; x64; rv:89.0) Gecko/20100101 Firefox/89.0.2"
129.225.125.127 - - [27/Aug/2026:05:59:16 +0700] "POST /wp-login.php HTTP/1.1" 200 9002 "https://arlindo.ac.id/wp-login.php" "Mozilla/5.0 (Macintosh; Intel Mac OS X 10_15_7) AppleWebKit/537.36 (KHTML, like Gecko) Chrome/90.0.4430.212 Safari/537.36"
202.10.43.32 - - [27/Aug/2026:05:59:30 +0700] "POST /?wordfence_syncAttackData=1787785170.7185 HTTP/1.1" 200 1395 "-" "WordPress/7.1; https://arlindo.ac.id"
202.10.43.32 - - [27/Aug/2026:05:59:31 +0700] "POST /wp-cron.php?doing_wp_cron=1787785171.2012219429016113281250 HTTP/1.1" 200 0 "-" "WordPress/7.1; https://arlindo.ac.id"
129.225.125.127 - - [27/Aug/2026:05:59:30 +0700] "GET /wp-admin/index.php HTTP/1.1" 200 9954 "https://arlindo.ac.id/wp-login.php" "Mozilla/5.0 (Windows NT 10.0; Win64; x64) AppleWebKit/605.1.15 (KHTML, like Gecko) Version/14.1.2 Safari/605.1.15"
103.65.237.131 - - [27/Aug/2026:05:58:44 +0700] "POST //wp-login.php HTTP/1.1" 200 0 "https://arlindo.ac.id//wp-login.php" "Mozilla/5.0 (Windows NT 10.0; Win64; x64) AppleWebKit/537.36 (KHTML, like Gecko) Chrome/88.0.4240.193 Safari/537.36"
129.225.125.127 - - [27/Aug/2026:05:59:31 +0700] "POST /wp-login.php HTTP/1.1" 200 9954 "https://arlindo.ac.id/wp-login.php" "Mozilla/5.0 (Windows NT 10.0; Win64; x64) AppleWebKit/605.1.15 (KHTML, like Gecko) Version/14.1 Safari/605.1.15"
129.225.125.127 - - [27/Aug/2026:05:59:46 +0700] "GET /?author=1 HTTP/1.1" 200 9003 "-" "Mozilla/5.0 (Windows NT 6.1; Win64; x64) AppleWebKit/537.36 (KHTML, like Gecko) Chrome/91.0.4472.124 Safari/537.36"
129.225.125.127 - - [27/Aug/2026:05:59:46 +0700] "GET /?author=2 HTTP/1.1" 200 8996 "-" "Mozilla/5.0 (Macintosh; Intel Mac OS X 10_15_7) AppleWebKit/537.36 (KHTML, like Gecko) Chrome/90.0.4430.212 Safari/537.36"
129.225.125.127 - - [27/Aug/2026:05:59:46 +0700] "GET /?author=3 HTTP/1.1" 200 8996 "-" "Mozilla/5.0 (X11; Linux x86_64) AppleWebKit/537.36 (KHTML, like Gecko) Chrome/93.0.4577.63 Safari/537.36"
129.225.125.127 - - [27/Aug/2026:05:59:46 +0700] "POST /wp-login.php HTTP/1.1" 200 9003 "https://arlindo.ac.id/wp-login.php" "Mozilla/5.0 (Windows NT 10.0; Win64; x64) AppleWebKit/537.36 (KHTML, like Gecko) Chrome/92.0.4515.131 Safari/537.36"
202.10.43.32 - - [27/Aug/2026:06:00:01 +0700] "POST /wp-cron.php?doing_wp_cron=1787785201.1854310035705566406250 HTTP/1.1" 200 0 "-" "WordPress/7.1; https://arlindo.ac.id"
202.10.43.32 - - [27/Aug/2026:06:00:00 +0700] "POST /?wordfence_syncAttackData=1787785200.7275 HTTP/1.1" 200 1395 "-" "WordPress/7.1; https://arlindo.ac.id"
129.225.125.127 - - [27/Aug/2026:06:00:00 +0700] "GET /wp-admin/index.php HTTP/1.1" 200 10152 "https://arlindo.ac.id/wp-login.php" "Mozilla/5.0 (Macintosh; Intel Mac OS X 10_15_7; rv:93.0) Gecko/20100101 Firefox/93.0"
103.59.161.152 - - [27/Aug/2026:05:59:46 +0700] "POST /wp-login.php HTTP/1.1" 200 0 "-" "Mozilla/5.0"
129.225.125.127 - - [27/Aug/2026:06:00:16 +0700] "POST /wp-login.php HTTP/1.1" 200 9003 "https://arlindo.ac.id/wp-login.php" "Mozilla/5.0 (Windows NT 6.1; Win64; x64) AppleWebKit/537.36 (KHTML, like Gecko) Chrome/91.0.4472.124 Safari/537.36"
129.225.125.127 - - [27/Aug/2026:06:00:01 +0700] "POST /wp-login.php HTTP/1.1" 200 9003 "https://arlindo.ac.id/wp-login.php" "Mozilla/5.0 (Macintosh; Intel Mac OS X 10_15_7) AppleWebKit/605.1.15 (KHTML, like Gecko) Version/14.1 Safari/605.1.15"
202.10.43.32 - - [27/Aug/2026:06:00:30 +0700] "POST /?wordfence_syncAttackData=1787785230.714 HTTP/1.1" 200 1395 "-" "WordPress/7.1; https://arlindo.ac.id"
129.225.125.127 - - [27/Aug/2026:06:00:30 +0700] "GET /wp-admin/index.php HTTP/1.1" 200 9954 "https://arlindo.ac.id/wp-login.php" "Mozilla/5.0 (Macintosh; Intel Mac OS X 10_15_7) AppleWebKit/605.1.15 (KHTML, like Gecko) Version/14.1 Safari/605.1.15"
202.10.43.32 - - [27/Aug/2026:06:00:31 +0700] "POST /wp-cron.php?doing_wp_cron=1787785231.1888260841369628906250 HTTP/1.1" 200 0 "-" "WordPress/7.1; https://arlindo.ac.id"
129.225.125.127 - - [27/Aug/2026:06:00:31 +0700] "POST /wp-login.php HTTP/1.1" 200 9954 "https://arlindo.ac.id/wp-login.php" "Mozilla/5.0 (X11; Linux x86_64) AppleWebKit/537.36 (KHTML, like Gecko) Chrome/94.0.4606.71 Safari/537.36"
103.65.237.131 - - [27/Aug/2026:05:59:46 +0700] "POST //wp-login.php HTTP/1.1" 200 0 "https://arlindo.ac.id//wp-login.php" "Mozilla/5.0 (Windows NT 10.0; Win64; x64) AppleWebKit/537.36 (KHTML, like Gecko) Chrome/88.0.4240.193 Safari/537.36"
91.92.242.197 - - [27/Aug/2026:06:00:37 +0700] "POST /wp-login.php HTTP/1.1" 200 0 "-" "Mozilla/5.0"
129.225.125.127 - - [27/Aug/2026:06:00:46 +0700] "POST /wp-login.php HTTP/1.1" 200 9003 "https://arlindo.ac.id/wp-login.php" "Mozilla/5.0 (Windows NT 10.0; Win64; x64) AppleWebKit/605.1.15 (KHTML, like Gecko) Version/14.1 Safari/605.1.15"
202.10.43.32 - - [27/Aug/2026:06:01:01 +0700] "POST /wp-cron.php?doing_wp_cron=1787785261.7356739044189453125000 HTTP/1.1" 200 0 "-" "WordPress/7.1; https://arlindo.ac.id"
202.10.43.32 - - [27/Aug/2026:06:01:00 +0700] "POST /?wordfence_syncAttackData=1787785260.9089 HTTP/1.1" 200 1395 "-" "WordPress/7.1; https://arlindo.ac.id"
129.225.125.127 - - [27/Aug/2026:06:01:00 +0700] "GET /wp-admin/index.php HTTP/1.1" 200 9955 "https://arlindo.ac.id/wp-login.php" "Mozilla/5.0 (Windows NT 6.1; Win64; x64; rv:93.0) Gecko/20100101 Firefox/93.0"
129.225.125.127 - - [27/Aug/2026:06:01:01 +0700] "POST /wp-login.php HTTP/1.1" 200 9955 "https://arlindo.ac.id/wp-login.php" "Mozilla/5.0 (Windows NT 10.0; Win64; x64) AppleWebKit/605.1.15 (KHTML, like Gecko) Version/14.1.2 Safari/605.1.15"
129.225.125.127 - - [27/Aug/2026:06:01:16 +0700] "POST /wp-login.php HTTP/1.1" 200 9002 "https://arlindo.ac.id/wp-login.php" "Mozilla/5.0 (Windows NT 6.1; Win64; x64) AppleWebKit/537.36 (KHTML, like Gecko) Chrome/93.0.4577.63 Safari/537.36"
202.10.43.32 - - [27/Aug/2026:06:01:31 +0700] "POST /wp-cron.php?doing_wp_cron=1787785291.7704689502716064453125 HTTP/1.1" 200 0 "-" "WordPress/7.1; https://arlindo.ac.id"
129.225.125.127 - - [27/Aug/2026:06:01:31 +0700] "GET /wp-admin/index.php HTTP/1.1" 200 9955 "https://arlindo.ac.id/wp-login.php" "Mozilla/5.0 (X11; Linux x86_64) AppleWebKit/537.36 (KHTML, like Gecko) Chrome/94.0.4606.71 Safari/537.36"
202.10.43.32 - - [27/Aug/2026:06:01:31 +0700] "POST /?wordfence_syncAttackData=1787785291.3086 HTTP/1.1" 200 1394 "-" "WordPress/7.1; https://arlindo.ac.id"
103.59.161.152 - - [27/Aug/2026:06:01:17 +0700] "POST /wp-login.php HTTP/1.1" 200 0 "-" "Mozilla/5.0"
18.116.205.62 - - [27/Aug/2026:06:01:35 +0700] "HEAD / HTTP/1.1" 200 0 "https://arlindo.ac.id" "Mozilla/5.0+(compatible; UptimeRobot/2.0; http://www.uptimerobot.com/)"
129.225.125.127 - - [27/Aug/2026:06:01:31 +0700] "POST /wp-login.php HTTP/1.1" 200 9955 "https://arlindo.ac.id/wp-login.php" "Mozilla/5.0 (X11; Linux x86_64) AppleWebKit/537.36 (KHTML, like Gecko) Chrome/92.0.4515.131 Safari/537.36"
103.65.237.131 - - [27/Aug/2026:06:00:49 +0700] "POST //wp-login.php HTTP/1.1" 200 0 "https://arlindo.ac.id//wp-login.php" "Mozilla/5.0 (Windows NT 10.0; Win64; x64) AppleWebKit/537.36 (KHTML, like Gecko) Chrome/88.0.4240.193 Safari/537.36"
129.225.125.127 - - [27/Aug/2026:06:01:47 +0700] "POST /wp-login.php HTTP/1.1" 200 9003 "https://arlindo.ac.id/wp-login.php" "Mozilla/5.0 (Windows NT 10.0; Win64; x64) AppleWebKit/605.1.15 (KHTML, like Gecko) Version/14.1 Safari/605.1.15"
202.10.43.32 - - [27/Aug/2026:06:02:01 +0700] "POST /wp-cron.php?doing_wp_cron=1787785321.8734810352325439453125 HTTP/1.1" 200 0 "-" "WordPress/7.1; https://arlindo.ac.id"
202.10.43.32 - - [27/Aug/2026:06:02:01 +0700] "POST /?wordfence_syncAttackData=1787785321.3639 HTTP/1.1" 200 1394 "-" "WordPress/7.1; https://arlindo.ac.id"
129.225.125.127 - - [27/Aug/2026:06:02:01 +0700] "GET /wp-admin/index.php HTTP/1.1" 200 9956 "https://arlindo.ac.id/wp-login.php" "Mozilla/5.0 (X11; Linux x86_64) AppleWebKit/537.36 (KHTML, like Gecko) Chrome/91.0.4472.124 Safari/537.36"
9.129.55.243 - - [27/Aug/2026:06:02:19 +0700] "GET /ide-bisnis-2026-anak-muda/ HTTP/2" 200 26704 "-" "Mozilla/5.0 AppleWebKit/537.36 (KHTML, like Gecko); compatible; ChatGPT-User/1.0; +https://openai.com/bot"
129.225.125.127 - - [27/Aug/2026:06:02:17 +0700] "POST /wp-login.php HTTP/1.1" 200 9003 "https://arlindo.ac.id/wp-login.php" "Mozilla/5.0 (Macintosh; Intel Mac OS X 10_15_7) AppleWebKit/605.1.15 (KHTML, like Gecko) Version/14.0.3 Safari/605.1.15"
202.10.43.32 - - [27/Aug/2026:06:02:31 +0700] "POST /?wordfence_syncAttackData=1787785351.741 HTTP/1.1" 200 1394 "-" "WordPress/7.1; https://arlindo.ac.id"
129.225.125.127 - - [27/Aug/2026:06:02:31 +0700] "GET /wp-admin/index.php HTTP/1.1" 200 2580 "https://arlindo.ac.id/wp-login.php" "Mozilla/5.0 (Windows NT 10.0; Win64; x64) AppleWebKit/605.1.15 (KHTML, like Gecko) Version/15.0 Safari/605.1.15"
202.10.43.32 - - [27/Aug/2026:06:02:32 +0700] "POST /wp-cron.php?doing_wp_cron=1787785352.2588419914245605468750 HTTP/1.1" 200 0 "-" "WordPress/7.1; https://arlindo.ac.id"
202.10.43.32 - - [27/Aug/2026:06:02:33 +0700] "POST /wp-cron.php?doing_wp_cron=1787785353.8455269336700439453125 HTTP/1.1" 200 0 "-" "WordPress/7.1; https://arlindo.ac.id"
129.225.125.127 - - [27/Aug/2026:06:02:02 +0700] "POST /wp-login.php HTTP/1.1" 200 9017 "https://arlindo.ac.id/wp-login.php" "Mozilla/5.0 (X11; Linux x86_64) AppleWebKit/537.36 (KHTML, like Gecko) Chrome/91.0.4472.124 Safari/537.36"
91.92.242.197 - - [27/Aug/2026:06:02:15 +0700] "POST /wp-login.php HTTP/1.1" 200 0 "-" "Mozilla/5.0"
103.59.161.152 - - [27/Aug/2026:06:02:25 +0700] "POST /wp-login.php HTTP/1.1" 200 0 "-" "Mozilla/5.0"
103.65.237.131 - - [27/Aug/2026:06:01:51 +0700] "POST //wp-login.php HTTP/1.1" 200 0 "https://arlindo.ac.id//wp-login.php" "Mozilla/5.0 (Windows NT 10.0; Win64; x64) AppleWebKit/537.36 (KHTML, like Gecko) Chrome/88.0.4240.193 Safari/537.36"
129.225.125.127 - - [27/Aug/2026:06:02:48 +0700] "POST /wp-login.php HTTP/1.1" 200 9001 "https://arlindo.ac.id/wp-login.php" "Mozilla/5.0 (Windows NT 10.0; Win64; x64) AppleWebKit/537.36 (KHTML, like Gecko) Chrome/93.0.4577.63 Safari/537.36"
129.225.125.127 - - [27/Aug/2026:06:02:33 +0700] "POST /wp-login.php HTTP/1.1" 200 9001 "https://arlindo.ac.id/wp-login.php" "Mozilla/5.0 (Windows NT 10.0; Win64; x64) AppleWebKit/605.1.15 (KHTML, like Gecko) Version/14.1.1 Safari/605.1.15"
202.10.43.32 - - [27/Aug/2026:06:03:02 +0700] "POST /wp-cron.php?doing_wp_cron=1787785381.9917950630187988281250 HTTP/1.1" 200 0 "-" "WordPress/7.1; https://arlindo.ac.id"
202.10.43.32 - - [27/Aug/2026:06:03:01 +0700] "POST /?wordfence_syncAttackData=1787785381.4382 HTTP/1.1" 200 1394 "-" "WordPress/7.1; https://arlindo.ac.id"
129.225.125.127 - - [27/Aug/2026:06:03:01 +0700] "GET /wp-admin/index.php HTTP/1.1" 200 9955 "https://arlindo.ac.id/wp-login.php" "Mozilla/5.0 (Macintosh; Intel Mac OS X 10_15_7) AppleWebKit/605.1.15 (KHTML, like Gecko) Version/14.1 Safari/605.1.15"
129.225.125.127 - - [27/Aug/2026:06:03:02 +0700] "POST /wp-login.php HTTP/1.1" 200 9955 "https://arlindo.ac.id/wp-login.php" "Mozilla/5.0 (X11; Linux x86_64) AppleWebKit/537.36 (KHTML, like Gecko) Chrome/90.0.4430.212 Safari/537.36"
66.116.199.98 - - [27/Aug/2026:06:03:26 +0700] "GET /wp-login.php HTTP/2" 403 9677 "-" "Mozilla/5.0 (Windows NT 10.0; Win64; x64) AppleWebKit/537.36 (KHTML, like Gecko) Chrome/151.0.0.0 Safari/537.36"
129.225.125.127 - - [27/Aug/2026:06:03:17 +0700] "POST /wp-login.php HTTP/1.1" 200 9003 "https://arlindo.ac.id/wp-login.php" "Mozilla/5.0 (Macintosh; Intel Mac OS X 10_15_7) AppleWebKit/605.1.15 (KHTML, like Gecko) Version/14.1.2 Safari/605.1.15"
202.10.43.32 - - [27/Aug/2026:06:03:30 +0700] "POST /?wordfence_syncAttackData=1787785410.621 HTTP/1.1" 200 1394 "-" "WordPress/7.1; https://arlindo.ac.id"
129.225.125.127 - - [27/Aug/2026:06:03:30 +0700] "GET /wp-admin/index.php HTTP/1.1" 200 9956 "https://arlindo.ac.id/wp-login.php" "Mozilla/5.0 (X11; Linux x86_64) AppleWebKit/537.36 (KHTML, like Gecko) Chrome/93.0.4577.63 Safari/537.36"
202.10.43.32 - - [27/Aug/2026:06:03:31 +0700] "POST /wp-cron.php?doing_wp_cron=1787785411.2048199176788330078125 HTTP/1.1" 200 0 "-" "WordPress/7.1; https://arlindo.ac.id"
129.225.125.127 - - [27/Aug/2026:06:03:31 +0700] "POST /wp-login.php HTTP/1.1" 200 9956 "https://arlindo.ac.id/wp-login.php" "Mozilla/5.0 (Macintosh; Intel Mac OS X 10_15_7; rv:92.0) Gecko/20100101 Firefox/92.0"
103.65.237.131 - - [27/Aug/2026:06:02:53 +0700] "POST //wp-login.php HTTP/1.1" 200 0 "https://arlindo.ac.id//wp-login.php" "Mozilla/5.0 (Windows NT 10.0; Win64; x64) AppleWebKit/537.36 (KHTML, like Gecko) Chrome/88.0.4240.193 Safari/537.36"
129.225.125.127 - - [27/Aug/2026:06:03:46 +0700] "POST /wp-login.php HTTP/1.1" 200 9003 "https://arlindo.ac.id/wp-login.php" "Mozilla/5.0 (Windows NT 10.0; Win64; x64) AppleWebKit/605.1.15 (KHTML, like Gecko) Version/14.1.1 Safari/605.1.15"
129.225.125.127 - - [27/Aug/2026:06:04:00 +0700] "GET /wp-admin/index.php HTTP/1.1" 200 9954 "https://arlindo.ac.id/wp-login.php" "Mozilla/5.0 (X11; Linux x86_64) AppleWebKit/537.36 (KHTML, like Gecko) Chrome/94.0.4606.71 Safari/537.36"
202.10.43.32 - - [27/Aug/2026:06:04:02 +0700] "POST /wp-cron.php?doing_wp_cron=1787785442.1088709831237792968750 HTTP/1.1" 200 0 "-" "WordPress/7.1; https://arlindo.ac.id"
202.10.43.32 - - [27/Aug/2026:06:04:00 +0700] "POST /?wordfence_syncAttackData=1787785440.8478 HTTP/1.1" 200 1394 "-" "WordPress/7.1; https://arlindo.ac.id"
34.44.196.140 - - [27/Aug/2026:06:04:05 +0700] "GET /category/organisasi-kampus HTTP/2" 200 1394 "-" "Mozilla/5.0 AppleWebKit/537.36 (KHTML, like Gecko; compatible; SleepBot/1.0; +http://sleepbot.com/) Chrome/131.0.0.0 Safari/537.36"
91.92.242.197 - - [27/Aug/2026:06:03:52 +0700] "POST /wp-login.php HTTP/1.1" 200 0 "-" "Mozilla/5.0"
129.225.125.127 - - [27/Aug/2026:06:04:02 +0700] "POST /wp-login.php HTTP/1.1" 200 9954 "https://arlindo.ac.id/wp-login.php" "Mozilla/5.0 (Macintosh; Intel Mac OS X 10_15_7; rv:93.0) Gecko/20100101 Firefox/93.0"
