158.158.54.35 - - [27/Aug/2026:00:36:17 +0700] "GET /wp-content/themes/admin.php HTTP/1.1" 404 15065 "-" "Mozilla/5.0 (Windows NT 10.0; Win64; x64) AppleWebKit/537.36 (KHTML, like Gecko) Chrome/120.0.0.0 Safari/537.36"
158.158.54.35 - - [27/Aug/2026:00:36:18 +0700] "GET /adminfuns.php HTTP/1.1" 404 16136 "-" "Mozilla/5.0 (Windows NT 10.0; Win64; x64) AppleWebKit/537.36 (KHTML, like Gecko) Chrome/120.0.0.0 Safari/537.36"
158.158.54.35 - - [27/Aug/2026:00:36:20 +0700] "GET /404.php HTTP/1.1" 404 16136 "-" "Mozilla/5.0 (Windows NT 10.0; Win64; x64) AppleWebKit/537.36 (KHTML, like Gecko) Chrome/120.0.0.0 Safari/537.36"
158.158.54.35 - - [27/Aug/2026:00:36:22 +0700] "GET /m.php HTTP/1.1" 404 16136 "-" "Mozilla/5.0 (Windows NT 10.0; Win64; x64) AppleWebKit/537.36 (KHTML, like Gecko) Chrome/120.0.0.0 Safari/537.36"
158.158.54.35 - - [27/Aug/2026:00:36:23 +0700] "GET /wp-cron.php HTTP/1.1" 200 0 "-" "Mozilla/5.0 (Windows NT 10.0; Win64; x64) AppleWebKit/537.36 (KHTML, like Gecko) Chrome/120.0.0.0 Safari/537.36"
158.158.54.35 - - [27/Aug/2026:00:36:23 +0700] "GET /wp-content.php HTTP/1.1" 404 16136 "-" "Mozilla/5.0 (Windows NT 10.0; Win64; x64) AppleWebKit/537.36 (KHTML, like Gecko) Chrome/120.0.0.0 Safari/537.36"
158.158.54.35 - - [27/Aug/2026:00:36:25 +0700] "GET /wp-admin/images/admin.php HTTP/1.1" 404 15065 "-" "Mozilla/5.0 (Windows NT 10.0; Win64; x64) AppleWebKit/537.36 (KHTML, like Gecko) Chrome/120.0.0.0 Safari/537.36"
158.158.54.35 - - [27/Aug/2026:00:36:26 +0700] "GET /xda.php HTTP/1.1" 404 16136 "-" "Mozilla/5.0 (Windows NT 10.0; Win64; x64) AppleWebKit/537.36 (KHTML, like Gecko) Chrome/120.0.0.0 Safari/537.36"
158.158.54.35 - - [27/Aug/2026:00:36:28 +0700] "GET /wp-admin/css/wp-login.php HTTP/1.1" 404 15065 "-" "Mozilla/5.0 (Windows NT 10.0; Win64; x64) AppleWebKit/537.36 (KHTML, like Gecko) Chrome/120.0.0.0 Safari/537.36"
158.158.54.35 - - [27/Aug/2026:00:36:29 +0700] "GET /wk/index.php HTTP/1.1" 301 0 "-" "Mozilla/5.0 (Windows NT 10.0; Win64; x64) AppleWebKit/537.36 (KHTML, like Gecko) Chrome/120.0.0.0 Safari/537.36"
158.158.54.35 - - [27/Aug/2026:00:36:30 +0700] "GET /222.php HTTP/1.1" 404 16136 "-" "Mozilla/5.0 (Windows NT 10.0; Win64; x64) AppleWebKit/537.36 (KHTML, like Gecko) Chrome/120.0.0.0 Safari/537.36"
158.158.54.35 - - [27/Aug/2026:00:36:31 +0700] "GET /mini.php HTTP/1.1" 403 9678 "-" "Mozilla/5.0 (Windows NT 10.0; Win64; x64) AppleWebKit/537.36 (KHTML, like Gecko) Chrome/120.0.0.0 Safari/537.36"
202.10.43.32 - - [27/Aug/2026:00:36:32 +0700] "POST /wp-cron.php?doing_wp_cron=1787765792.6538820266723632812500 HTTP/1.1" 200 0 "-" "WordPress/7.1; https://arlindo.ac.id"
158.158.54.35 - - [27/Aug/2026:00:36:32 +0700] "GET /wp-mail.php HTTP/1.1" 403 970 "-" "Mozilla/5.0 (Windows NT 10.0; Win64; x64) AppleWebKit/537.36 (KHTML, like Gecko) Chrome/120.0.0.0 Safari/537.36"
158.158.54.35 - - [27/Aug/2026:00:36:32 +0700] "GET /aa.php HTTP/1.1" 404 16136 "-" "Mozilla/5.0 (Windows NT 10.0; Win64; x64) AppleWebKit/537.36 (KHTML, like Gecko) Chrome/120.0.0.0 Safari/537.36"
158.158.54.35 - - [27/Aug/2026:00:36:34 +0700] "GET /wp-content/cong.php HTTP/1.1" 404 16136 "-" "Mozilla/5.0 (Windows NT 10.0; Win64; x64) AppleWebKit/537.36 (KHTML, like Gecko) Chrome/120.0.0.0 Safari/537.36"
158.158.54.35 - - [27/Aug/2026:00:36:35 +0700] "GET /c.php HTTP/1.1" 404 16136 "-" "Mozilla/5.0 (Windows NT 10.0; Win64; x64) AppleWebKit/537.36 (KHTML, like Gecko) Chrome/120.0.0.0 Safari/537.36"
158.158.54.35 - - [27/Aug/2026:00:36:36 +0700] "GET /f.php HTTP/1.1" 404 16136 "-" "Mozilla/5.0 (Windows NT 10.0; Win64; x64) AppleWebKit/537.36 (KHTML, like Gecko) Chrome/120.0.0.0 Safari/537.36"
158.158.54.35 - - [27/Aug/2026:00:36:38 +0700] "GET /wp-includes/SimplePie/wp-login.php HTTP/1.1" 404 15065 "-" "Mozilla/5.0 (Windows NT 10.0; Win64; x64) AppleWebKit/537.36 (KHTML, like Gecko) Chrome/120.0.0.0 Safari/537.36"
158.158.54.35 - - [27/Aug/2026:00:36:39 +0700] "GET /w.php HTTP/1.1" 404 16136 "-" "Mozilla/5.0 (Windows NT 10.0; Win64; x64) AppleWebKit/537.36 (KHTML, like Gecko) Chrome/120.0.0.0 Safari/537.36"
103.59.161.152 - - [27/Aug/2026:00:36:25 +0700] "POST /wp-login.php HTTP/1.1" 200 0 "-" "Mozilla/5.0"
158.158.54.35 - - [27/Aug/2026:00:36:41 +0700] "GET /admin/index.php HTTP/1.1" 301 0 "-" "Mozilla/5.0 (Windows NT 10.0; Win64; x64) AppleWebKit/537.36 (KHTML, like Gecko) Chrome/120.0.0.0 Safari/537.36"
158.158.54.35 - - [27/Aug/2026:00:36:41 +0700] "GET /av.php HTTP/1.1" 404 16136 "-" "Mozilla/5.0 (Windows NT 10.0; Win64; x64) AppleWebKit/537.36 (KHTML, like Gecko) Chrome/120.0.0.0 Safari/537.36"
45.39.75.132 - - [27/Aug/2026:00:36:43 +0700] "GET /arlindo-group-mitra-perkasa-semangat-idul-adha-berbagi-kebahagiaan-dan-menguatkan-harmoni-bersama-warga/ HTTP/1.1" 200 26737 "-" "Mozilla/5.0 (compatible; Googlebot/2.1; +http://www.google.com/bot.html)"
158.158.54.35 - - [27/Aug/2026:00:36:43 +0700] "GET /wp-includes/customize/index.php HTTP/1.1" 301 0 "-" "Mozilla/5.0 (Windows NT 10.0; Win64; x64) AppleWebKit/537.36 (KHTML, like Gecko) Chrome/120.0.0.0 Safari/537.36"
158.158.54.35 - - [27/Aug/2026:00:36:43 +0700] "GET /gmo.php HTTP/1.1" 404 16136 "-" "Mozilla/5.0 (Windows NT 10.0; Win64; x64) AppleWebKit/537.36 (KHTML, like Gecko) Chrome/120.0.0.0 Safari/537.36"
158.158.54.35 - - [27/Aug/2026:00:36:44 +0700] "GET /term.php HTTP/1.1" 404 16136 "-" "Mozilla/5.0 (Windows NT 10.0; Win64; x64) AppleWebKit/537.36 (KHTML, like Gecko) Chrome/120.0.0.0 Safari/537.36"
158.158.54.35 - - [27/Aug/2026:00:36:46 +0700] "GET /classwithtostring.php HTTP/1.1" 404 16136 "-" "Mozilla/5.0 (Windows NT 10.0; Win64; x64) AppleWebKit/537.36 (KHTML, like Gecko) Chrome/120.0.0.0 Safari/537.36"
158.158.54.35 - - [27/Aug/2026:00:36:47 +0700] "GET /wp-admin/css/admin.php HTTP/1.1" 404 15065 "-" "Mozilla/5.0 (Windows NT 10.0; Win64; x64) AppleWebKit/537.36 (KHTML, like Gecko) Chrome/120.0.0.0 Safari/537.36"
158.158.54.35 - - [27/Aug/2026:00:36:48 +0700] "GET /config.php HTTP/1.1" 404 16136 "-" "Mozilla/5.0 (Windows NT 10.0; Win64; x64) AppleWebKit/537.36 (KHTML, like Gecko) Chrome/120.0.0.0 Safari/537.36"
202.10.43.32 - - [27/Aug/2026:00:36:52 +0700] "POST /wp-cron.php?doing_wp_cron=1787765812.1197679042816162109375 HTTP/1.1" 200 0 "-" "WordPress/7.1; https://arlindo.ac.id"
158.158.54.35 - - [27/Aug/2026:00:36:51 +0700] "GET /php.php HTTP/1.1" 404 16136 "-" "Mozilla/5.0 (Windows NT 10.0; Win64; x64) AppleWebKit/537.36 (KHTML, like Gecko) Chrome/120.0.0.0 Safari/537.36"
158.158.54.35 - - [27/Aug/2026:00:36:52 +0700] "GET /init.php HTTP/1.1" 404 16136 "-" "Mozilla/5.0 (Windows NT 10.0; Win64; x64) AppleWebKit/537.36 (KHTML, like Gecko) Chrome/120.0.0.0 Safari/537.36"
158.158.54.35 - - [27/Aug/2026:00:36:53 +0700] "GET /wp-admin/css/colors/modern/ HTTP/1.1" 200 733 "-" "Mozilla/5.0 (Windows NT 10.0; Win64; x64) AppleWebKit/537.36 (KHTML, like Gecko) Chrome/120.0.0.0 Safari/537.36"
158.158.54.35 - - [27/Aug/2026:00:36:53 +0700] "GET /1.php HTTP/1.1" 404 16136 "-" "Mozilla/5.0 (Windows NT 10.0; Win64; x64) AppleWebKit/537.36 (KHTML, like Gecko) Chrome/120.0.0.0 Safari/537.36"
158.158.54.35 - - [27/Aug/2026:00:36:55 +0700] "GET /about.php HTTP/1.1" 404 16136 "-" "Mozilla/5.0 (Windows NT 10.0; Win64; x64) AppleWebKit/537.36 (KHTML, like Gecko) Chrome/120.0.0.0 Safari/537.36"
158.158.54.35 - - [27/Aug/2026:00:36:56 +0700] "GET /ioxi-o.php HTTP/1.1" 404 16136 "-" "Mozilla/5.0 (Windows NT 10.0; Win64; x64) AppleWebKit/537.36 (KHTML, like Gecko) Chrome/120.0.0.0 Safari/537.36"
158.158.54.35 - - [27/Aug/2026:00:36:58 +0700] "GET /alfa.php HTTP/1.1" 403 9678 "-" "Mozilla/5.0 (Windows NT 10.0; Win64; x64) AppleWebKit/537.36 (KHTML, like Gecko) Chrome/120.0.0.0 Safari/537.36"
158.158.54.35 - - [27/Aug/2026:00:36:58 +0700] "GET /edit.php HTTP/1.1" 404 16136 "-" "Mozilla/5.0 (Windows NT 10.0; Win64; x64) AppleWebKit/537.36 (KHTML, like Gecko) Chrome/120.0.0.0 Safari/537.36"
158.158.54.35 - - [27/Aug/2026:00:36:59 +0700] "GET /elp.php HTTP/1.1" 404 16136 "-" "Mozilla/5.0 (Windows NT 10.0; Win64; x64) AppleWebKit/537.36 (KHTML, like Gecko) Chrome/120.0.0.0 Safari/537.36"
158.158.54.35 - - [27/Aug/2026:00:37:01 +0700] "GET /666.php HTTP/1.1" 404 16136 "-" "Mozilla/5.0 (Windows NT 10.0; Win64; x64) AppleWebKit/537.36 (KHTML, like Gecko) Chrome/120.0.0.0 Safari/537.36"
158.158.54.35 - - [27/Aug/2026:00:37:02 +0700] "GET /wp-admin/ HTTP/1.1" 302 0 "-" "Mozilla/5.0 (Windows NT 10.0; Win64; x64) AppleWebKit/537.36 (KHTML, like Gecko) Chrome/120.0.0.0 Safari/537.36"
202.10.43.32 - - [27/Aug/2026:00:37:04 +0700] "POST /wp-cron.php?doing_wp_cron=1787765824.2977290153503417968750 HTTP/1.1" 200 0 "-" "WordPress/7.1; https://arlindo.ac.id"
158.158.54.35 - - [27/Aug/2026:00:37:03 +0700] "GET /ws54.php HTTP/1.1" 404 16136 "-" "Mozilla/5.0 (Windows NT 10.0; Win64; x64) AppleWebKit/537.36 (KHTML, like Gecko) Chrome/120.0.0.0 Safari/537.36"
158.158.54.35 - - [27/Aug/2026:00:37:04 +0700] "GET /deepseek_d.php HTTP/1.1" 404 16136 "-" "Mozilla/5.0 (Windows NT 10.0; Win64; x64) AppleWebKit/537.36 (KHTML, like Gecko) Chrome/120.0.0.0 Safari/537.36"
158.158.54.35 - - [27/Aug/2026:00:37:06 +0700] "GET /function/function.php HTTP/1.1" 404 16136 "-" "Mozilla/5.0 (Windows NT 10.0; Win64; x64) AppleWebKit/537.36 (KHTML, like Gecko) Chrome/120.0.0.0 Safari/537.36"
158.158.54.35 - - [27/Aug/2026:00:37:07 +0700] "GET /nw.php HTTP/1.1" 404 16136 "-" "Mozilla/5.0 (Windows NT 10.0; Win64; x64) AppleWebKit/537.36 (KHTML, like Gecko) Chrome/120.0.0.0 Safari/537.36"
158.158.54.35 - - [27/Aug/2026:00:37:08 +0700] "GET /xleet.php HTTP/1.1" 404 16136 "-" "Mozilla/5.0 (Windows NT 10.0; Win64; x64) AppleWebKit/537.36 (KHTML, like Gecko) Chrome/120.0.0.0 Safari/537.36"
158.158.54.35 - - [27/Aug/2026:00:37:11 +0700] "GET /wp.php HTTP/1.1" 404 16136 "-" "Mozilla/5.0 (Windows NT 10.0; Win64; x64) AppleWebKit/537.36 (KHTML, like Gecko) Chrome/120.0.0.0 Safari/537.36"
202.10.43.32 - - [27/Aug/2026:00:37:12 +0700] "POST /wp-cron.php?doing_wp_cron=1787765832.1709709167480468750000 HTTP/1.1" 200 0 "-" "WordPress/7.1; https://arlindo.ac.id"
158.158.54.35 - - [27/Aug/2026:00:37:12 +0700] "GET /155.php HTTP/1.1" 404 16136 "-" "Mozilla/5.0 (Windows NT 10.0; Win64; x64) AppleWebKit/537.36 (KHTML, like Gecko) Chrome/120.0.0.0 Safari/537.36"
158.158.54.35 - - [27/Aug/2026:00:37:13 +0700] "GET /96i.php HTTP/1.1" 404 16136 "-" "Mozilla/5.0 (Windows NT 10.0; Win64; x64) AppleWebKit/537.36 (KHTML, like Gecko) Chrome/120.0.0.0 Safari/537.36"
158.158.54.35 - - [27/Aug/2026:00:37:15 +0700] "GET /as.php HTTP/1.1" 404 16136 "-" "Mozilla/5.0 (Windows NT 10.0; Win64; x64) AppleWebKit/537.36 (KHTML, like Gecko) Chrome/120.0.0.0 Safari/537.36"
158.158.54.35 - - [27/Aug/2026:00:37:16 +0700] "GET /min.php HTTP/1.1" 404 16136 "-" "Mozilla/5.0 (Windows NT 10.0; Win64; x64) AppleWebKit/537.36 (KHTML, like Gecko) Chrome/120.0.0.0 Safari/537.36"
158.158.54.35 - - [27/Aug/2026:00:37:17 +0700] "GET /.well-known/ HTTP/1.1" 200 613 "-" "Mozilla/5.0 (Windows NT 10.0; Win64; x64) AppleWebKit/537.36 (KHTML, like Gecko) Chrome/120.0.0.0 Safari/537.36"
158.158.54.35 - - [27/Aug/2026:00:37:17 +0700] "GET /php8.php HTTP/1.1" 404 16136 "-" "Mozilla/5.0 (Windows NT 10.0; Win64; x64) AppleWebKit/537.36 (KHTML, like Gecko) Chrome/120.0.0.0 Safari/537.36"
202.10.43.32 - - [27/Aug/2026:00:37:21 +0700] "POST /wp-cron.php?doing_wp_cron=1787765841.2790269851684570312500 HTTP/1.1" 200 0 "-" "WordPress/7.1; https://arlindo.ac.id"
158.158.54.35 - - [27/Aug/2026:00:37:19 +0700] "GET /wp-content/admin.php HTTP/1.1" 404 16136 "-" "Mozilla/5.0 (Windows NT 10.0; Win64; x64) AppleWebKit/537.36 (KHTML, like Gecko) Chrome/120.0.0.0 Safari/537.36"
158.158.54.35 - - [27/Aug/2026:00:37:21 +0700] "GET /wp-content/themes/pridmag/il.php HTTP/1.1" 404 15065 "-" "Mozilla/5.0 (Windows NT 10.0; Win64; x64) AppleWebKit/537.36 (KHTML, like Gecko) Chrome/120.0.0.0 Safari/537.36"
158.158.54.35 - - [27/Aug/2026:00:37:22 +0700] "GET /info.php HTTP/1.1" 404 16136 "-" "Mozilla/5.0 (Windows NT 10.0; Win64; x64) AppleWebKit/537.36 (KHTML, like Gecko) Chrome/120.0.0.0 Safari/537.36"
158.158.54.35 - - [27/Aug/2026:00:37:24 +0700] "GET /a.php HTTP/1.1" 404 16136 "-" "Mozilla/5.0 (Windows NT 10.0; Win64; x64) AppleWebKit/537.36 (KHTML, like Gecko) Chrome/120.0.0.0 Safari/537.36"
158.158.54.35 - - [27/Aug/2026:00:37:25 +0700] "GET /chosen.php HTTP/1.1" 403 9678 "-" "Mozilla/5.0 (Windows NT 10.0; Win64; x64) AppleWebKit/537.36 (KHTML, like Gecko) Chrome/120.0.0.0 Safari/537.36"
158.158.54.35 - - [27/Aug/2026:00:37:25 +0700] "GET /wp-content/index.php HTTP/1.1" 200 0 "-" "Mozilla/5.0 (Windows NT 10.0; Win64; x64) AppleWebKit/537.36 (KHTML, like Gecko) Chrome/120.0.0.0 Safari/537.36"
158.158.54.35 - - [27/Aug/2026:00:37:25 +0700] "GET /vx.php HTTP/1.1" 404 16136 "-" "Mozilla/5.0 (Windows NT 10.0; Win64; x64) AppleWebKit/537.36 (KHTML, like Gecko) Chrome/120.0.0.0 Safari/537.36"
158.158.54.35 - - [27/Aug/2026:00:37:27 +0700] "GET /admin/controller/extension/ HTTP/1.1" 404 15117 "-" "Mozilla/5.0 (Windows NT 10.0; Win64; x64) AppleWebKit/537.36 (KHTML, like Gecko) Chrome/120.0.0.0 Safari/537.36"
158.158.54.35 - - [27/Aug/2026:00:37:28 +0700] "GET /wap.php HTTP/1.1" 404 16136 "-" "Mozilla/5.0 (Windows NT 10.0; Win64; x64) AppleWebKit/537.36 (KHTML, like Gecko) Chrome/120.0.0.0 Safari/537.36"
158.158.54.35 - - [27/Aug/2026:00:37:30 +0700] "GET /wp-admin/wp.php HTTP/1.1" 404 16136 "-" "Mozilla/5.0 (Windows NT 10.0; Win64; x64) AppleWebKit/537.36 (KHTML, like Gecko) Chrome/120.0.0.0 Safari/537.36"
158.158.54.35 - - [27/Aug/2026:00:37:31 +0700] "GET /bgymj.php HTTP/1.1" 404 16136 "-" "Mozilla/5.0 (Windows NT 10.0; Win64; x64) AppleWebKit/537.36 (KHTML, like Gecko) Chrome/120.0.0.0 Safari/537.36"
158.158.54.35 - - [27/Aug/2026:00:37:32 +0700] "GET /bolt.php HTTP/1.1" 404 16136 "-" "Mozilla/5.0 (Windows NT 10.0; Win64; x64) AppleWebKit/537.36 (KHTML, like Gecko) Chrome/120.0.0.0 Safari/537.36"
92.113.246.149 - - [27/Aug/2026:00:37:34 +0700] "GET /konsolidasi-kominfo-kota-bekasi-bersama-stie-arlindo/ HTTP/1.1" 200 25368 "-" "Mozilla/5.0 (compatible; Googlebot/2.1; +http://www.google.com/bot.html)"
158.158.54.35 - - [27/Aug/2026:00:37:34 +0700] "GET /bthil.php HTTP/1.1" 404 16136 "-" "Mozilla/5.0 (Windows NT 10.0; Win64; x64) AppleWebKit/537.36 (KHTML, like Gecko) Chrome/120.0.0.0 Safari/537.36"
158.158.54.35 - - [27/Aug/2026:00:37:35 +0700] "GET /cgi-bin/ HTTP/1.1" 404 1251 "-" "Mozilla/5.0 (Windows NT 10.0; Win64; x64) AppleWebKit/537.36 (KHTML, like Gecko) Chrome/120.0.0.0 Safari/537.36"
158.158.54.35 - - [27/Aug/2026:00:37:35 +0700] "GET /x.php HTTP/1.1" 404 16136 "-" "Mozilla/5.0 (Windows NT 10.0; Win64; x64) AppleWebKit/537.36 (KHTML, like Gecko) Chrome/120.0.0.0 Safari/537.36"
158.158.54.35 - - [27/Aug/2026:00:37:37 +0700] "GET /index/function.php HTTP/1.1" 404 16136 "-" "Mozilla/5.0 (Windows NT 10.0; Win64; x64) AppleWebKit/537.36 (KHTML, like Gecko) Chrome/120.0.0.0 Safari/537.36"
158.158.54.35 - - [27/Aug/2026:00:37:38 +0700] "GET /aaa.php HTTP/1.1" 404 16136 "-" "Mozilla/5.0 (Windows NT 10.0; Win64; x64) AppleWebKit/537.36 (KHTML, like Gecko) Chrome/120.0.0.0 Safari/537.36"
158.158.54.35 - - [27/Aug/2026:00:37:39 +0700] "GET /abcd.php HTTP/1.1" 404 16136 "-" "Mozilla/5.0 (Windows NT 10.0; Win64; x64) AppleWebKit/537.36 (KHTML, like Gecko) Chrome/120.0.0.0 Safari/537.36"
158.158.54.35 - - [27/Aug/2026:00:37:41 +0700] "GET /wp-good.php HTTP/1.1" 404 16136 "-" "Mozilla/5.0 (Windows NT 10.0; Win64; x64) AppleWebKit/537.36 (KHTML, like Gecko) Chrome/120.0.0.0 Safari/537.36"
158.158.54.35 - - [27/Aug/2026:00:37:42 +0700] "GET /simple.php HTTP/1.1" 404 16136 "-" "Mozilla/5.0 (Windows NT 10.0; Win64; x64) AppleWebKit/537.36 (KHTML, like Gecko) Chrome/120.0.0.0 Safari/537.36"
158.158.54.35 - - [27/Aug/2026:00:37:43 +0700] "GET /edit-tags.php HTTP/1.1" 404 16136 "-" "Mozilla/5.0 (Windows NT 10.0; Win64; x64) AppleWebKit/537.36 (KHTML, like Gecko) Chrome/120.0.0.0 Safari/537.36"
158.158.54.35 - - [27/Aug/2026:00:37:45 +0700] "GET /u.php HTTP/1.1" 404 16136 "-" "Mozilla/5.0 (Windows NT 10.0; Win64; x64) AppleWebKit/537.36 (KHTML, like Gecko) Chrome/120.0.0.0 Safari/537.36"
91.92.242.197 - - [27/Aug/2026:00:37:27 +0700] "POST /wp-login.php HTTP/1.1" 200 0 "-" "Mozilla/5.0"
158.158.54.35 - - [27/Aug/2026:00:37:46 +0700] "GET /h.php HTTP/1.1" 404 16136 "-" "Mozilla/5.0 (Windows NT 10.0; Win64; x64) AppleWebKit/537.36 (KHTML, like Gecko) Chrome/120.0.0.0 Safari/537.36"
158.158.54.35 - - [27/Aug/2026:00:37:47 +0700] "GET /ms-edit.php HTTP/1.1" 404 16136 "-" "Mozilla/5.0 (Windows NT 10.0; Win64; x64) AppleWebKit/537.36 (KHTML, like Gecko) Chrome/120.0.0.0 Safari/537.36"
158.158.54.35 - - [27/Aug/2026:00:37:49 +0700] "GET /a7.php HTTP/1.1" 404 16136 "-" "Mozilla/5.0 (Windows NT 10.0; Win64; x64) AppleWebKit/537.36 (KHTML, like Gecko) Chrome/120.0.0.0 Safari/537.36"
202.10.43.32 - - [27/Aug/2026:00:37:52 +0700] "POST /wp-cron.php?doing_wp_cron=1787765872.6536691188812255859375 HTTP/1.1" 200 0 "-" "WordPress/7.1; https://arlindo.ac.id"
158.158.54.35 - - [27/Aug/2026:00:37:51 +0700] "GET /manager.php HTTP/1.1" 404 16136 "-" "Mozilla/5.0 (Windows NT 10.0; Win64; x64) AppleWebKit/537.36 (KHTML, like Gecko) Chrome/120.0.0.0 Safari/537.36"
158.158.54.35 - - [27/Aug/2026:00:37:52 +0700] "GET /w1.php HTTP/1.1" 404 16136 "-" "Mozilla/5.0 (Windows NT 10.0; Win64; x64) AppleWebKit/537.36 (KHTML, like Gecko) Chrome/120.0.0.0 Safari/537.36"
158.158.54.35 - - [27/Aug/2026:00:37:54 +0700] "GET /wp-includes/fonts/ HTTP/1.1" 200 1248 "-" "Mozilla/5.0 (Windows NT 10.0; Win64; x64) AppleWebKit/537.36 (KHTML, like Gecko) Chrome/120.0.0.0 Safari/537.36"
158.158.54.35 - - [27/Aug/2026:00:37:54 +0700] "GET /wp-login.php HTTP/1.1" 200 2332 "-" "Mozilla/5.0 (Windows NT 10.0; Win64; x64) AppleWebKit/537.36 (KHTML, like Gecko) Chrome/120.0.0.0 Safari/537.36"
103.59.161.152 - - [27/Aug/2026:00:37:39 +0700] "POST /wp-login.php HTTP/1.1" 200 0 "-" "Mozilla/5.0"
158.158.54.35 - - [27/Aug/2026:00:37:55 +0700] "GET /default.php HTTP/1.1" 404 16136 "-" "Mozilla/5.0 (Windows NT 10.0; Win64; x64) AppleWebKit/537.36 (KHTML, like Gecko) Chrome/120.0.0.0 Safari/537.36"
158.158.54.35 - - [27/Aug/2026:00:37:56 +0700] "GET /i.php HTTP/1.1" 404 16136 "-" "Mozilla/5.0 (Windows NT 10.0; Win64; x64) AppleWebKit/537.36 (KHTML, like Gecko) Chrome/120.0.0.0 Safari/537.36"
158.158.54.35 - - [27/Aug/2026:00:37:58 +0700] "GET /wp-content/uploads/ HTTP/1.1" 200 1149 "-" "Mozilla/5.0 (Windows NT 10.0; Win64; x64) AppleWebKit/537.36 (KHTML, like Gecko) Chrome/120.0.0.0 Safari/537.36"
158.158.54.35 - - [27/Aug/2026:00:37:58 +0700] "GET /wp-includes/Requests/library/index.php HTTP/1.1" 301 0 "-" "Mozilla/5.0 (Windows NT 10.0; Win64; x64) AppleWebKit/537.36 (KHTML, like Gecko) Chrome/120.0.0.0 Safari/537.36"
158.158.54.35 - - [27/Aug/2026:00:37:58 +0700] "GET /wp-content/themes/index.php HTTP/1.1" 200 0 "-" "Mozilla/5.0 (Windows NT 10.0; Win64; x64) AppleWebKit/537.36 (KHTML, like Gecko) Chrome/120.0.0.0 Safari/537.36"
158.158.54.35 - - [27/Aug/2026:00:37:59 +0700] "GET /gecko-new.php HTTP/1.1" 403 9678 "-" "Mozilla/5.0 (Windows NT 10.0; Win64; x64) AppleWebKit/537.36 (KHTML, like Gecko) Chrome/120.0.0.0 Safari/537.36"
158.158.54.35 - - [27/Aug/2026:00:37:59 +0700] "GET /NewFile.php HTTP/1.1" 404 16136 "-" "Mozilla/5.0 (Windows NT 10.0; Win64; x64) AppleWebKit/537.36 (KHTML, like Gecko) Chrome/120.0.0.0 Safari/537.36"
158.158.54.35 - - [27/Aug/2026:00:38:01 +0700] "GET /wp-Blogs.php HTTP/1.1" 404 16136 "-" "Mozilla/5.0 (Windows NT 10.0; Win64; x64) AppleWebKit/537.36 (KHTML, like Gecko) Chrome/120.0.0.0 Safari/537.36"
202.10.43.32 - - [27/Aug/2026:00:38:03 +0700] "POST /wp-cron.php?doing_wp_cron=1787765883.7445130348205566406250 HTTP/1.1" 200 0 "-" "WordPress/7.1; https://arlindo.ac.id"
158.158.54.35 - - [27/Aug/2026:00:38:03 +0700] "GET /wp-includes/fonts/index.php HTTP/1.1" 301 0 "-" "Mozilla/5.0 (Windows NT 10.0; Win64; x64) AppleWebKit/537.36 (KHTML, like Gecko) Chrome/120.0.0.0 Safari/537.36"
158.158.54.35 - - [27/Aug/2026:00:38:03 +0700] "GET /themes.php HTTP/1.1" 404 16136 "-" "Mozilla/5.0 (Windows NT 10.0; Win64; x64) AppleWebKit/537.36 (KHTML, like Gecko) Chrome/120.0.0.0 Safari/537.36"
158.158.54.35 - - [27/Aug/2026:00:38:05 +0700] "GET /cv.php HTTP/1.1" 404 16136 "-" "Mozilla/5.0 (Windows NT 10.0; Win64; x64) AppleWebKit/537.36 (KHTML, like Gecko) Chrome/120.0.0.0 Safari/537.36"
158.158.54.35 - - [27/Aug/2026:00:38:06 +0700] "GET /wp-admin/js/ HTTP/1.1" 200 3443 "-" "Mozilla/5.0 (Windows NT 10.0; Win64; x64) AppleWebKit/537.36 (KHTML, like Gecko) Chrome/120.0.0.0 Safari/537.36"
158.158.54.35 - - [27/Aug/2026:00:38:06 +0700] "GET /wp-content/uploads/index.php HTTP/1.1" 301 0 "-" "Mozilla/5.0 (Windows NT 10.0; Win64; x64) AppleWebKit/537.36 (KHTML, like Gecko) Chrome/120.0.0.0 Safari/537.36"
158.158.54.35 - - [27/Aug/2026:00:38:07 +0700] "GET /ws83.php HTTP/1.1" 404 16136 "-" "Mozilla/5.0 (Windows NT 10.0; Win64; x64) AppleWebKit/537.36 (KHTML, like Gecko) Chrome/120.0.0.0 Safari/537.36"
158.158.54.35 - - [27/Aug/2026:00:38:08 +0700] "GET /atex1.php HTTP/1.1" 404 16136 "-" "Mozilla/5.0 (Windows NT 10.0; Win64; x64) AppleWebKit/537.36 (KHTML, like Gecko) Chrome/120.0.0.0 Safari/537.36"
158.158.54.35 - - [27/Aug/2026:00:38:11 +0700] "GET /class-t.api.php HTTP/1.1" 403 9678 "-" "Mozilla/5.0 (Windows NT 10.0; Win64; x64) AppleWebKit/537.36 (KHTML, like Gecko) Chrome/120.0.0.0 Safari/537.36"
202.10.43.32 - - [27/Aug/2026:00:38:12 +0700] "POST /wp-cron.php?doing_wp_cron=1787765892.5630750656127929687500 HTTP/1.1" 200 0 "-" "WordPress/7.1; https://arlindo.ac.id"
158.158.54.35 - - [27/Aug/2026:00:38:11 +0700] "GET /archive.php HTTP/1.1" 404 16136 "-" "Mozilla/5.0 (Windows NT 10.0; Win64; x64) AppleWebKit/537.36 (KHTML, like Gecko) Chrome/120.0.0.0 Safari/537.36"
158.158.54.35 - - [27/Aug/2026:00:38:12 +0700] "GET /bless.php HTTP/1.1" 403 9678 "-" "Mozilla/5.0 (Windows NT 10.0; Win64; x64) AppleWebKit/537.36 (KHTML, like Gecko) Chrome/120.0.0.0 Safari/537.36"
158.158.54.35 - - [27/Aug/2026:00:38:13 +0700] "GET /sagax1.php HTTP/1.1" 404 16136 "-" "Mozilla/5.0 (Windows NT 10.0; Win64; x64) AppleWebKit/537.36 (KHTML, like Gecko) Chrome/120.0.0.0 Safari/537.36"
158.158.54.35 - - [27/Aug/2026:00:38:14 +0700] "GET /wpc.php HTTP/1.1" 404 16136 "-" "Mozilla/5.0 (Windows NT 10.0; Win64; x64) AppleWebKit/537.36 (KHTML, like Gecko) Chrome/120.0.0.0 Safari/537.36"
158.158.54.35 - - [27/Aug/2026:00:38:16 +0700] "GET /fone1.php HTTP/1.1" 404 16136 "-" "Mozilla/5.0 (Windows NT 10.0; Win64; x64) AppleWebKit/537.36 (KHTML, like Gecko) Chrome/120.0.0.0 Safari/537.36"
158.158.54.35 - - [27/Aug/2026:00:38:17 +0700] "GET /ncx.php HTTP/1.1" 404 16136 "-" "Mozilla/5.0 (Windows NT 10.0; Win64; x64) AppleWebKit/537.36 (KHTML, like Gecko) Chrome/120.0.0.0 Safari/537.36"
158.158.54.35 - - [27/Aug/2026:00:38:18 +0700] "GET /wp-admin/js/index.php HTTP/1.1" 301 0 "-" "Mozilla/5.0 (Windows NT 10.0; Win64; x64) AppleWebKit/537.36 (KHTML, like Gecko) Chrome/120.0.0.0 Safari/537.36"
158.158.54.35 - - [27/Aug/2026:00:38:19 +0700] "GET /wso.php HTTP/1.1" 403 9678 "-" "Mozilla/5.0 (Windows NT 10.0; Win64; x64) AppleWebKit/537.36 (KHTML, like Gecko) Chrome/120.0.0.0 Safari/537.36"
158.158.54.35 - - [27/Aug/2026:00:38:19 +0700] "GET /zup.php73 HTTP/1.1" 404 16192 "-" "Mozilla/5.0 (Windows NT 10.0; Win64; x64) AppleWebKit/537.36 (KHTML, like Gecko) Chrome/120.0.0.0 Safari/537.36"
158.158.54.35 - - [27/Aug/2026:00:38:21 +0700] "GET /k.php HTTP/1.1" 404 16136 "-" "Mozilla/5.0 (Windows NT 10.0; Win64; x64) AppleWebKit/537.36 (KHTML, like Gecko) Chrome/120.0.0.0 Safari/537.36"
158.158.54.35 - - [27/Aug/2026:00:38:22 +0700] "GET /wp-blink.php HTTP/1.1" 404 16136 "-" "Mozilla/5.0 (Windows NT 10.0; Win64; x64) AppleWebKit/537.36 (KHTML, like Gecko) Chrome/120.0.0.0 Safari/537.36"
80.76.54.56 - - [27/Aug/2026:00:38:24 +0700] "GET /menuju-sdm-unggul-2045-stie-arlindo-sosialisasikan-program-satu-keluarga-satu-sarjana-di-desa-nagasari/ HTTP/1.1" 200 27159 "-" "Mozilla/5.0 (compatible; Googlebot/2.1; +http://www.google.com/bot.html)"
158.158.54.35 - - [27/Aug/2026:00:38:23 +0700] "GET /randkeyword.PhP7 HTTP/1.1" 404 16192 "-" "Mozilla/5.0 (Windows NT 10.0; Win64; x64) AppleWebKit/537.36 (KHTML, like Gecko) Chrome/120.0.0.0 Safari/537.36"
158.158.54.35 - - [27/Aug/2026:00:38:24 +0700] "GET /wp-admin/css/colors/ectoplasm/ HTTP/1.1" 200 707 "-" "Mozilla/5.0 (Windows NT 10.0; Win64; x64) AppleWebKit/537.36 (KHTML, like Gecko) Chrome/120.0.0.0 Safari/537.36"
158.158.54.35 - - [27/Aug/2026:00:38:25 +0700] "GET /wp-content/ HTTP/1.1" 200 0 "-" "Mozilla/5.0 (Windows NT 10.0; Win64; x64) AppleWebKit/537.36 (KHTML, like Gecko) Chrome/120.0.0.0 Safari/537.36"
158.158.54.35 - - [27/Aug/2026:00:38:25 +0700] "GET /ww5.php HTTP/1.1" 404 16136 "-" "Mozilla/5.0 (Windows NT 10.0; Win64; x64) AppleWebKit/537.36 (KHTML, like Gecko) Chrome/120.0.0.0 Safari/537.36"
158.158.54.35 - - [27/Aug/2026:00:38:26 +0700] "GET /2.php HTTP/1.1" 404 16136 "-" "Mozilla/5.0 (Windows NT 10.0; Win64; x64) AppleWebKit/537.36 (KHTML, like Gecko) Chrome/120.0.0.0 Safari/537.36"
158.158.54.35 - - [27/Aug/2026:00:38:27 +0700] "GET /wp-admin/classwithtostring.php HTTP/1.1" 404 16136 "-" "Mozilla/5.0 (Windows NT 10.0; Win64; x64) AppleWebKit/537.36 (KHTML, like Gecko) Chrome/120.0.0.0 Safari/537.36"
158.158.54.35 - - [27/Aug/2026:00:38:29 +0700] "GET /atomlib.php HTTP/1.1" 404 16136 "-" "Mozilla/5.0 (Windows NT 10.0; Win64; x64) AppleWebKit/537.36 (KHTML, like Gecko) Chrome/120.0.0.0 Safari/537.36"
158.158.54.35 - - [27/Aug/2026:00:38:31 +0700] "GET /rip.php HTTP/1.1" 404 16136 "-" "Mozilla/5.0 (Windows NT 10.0; Win64; x64) AppleWebKit/537.36 (KHTML, like Gecko) Chrome/120.0.0.0 Safari/537.36"
158.158.54.35 - - [27/Aug/2026:00:38:33 +0700] "GET /p.php HTTP/1.1" 404 16136 "-" "Mozilla/5.0 (Windows NT 10.0; Win64; x64) AppleWebKit/537.36 (KHTML, like Gecko) Chrome/120.0.0.0 Safari/537.36"
103.59.161.152 - - [27/Aug/2026:00:38:46 +0700] "POST /wp-login.php HTTP/1.1" 200 0 "-" "Mozilla/5.0"
3.212.128.62 - - [27/Aug/2026:00:39:05 +0700] "HEAD / HTTP/1.1" 200 0 "https://arlindo.ac.id" "Mozilla/5.0+(compatible; UptimeRobot/2.0; http://www.uptimerobot.com/)"
91.92.242.197 - - [27/Aug/2026:00:39:08 +0700] "POST /wp-login.php HTTP/1.1" 200 0 "-" "Mozilla/5.0"
103.59.161.152 - - [27/Aug/2026:00:39:55 +0700] "POST /wp-login.php HTTP/1.1" 200 0 "-" "Mozilla/5.0"
175.178.161.152 - - [27/Aug/2026:00:40:21 +0700] "GET /cPanel_magic_revision_1620208684/unprotected/cpanel/images/cpanel-logo.svg HTTP/1.1" 200 5617 "-" "Mozilla/5.0 (X11; Linux x86_64) AppleWebKit/537.36 (KHTML, like Gecko) Chrome/124.0 Safari/537.36"
91.92.242.197 - - [27/Aug/2026:00:40:47 +0700] "POST /wp-login.php HTTP/1.1" 200 0 "-" "Mozilla/5.0"
202.10.43.32 - - [27/Aug/2026:00:42:04 +0700] "POST /wp-cron.php?doing_wp_cron=1787766124.1958200931549072265625 HTTP/1.1" 200 0 "-" "WordPress/7.1; https://arlindo.ac.id"
52.167.144.213 - - [27/Aug/2026:00:41:59 +0700] "GET /wp-content/plugins/elementskit/modules/advanced-tooltip/assets/ HTTP/2" 404 15117 "-" "Mozilla/5.0 AppleWebKit/537.36 (KHTML, like Gecko; compatible; bingbot/2.0; +http://www.bing.com/bingbot.htm) Chrome/116.0.1938.76 Safari/537.36"
103.59.161.152 - - [27/Aug/2026:00:41:05 +0700] "POST /wp-login.php HTTP/1.1" 200 0 "-" "Mozilla/5.0"
103.59.161.152 - - [27/Aug/2026:00:42:19 +0700] "POST /wp-login.php HTTP/1.1" 200 0 "-" "Mozilla/5.0"
91.92.242.197 - - [27/Aug/2026:00:42:23 +0700] "POST /wp-login.php HTTP/1.1" 200 0 "-" "Mozilla/5.0"
103.59.161.152 - - [27/Aug/2026:00:43:29 +0700] "POST /wp-login.php HTTP/1.1" 200 0 "-" "Mozilla/5.0"
52.87.72.16 - - [27/Aug/2026:00:44:13 +0700] "HEAD / HTTP/1.1" 200 0 "https://arlindo.ac.id" "Mozilla/5.0+(compatible; UptimeRobot/2.0; http://www.uptimerobot.com/)"
91.92.242.197 - - [27/Aug/2026:00:43:57 +0700] "POST /wp-login.php HTTP/1.1" 200 0 "-" "Mozilla/5.0"
119.91.20.139 - - [27/Aug/2026:00:44:42 +0700] "GET / HTTP/1.1" 200 36633 "http://arlindo.ac.id" "Mozilla/5.0 (iPhone; CPU iPhone OS 13_2_3 like Mac OS X) AppleWebKit/605.1.15 (KHTML, like Gecko) Version/13.0.3 Mobile/15E148 Safari/604.1"
103.59.161.152 - - [27/Aug/2026:00:44:36 +0700] "POST /wp-login.php HTTP/1.1" 200 0 "-" "Mozilla/5.0"
41.76.209.240 - - [27/Aug/2026:00:45:53 +0700] "GET /wp-login.php HTTP/2" 200 2332 "-" "Mozilla/5.0 (Windows NT 10.0; Win64; x64) AppleWebKit/537.36 (KHTML, like Gecko) Chrome/151.0.0.0 Safari/537.36"
202.10.43.32 - - [27/Aug/2026:00:45:53 +0700] "POST /wp-cron.php?doing_wp_cron=1787766353.6317799091339111328125 HTTP/1.1" 200 0 "-" "WordPress/7.1; https://arlindo.ac.id"
41.76.209.240 - - [27/Aug/2026:00:45:54 +0700] "POST /wp-login.php HTTP/2" 503 6936 "-" "Mozilla/5.0 (Windows NT 10.0; Win64; x64) AppleWebKit/537.36 (KHTML, like Gecko) Chrome/151.0.0.0 Safari/537.36"
41.76.209.240 - - [27/Aug/2026:00:45:56 +0700] "POST /wp-login.php HTTP/2" 503 6807 "-" "Mozilla/5.0 (Windows NT 10.0; Win64; x64) AppleWebKit/537.36 (KHTML, like Gecko) Chrome/151.0.0.0 Safari/537.36"
34.135.105.217 - - [27/Aug/2026:00:45:56 +0700] "GET /menuju-sdm-unggul-2045-stie-arlindo-sosialisasikan-program-satu-keluarga-satu-sarjana-di-desa-nagasari HTTP/2" 301 0 "-" "Mozilla/5.0 AppleWebKit/537.36 (KHTML, like Gecko; compatible; SleepBot/1.0; +http://sleepbot.com/) Chrome/131.0.0.0 Safari/537.36"
34.135.105.217 - - [27/Aug/2026:00:45:56 +0700] "GET /menuju-sdm-unggul-2045-stie-arlindo-sosialisasikan-program-satu-keluarga-satu-sarjana-di-desa-nagasari/ HTTP/2" 200 27174 "https://arlindo.ac.id/menuju-sdm-unggul-2045-stie-arlindo-sosialisasikan-program-satu-keluarga-satu-sarjana-di-desa-nagasari" "Mozilla/5.0 AppleWebKit/537.36 (KHTML, like Gecko; compatible; SleepBot/1.0; +http://sleepbot.com/) Chrome/131.0.0.0 Safari/537.36"
91.92.242.197 - - [27/Aug/2026:00:45:38 +0700] "POST /wp-login.php HTTP/1.1" 200 0 "-" "Mozilla/5.0"
103.59.161.152 - - [27/Aug/2026:00:45:52 +0700] "POST /wp-login.php HTTP/1.1" 200 0 "-" "Mozilla/5.0"
9.129.30.31 - - [27/Aug/2026:00:47:11 +0700] "GET /ide-bisnis-2026-anak-muda/ HTTP/2" 200 26746 "-" "Mozilla/5.0 AppleWebKit/537.36 (KHTML, like Gecko); compatible; ChatGPT-User/1.0; +https://openai.com/bot"
74.7.228.8 - - [27/Aug/2026:00:47:11 +0700] "GET /robots.txt HTTP/2" 200 108 "-" "Mozilla/5.0 (Macintosh; Intel Mac OS X 10_15_7) AppleWebKit/537.36 (KHTML, like Gecko) Chrome/131.0.0.0 Safari/537.36; compatible; OAI-SearchBot/1.4; robots.txt; +https://openai.com/searchbot"
202.10.43.32 - - [27/Aug/2026:00:47:16 +0700] "POST /wp-cron.php?doing_wp_cron=1787766436.2723479270935058593750 HTTP/1.1" 200 0 "-" "WordPress/7.1; https://arlindo.ac.id"
202.10.43.32 - - [27/Aug/2026:00:47:14 +0700] "POST /?wordfence_syncAttackData=1787766434.4571 HTTP/1.1" 200 0 "-" "WordPress/7.1; https://arlindo.ac.id"
57.141.14.68 - - [27/Aug/2026:00:47:39 +0700] "GET /arlindo-meriahkan-hut-ke-81-ri-dengan-semangat-merdeka-bersama-berbagi-kebahagiaan-tumbuh-bersama/ HTTP/2" 200 30203 "-" "Mozilla/5.0 (Windows NT 10.0; Win64; x64) AppleWebKit/537.36 (KHTML, like Gecko) Chrome/145.0.0.0 Safari/537.36 (compatible; meta-externalagent/1.1 (+https://developers.facebook.com/docs/sharing/webmasters/crawler))"
57.141.14.107 - - [27/Aug/2026:00:47:40 +0700] "GET /wp-content/uploads/2023/12/LOGO-BARU-HD-1024x243.png HTTP/2" 200 42666 "https://arlindo.ac.id/arlindo-meriahkan-hut-ke-81-ri-dengan-semangat-merdeka-bersama-berbagi-kebahagiaan-tumbuh-bersama/" "Mozilla/5.0 (Windows NT 10.0; Win64; x64) AppleWebKit/537.36 (KHTML, like Gecko) Chrome/145.0.0.0 Safari/537.36 (compatible; meta-externalagent/1.1 (+https://developers.facebook.com/docs/sharing/webmasters/crawler))"
57.141.14.113 - - [27/Aug/2026:00:47:40 +0700] "GET /wp-content/cache/min/1/wp-content/plugins/elementskit-lite/modules/elementskit-icon-pack/assets/css/ekiticons.css?ver=1775054822 HTTP/2" 200 10860 "https://arlindo.ac.id/arlindo-meriahkan-hut-ke-81-ri-dengan-semangat-merdeka-bersama-berbagi-kebahagiaan-tumbuh-bersama/" "Mozilla/5.0 (Windows NT 10.0; Win64; x64) AppleWebKit/537.36 (KHTML, like Gecko) Chrome/145.0.0.0 Safari/537.36 (compatible; meta-externalagent/1.1 (+https://developers.facebook.com/docs/sharing/webmasters/crawler))"
57.141.14.56 - - [27/Aug/2026:00:47:40 +0700] "GET /wp-content/cache/min/1/wp-content/plugins/elementor/assets/lib/font-awesome/css/all.min.css?ver=1775054822 HTTP/2" 200 12878 "https://arlindo.ac.id/arlindo-meriahkan-hut-ke-81-ri-dengan-semangat-merdeka-bersama-berbagi-kebahagiaan-tumbuh-bersama/" "Mozilla/5.0 (Windows NT 10.0; Win64; x64) AppleWebKit/537.36 (KHTML, like Gecko) Chrome/145.0.0.0 Safari/537.36 (compatible; meta-externalagent/1.1 (+https://developers.facebook.com/docs/sharing/webmasters/crawler))"
57.141.14.39 - - [27/Aug/2026:00:47:40 +0700] "GET /wp-content/cache/min/1/wp-content/themes/hello-elementor/assets/css/header-footer.css?ver=1775054822 HTTP/2" 200 1415 "https://arlindo.ac.id/arlindo-meriahkan-hut-ke-81-ri-dengan-semangat-merdeka-bersama-berbagi-kebahagiaan-tumbuh-bersama/" "Mozilla/5.0 (Windows NT 10.0; Win64; x64) AppleWebKit/537.36 (KHTML, like Gecko) Chrome/145.0.0.0 Safari/537.36 (compatible; meta-externalagent/1.1 (+https://developers.facebook.com/docs/sharing/webmasters/crawler))"
57.141.14.38 - - [27/Aug/2026:00:47:40 +0700] "GET /wp-content/plugins/elementor/assets/lib/animations/styles/e-animation-grow.min.css?ver=4.0.1 HTTP/2" 200 198 "https://arlindo.ac.id/arlindo-meriahkan-hut-ke-81-ri-dengan-semangat-merdeka-bersama-berbagi-kebahagiaan-tumbuh-bersama/" "Mozilla/5.0 (Windows NT 10.0; Win64; x64) AppleWebKit/537.36 (KHTML, like Gecko) Chrome/145.0.0.0 Safari/537.36 (compatible; meta-externalagent/1.1 (+https://developers.facebook.com/docs/sharing/webmasters/crawler))"
57.141.14.82 - - [27/Aug/2026:00:47:40 +0700] "GET /wp-content/plugins/royal-elementor-addons/assets/css/lib/animations/text-animations.min.css?ver=1.7.1056 HTTP/2" 200 1516 "https://arlindo.ac.id/arlindo-meriahkan-hut-ke-81-ri-dengan-semangat-merdeka-bersama-berbagi-kebahagiaan-tumbuh-bersama/" "Mozilla/5.0 (Windows NT 10.0; Win64; x64) AppleWebKit/537.36 (KHTML, like Gecko) Chrome/145.0.0.0 Safari/537.36 (compatible; meta-externalagent/1.1 (+https://developers.facebook.com/docs/sharing/webmasters/crawler))"
57.141.14.44 - - [27/Aug/2026:00:47:41 +0700] "GET /wp-content/cache/min/1/wp-content/themes/hello-elementor/assets/css/theme.css?ver=1775054822 HTTP/2" 200 1269 "https://arlindo.ac.id/arlindo-meriahkan-hut-ke-81-ri-dengan-semangat-merdeka-bersama-berbagi-kebahagiaan-tumbuh-bersama/" "Mozilla/5.0 (Windows NT 10.0; Win64; x64) AppleWebKit/537.36 (KHTML, like Gecko) Chrome/145.0.0.0 Safari/537.36 (compatible; meta-externalagent/1.1 (+https://developers.facebook.com/docs/sharing/webmasters/crawler))"
57.141.14.94 - - [27/Aug/2026:00:47:40 +0700] "GET /wp-content/uploads/2026/08/IMG_3684-1024x683.jpg HTTP/2" 200 127407 "https://arlindo.ac.id/arlindo-meriahkan-hut-ke-81-ri-dengan-semangat-merdeka-bersama-berbagi-kebahagiaan-tumbuh-bersama/" "Mozilla/5.0 (Windows NT 10.0; Win64; x64) AppleWebKit/537.36 (KHTML, like Gecko) Chrome/145.0.0.0 Safari/537.36 (compatible; meta-externalagent/1.1 (+https://developers.facebook.com/docs/sharing/webmasters/crawler))"
57.141.14.98 - - [27/Aug/2026:00:47:41 +0700] "GET /wp-content/plugins/elementor/assets/css/widget-social-icons.min.css?ver=4.0.1 HTTP/2" 200 1130 "https://arlindo.ac.id/arlindo-meriahkan-hut-ke-81-ri-dengan-semangat-merdeka-bersama-berbagi-kebahagiaan-tumbuh-bersama/" "Mozilla/5.0 (Windows NT 10.0; Win64; x64) AppleWebKit/537.36 (KHTML, like Gecko) Chrome/145.0.0.0 Safari/537.36 (compatible; meta-externalagent/1.1 (+https://developers.facebook.com/docs/sharing/webmasters/crawler))"
57.141.14.91 - - [27/Aug/2026:00:47:42 +0700] "GET /wp-includes/js/comment-reply.min.js?ver=7.1 HTTP/2" 200 1350 "https://arlindo.ac.id/arlindo-meriahkan-hut-ke-81-ri-dengan-semangat-merdeka-bersama-berbagi-kebahagiaan-tumbuh-bersama/" "Mozilla/5.0 (Windows NT 10.0; Win64; x64) AppleWebKit/537.36 (KHTML, like Gecko) Chrome/145.0.0.0 Safari/537.36 (compatible; meta-externalagent/1.1 (+https://developers.facebook.com/docs/sharing/webmasters/crawler))"
57.141.14.11 - - [27/Aug/2026:00:47:42 +0700] "GET /wp-content/uploads/2025/07/mt-sample-background.jpg HTTP/2" 200 217593 "https://arlindo.ac.id/arlindo-meriahkan-hut-ke-81-ri-dengan-semangat-merdeka-bersama-berbagi-kebahagiaan-tumbuh-bersama/" "Mozilla/5.0 (Windows NT 10.0; Win64; x64) AppleWebKit/537.36 (KHTML, like Gecko) Chrome/145.0.0.0 Safari/537.36 (compatible; meta-externalagent/1.1 (+https://developers.facebook.com/docs/sharing/webmasters/crawler))"
57.141.14.92 - - [27/Aug/2026:00:47:43 +0700] "GET /wp-content/plugins/elementor/assets/css/conditionals/apple-webkit.min.css?ver=4.0.1 HTTP/2" 200 542 "https://arlindo.ac.id/arlindo-meriahkan-hut-ke-81-ri-dengan-semangat-merdeka-bersama-berbagi-kebahagiaan-tumbuh-bersama/" "Mozilla/5.0 (Windows NT 10.0; Win64; x64) AppleWebKit/537.36 (KHTML, like Gecko) Chrome/145.0.0.0 Safari/537.36 (compatible; meta-externalagent/1.1 (+https://developers.facebook.com/docs/sharing/webmasters/crawler))"
103.59.161.152 - - [27/Aug/2026:00:47:28 +0700] "POST /wp-login.php HTTP/1.1" 200 0 "-" "Mozilla/5.0"
57.141.14.66 - - [27/Aug/2026:00:47:44 +0700] "POST /wp-admin/admin-ajax.php HTTP/2" 200 61 "https://arlindo.ac.id/arlindo-meriahkan-hut-ke-81-ri-dengan-semangat-merdeka-bersama-berbagi-kebahagiaan-tumbuh-bersama/" "Mozilla/5.0 (Windows NT 10.0; Win64; x64) AppleWebKit/537.36 (KHTML, like Gecko) Chrome/145.0.0.0 Safari/537.36 (compatible; meta-externalagent/1.1 (+https://developers.facebook.com/docs/sharing/webmasters/crawler))"
91.92.242.197 - - [27/Aug/2026:00:47:16 +0700] "POST /wp-login.php HTTP/1.1" 200 0 "-" "Mozilla/5.0"
45.148.10.74 - - [27/Aug/2026:00:48:26 +0700] "GET /wp-json/gravitysmtp/v1/tests/mock-data HTTP/1.1" 401 53 "http://webdisk.arlindo.ac.id/wp-json/gravitysmtp/v1/tests/mock-data?page=gravitysmtp-settings" "Mozilla/5.0 (compatible; SecurityResearch/1.0; )"
103.59.161.152 - - [27/Aug/2026:00:48:56 +0700] "POST /wp-login.php HTTP/1.1" 200 0 "-" "Mozilla/5.0"
91.92.242.197 - - [27/Aug/2026:00:48:56 +0700] "POST /wp-login.php HTTP/1.1" 200 0 "-" "Mozilla/5.0"
202.10.43.32 - - [27/Aug/2026:00:49:28 +0700] "GET /mou-stie-arlindo-dan-dongseo-university/ HTTP/1.1" 200 24761 "-" "AccelerateWP/Preload"
202.10.43.32 - - [27/Aug/2026:00:49:28 +0700] "GET /mou-stie-arlindo-dan-dongseo-university/ HTTP/1.1" 200 17504 "-" "AccelerateWP/Preload Mozilla/5.0 (iPhone; CPU iPhone OS 9_1 like Mac OS X) AppleWebKit/601.1.46 (KHTML, like Gecko) Version/9.0 Mobile/13B143 Safari/601.1"
202.10.43.32 - - [27/Aug/2026:00:49:30 +0700] "GET /category/organisasi-kampus/ HTTP/1.1" 200 19576 "-" "AccelerateWP/Preload"
5.161.73.160 - - [27/Aug/2026:00:49:30 +0700] "HEAD / HTTP/1.1" 200 0 "https://arlindo.ac.id" "Mozilla/5.0+(compatible; UptimeRobot/2.0; http://www.uptimerobot.com/)"
202.10.43.32 - - [27/Aug/2026:00:49:31 +0700] "GET /category/organisasi-kampus/ HTTP/1.1" 200 19435 "-" "AccelerateWP/Preload Mozilla/5.0 (iPhone; CPU iPhone OS 9_1 like Mac OS X) AppleWebKit/601.1.46 (KHTML, like Gecko) Version/9.0 Mobile/13B143 Safari/601.1"
202.10.43.32 - - [27/Aug/2026:00:49:33 +0700] "GET /mou-stie-arlindo-dengan-unjani/ HTTP/1.1" 200 25021 "-" "AccelerateWP/Preload"
202.10.43.32 - - [27/Aug/2026:00:49:33 +0700] "GET /mou-stie-arlindo-dengan-unjani/ HTTP/1.1" 200 25276 "-" "AccelerateWP/Preload Mozilla/5.0 (iPhone; CPU iPhone OS 9_1 like Mac OS X) AppleWebKit/601.1.46 (KHTML, like Gecko) Version/9.0 Mobile/13B143 Safari/601.1"
202.10.43.32 - - [27/Aug/2026:00:49:35 +0700] "GET /kuliah-kelas-karyawan-di-cibubur-bekasi/ HTTP/1.1" 200 26252 "-" "AccelerateWP/Preload"
202.10.43.32 - - [27/Aug/2026:00:49:35 +0700] "GET /kuliah-kelas-karyawan-di-cibubur-bekasi/ HTTP/1.1" 200 26147 "-" "AccelerateWP/Preload Mozilla/5.0 (iPhone; CPU iPhone OS 9_1 like Mac OS X) AppleWebKit/601.1.46 (KHTML, like Gecko) Version/9.0 Mobile/13B143 Safari/601.1"
202.10.43.32 - - [27/Aug/2026:00:49:37 +0700] "GET /2026/06/26/ HTTP/1.1" 200 17429 "-" "AccelerateWP/Preload"
202.10.43.32 - - [27/Aug/2026:00:49:38 +0700] "GET /2026/06/26/ HTTP/1.1" 200 17446 "-" "AccelerateWP/Preload Mozilla/5.0 (iPhone; CPU iPhone OS 9_1 like Mac OS X) AppleWebKit/601.1.46 (KHTML, like Gecko) Version/9.0 Mobile/13B143 Safari/601.1"
103.59.161.152 - - [27/Aug/2026:00:50:18 +0700] "POST /wp-login.php HTTP/1.1" 200 0 "-" "Mozilla/5.0"
91.92.242.197 - - [27/Aug/2026:00:50:36 +0700] "POST /wp-login.php HTTP/1.1" 200 0 "-" "Mozilla/5.0"
52.167.144.213 - - [27/Aug/2026:00:51:04 +0700] "GET / HTTP/2" 200 30839 "-" "Mozilla/5.0 AppleWebKit/537.36 (KHTML, like Gecko; compatible; bingbot/2.0; +http://www.bing.com/bingbot.htm) Chrome/116.0.1938.76 Safari/537.36"
202.10.43.32 - - [27/Aug/2026:00:51:07 +0700] "POST /wp-cron.php?doing_wp_cron=1787766667.4282109737396240234375 HTTP/1.1" 200 0 "-" "WordPress/7.1; https://arlindo.ac.id"
202.10.43.32 - - [27/Aug/2026:00:51:08 +0700] "GET /jurusan-manajemen-cibubur/ HTTP/1.1" 200 28242 "-" "AccelerateWP/Preload"
202.10.43.32 - - [27/Aug/2026:00:51:08 +0700] "GET /jurusan-manajemen-cibubur/ HTTP/1.1" 200 15710 "-" "AccelerateWP/Preload Mozilla/5.0 (iPhone; CPU iPhone OS 9_1 like Mac OS X) AppleWebKit/601.1.46 (KHTML, like Gecko) Version/9.0 Mobile/13B143 Safari/601.1"
202.10.43.32 - - [27/Aug/2026:00:51:10 +0700] "GET /ide-bisnis-2025-anak-muda/ HTTP/1.1" 200 29921 "-" "AccelerateWP/Preload"
202.10.43.32 - - [27/Aug/2026:00:51:10 +0700] "GET /ide-bisnis-2025-anak-muda/ HTTP/1.1" 200 16459 "-" "AccelerateWP/Preload Mozilla/5.0 (iPhone; CPU iPhone OS 9_1 like Mac OS X) AppleWebKit/601.1.46 (KHTML, like Gecko) Version/9.0 Mobile/13B143 Safari/601.1"
202.10.43.32 - - [27/Aug/2026:00:51:12 +0700] "GET /stie-arlindo-sukses-selenggarakan-tes-potensi-akademik-tpa-gelombang-1-bagi-95-calon-penerima-kip-kuliah/ HTTP/1.1" 200 18155 "-" "AccelerateWP/Preload"
52.167.144.189 - - [27/Aug/2026:00:51:13 +0700] "GET /stie-arlindo-dan-universitas-tidar-perkuat-kolaborasi-melalui-penandatanganan-mou-tri-dharma-perguruan-tinggi/ HTTP/2" 200 25984 "-" "Mozilla/5.0 AppleWebKit/537.36 (KHTML, like Gecko; compatible; bingbot/2.0; +http://www.bing.com/bingbot.htm) Chrome/116.0.1938.76 Safari/537.36"
52.167.144.189 - - [27/Aug/2026:00:51:14 +0700] "GET /stie-arlindo-gelar-seminar-nasional-bekali-generasi-muda-dengan-skill-leadership-dan-networking/ HTTP/2" 200 25935 "-" "Mozilla/5.0 AppleWebKit/537.36 (KHTML, like Gecko; compatible; bingbot/2.0; +http://www.bing.com/bingbot.htm) Chrome/116.0.1938.76 Safari/537.36"
202.10.43.32 - - [27/Aug/2026:00:51:13 +0700] "GET /stie-arlindo-sukses-selenggarakan-tes-potensi-akademik-tpa-gelombang-1-bagi-95-calon-penerima-kip-kuliah/ HTTP/1.1" 200 18138 "-" "AccelerateWP/Preload Mozilla/5.0 (iPhone; CPU iPhone OS 9_1 like Mac OS X) AppleWebKit/601.1.46 (KHTML, like Gecko) Version/9.0 Mobile/13B143 Safari/601.1"
202.10.43.32 - - [27/Aug/2026:00:51:15 +0700] "GET /17-agustus-2025-arlindo-group-cibubur/ HTTP/1.1" 200 27534 "-" "AccelerateWP/Preload"
202.10.43.32 - - [27/Aug/2026:00:51:15 +0700] "GET /17-agustus-2025-arlindo-group-cibubur/ HTTP/1.1" 200 16434 "-" "AccelerateWP/Preload Mozilla/5.0 (iPhone; CPU iPhone OS 9_1 like Mac OS X) AppleWebKit/601.1.46 (KHTML, like Gecko) Version/9.0 Mobile/13B143 Safari/601.1"
52.167.144.213 - - [27/Aug/2026:00:51:17 +0700] "GET /pt-arlindo-mitra-perkasa-holding-company-jalin-mou-dengan-untidar-perluas-akses-beasiswa/ HTTP/2" 200 25484 "-" "Mozilla/5.0 AppleWebKit/537.36 (KHTML, like Gecko; compatible; bingbot/2.0; +http://www.bing.com/bingbot.htm) Chrome/116.0.1938.76 Safari/537.36"
157.55.39.52 - - [27/Aug/2026:00:51:17 +0700] "GET /category/ekonomi/ HTTP/2" 200 19517 "-" "Mozilla/5.0 AppleWebKit/537.36 (KHTML, like Gecko; compatible; bingbot/2.0; +http://www.bing.com/bingbot.htm) Chrome/116.0.1938.76 Safari/537.36"
157.55.39.52 - - [27/Aug/2026:00:51:18 +0700] "GET /tes-wawancara-kip-kuliah-stie-arlindo-langkah-awal-menuju-generasi-unggul-dan-siap-kerja/ HTTP/2" 200 24592 "-" "Mozilla/5.0 AppleWebKit/537.36 (KHTML, like Gecko; compatible; bingbot/2.0; +http://www.bing.com/bingbot.htm) Chrome/116.0.1938.76 Safari/537.36"
202.10.43.32 - - [27/Aug/2026:00:51:17 +0700] "GET /2026/06/27/ HTTP/1.1" 200 17299 "-" "AccelerateWP/Preload"
202.10.43.32 - - [27/Aug/2026:00:51:18 +0700] "GET /2026/06/27/ HTTP/1.1" 200 17318 "-" "AccelerateWP/Preload Mozilla/5.0 (iPhone; CPU iPhone OS 9_1 like Mac OS X) AppleWebKit/601.1.46 (KHTML, like Gecko) Version/9.0 Mobile/13B143 Safari/601.1"
202.10.43.32 - - [27/Aug/2026:00:51:20 +0700] "GET /peresmian-stie-arlindo/ HTTP/1.1" 200 26378 "-" "AccelerateWP/Preload"
202.10.43.32 - - [27/Aug/2026:00:51:20 +0700] "GET /peresmian-stie-arlindo/ HTTP/1.1" 200 19274 "-" "AccelerateWP/Preload Mozilla/5.0 (iPhone; CPU iPhone OS 9_1 like Mac OS X) AppleWebKit/601.1.46 (KHTML, like Gecko) Version/9.0 Mobile/13B143 Safari/601.1"
202.10.43.32 - - [27/Aug/2026:00:51:22 +0700] "GET /ide-bisnis-2026-anak-muda/ HTTP/1.1" 200 26746 "-" "AccelerateWP/Preload"
202.10.43.32 - - [27/Aug/2026:00:51:22 +0700] "GET /ide-bisnis-2026-anak-muda/ HTTP/1.1" 200 18546 "-" "AccelerateWP/Preload Mozilla/5.0 (iPhone; CPU iPhone OS 9_1 like Mac OS X) AppleWebKit/601.1.46 (KHTML, like Gecko) Version/9.0 Mobile/13B143 Safari/601.1"
202.10.43.32 - - [27/Aug/2026:00:51:24 +0700] "GET /stie-arlindo-gelar-workshop-revolusi-kurikulum-integrasi-artificial-intelligence-dan-obe-untuk-pengembangan-adaptif-dan-berkelanjutan/ HTTP/1.1" 200 32112 "-" "AccelerateWP/Preload"
202.10.43.32 - - [27/Aug/2026:00:51:25 +0700] "GET /stie-arlindo-gelar-workshop-revolusi-kurikulum-integrasi-artificial-intelligence-dan-obe-untuk-pengembangan-adaptif-dan-berkelanjutan/ HTTP/1.1" 200 32152 "-" "AccelerateWP/Preload Mozilla/5.0 (iPhone; CPU iPhone OS 9_1 like Mac OS X) AppleWebKit/601.1.46 (KHTML, like Gecko) Version/9.0 Mobile/13B143 Safari/601.1"
202.10.43.32 - - [27/Aug/2026:00:51:27 +0700] "GET /author/yadi/ HTTP/1.1" 200 23232 "-" "AccelerateWP/Preload"
202.10.43.32 - - [27/Aug/2026:00:51:28 +0700] "GET /author/yadi/ HTTP/1.1" 200 23269 "-" "AccelerateWP/Preload Mozilla/5.0 (iPhone; CPU iPhone OS 9_1 like Mac OS X) AppleWebKit/601.1.46 (KHTML, like Gecko) Version/9.0 Mobile/13B143 Safari/601.1"
103.59.161.152 - - [27/Aug/2026:00:51:33 +0700] "POST /wp-login.php HTTP/1.1" 200 0 "-" "Mozilla/5.0"
91.92.242.197 - - [27/Aug/2026:00:52:13 +0700] "POST /wp-login.php HTTP/1.1" 200 0 "-" "Mozilla/5.0"
103.59.161.152 - - [27/Aug/2026:00:52:56 +0700] "POST /wp-login.php HTTP/1.1" 200 0 "-" "Mozilla/5.0"
91.92.242.197 - - [27/Aug/2026:00:53:52 +0700] "POST /wp-login.php HTTP/1.1" 200 0 "-" "Mozilla/5.0"
202.10.43.32 - - [27/Aug/2026:00:54:25 +0700] "POST /wp-cron.php?doing_wp_cron=1787766864.9908540248870849609375 HTTP/1.1" 200 0 "-" "WordPress/7.1; https://arlindo.ac.id"
34.132.98.154 - - [27/Aug/2026:00:54:21 +0700] "GET /2026/08/20 HTTP/2" 301 0 "-" "Mozilla/5.0 AppleWebKit/537.36 (KHTML, like Gecko; compatible; SleepBot/1.0; +http://sleepbot.com/) Chrome/131.0.0.0 Safari/537.36"
202.10.43.32 - - [27/Aug/2026:00:54:26 +0700] "GET /category/kerjasama-mou/ HTTP/1.1" 200 19529 "-" "AccelerateWP/Preload"
34.132.98.154 - - [27/Aug/2026:00:54:25 +0700] "GET /2026/08/20/ HTTP/2" 200 19154 "https://arlindo.ac.id/2026/08/20" "Mozilla/5.0 AppleWebKit/537.36 (KHTML, like Gecko; compatible; SleepBot/1.0; +http://sleepbot.com/) Chrome/131.0.0.0 Safari/537.36"
202.10.43.32 - - [27/Aug/2026:00:54:26 +0700] "GET /category/kerjasama-mou/ HTTP/1.1" 200 17954 "-" "AccelerateWP/Preload Mozilla/5.0 (iPhone; CPU iPhone OS 9_1 like Mac OS X) AppleWebKit/601.1.46 (KHTML, like Gecko) Version/9.0 Mobile/13B143 Safari/601.1"
202.10.43.32 - - [27/Aug/2026:00:54:28 +0700] "GET /2026/06/30/ HTTP/1.1" 200 18816 "-" "AccelerateWP/Preload"
202.10.43.32 - - [27/Aug/2026:00:54:29 +0700] "GET /2026/06/30/ HTTP/1.1" 200 18867 "-" "AccelerateWP/Preload Mozilla/5.0 (iPhone; CPU iPhone OS 9_1 like Mac OS X) AppleWebKit/601.1.46 (KHTML, like Gecko) Version/9.0 Mobile/13B143 Safari/601.1"
35.192.118.43 - - [27/Aug/2026:00:54:31 +0700] "GET /prospek-kerja-lulusan-manajemen-tahun-2026-peluang-karier-dan-gaji-menjanjikan HTTP/2" 301 0 "-" "Mozilla/5.0 AppleWebKit/537.36 (KHTML, like Gecko; compatible; SleepBot/1.0; +http://sleepbot.com/) Chrome/131.0.0.0 Safari/537.36"
35.192.118.43 - - [27/Aug/2026:00:54:32 +0700] "GET /prospek-kerja-lulusan-manajemen-tahun-2026-peluang-karier-dan-gaji-menjanjikan/ HTTP/2" 200 27499 "https://arlindo.ac.id/prospek-kerja-lulusan-manajemen-tahun-2026-peluang-karier-dan-gaji-menjanjikan" "Mozilla/5.0 AppleWebKit/537.36 (KHTML, like Gecko; compatible; SleepBot/1.0; +http://sleepbot.com/) Chrome/131.0.0.0 Safari/537.36"
202.10.43.32 - - [27/Aug/2026:00:54:31 +0700] "GET /category/uncategorized/ HTTP/1.1" 200 17791 "-" "AccelerateWP/Preload"
202.10.43.32 - - [27/Aug/2026:00:54:32 +0700] "GET /category/uncategorized/ HTTP/1.1" 200 17873 "-" "AccelerateWP/Preload Mozilla/5.0 (iPhone; CPU iPhone OS 9_1 like Mac OS X) AppleWebKit/601.1.46 (KHTML, like Gecko) Version/9.0 Mobile/13B143 Safari/601.1"
202.10.43.32 - - [27/Aug/2026:00:54:34 +0700] "GET /2026/03/14/ HTTP/1.1" 200 22577 "-" "AccelerateWP/Preload"
202.10.43.32 - - [27/Aug/2026:00:54:35 +0700] "GET /2026/03/14/ HTTP/1.1" 200 22560 "-" "AccelerateWP/Preload Mozilla/5.0 (iPhone; CPU iPhone OS 9_1 like Mac OS X) AppleWebKit/601.1.46 (KHTML, like Gecko) Version/9.0 Mobile/13B143 Safari/601.1"
202.10.43.32 - - [27/Aug/2026:00:54:37 +0700] "GET /2026/07/07/ HTTP/1.1" 200 17560 "-" "AccelerateWP/Preload"
202.10.43.32 - - [27/Aug/2026:00:54:38 +0700] "GET /2026/07/07/ HTTP/1.1" 200 17540 "-" "AccelerateWP/Preload Mozilla/5.0 (iPhone; CPU iPhone OS 9_1 like Mac OS X) AppleWebKit/601.1.46 (KHTML, like Gecko) Version/9.0 Mobile/13B143 Safari/601.1"
202.10.43.32 - - [27/Aug/2026:00:54:40 +0700] "GET /2026/03/02/ HTTP/1.1" 200 23283 "-" "AccelerateWP/Preload"
202.10.43.32 - - [27/Aug/2026:00:54:41 +0700] "GET /2026/03/02/ HTTP/1.1" 200 23277 "-" "AccelerateWP/Preload Mozilla/5.0 (iPhone; CPU iPhone OS 9_1 like Mac OS X) AppleWebKit/601.1.46 (KHTML, like Gecko) Version/9.0 Mobile/13B143 Safari/601.1"
