158.23.184.117 - - [26/Aug/2026:22:32:01 +0700] "GET /wp-includes/bak.php HTTP/1.1" 404 16136 "-" "Mozilla/5.0 (Windows NT 10.0; Win64; x64) AppleWebKit/537.36 (KHTML, like Gecko) Chrome/120.0.0.0 Safari/537.36"
158.23.184.117 - - [26/Aug/2026:22:32:02 +0700] "GET /wp-includes/block-patterns/post.php HTTP/1.1" 404 15065 "-" "Mozilla/5.0 (Windows NT 10.0; Win64; x64) AppleWebKit/537.36 (KHTML, like Gecko) Chrome/120.0.0.0 Safari/537.36"
158.23.184.117 - - [26/Aug/2026:22:32:04 +0700] "GET /wp-includes/cloud.php HTTP/1.1" 404 16136 "-" "Mozilla/5.0 (Windows NT 10.0; Win64; x64) AppleWebKit/537.36 (KHTML, like Gecko) Chrome/120.0.0.0 Safari/537.36"
158.23.184.117 - - [26/Aug/2026:22:32:05 +0700] "GET /wp-includes/customize/post.php HTTP/1.1" 404 15065 "-" "Mozilla/5.0 (Windows NT 10.0; Win64; x64) AppleWebKit/537.36 (KHTML, like Gecko) Chrome/120.0.0.0 Safari/537.36"
158.23.184.117 - - [26/Aug/2026:22:32:06 +0700] "GET /wp-includes/function.php HTTP/1.1" 404 16136 "-" "Mozilla/5.0 (Windows NT 10.0; Win64; x64) AppleWebKit/537.36 (KHTML, like Gecko) Chrome/120.0.0.0 Safari/537.36"
202.10.43.32 - - [26/Aug/2026:22:32:10 +0700] "POST /wp-cron.php?doing_wp_cron=1787758330.5437600612640380859375 HTTP/1.1" 200 0 "-" "WordPress/7.1; https://arlindo.ac.id"
158.23.184.117 - - [26/Aug/2026:22:32:09 +0700] "GET /wp-includes/images/css.php HTTP/1.1" 404 15065 "-" "Mozilla/5.0 (Windows NT 10.0; Win64; x64) AppleWebKit/537.36 (KHTML, like Gecko) Chrome/120.0.0.0 Safari/537.36"
204.12.162.30 - - [26/Aug/2026:22:32:10 +0700] "GET /robots.txt HTTP/2" 200 108 "-" "Mozilla/5.0 (Linux; Android 10; K) AppleWebKit/537.36 (KHTML, like Gecko) Chrome/131.0.0.0 Mobile Safari/537.36"
158.23.184.117 - - [26/Aug/2026:22:32:10 +0700] "GET /wp-includes/pomo/post.php HTTP/1.1" 404 15065 "-" "Mozilla/5.0 (Windows NT 10.0; Win64; x64) AppleWebKit/537.36 (KHTML, like Gecko) Chrome/120.0.0.0 Safari/537.36"
204.12.162.30 - - [26/Aug/2026:22:32:11 +0700] "GET /.well-known/tdmrep.json HTTP/2" 404 16192 "-" "Mozilla/5.0 (Linux; Android 10; K) AppleWebKit/537.36 (KHTML, like Gecko) Chrome/131.0.0.0 Mobile Safari/537.36"
158.23.184.117 - - [26/Aug/2026:22:32:12 +0700] "GET /wp-includes/repeater.php HTTP/1.1" 404 16136 "-" "Mozilla/5.0 (Windows NT 10.0; Win64; x64) AppleWebKit/537.36 (KHTML, like Gecko) Chrome/120.0.0.0 Safari/537.36"
204.12.162.30 - - [26/Aug/2026:22:32:13 +0700] "GET /ai.txt HTTP/2" 404 16192 "-" "Mozilla/5.0 (Linux; Android 10; K) AppleWebKit/537.36 (KHTML, like Gecko) Chrome/131.0.0.0 Mobile Safari/537.36"
158.23.184.117 - - [26/Aug/2026:22:32:14 +0700] "GET /wp-includes/rest-api/post.php HTTP/1.1" 404 15065 "-" "Mozilla/5.0 (Windows NT 10.0; Win64; x64) AppleWebKit/537.36 (KHTML, like Gecko) Chrome/120.0.0.0 Safari/537.36"
158.23.184.117 - - [26/Aug/2026:22:32:15 +0700] "GET /wp-includes/system_log.php?p= HTTP/1.1" 301 0 "-" "Mozilla/5.0 (Windows NT 10.0; Win64; x64) AppleWebKit/537.36 (KHTML, like Gecko) Chrome/120.0.0.0 Safari/537.36"
158.23.184.117 - - [26/Aug/2026:22:32:16 +0700] "GET /wp-includes/themes.php HTTP/1.1" 404 16136 "-" "Mozilla/5.0 (Windows NT 10.0; Win64; x64) AppleWebKit/537.36 (KHTML, like Gecko) Chrome/120.0.0.0 Safari/537.36"
158.23.184.117 - - [26/Aug/2026:22:32:17 +0700] "GET /wp-includes/widgets/post.php HTTP/1.1" 404 15065 "-" "Mozilla/5.0 (Windows NT 10.0; Win64; x64) AppleWebKit/537.36 (KHTML, like Gecko) Chrome/120.0.0.0 Safari/537.36"
158.23.184.117 - - [26/Aug/2026:22:32:20 +0700] "GET /wp-includes/wp-activate.php HTTP/1.1" 404 16136 "-" "Mozilla/5.0 (Windows NT 10.0; Win64; x64) AppleWebKit/537.36 (KHTML, like Gecko) Chrome/120.0.0.0 Safari/537.36"
158.23.184.117 - - [26/Aug/2026:22:32:21 +0700] "GET /wp-includes/wp-login.php HTTP/1.1" 404 16136 "-" "Mozilla/5.0 (Windows NT 10.0; Win64; x64) AppleWebKit/537.36 (KHTML, like Gecko) Chrome/120.0.0.0 Safari/537.36"
158.23.184.117 - - [26/Aug/2026:22:32:22 +0700] "GET /wp-links-opml.php HTTP/1.1" 200 157 "-" "Mozilla/5.0 (Windows NT 10.0; Win64; x64) AppleWebKit/537.36 (KHTML, like Gecko) Chrome/120.0.0.0 Safari/537.36"
158.23.184.117 - - [26/Aug/2026:22:32:23 +0700] "GET /wp-p.php7 HTTP/1.1" 404 16192 "-" "Mozilla/5.0 (Windows NT 10.0; Win64; x64) AppleWebKit/537.36 (KHTML, like Gecko) Chrome/120.0.0.0 Safari/537.36"
158.23.184.117 - - [26/Aug/2026:22:32:24 +0700] "GET /ws.php7 HTTP/1.1" 404 16192 "-" "Mozilla/5.0 (Windows NT 10.0; Win64; x64) AppleWebKit/537.36 (KHTML, like Gecko) Chrome/120.0.0.0 Safari/537.36"
158.23.184.117 - - [26/Aug/2026:22:32:26 +0700] "GET /wsoyanz.php HTTP/1.1" 404 16136 "-" "Mozilla/5.0 (Windows NT 10.0; Win64; x64) AppleWebKit/537.36 (KHTML, like Gecko) Chrome/120.0.0.0 Safari/537.36"
158.23.184.117 - - [26/Aug/2026:22:32:27 +0700] "GET /xmrlpc.php?p= HTTP/1.1" 301 0 "-" "Mozilla/5.0 (Windows NT 10.0; Win64; x64) AppleWebKit/537.36 (KHTML, like Gecko) Chrome/120.0.0.0 Safari/537.36"
3.149.57.90 - - [26/Aug/2026:22:32:43 +0700] "HEAD / HTTP/1.1" 200 0 "https://arlindo.ac.id" "Mozilla/5.0+(compatible; UptimeRobot/2.0; http://www.uptimerobot.com/)"
47.79.228.42 - - [26/Aug/2026:22:33:16 +0700] "GET / HTTP/1.1" 301 0 "-" "Mozilla/5.0 (Windows NT 10.0; Win64; x64; rv:126.0) Gecko/20100101 Firefox/126.0"
202.10.43.32 - - [26/Aug/2026:22:33:17 +0700] "POST /wp-cron.php?doing_wp_cron=1787758396.9985969066619873046875 HTTP/1.1" 200 0 "-" "WordPress/7.1; https://arlindo.ac.id"
47.79.228.42 - - [26/Aug/2026:22:33:17 +0700] "GET /wp-content/plugins/pods/readme.txt HTTP/1.1" 404 17264 "-" "Mozilla/5.0 (Macintosh; Intel Mac OS X 10_15_7) AppleWebKit/537.36 (KHTML, like Gecko) Chrome/125.0.0.0 Safari/537.36"
47.79.228.42 - - [26/Aug/2026:22:33:20 +0700] "GET /wp-content/plugins/pods/init.php HTTP/1.1" 404 17231 "-" "Mozilla/5.0 (Windows NT 10.0; Win64; x64; rv:126.0) Gecko/20100101 Firefox/126.0"
52.15.147.27 - - [26/Aug/2026:22:38:08 +0700] "HEAD / HTTP/1.1" 200 0 "https://arlindo.ac.id" "Mozilla/5.0+(compatible; UptimeRobot/2.0; http://www.uptimerobot.com/)"
47.79.228.42 - - [26/Aug/2026:22:38:56 +0700] "GET / HTTP/1.1" 200 36596 "-" "Mozilla/5.0 (X11; Linux x86_64) AppleWebKit/537.36 (KHTML, like Gecko) Chrome/124.0.0.0 Safari/537.36"
202.10.43.32 - - [26/Aug/2026:22:39:02 +0700] "POST /wp-cron.php?doing_wp_cron=1787758742.2626221179962158203125 HTTP/1.1" 200 0 "-" "WordPress/7.1; https://arlindo.ac.id"
47.79.228.42 - - [26/Aug/2026:22:38:56 +0700] "GET /wp-content/plugins/pods/readme.txt HTTP/1.1" 404 17282 "-" "Mozilla/5.0 (Windows NT 10.0; Win64; x64) AppleWebKit/537.36 (KHTML, like Gecko) Chrome/125.0.0.0 Safari/537.36"
47.79.228.42 - - [26/Aug/2026:22:39:04 +0700] "GET /wp-content/plugins/pods/init.php HTTP/1.1" 404 17223 "-" "Mozilla/5.0 (Macintosh; Intel Mac OS X 10_15_7) AppleWebKit/537.36 (KHTML, like Gecko) Chrome/125.0.0.0 Safari/537.36"
9.129.55.249 - - [26/Aug/2026:22:39:20 +0700] "GET /jurusan-manajemen-cibubur/ HTTP/2" 200 28200 "-" "Mozilla/5.0 AppleWebKit/537.36 (KHTML, like Gecko); compatible; ChatGPT-User/1.0; +https://openai.com/bot"
9.129.55.249 - - [26/Aug/2026:22:39:20 +0700] "GET /stie-arlindo-serahkan-beasiswa-kuliah-kepada-empat-wisudawan-sma-yapisa/ HTTP/2" 200 25466 "-" "Mozilla/5.0 AppleWebKit/537.36 (KHTML, like Gecko); compatible; ChatGPT-User/1.0; +https://openai.com/bot"
9.129.55.249 - - [26/Aug/2026:22:39:22 +0700] "GET / HTTP/2" 200 30945 "-" "Mozilla/5.0 AppleWebKit/537.36 (KHTML, like Gecko); compatible; ChatGPT-User/1.0; +https://openai.com/bot"
202.10.43.32 - - [26/Aug/2026:22:41:12 +0700] "POST /wp-cron.php?doing_wp_cron=1787758872.4074289798736572265625 HTTP/1.1" 200 0 "-" "WordPress/7.1; https://arlindo.ac.id"
20.226.91.14 - - [26/Aug/2026:22:41:11 +0700] "GET /wp-admin/privacy.php HTTP/1.1" 302 0 "-" "-"
20.226.91.14 - - [26/Aug/2026:22:41:12 +0700] "GET /wp-login.php?redirect_to=https%3A%2F%2Farlindo.ac.id%2Fwp-admin%2Fprivacy.php&reauth=1 HTTP/1.1" 200 7551 "-" "-"
5.161.215.244 - - [26/Aug/2026:22:43:35 +0700] "HEAD / HTTP/1.1" 200 0 "https://arlindo.ac.id" "Mozilla/5.0+(compatible; UptimeRobot/2.0; http://www.uptimerobot.com/)"
86.96.23.78 - - [26/Aug/2026:22:45:12 +0700] "GET /ide-bisnis-2026-anak-muda/ HTTP/2" 200 26715 "-" "Mozilla/5.0 (Macintosh; Intel Mac OS X 10_15_7) AppleWebKit/537.36 (KHTML, like Gecko) Chrome/136.0.0.0 Safari/537.36"
202.10.43.32 - - [26/Aug/2026:22:45:45 +0700] "POST /wp-cron.php?doing_wp_cron=1787759145.8168129920959472656250 HTTP/1.1" 200 0 "-" "WordPress/7.1; https://arlindo.ac.id"
103.59.161.152 - - [26/Aug/2026:22:45:40 +0700] "GET /wp-login.php HTTP/1.1" 200 2606 "-" "Mozilla/5.0"
103.59.161.152 - - [26/Aug/2026:22:45:40 +0700] "GET /wp-login.php HTTP/1.1" 200 2606 "-" "Mozilla/5.0"
103.59.161.152 - - [26/Aug/2026:22:45:45 +0700] "GET /?author=1 HTTP/1.1" 404 0 "-" "Mozilla/5.0"
103.59.161.152 - - [26/Aug/2026:22:45:45 +0700] "GET /?author=1 HTTP/1.1" 404 0 "-" "Mozilla/5.0"
103.59.161.152 - - [26/Aug/2026:22:45:47 +0700] "GET /?feed=rss2 HTTP/1.1" 301 0 "-" "Mozilla/5.0"
103.59.161.152 - - [26/Aug/2026:22:45:47 +0700] "GET /?feed=rss2 HTTP/1.1" 301 0 "-" "Mozilla/5.0"
103.59.161.152 - - [26/Aug/2026:22:45:48 +0700] "GET /feed/ HTTP/1.1" 200 26783 "-" "Mozilla/5.0"
103.59.161.152 - - [26/Aug/2026:22:45:48 +0700] "GET /feed/ HTTP/1.1" 200 26783 "-" "Mozilla/5.0"
192.53.174.226 - - [26/Aug/2026:22:48:16 +0700] "GET /wp-content/themes/piqes/style.css HTTP/1.1" 404 17272 "-" "Mozilla/5.0 (Fedora; Linux i686) AppleWebKit/537.36 (KHTML, like Gecko) Chrome/135.0.0.0 Safari/537.36"
192.53.174.226 - - [26/Aug/2026:22:48:16 +0700] "GET /wp-content/plugins/fox-lms/readme.txt HTTP/1.1" 404 17272 "-" "Mozilla/5.0 (ZZ; Linux x86_64) AppleWebKit/537.36 (KHTML, like Gecko) Chrome/132.0.0.0 Safari/537.36"
192.53.174.226 - - [26/Aug/2026:22:48:16 +0700] "GET /wp-content/themes/prider/style.css HTTP/1.1" 404 17272 "-" "Mozilla/5.0 (Macintosh; Intel Mac OS X 10_15_7) AppleWebKit/605.1.15 (KHTML, like Gecko) Version/18.5 Safari/605.1.15"
192.53.174.226 - - [26/Aug/2026:22:48:15 +0700] "GET /wp-content/themes/lab/style.css HTTP/1.1" 404 17272 "-" "Mozilla/5.0 (X11; Ubuntu; Linux x86_64; rv:84.0) Gecko/20100101 Firefox/84.0"
192.53.174.226 - - [26/Aug/2026:22:48:16 +0700] "GET /wp-content/plugins/ithemes-sync/readme.txt HTTP/1.1" 404 17272 "-" "Mozilla/5.0 (Macintosh, Intel Mac OS X 10_15_7) AppleWebKit/605.1.15 (KHTML, like Gecko) Version/16.6 Safari/605.1.15"
192.53.174.226 - - [26/Aug/2026:22:48:15 +0700] "GET /wp-content/plugins/woo-vehicle-parts-finder/readme.txt HTTP/1.1" 404 17272 "-" "Mozilla/5.0 (X11; Ubuntu; Linux x86_64; rv:71.0) Gecko/20100101 Firefox/71.0"
192.53.174.226 - - [26/Aug/2026:22:48:15 +0700] "GET /wp-content/themes/alisha-williams/style.css HTTP/1.1" 404 17272 "-" "Mozilla/5.0 (CentOS; Linux x86_64) AppleWebKit/537.36 (KHTML, like Gecko) Chrome/134.0.0.0 Safari/537.36"
192.53.174.226 - - [26/Aug/2026:22:48:15 +0700] "GET /wp-content/plugins/superlogoshowcase-wp/readme.txt HTTP/1.1" 404 17272 "-" "Mozilla/5.0 (ZZ; Linux x86_64) AppleWebKit/537.36 (KHTML, like Gecko) Chrome/136.0.0.0 Safari/537.36"
192.53.174.226 - - [26/Aug/2026:22:48:15 +0700] "GET /wp-content/plugins/goodbye-captcha/readme.txt HTTP/1.1" 404 17272 "-" "Mozilla/5.0 (Knoppix; Linux i686) AppleWebKit/537.36 (KHTML, like Gecko) Chrome/133.0.0.0 Safari/537.36"
192.53.174.226 - - [26/Aug/2026:22:48:15 +0700] "GET /wp-content/plugins/wp-2fa/readme.txt HTTP/1.1" 404 17272 "-" "Mozilla/5.0 (Windows NT 10.0; Win64; x64; rv:141.0) Gecko/20100101 Firefox/141.0"
192.53.174.226 - - [26/Aug/2026:22:48:16 +0700] "GET /wp-content/plugins/two-factor-provider-webauthn/readme.txt HTTP/1.1" 404 17272 "-" "Mozilla/5.0 (Knoppix; Linux i686) AppleWebKit/537.36 (KHTML, like Gecko) Chrome/140.0.0.0 Safari/537.36"
192.53.174.226 - - [26/Aug/2026:22:48:15 +0700] "GET /wp-content/plugins/midi-synth/readme.txt HTTP/1.1" 404 17272 "-" "Mozilla/5.0 (Macintosh; Intel Mac OS X 10_9_3) AppleWebKit/537.75.14 (KHTML, like Gecko) Version/7.0.3 Safari/E7FBAF"
192.53.174.226 - - [26/Aug/2026:22:48:15 +0700] "GET /wp-content/plugins/prodigy-commerce/readme.txt HTTP/1.1" 404 17272 "-" "Mozilla/5.0 (X11; Linux x86_64; rv:1.9.5.20) Gecko/ Firefox/3.6.16"
192.53.174.226 - - [26/Aug/2026:22:48:16 +0700] "GET /wp-content/plugins/cf-geoplugin/readme.txt HTTP/1.1" 404 17272 "-" "Mozilla/5.0 (Windows NT 10.0; Win64; x64; rv:108.0) Gecko/20100101 Firefox/108.0"
192.53.174.226 - - [26/Aug/2026:22:48:15 +0700] "GET /wp-content/plugins/ultimate-form-builder-lite/readme.txt HTTP/1.1" 404 17272 "-" "Mozilla/5.0 (Macintosh; Intel Mac OS X 14_3) AppleWebKit/605.1.15 (KHTML, like Gecko) Version/17.2 Safari/605.1.15"
192.53.174.226 - - [26/Aug/2026:22:48:15 +0700] "GET /wp-content/plugins/woopra/readme.txt HTTP/1.1" 404 17272 "-" "Mozilla/5.0 (Macintosh; Intel Mac OS X 10_15_7) AppleWebKit/605.1.15 (KHTML, like Gecko) Version/15.6.1 Safari/605.1.15"
192.53.174.226 - - [26/Aug/2026:22:48:16 +0700] "GET /wp-content/themes/zota/style.css HTTP/1.1" 404 17272 "-" "Mozilla/5.0 (Macintosh; Intel Mac OS X 10_15_7) AppleWebKit/605.1.15 (KHTML, like Gecko) Version/17.10 Safari/605.1.15"
192.53.174.226 - - [26/Aug/2026:22:48:15 +0700] "GET /wp-content/themes/theflash/style.css HTTP/1.1" 404 17272 "-" "Mozilla/5.0 (Windows NT 10.0; WOW64; rv:70.0) Gecko/20100101 Firefox/70.0"
192.53.174.226 - - [26/Aug/2026:22:48:16 +0700] "GET /wp-content/plugins/mapsmarker/readme.txt HTTP/1.1" 404 17272 "-" "Mozilla/5.0 (Macintosh; Intel Mac OS X 10_14_6) AppleWebKit/605.1.15 (KHTML, like Gecko) Version/12.1.2 Safari/605.1.15"
192.53.174.226 - - [26/Aug/2026:22:48:15 +0700] "GET /wp-content/plugins/gnucommerce/readme.txt HTTP/1.1" 404 17282 "-" "Mozilla/5.0 (Macintosh; Intel Mac OS X 10_15_7) AppleWebKit/605.1.15 (KHTML, like Gecko) Version/15.5 Safari/605.1.15"
192.53.174.226 - - [26/Aug/2026:22:48:16 +0700] "GET /wp-content/plugins/relevanssi-premium/readme.txt HTTP/1.1" 404 17272 "-" "Mozilla/5.0 (Windows NT 10.0; Win64; x64; rv:81.0) Gecko/20100101 Firefox/81.0"
192.53.174.226 - - [26/Aug/2026:22:48:15 +0700] "GET /wp-content/themes/webstack/style.css HTTP/1.1" 404 17272 "-" "Mozilla/5.0 (X11; Linux i686; rv:1.9.5.20) Gecko/ Firefox/3.6.12"
192.53.174.226 - - [26/Aug/2026:22:48:16 +0700] "GET /wp-content/themes/listingpro/style.css HTTP/1.1" 404 17282 "-" "Mozilla/5.0 (Macintosh; Intel Mac OS X 12_5) AppleWebKit/605.1.15 (KHTML, like Gecko) Version/15.4 Safari/605.1.15"
192.53.174.226 - - [26/Aug/2026:22:48:14 +0700] "GET /wp-content/plugins/events-made-easy/readme.txt HTTP/1.1" 404 17282 "-" "Mozilla/5.0 (Macintosh; Intel Mac OS X 10_15_7) AppleWebKit/605.1.15 (KHTML, like Gecko) Version/17.1.2 Safari/605.1.15"
192.53.174.226 - - [26/Aug/2026:22:48:15 +0700] "GET /wp-content/plugins/truelysell-core/readme.txt HTTP/1.1" 404 17282 "-" "Mozilla/5.0 (Macintosh; Intel Mac OS X 10_14_2) AppleWebKit/605.1.15 (KHTML, like Gecko) Version/12.0.2 Safari/605.1.15"
178.156.184.20 - - [26/Aug/2026:22:49:00 +0700] "HEAD / HTTP/1.1" 200 0 "https://arlindo.ac.id" "Mozilla/5.0+(compatible; UptimeRobot/2.0; http://www.uptimerobot.com/)"
20.151.129.194 - - [26/Aug/2026:22:50:53 +0700] "GET /wp-content/plugins/hellopress/wp_filemanager.php HTTP/1.1" 401 36 "-" "-"
20.151.129.194 - - [26/Aug/2026:22:50:53 +0700] "GET /this_is_a_new_hello_world.php HTTP/1.1" 401 36 "-" "-"
20.151.129.194 - - [26/Aug/2026:22:50:54 +0700] "GET /media.php HTTP/1.1" 401 36 "-" "-"
20.151.129.194 - - [26/Aug/2026:22:50:55 +0700] "GET /3PJcpMFsD8B.php HTTP/1.1" 401 36 "-" "-"
20.151.129.194 - - [26/Aug/2026:22:50:55 +0700] "GET /4PJcpMFsD8B.php HTTP/1.1" 401 36 "-" "-"
20.151.129.194 - - [26/Aug/2026:22:50:56 +0700] "GET /wsd.php HTTP/1.1" 401 36 "-" "-"
20.151.129.194 - - [26/Aug/2026:22:50:56 +0700] "GET /bulet.php HTTP/1.1" 401 36 "-" "-"
20.151.129.194 - - [26/Aug/2026:22:50:57 +0700] "GET /av.php HTTP/1.1" 401 36 "-" "-"
20.151.129.194 - - [26/Aug/2026:22:50:57 +0700] "GET /images.php HTTP/1.1" 401 36 "-" "-"
20.151.129.194 - - [26/Aug/2026:22:50:58 +0700] "GET /ops.php HTTP/1.1" 401 36 "-" "-"
20.151.129.194 - - [26/Aug/2026:22:50:59 +0700] "GET /BDKR28WP.php HTTP/1.1" 401 36 "-" "-"
20.151.129.194 - - [26/Aug/2026:22:50:59 +0700] "GET /k.php HTTP/1.1" 401 36 "-" "-"
20.151.129.194 - - [26/Aug/2026:22:51:00 +0700] "GET /222.php HTTP/1.1" 401 36 "-" "-"
20.151.129.194 - - [26/Aug/2026:22:51:00 +0700] "GET /chosen.php HTTP/1.1" 401 36 "-" "-"
20.151.129.194 - - [26/Aug/2026:22:51:01 +0700] "GET /1.php HTTP/1.1" 401 36 "-" "-"
20.151.129.194 - - [26/Aug/2026:22:51:01 +0700] "GET /samll.php HTTP/1.1" 401 36 "-" "-"
20.151.129.194 - - [26/Aug/2026:22:51:02 +0700] "GET /m.php HTTP/1.1" 401 36 "-" "-"
20.151.129.194 - - [26/Aug/2026:22:51:02 +0700] "GET /fling.php HTTP/1.1" 401 36 "-" "-"
20.151.129.194 - - [26/Aug/2026:22:51:03 +0700] "GET /btyuio.php HTTP/1.1" 401 36 "-" "-"
20.151.129.194 - - [26/Aug/2026:22:51:03 +0700] "GET /zoo2.php HTTP/1.1" 401 36 "-" "-"
20.151.129.194 - - [26/Aug/2026:22:51:04 +0700] "GET /one.php HTTP/1.1" 401 36 "-" "-"
20.151.129.194 - - [26/Aug/2026:22:51:04 +0700] "GET /ano.php HTTP/1.1" 401 36 "-" "-"
20.151.129.194 - - [26/Aug/2026:22:51:05 +0700] "GET /mac.php HTTP/1.1" 401 36 "-" "-"
20.151.129.194 - - [26/Aug/2026:22:51:05 +0700] "GET /simple.php HTTP/1.1" 401 36 "-" "-"
20.151.129.194 - - [26/Aug/2026:22:51:06 +0700] "GET /sallu.php HTTP/1.1" 401 36 "-" "-"
20.151.129.194 - - [26/Aug/2026:22:51:07 +0700] "GET /biufile.php HTTP/1.1" 401 36 "-" "-"
20.151.129.194 - - [26/Aug/2026:22:51:07 +0700] "GET /abcd.php HTTP/1.1" 401 36 "-" "-"
20.151.129.194 - - [26/Aug/2026:22:51:08 +0700] "GET /33.php HTTP/1.1" 401 36 "-" "-"
20.151.129.194 - - [26/Aug/2026:22:51:08 +0700] "GET /xa.php HTTP/1.1" 401 36 "-" "-"
20.151.129.194 - - [26/Aug/2026:22:51:09 +0700] "GET /ccc.php HTTP/1.1" 401 36 "-" "-"
20.151.129.194 - - [26/Aug/2026:22:51:09 +0700] "GET /133.php HTTP/1.1" 401 36 "-" "-"
103.119.99.82 - - [26/Aug/2026:22:51:17 +0700] "GET / HTTP/1.1" 200 36596 "-" "Mozilla/5.0 (Windows NT 10.0; Win64; x64) AppleWebKit/537.36 (KHTML, like Gecko) Chrome/126.0 Safari/537.36"
9.129.48.181 - - [26/Aug/2026:22:51:58 +0700] "GET /ide-bisnis-2026-anak-muda/ HTTP/2" 200 26715 "-" "Mozilla/5.0 AppleWebKit/537.36 (KHTML, like Gecko); compatible; ChatGPT-User/1.0; +https://openai.com/bot"
54.167.223.174 - - [26/Aug/2026:22:54:12 +0700] "HEAD / HTTP/1.1" 200 0 "https://arlindo.ac.id" "Mozilla/5.0+(compatible; UptimeRobot/2.0; http://www.uptimerobot.com/)"
5.161.117.52 - - [26/Aug/2026:22:59:27 +0700] "HEAD / HTTP/1.1" 200 0 "https://arlindo.ac.id" "Mozilla/5.0+(compatible; UptimeRobot/2.0; http://www.uptimerobot.com/)"
57.141.14.45 - - [26/Aug/2026:23:02:07 +0700] "GET /stie-arlindo-ikuti-pendampingan-penyusunan-dokumen-sistem-penjaminan-mutu-internal-spmi-lldikti-wilayah-iv-regional-ii/ HTTP/2" 200 29398 "-" "Mozilla/5.0 (Macintosh; Intel Mac OS X 10_15_7) AppleWebKit/537.36 (KHTML, like Gecko) Chrome/145.0.0.0 Safari/537.36 (compatible; meta-externalagent/1.1 (+https://developers.facebook.com/docs/sharing/webmasters/crawler))"
202.10.43.32 - - [26/Aug/2026:23:03:33 +0700] "POST /wp-cron.php?doing_wp_cron=1787760213.0946440696716308593750 HTTP/1.1" 200 0 "-" "WordPress/7.1; https://arlindo.ac.id"
204.12.162.44 - - [26/Aug/2026:23:03:29 +0700] "GET /robots.txt HTTP/2" 200 108 "-" "Mozilla/5.0 (Linux; Android 10; K) AppleWebKit/537.36 (KHTML, like Gecko) Chrome/131.0.0.0 Mobile Safari/537.36"
204.12.162.44 - - [26/Aug/2026:23:03:33 +0700] "GET /.well-known/tdmrep.json HTTP/2" 404 16192 "-" "Mozilla/5.0 (Linux; Android 10; K) AppleWebKit/537.36 (KHTML, like Gecko) Chrome/131.0.0.0 Mobile Safari/537.36"
204.12.162.44 - - [26/Aug/2026:23:03:34 +0700] "GET /ai.txt HTTP/2" 404 16192 "-" "Mozilla/5.0 (Linux; Android 10; K) AppleWebKit/537.36 (KHTML, like Gecko) Chrome/131.0.0.0 Mobile Safari/537.36"
52.15.147.27 - - [26/Aug/2026:23:04:37 +0700] "HEAD / HTTP/1.1" 200 0 "https://arlindo.ac.id" "Mozilla/5.0+(compatible; UptimeRobot/2.0; http://www.uptimerobot.com/)"
202.10.43.32 - - [26/Aug/2026:23:07:04 +0700] "POST /wp-cron.php?doing_wp_cron=1787760424.8021450042724609375000 HTTP/1.1" 200 0 "-" "WordPress/7.1; https://arlindo.ac.id"
216.73.216.179 - - [26/Aug/2026:23:07:02 +0700] "GET /robots.txt HTTP/2" 200 108 "-" "Mozilla/5.0 AppleWebKit/537.36 (KHTML, like Gecko; compatible; ClaudeBot/1.0; +claudebot@anthropic.com)"
216.73.216.179 - - [26/Aug/2026:23:07:05 +0700] "GET /sitemap_index.xml HTTP/2" 200 278 "-" "Mozilla/5.0 AppleWebKit/537.36 (KHTML, like Gecko; compatible; ClaudeBot/1.0; +claudebot@anthropic.com)"
157.55.39.51 - - [26/Aug/2026:23:07:07 +0700] "GET /stie-arlindo-sukses-selenggarakan-tes-potensi-akademik-tpa-gelombang-1-bagi-95-calon-penerima-kip-kuliah/ HTTP/2" 200 25120 "-" "Mozilla/5.0 AppleWebKit/537.36 (KHTML, like Gecko; compatible; bingbot/2.0; +http://www.bing.com/bingbot.htm) Chrome/116.0.1938.76 Safari/537.36"
178.156.187.238 - - [26/Aug/2026:23:09:50 +0700] "HEAD / HTTP/1.1" 200 0 "https://arlindo.ac.id" "Mozilla/5.0+(compatible; UptimeRobot/2.0; http://www.uptimerobot.com/)"
202.10.43.32 - - [26/Aug/2026:23:11:20 +0700] "POST /wp-cron.php?doing_wp_cron=1787760680.2364621162414550781250 HTTP/1.1" 200 0 "-" "WordPress/7.1; https://arlindo.ac.id"
38.253.224.4 - - [26/Aug/2026:23:11:14 +0700] "GET /wp-content/plugins/pods/readme.txt HTTP/1.1" 404 17282 "-" "Mozilla/5.0 (Windows NT 10.0; Win64; x64) AppleWebKit/537.36 (KHTML, like Gecko) Chrome/125.0.0.0 Safari/537.36"
38.253.224.4 - - [26/Aug/2026:23:11:20 +0700] "GET /wp-content/plugins/pods/init.php HTTP/1.1" 404 17223 "-" "Mozilla/5.0 (Windows NT 10.0; Win64; x64) AppleWebKit/537.36 (KHTML, like Gecko) Chrome/125.0.0.0 Safari/537.36"
47.129.179.110 - - [26/Aug/2026:23:11:24 +0700] "POST /wp-json/batch/v1 HTTP/1.1" 207 16 "-" "Mozilla/5.0 (compatible)"
47.129.179.110 - - [26/Aug/2026:23:11:24 +0700] "POST /wp-json/batch/v1 HTTP/1.1" 207 16 "-" "Mozilla/5.0 (compatible)"
47.129.179.110 - - [26/Aug/2026:23:11:25 +0700] "POST /wp-json/batch/v1 HTTP/1.1" 207 478 "-" "Mozilla/5.0 (compatible)"
202.10.43.32 - - [26/Aug/2026:23:13:17 +0700] "POST /wp-cron.php?doing_wp_cron=1787760797.6506319046020507812500 HTTP/1.1" 200 0 "-" "WordPress/7.1; https://arlindo.ac.id"
34.123.177.53 - - [26/Aug/2026:23:13:15 +0700] "GET /2026/07/11 HTTP/2" 301 0 "-" "Mozilla/5.0 AppleWebKit/537.36 (KHTML, like Gecko; compatible; SleepBot/1.0; +http://sleepbot.com/) Chrome/131.0.0.0 Safari/537.36"
34.123.177.53 - - [26/Aug/2026:23:13:17 +0700] "GET /2026/07/11/ HTTP/2" 200 19370 "https://arlindo.ac.id/2026/07/11" "Mozilla/5.0 AppleWebKit/537.36 (KHTML, like Gecko; compatible; SleepBot/1.0; +http://sleepbot.com/) Chrome/131.0.0.0 Safari/537.36"
178.156.189.113 - - [26/Aug/2026:23:15:12 +0700] "HEAD / HTTP/1.1" 200 0 "https://arlindo.ac.id" "Mozilla/5.0+(compatible; UptimeRobot/2.0; http://www.uptimerobot.com/)"
43.130.102.223 - - [26/Aug/2026:23:16:03 +0700] "GET / HTTP/1.1" 200 36633 "http://arlindo.ac.id" "Mozilla/5.0 (iPhone; CPU iPhone OS 13_2_3 like Mac OS X) AppleWebKit/605.1.15 (KHTML, like Gecko) Version/13.0.3 Mobile/15E148 Safari/604.1"
103.59.161.152 - - [26/Aug/2026:23:19:13 +0700] "POST /wp-login.php HTTP/1.1" 200 0 "-" "Mozilla/5.0"
5.161.117.52 - - [26/Aug/2026:23:20:21 +0700] "HEAD / HTTP/1.1" 200 0 "https://arlindo.ac.id" "Mozilla/5.0+(compatible; UptimeRobot/2.0; http://www.uptimerobot.com/)"
103.59.161.152 - - [26/Aug/2026:23:20:30 +0700] "POST /wp-login.php HTTP/1.1" 200 0 "-" "Mozilla/5.0"
195.181.172.211 - - [26/Aug/2026:23:20:41 +0700] "POST /wp-json/batch/v1 HTTP/1.1" 207 16 "-" "Mozilla/5.0 (compatible)"
202.10.43.32 - - [26/Aug/2026:23:20:45 +0700] "POST /wp-cron.php?doing_wp_cron=1787761245.1115629673004150390625 HTTP/1.1" 200 0 "-" "WordPress/7.1; https://arlindo.ac.id"
43.166.240.231 - - [26/Aug/2026:23:20:45 +0700] "GET /wp-json/oembed/1.0/embed?url=https%3A%2F%2Farlindo.ac.id%2F HTTP/1.1" 200 1224 "-" "Mozilla/5.0 (iPhone; CPU iPhone OS 13_2_3 like Mac OS X) AppleWebKit/605.1.15 (KHTML, like Gecko) Version/13.0.3 Mobile/15E148 Safari/604.1"
195.181.172.211 - - [26/Aug/2026:23:20:46 +0700] "POST /wp-json/batch/v1 HTTP/1.1" 207 16 "-" "Mozilla/5.0 (compatible)"
195.181.172.211 - - [26/Aug/2026:23:20:47 +0700] "POST /wp-json/batch/v1 HTTP/1.1" 207 478 "-" "Mozilla/5.0 (compatible)"
103.59.161.152 - - [26/Aug/2026:23:21:31 +0700] "POST /wp-login.php HTTP/1.1" 200 0 "-" "Mozilla/5.0"
103.59.161.152 - - [26/Aug/2026:23:22:33 +0700] "POST /wp-login.php HTTP/1.1" 200 0 "-" "Mozilla/5.0"
103.59.161.152 - - [26/Aug/2026:23:23:32 +0700] "POST /wp-login.php HTTP/1.1" 200 0 "-" "Mozilla/5.0"
202.10.43.32 - - [26/Aug/2026:23:24:19 +0700] "POST /wp-cron.php?doing_wp_cron=1787761459.1739549636840820312500 HTTP/1.1" 200 0 "-" "WordPress/7.1; https://arlindo.ac.id"
103.59.161.205 - - [26/Aug/2026:23:24:15 +0700] "POST /?edd-upload-file=1 HTTP/1.1" 200 36022 "-" "Mozilla/5.0 (X11; Linux x86_64) AppleWebKit/537.36 Chrome/120 Safari/537.36"
103.59.161.152 - - [26/Aug/2026:23:24:48 +0700] "POST /wp-login.php HTTP/1.1" 200 0 "-" "Mozilla/5.0"
202.10.43.32 - - [26/Aug/2026:23:25:40 +0700] "POST /wp-cron.php?doing_wp_cron=1787761540.3974640369415283203125 HTTP/1.1" 200 0 "-" "WordPress/7.1; https://arlindo.ac.id"
47.128.60.238 - - [26/Aug/2026:23:25:37 +0700] "GET /robots.txt HTTP/1.1" 200 124 "-" "Mozilla/5.0 (Linux; Android 5.0) AppleWebKit/537.36 (KHTML, like Gecko) Mobile Safari/537.36 (compatible; Bytespider; spider-feedback@bytedance.com)"
5.161.73.160 - - [26/Aug/2026:23:25:54 +0700] "HEAD / HTTP/1.1" 200 0 "https://arlindo.ac.id" "Mozilla/5.0+(compatible; UptimeRobot/2.0; http://www.uptimerobot.com/)"
103.59.161.152 - - [26/Aug/2026:23:25:53 +0700] "POST /wp-login.php HTTP/1.1" 200 0 "-" "Mozilla/5.0"
103.59.161.152 - - [26/Aug/2026:23:26:57 +0700] "POST /wp-login.php HTTP/1.1" 200 0 "-" "Mozilla/5.0"
103.59.161.152 - - [26/Aug/2026:23:28:02 +0700] "POST /wp-login.php HTTP/1.1" 200 0 "-" "Mozilla/5.0"
20.227.140.44 - - [26/Aug/2026:23:29:25 +0700] "GET /ide-bisnis-2026-anak-muda/ HTTP/2" 200 26715 "-" "Mozilla/5.0 AppleWebKit/537.36 (KHTML, like Gecko); compatible; ChatGPT-User/1.0; +https://openai.com/bot"
5.161.73.160 - - [26/Aug/2026:23:31:03 +0700] "HEAD / HTTP/1.1" 200 0 "https://arlindo.ac.id" "Mozilla/5.0+(compatible; UptimeRobot/2.0; http://www.uptimerobot.com/)"
103.59.161.152 - - [26/Aug/2026:23:30:54 +0700] "POST /wp-login.php HTTP/1.1" 200 0 "-" "Mozilla/5.0"
103.59.161.152 - - [26/Aug/2026:23:33:04 +0700] "POST /wp-login.php HTTP/1.1" 200 0 "-" "Mozilla/5.0"
103.59.161.152 - - [26/Aug/2026:23:34:11 +0700] "POST /wp-login.php HTTP/1.1" 200 0 "-" "Mozilla/5.0"
103.59.161.152 - - [26/Aug/2026:23:35:14 +0700] "POST /wp-login.php HTTP/1.1" 200 0 "-" "Mozilla/5.0"
202.10.43.32 - - [26/Aug/2026:23:35:57 +0700] "POST /wp-cron.php?doing_wp_cron=1787762157.0995390415191650390625 HTTP/1.1" 200 0 "-" "WordPress/7.1; https://arlindo.ac.id"
40.77.167.0 - - [26/Aug/2026:23:35:52 +0700] "GET /wp-content/plugins/elementskit/widgets/instagram-feed/assets/js/ HTTP/2" 404 15117 "-" "Mozilla/5.0 AppleWebKit/537.36 (KHTML, like Gecko; compatible; bingbot/2.0; +http://www.bing.com/bingbot.htm) Chrome/116.0.1938.76 Safari/537.36"
178.156.181.172 - - [26/Aug/2026:23:36:11 +0700] "HEAD / HTTP/1.1" 200 0 "https://arlindo.ac.id" "Mozilla/5.0+(compatible; UptimeRobot/2.0; http://www.uptimerobot.com/)"
103.59.161.152 - - [26/Aug/2026:23:36:25 +0700] "POST /wp-login.php HTTP/1.1" 200 0 "-" "Mozilla/5.0"
103.59.161.152 - - [26/Aug/2026:23:37:32 +0700] "POST /wp-login.php HTTP/1.1" 200 0 "-" "Mozilla/5.0"
202.10.43.32 - - [26/Aug/2026:23:40:29 +0700] "POST /wp-cron.php?doing_wp_cron=1787762429.6552639007568359375000 HTTP/1.1" 200 0 "-" "WordPress/7.1; https://arlindo.ac.id"
208.84.103.157 - - [26/Aug/2026:23:40:27 +0700] "GET /wp-login.php HTTP/1.1" 200 2332 "https://www.facebook.com/" "Mozilla/5.0 (Macintosh; Intel Mac OS X 13_6_1; rv:118.0) Gecko/20100101 Firefox/118.0"
208.84.103.157 - - [26/Aug/2026:23:40:30 +0700] "GET /wp-login.php HTTP/1.1" 200 2332 "https://www.google.com/search?q=wordpress" "Mozilla/5.0 (Windows NT 11.0; Win64; x64; rv:121.0) Gecko/20100101 Firefox/121.0"
208.84.103.157 - - [26/Aug/2026:23:40:31 +0700] "GET /wp-admin/ HTTP/1.1" 302 0 "https://www.google.com/" "Mozilla/5.0 (Windows NT 11.0; Win64; x64; rv:119.0) Gecko/20100101 Firefox/119.0"
202.10.43.32 - - [26/Aug/2026:23:40:32 +0700] "POST /wp-cron.php?doing_wp_cron=1787762432.4207310676574707031250 HTTP/1.1" 200 0 "-" "WordPress/7.1; https://arlindo.ac.id"
208.84.103.157 - - [26/Aug/2026:23:40:31 +0700] "GET /wp-login.php?redirect_to=https%3A%2F%2Farlindo.ac.id%2Fwp-admin%2F&reauth=1 HTTP/1.1" 200 2332 "https://www.google.com/" "Mozilla/5.0 (Windows NT 11.0; Win64; x64; rv:119.0) Gecko/20100101 Firefox/119.0"
103.59.161.152 - - [26/Aug/2026:23:40:20 +0700] "POST /wp-login.php HTTP/1.1" 200 0 "-" "Mozilla/5.0"
91.92.242.197 - - [26/Aug/2026:23:41:05 +0700] "GET /wp-login.php HTTP/1.1" 200 2606 "-" "Mozilla/5.0"
91.92.242.197 - - [26/Aug/2026:23:41:06 +0700] "GET /?author=1 HTTP/1.1" 404 0 "-" "Mozilla/5.0"
91.92.242.197 - - [26/Aug/2026:23:41:06 +0700] "GET /?feed=rss2 HTTP/1.1" 301 0 "-" "Mozilla/5.0"
91.92.242.197 - - [26/Aug/2026:23:41:07 +0700] "GET /feed/ HTTP/1.1" 200 26783 "-" "Mozilla/5.0"
178.156.185.231 - - [26/Aug/2026:23:41:25 +0700] "HEAD / HTTP/1.1" 200 0 "https://arlindo.ac.id" "Mozilla/5.0+(compatible; UptimeRobot/2.0; http://www.uptimerobot.com/)"
103.59.161.152 - - [26/Aug/2026:23:42:15 +0700] "POST /wp-login.php HTTP/1.1" 200 0 "-" "Mozilla/5.0"
103.59.161.152 - - [26/Aug/2026:23:44:07 +0700] "POST /wp-login.php HTTP/1.1" 200 0 "-" "Mozilla/5.0"
103.59.161.152 - - [26/Aug/2026:23:45:26 +0700] "POST /wp-login.php HTTP/1.1" 200 0 "-" "Mozilla/5.0"
9.129.48.159 - - [26/Aug/2026:23:46:26 +0700] "GET / HTTP/2" 200 30945 "-" "Mozilla/5.0 AppleWebKit/537.36 (KHTML, like Gecko); compatible; ChatGPT-User/1.0; +https://openai.com/bot"
178.156.185.127 - - [26/Aug/2026:23:46:34 +0700] "HEAD / HTTP/1.1" 200 0 "https://arlindo.ac.id" "Mozilla/5.0+(compatible; UptimeRobot/2.0; http://www.uptimerobot.com/)"
103.59.161.152 - - [26/Aug/2026:23:47:17 +0700] "POST /wp-login.php HTTP/1.1" 200 0 "-" "Mozilla/5.0"
103.59.161.152 - - [26/Aug/2026:23:48:33 +0700] "POST /wp-login.php HTTP/1.1" 200 0 "-" "Mozilla/5.0"
103.59.161.152 - - [26/Aug/2026:23:49:37 +0700] "POST /wp-login.php HTTP/1.1" 200 0 "-" "Mozilla/5.0"
103.59.161.152 - - [26/Aug/2026:23:50:49 +0700] "POST /wp-login.php HTTP/1.1" 200 0 "-" "Mozilla/5.0"
178.156.185.127 - - [26/Aug/2026:23:51:55 +0700] "HEAD / HTTP/1.1" 200 0 "https://arlindo.ac.id" "Mozilla/5.0+(compatible; UptimeRobot/2.0; http://www.uptimerobot.com/)"
103.59.161.152 - - [26/Aug/2026:23:51:58 +0700] "POST /wp-login.php HTTP/1.1" 200 0 "-" "Mozilla/5.0"
103.59.161.152 - - [26/Aug/2026:23:53:07 +0700] "POST /wp-login.php HTTP/1.1" 200 0 "-" "Mozilla/5.0"
103.59.161.152 - - [26/Aug/2026:23:54:22 +0700] "POST /wp-login.php HTTP/1.1" 200 0 "-" "Mozilla/5.0"
103.59.161.152 - - [26/Aug/2026:23:55:27 +0700] "POST /wp-login.php HTTP/1.1" 200 0 "-" "Mozilla/5.0"
202.10.43.32 - - [26/Aug/2026:23:56:24 +0700] "POST /wp-cron.php?doing_wp_cron=1787763384.1995310783386230468750 HTTP/1.1" 200 0 "-" "WordPress/7.1; https://arlindo.ac.id"
34.132.98.154 - - [26/Aug/2026:23:56:18 +0700] "GET /mou-stie-arlindo-dengan-univ-langlang-buana HTTP/2" 301 0 "-" "Mozilla/5.0 AppleWebKit/537.36 (KHTML, like Gecko; compatible; SleepBot/1.0; +http://sleepbot.com/) Chrome/131.0.0.0 Safari/537.36"
34.132.98.154 - - [26/Aug/2026:23:56:24 +0700] "GET /mou-stie-arlindo-dengan-univ-langlang-buana/ HTTP/2" 200 26539 "https://arlindo.ac.id/mou-stie-arlindo-dengan-univ-langlang-buana" "Mozilla/5.0 AppleWebKit/537.36 (KHTML, like Gecko; compatible; SleepBot/1.0; +http://sleepbot.com/) Chrome/131.0.0.0 Safari/537.36"
103.59.161.152 - - [26/Aug/2026:23:56:33 +0700] "POST /wp-login.php HTTP/1.1" 200 0 "-" "Mozilla/5.0"
3.133.226.214 - - [26/Aug/2026:23:57:04 +0700] "HEAD / HTTP/1.1" 200 0 "https://arlindo.ac.id" "Mozilla/5.0+(compatible; UptimeRobot/2.0; http://www.uptimerobot.com/)"
202.10.43.32 - - [26/Aug/2026:23:57:34 +0700] "POST /wp-cron.php?doing_wp_cron=1787763454.2908570766448974609375 HTTP/1.1" 200 0 "-" "WordPress/7.1; https://arlindo.ac.id"
51.79.178.46 - - [26/Aug/2026:23:57:33 +0700] "GET /wp-login.php HTTP/2" 403 9678 "-" "Mozilla/5.0 (Windows NT 10.0; Win64; x64) AppleWebKit/537.36 (KHTML, like Gecko) Chrome/151.0.0.0 Safari/537.36"
202.10.43.32 - - [26/Aug/2026:23:57:34 +0700] "GET /2026/06/24/ HTTP/1.1" 200 18220 "-" "AccelerateWP/Preload"
202.10.43.32 - - [26/Aug/2026:23:57:36 +0700] "GET /2026/06/24/ HTTP/1.1" 200 18205 "-" "AccelerateWP/Preload Mozilla/5.0 (iPhone; CPU iPhone OS 9_1 like Mac OS X) AppleWebKit/601.1.46 (KHTML, like Gecko) Version/9.0 Mobile/13B143 Safari/601.1"
202.10.43.32 - - [26/Aug/2026:23:57:38 +0700] "GET /kerja-sama-stie-arlindo-bina-karya/ HTTP/1.1" 200 19521 "-" "AccelerateWP/Preload"
202.10.43.32 - - [26/Aug/2026:23:57:39 +0700] "GET /kerja-sama-stie-arlindo-bina-karya/ HTTP/1.1" 200 19537 "-" "AccelerateWP/Preload Mozilla/5.0 (iPhone; CPU iPhone OS 9_1 like Mac OS X) AppleWebKit/601.1.46 (KHTML, like Gecko) Version/9.0 Mobile/13B143 Safari/601.1"
202.10.43.32 - - [26/Aug/2026:23:57:41 +0700] "GET /stie-arlindo-perkuat-sinergi-digital-bersama-diskominfo-kota-bekasi-melalui-podcast-edukatif/ HTTP/1.1" 200 19028 "-" "AccelerateWP/Preload"
202.10.43.32 - - [26/Aug/2026:23:57:42 +0700] "GET /stie-arlindo-perkuat-sinergi-digital-bersama-diskominfo-kota-bekasi-melalui-podcast-edukatif/ HTTP/1.1" 200 19132 "-" "AccelerateWP/Preload Mozilla/5.0 (iPhone; CPU iPhone OS 9_1 like Mac OS X) AppleWebKit/601.1.46 (KHTML, like Gecko) Version/9.0 Mobile/13B143 Safari/601.1"
202.10.43.32 - - [26/Aug/2026:23:57:44 +0700] "GET /mou-stie-arlindo-dengan-univ-langlang-buana/ HTTP/1.1" 200 19487 "-" "AccelerateWP/Preload"
202.10.43.32 - - [26/Aug/2026:23:57:45 +0700] "GET /mou-stie-arlindo-dengan-univ-langlang-buana/ HTTP/1.1" 200 19564 "-" "AccelerateWP/Preload Mozilla/5.0 (iPhone; CPU iPhone OS 9_1 like Mac OS X) AppleWebKit/601.1.46 (KHTML, like Gecko) Version/9.0 Mobile/13B143 Safari/601.1"
202.10.43.32 - - [26/Aug/2026:23:57:47 +0700] "GET /mou-stie-arlindo/ HTTP/1.1" 200 17182 "-" "AccelerateWP/Preload"
202.10.43.32 - - [26/Aug/2026:23:57:48 +0700] "GET /mou-stie-arlindo/ HTTP/1.1" 200 17177 "-" "AccelerateWP/Preload Mozilla/5.0 (iPhone; CPU iPhone OS 9_1 like Mac OS X) AppleWebKit/601.1.46 (KHTML, like Gecko) Version/9.0 Mobile/13B143 Safari/601.1"
103.59.161.152 - - [26/Aug/2026:23:57:40 +0700] "POST /wp-login.php HTTP/1.1" 200 0 "-" "Mozilla/5.0"
202.10.43.32 - - [26/Aug/2026:23:57:56 +0700] "POST /wp-cron.php?doing_wp_cron=1787763476.3152680397033691406250 HTTP/1.1" 200 0 "-" "WordPress/7.1; https://arlindo.ac.id"
47.128.60.28 - - [26/Aug/2026:23:57:55 +0700] "GET /akreditasi-stie-arlindo/ HTTP/2" 200 19475 "-" "Mozilla/5.0 (Linux; Android 5.0) AppleWebKit/537.36 (KHTML, like Gecko) Mobile Safari/537.36 (compatible; Bytespider; spider-feedback@bytedance.com)"
202.10.43.32 - - [26/Aug/2026:23:57:56 +0700] "GET /mou-stie-arlindo-dengan-unisba/ HTTP/1.1" 200 16472 "-" "AccelerateWP/Preload"
202.10.43.32 - - [26/Aug/2026:23:57:58 +0700] "GET /mou-stie-arlindo-dengan-unisba/ HTTP/1.1" 200 16429 "-" "AccelerateWP/Preload Mozilla/5.0 (iPhone; CPU iPhone OS 9_1 like Mac OS X) AppleWebKit/601.1.46 (KHTML, like Gecko) Version/9.0 Mobile/13B143 Safari/601.1"
202.10.43.32 - - [26/Aug/2026:23:57:59 +0700] "GET /2026/06/25/ HTTP/1.1" 200 17607 "-" "AccelerateWP/Preload"
202.10.43.32 - - [26/Aug/2026:23:58:01 +0700] "GET /2026/06/25/ HTTP/1.1" 200 17637 "-" "AccelerateWP/Preload Mozilla/5.0 (iPhone; CPU iPhone OS 9_1 like Mac OS X) AppleWebKit/601.1.46 (KHTML, like Gecko) Version/9.0 Mobile/13B143 Safari/601.1"
202.10.43.32 - - [26/Aug/2026:23:58:02 +0700] "GET /mou-stie-arlindo-dengan-unisal/ HTTP/1.1" 200 16880 "-" "AccelerateWP/Preload"
202.10.43.32 - - [26/Aug/2026:23:58:04 +0700] "GET /mou-stie-arlindo-dengan-unisal/ HTTP/1.1" 200 16876 "-" "AccelerateWP/Preload Mozilla/5.0 (iPhone; CPU iPhone OS 9_1 like Mac OS X) AppleWebKit/601.1.46 (KHTML, like Gecko) Version/9.0 Mobile/13B143 Safari/601.1"
202.10.43.32 - - [26/Aug/2026:23:58:05 +0700] "GET /mou-stie-arlindo-dan-universitas-pekalongan/ HTTP/1.1" 200 17537 "-" "AccelerateWP/Preload"
202.10.43.32 - - [26/Aug/2026:23:58:07 +0700] "GET /mou-stie-arlindo-dan-universitas-pekalongan/ HTTP/1.1" 200 17664 "-" "AccelerateWP/Preload Mozilla/5.0 (iPhone; CPU iPhone OS 9_1 like Mac OS X) AppleWebKit/601.1.46 (KHTML, like Gecko) Version/9.0 Mobile/13B143 Safari/601.1"
202.10.43.32 - - [26/Aug/2026:23:58:08 +0700] "GET /mou-stie-arlindo-x-stie-ekuitas-bandung/ HTTP/1.1" 200 17578 "-" "AccelerateWP/Preload"
202.10.43.32 - - [26/Aug/2026:23:58:10 +0700] "GET /mou-stie-arlindo-x-stie-ekuitas-bandung/ HTTP/1.1" 200 17681 "-" "AccelerateWP/Preload Mozilla/5.0 (iPhone; CPU iPhone OS 9_1 like Mac OS X) AppleWebKit/601.1.46 (KHTML, like Gecko) Version/9.0 Mobile/13B143 Safari/601.1"
202.10.43.32 - - [26/Aug/2026:23:58:11 +0700] "GET /musyawarah-besar-bem-dan-ukm-stie-arlindo-sahkan-ad-art-perkuat-fondasi-organisasi-mahasiswa/ HTTP/1.1" 200 18427 "-" "AccelerateWP/Preload"
202.10.43.32 - - [26/Aug/2026:23:58:13 +0700] "GET /musyawarah-besar-bem-dan-ukm-stie-arlindo-sahkan-ad-art-perkuat-fondasi-organisasi-mahasiswa/ HTTP/1.1" 200 18485 "-" "AccelerateWP/Preload Mozilla/5.0 (iPhone; CPU iPhone OS 9_1 like Mac OS X) AppleWebKit/601.1.46 (KHTML, like Gecko) Version/9.0 Mobile/13B143 Safari/601.1"
202.10.43.32 - - [26/Aug/2026:23:58:15 +0700] "GET /mou-stie-arlindo-dan-dongseo-university/ HTTP/1.1" 200 17537 "-" "AccelerateWP/Preload"
202.10.43.32 - - [26/Aug/2026:23:58:16 +0700] "GET /mou-stie-arlindo-dan-dongseo-university/ HTTP/1.1" 200 24775 "-" "AccelerateWP/Preload Mozilla/5.0 (iPhone; CPU iPhone OS 9_1 like Mac OS X) AppleWebKit/601.1.46 (KHTML, like Gecko) Version/9.0 Mobile/13B143 Safari/601.1"
47.128.60.65 - - [26/Aug/2026:23:58:17 +0700] "GET /akreditasi-stie-arlindo/ HTTP/2" 200 19618 "-" "Mozilla/5.0 (Linux; Android 5.0) AppleWebKit/537.36 (KHTML, like Gecko) Mobile Safari/537.36 (compatible; Bytespider; spider-feedback@bytedance.com)"
202.10.43.32 - - [26/Aug/2026:23:58:17 +0700] "GET /mou-stie-arlindo-dengan-unjani/ HTTP/1.1" 200 17615 "-" "AccelerateWP/Preload"
202.10.43.32 - - [26/Aug/2026:23:58:18 +0700] "GET /mou-stie-arlindo-dengan-unjani/ HTTP/1.1" 200 25363 "-" "AccelerateWP/Preload Mozilla/5.0 (iPhone; CPU iPhone OS 9_1 like Mac OS X) AppleWebKit/601.1.46 (KHTML, like Gecko) Version/9.0 Mobile/13B143 Safari/601.1"
46.224.210.134 - - [26/Aug/2026:23:58:51 +0700] "GET / HTTP/2" 200 36623 "-" "Mozilla/5.0 (compatible; webatlabot/1.0; +https://webatla.com/bot; abuse@webatla.com)"
103.59.161.152 - - [26/Aug/2026:23:59:10 +0700] "POST /wp-login.php HTTP/1.1" 200 0 "-" "Mozilla/5.0"
103.59.161.152 - - [27/Aug/2026:00:00:53 +0700] "POST /wp-login.php HTTP/1.1" 200 0 "-" "Mozilla/5.0"
178.156.187.238 - - [27/Aug/2026:00:02:17 +0700] "HEAD / HTTP/1.1" 200 0 "https://arlindo.ac.id" "Mozilla/5.0+(compatible; UptimeRobot/2.0; http://www.uptimerobot.com/)"
103.59.161.152 - - [27/Aug/2026:00:02:25 +0700] "POST /wp-login.php HTTP/1.1" 200 0 "-" "Mozilla/5.0"
103.59.161.152 - - [27/Aug/2026:00:03:35 +0700] "POST /wp-login.php HTTP/1.1" 200 0 "-" "Mozilla/5.0"
202.10.43.32 - - [27/Aug/2026:00:04:11 +0700] "POST /wp-cron.php?doing_wp_cron=1787763851.9266409873962402343750 HTTP/1.1" 200 0 "-" "WordPress/7.1; https://arlindo.ac.id"
91.92.242.197 - - [27/Aug/2026:00:04:06 +0700] "POST /wp-login.php HTTP/1.1" 503 18946 "-" "Mozilla/5.0"
202.10.43.32 - - [27/Aug/2026:00:04:12 +0700] "GET /kuliah-kelas-karyawan-di-cibubur-bekasi/ HTTP/1.1" 200 26151 "-" "AccelerateWP/Preload"
202.10.43.32 - - [27/Aug/2026:00:04:14 +0700] "GET /kuliah-kelas-karyawan-di-cibubur-bekasi/ HTTP/1.1" 200 26289 "-" "AccelerateWP/Preload Mozilla/5.0 (iPhone; CPU iPhone OS 9_1 like Mac OS X) AppleWebKit/601.1.46 (KHTML, like Gecko) Version/9.0 Mobile/13B143 Safari/601.1"
202.10.43.32 - - [27/Aug/2026:00:04:15 +0700] "GET /jurusan-manajemen-cibubur/ HTTP/1.1" 200 15823 "-" "AccelerateWP/Preload"
202.10.43.32 - - [27/Aug/2026:00:04:16 +0700] "GET /jurusan-manajemen-cibubur/ HTTP/1.1" 200 28230 "-" "AccelerateWP/Preload Mozilla/5.0 (iPhone; CPU iPhone OS 9_1 like Mac OS X) AppleWebKit/601.1.46 (KHTML, like Gecko) Version/9.0 Mobile/13B143 Safari/601.1"
202.10.43.32 - - [27/Aug/2026:00:04:18 +0700] "GET /ide-bisnis-2025-anak-muda/ HTTP/1.1" 200 29902 "-" "AccelerateWP/Preload Mozilla/5.0 (iPhone; CPU iPhone OS 9_1 like Mac OS X) AppleWebKit/601.1.46 (KHTML, like Gecko) Version/9.0 Mobile/13B143 Safari/601.1"
202.10.43.32 - - [27/Aug/2026:00:04:17 +0700] "GET /ide-bisnis-2025-anak-muda/ HTTP/1.1" 200 16460 "-" "AccelerateWP/Preload"
202.10.43.32 - - [27/Aug/2026:00:04:20 +0700] "GET /17-agustus-2025-arlindo-group-cibubur/ HTTP/1.1" 200 27519 "-" "AccelerateWP/Preload Mozilla/5.0 (iPhone; CPU iPhone OS 9_1 like Mac OS X) AppleWebKit/601.1.46 (KHTML, like Gecko) Version/9.0 Mobile/13B143 Safari/601.1"
202.10.43.32 - - [27/Aug/2026:00:04:19 +0700] "GET /17-agustus-2025-arlindo-group-cibubur/ HTTP/1.1" 200 16452 "-" "AccelerateWP/Preload"
202.10.43.32 - - [27/Aug/2026:00:04:22 +0700] "GET /peresmian-stie-arlindo/ HTTP/1.1" 200 26040 "-" "AccelerateWP/Preload Mozilla/5.0 (iPhone; CPU iPhone OS 9_1 like Mac OS X) AppleWebKit/601.1.46 (KHTML, like Gecko) Version/9.0 Mobile/13B143 Safari/601.1"
202.10.43.32 - - [27/Aug/2026:00:04:21 +0700] "GET /peresmian-stie-arlindo/ HTTP/1.1" 200 19303 "-" "AccelerateWP/Preload"
202.10.43.32 - - [27/Aug/2026:00:04:24 +0700] "GET /ide-bisnis-2026-anak-muda/ HTTP/1.1" 200 26763 "-" "AccelerateWP/Preload Mozilla/5.0 (iPhone; CPU iPhone OS 9_1 like Mac OS X) AppleWebKit/601.1.46 (KHTML, like Gecko) Version/9.0 Mobile/13B143 Safari/601.1"
202.10.43.32 - - [27/Aug/2026:00:04:23 +0700] "GET /ide-bisnis-2026-anak-muda/ HTTP/1.1" 200 18559 "-" "AccelerateWP/Preload"
202.10.43.32 - - [27/Aug/2026:00:04:25 +0700] "GET /akreditasi-stie-arlindo/ HTTP/1.1" 200 16257 "-" "AccelerateWP/Preload"
202.10.43.32 - - [27/Aug/2026:00:04:26 +0700] "GET /akreditasi-stie-arlindo/ HTTP/1.1" 200 19600 "-" "AccelerateWP/Preload Mozilla/5.0 (iPhone; CPU iPhone OS 9_1 like Mac OS X) AppleWebKit/601.1.46 (KHTML, like Gecko) Version/9.0 Mobile/13B143 Safari/601.1"
202.10.43.32 - - [27/Aug/2026:00:04:27 +0700] "GET /category/kerjasama-mou/ HTTP/1.1" 200 17792 "-" "AccelerateWP/Preload"
202.10.43.32 - - [27/Aug/2026:00:04:28 +0700] "GET /category/kerjasama-mou/ HTTP/1.1" 200 19972 "-" "AccelerateWP/Preload Mozilla/5.0 (iPhone; CPU iPhone OS 9_1 like Mac OS X) AppleWebKit/601.1.46 (KHTML, like Gecko) Version/9.0 Mobile/13B143 Safari/601.1"
202.10.43.32 - - [27/Aug/2026:00:04:29 +0700] "GET /2025/07/21/ HTTP/1.1" 200 20807 "-" "AccelerateWP/Preload"
202.10.43.32 - - [27/Aug/2026:00:04:31 +0700] "GET /2025/07/21/ HTTP/1.1" 200 20818 "-" "AccelerateWP/Preload Mozilla/5.0 (iPhone; CPU iPhone OS 9_1 like Mac OS X) AppleWebKit/601.1.46 (KHTML, like Gecko) Version/9.0 Mobile/13B143 Safari/601.1"
202.10.43.32 - - [27/Aug/2026:00:04:32 +0700] "GET /2025/07/23/ HTTP/1.1" 200 22249 "-" "AccelerateWP/Preload"
202.10.43.32 - - [27/Aug/2026:00:04:34 +0700] "GET /2025/07/23/ HTTP/1.1" 200 22240 "-" "AccelerateWP/Preload Mozilla/5.0 (iPhone; CPU iPhone OS 9_1 like Mac OS X) AppleWebKit/601.1.46 (KHTML, like Gecko) Version/9.0 Mobile/13B143 Safari/601.1"
202.10.43.32 - - [27/Aug/2026:00:04:45 +0700] "POST /wp-cron.php?doing_wp_cron=1787763885.0520589351654052734375 HTTP/1.1" 200 0 "-" "WordPress/7.1; https://arlindo.ac.id"
157.55.39.192 - - [27/Aug/2026:00:04:44 +0700] "GET /?s= HTTP/2" 200 19054 "-" "Mozilla/5.0 AppleWebKit/537.36 (KHTML, like Gecko; compatible; bingbot/2.0; +http://www.bing.com/bingbot.htm) Chrome/116.0.1938.76 Safari/537.36"
103.59.161.152 - - [27/Aug/2026:00:04:52 +0700] "POST /wp-login.php HTTP/1.1" 200 0 "-" "Mozilla/5.0"
136.65.161.194 - - [27/Aug/2026:00:05:13 +0700] "GET /konsolidasi-kominfo-kota-bekasi-bersama-stie-arlindo HTTP/2" 301 0 "-" "Mozilla/5.0 AppleWebKit/537.36 (KHTML, like Gecko; compatible; SleepBot/1.0; +http://sleepbot.com/) Chrome/131.0.0.0 Safari/537.36"
136.65.161.194 - - [27/Aug/2026:00:05:14 +0700] "GET /konsolidasi-kominfo-kota-bekasi-bersama-stie-arlindo/ HTTP/2" 200 25351 "https://arlindo.ac.id/konsolidasi-kominfo-kota-bekasi-bersama-stie-arlindo" "Mozilla/5.0 AppleWebKit/537.36 (KHTML, like Gecko; compatible; SleepBot/1.0; +http://sleepbot.com/) Chrome/131.0.0.0 Safari/537.36"
202.10.43.32 - - [27/Aug/2026:00:05:14 +0700] "POST /wp-cron.php?doing_wp_cron=1787763914.5112829208374023437500 HTTP/1.1" 200 0 "-" "WordPress/7.1; https://arlindo.ac.id"
202.10.43.32 - - [27/Aug/2026:00:05:15 +0700] "GET /category/bisnis/ HTTP/1.1" 200 19530 "-" "AccelerateWP/Preload"
202.10.43.32 - - [27/Aug/2026:00:05:16 +0700] "GET /category/bisnis/ HTTP/1.1" 200 17910 "-" "AccelerateWP/Preload Mozilla/5.0 (iPhone; CPU iPhone OS 9_1 like Mac OS X) AppleWebKit/601.1.46 (KHTML, like Gecko) Version/9.0 Mobile/13B143 Safari/601.1"
91.92.242.197 - - [27/Aug/2026:00:05:17 +0700] "POST /wp-login.php HTTP/1.1" 503 18033 "-" "Mozilla/5.0"
202.10.43.32 - - [27/Aug/2026:00:05:18 +0700] "POST /?wordfence_syncAttackData=1787763918.4427 HTTP/1.1" 200 0 "-" "WordPress/7.1; https://arlindo.ac.id"
202.10.43.32 - - [27/Aug/2026:00:05:18 +0700] "GET /category/blog/ HTTP/1.1" 200 17870 "-" "AccelerateWP/Preload"
202.10.43.32 - - [27/Aug/2026:00:05:19 +0700] "GET /category/blog/ HTTP/1.1" 200 17819 "-" "AccelerateWP/Preload Mozilla/5.0 (iPhone; CPU iPhone OS 9_1 like Mac OS X) AppleWebKit/601.1.46 (KHTML, like Gecko) Version/9.0 Mobile/13B143 Safari/601.1"
202.10.43.32 - - [27/Aug/2026:00:05:21 +0700] "GET /2025/07/24/ HTTP/1.1" 200 22123 "-" "AccelerateWP/Preload"
202.10.43.32 - - [27/Aug/2026:00:05:22 +0700] "GET /2025/07/24/ HTTP/1.1" 200 22108 "-" "AccelerateWP/Preload Mozilla/5.0 (iPhone; CPU iPhone OS 9_1 like Mac OS X) AppleWebKit/601.1.46 (KHTML, like Gecko) Version/9.0 Mobile/13B143 Safari/601.1"
202.10.43.32 - - [27/Aug/2026:00:05:24 +0700] "GET /2025/08/19/ HTTP/1.1" 200 18088 "-" "AccelerateWP/Preload"
202.10.43.32 - - [27/Aug/2026:00:05:25 +0700] "GET /2025/08/19/ HTTP/1.1" 200 18121 "-" "AccelerateWP/Preload Mozilla/5.0 (iPhone; CPU iPhone OS 9_1 like Mac OS X) AppleWebKit/601.1.46 (KHTML, like Gecko) Version/9.0 Mobile/13B143 Safari/601.1"
202.10.43.32 - - [27/Aug/2026:00:05:27 +0700] "GET /2025/07/29/ HTTP/1.1" 200 17954 "-" "AccelerateWP/Preload"
202.10.43.32 - - [27/Aug/2026:00:05:28 +0700] "GET /2025/07/29/ HTTP/1.1" 200 17909 "-" "AccelerateWP/Preload Mozilla/5.0 (iPhone; CPU iPhone OS 9_1 like Mac OS X) AppleWebKit/601.1.46 (KHTML, like Gecko) Version/9.0 Mobile/13B143 Safari/601.1"
202.10.43.32 - - [27/Aug/2026:00:05:30 +0700] "GET /2025/07/28/ HTTP/1.1" 200 17566 "-" "AccelerateWP/Preload"
202.10.43.32 - - [27/Aug/2026:00:05:31 +0700] "GET /2025/07/28/ HTTP/1.1" 200 17555 "-" "AccelerateWP/Preload Mozilla/5.0 (iPhone; CPU iPhone OS 9_1 like Mac OS X) AppleWebKit/601.1.46 (KHTML, like Gecko) Version/9.0 Mobile/13B143 Safari/601.1"
202.10.43.32 - - [27/Aug/2026:00:05:33 +0700] "GET /category/ekonomi/ HTTP/1.1" 200 17874 "-" "AccelerateWP/Preload"
202.10.43.32 - - [27/Aug/2026:00:05:34 +0700] "GET /category/ekonomi/ HTTP/1.1" 200 17729 "-" "AccelerateWP/Preload Mozilla/5.0 (iPhone; CPU iPhone OS 9_1 like Mac OS X) AppleWebKit/601.1.46 (KHTML, like Gecko) Version/9.0 Mobile/13B143 Safari/601.1"
182.6.7.87 - - [27/Aug/2026:00:06:03 +0700] "GET /wp-content/uploads/2024/10/MOCKUP-1024x768.jpg HTTP/2" 200 108393 "https://www.google.com/" "Mozilla/5.0 (Linux; Android 16; CPH2725 Build/BP2A.250605.015; wv) AppleWebKit/537.36 (KHTML, like Gecko) Version/4.0 Chrome/150.0.7871.181 Mobile Safari/537.36 GoogleApp/17.50.14.ve.arm64"
182.6.7.87 - - [27/Aug/2026:00:06:08 +0700] "GET /wp-content/uploads/2023/12/LOGO-BARU-HD-1024x243.png HTTP/2" 200 42666 "https://www.google.com/" "Mozilla/5.0 (Linux; Android 16; CPH2725 Build/BP2A.250605.015; wv) AppleWebKit/537.36 (KHTML, like Gecko) Version/4.0 Chrome/150.0.7871.181 Mobile Safari/537.36 GoogleApp/17.50.14.ve.arm64"
182.6.7.87 - - [27/Aug/2026:00:06:09 +0700] "GET /wp-content/uploads/2023/12/FITURED-IMAGE-WEB.jpg HTTP/1.1" 200 326994 "https://www.google.com/" "Mozilla/5.0 (Linux; Android 16; CPH2725 Build/BP2A.250605.015; wv) AppleWebKit/537.36 (KHTML, like Gecko) Version/4.0 Chrome/150.0.7871.181 Mobile Safari/537.36 GoogleApp/17.50.14.ve.arm64"
182.6.7.87 - - [27/Aug/2026:00:06:16 +0700] "GET /wp-content/uploads/2026/06/ARLINDO-GROUP-scaled-e1782104724845.png HTTP/1.1" 200 499073 "https://www.google.com/" "Mozilla/5.0 (Linux; Android 16; CPH2725 Build/BP2A.250605.015; wv) AppleWebKit/537.36 (KHTML, like Gecko) Version/4.0 Chrome/150.0.7871.181 Mobile Safari/537.36 GoogleApp/17.50.14.ve.arm64"
182.6.7.87 - - [27/Aug/2026:00:06:20 +0700] "GET /wp-content/uploads/2025/07/Risma-Mahasiswi-STIE-ARLINDO.png HTTP/1.1" 200 331532 "https://www.google.com/" "Mozilla/5.0 (Linux; Android 16; CPH2725 Build/BP2A.250605.015; wv) AppleWebKit/537.36 (KHTML, like Gecko) Version/4.0 Chrome/150.0.7871.181 Mobile Safari/537.36 GoogleApp/17.50.14.ve.arm64"
103.59.161.152 - - [27/Aug/2026:00:06:13 +0700] "POST /wp-login.php HTTP/1.1" 200 0 "-" "Mozilla/5.0"
91.92.242.197 - - [27/Aug/2026:00:06:32 +0700] "POST /wp-login.php HTTP/1.1" 503 18033 "-" "Mozilla/5.0"
5.161.61.238 - - [27/Aug/2026:00:07:31 +0700] "HEAD / HTTP/1.1" 200 0 "https://arlindo.ac.id" "Mozilla/5.0+(compatible; UptimeRobot/2.0; http://www.uptimerobot.com/)"
103.59.161.152 - - [27/Aug/2026:00:07:27 +0700] "POST /wp-login.php HTTP/1.1" 200 0 "-" "Mozilla/5.0"
91.92.242.197 - - [27/Aug/2026:00:07:48 +0700] "POST /wp-login.php HTTP/1.1" 503 18033 "-" "Mozilla/5.0"
103.59.161.152 - - [27/Aug/2026:00:08:35 +0700] "POST /wp-login.php HTTP/1.1" 200 0 "-" "Mozilla/5.0"
91.92.242.197 - - [27/Aug/2026:00:09:06 +0700] "POST /wp-login.php HTTP/1.1" 503 18033 "-" "Mozilla/5.0"
202.10.43.32 - - [27/Aug/2026:00:09:45 +0700] "POST /wp-cron.php?doing_wp_cron=1787764185.2144389152526855468750 HTTP/1.1" 200 0 "-" "WordPress/7.1; https://arlindo.ac.id"
