129.225.125.127 - - [27/Aug/2026:05:29:00 +0700] "GET /wp-admin/index.php HTTP/1.1" 200 9951 "https://arlindo.ac.id/wp-login.php" "Mozilla/5.0 (X11; Linux x86_64) AppleWebKit/537.36 (KHTML, like Gecko) Chrome/93.0.4577.63 Safari/537.36"
202.10.43.32 - - [27/Aug/2026:05:29:00 +0700] "POST /wp-cron.php?doing_wp_cron=1787783340.9367430210113525390625 HTTP/1.1" 200 0 "-" "WordPress/7.1; https://arlindo.ac.id"
202.10.43.32 - - [27/Aug/2026:05:29:00 +0700] "POST /?wordfence_syncAttackData=1787783340.5017 HTTP/1.1" 200 1394 "-" "WordPress/7.1; https://arlindo.ac.id"
202.10.43.32 - - [27/Aug/2026:05:29:30 +0700] "POST /wp-cron.php?doing_wp_cron=1787783370.9130179882049560546875 HTTP/1.1" 200 0 "-" "WordPress/7.1; https://arlindo.ac.id"
129.225.125.127 - - [27/Aug/2026:05:29:16 +0700] "POST /wp-login.php HTTP/1.1" 200 9003 "https://arlindo.ac.id/wp-login.php" "Mozilla/5.0 (X11; Linux x86_64) AppleWebKit/537.36 (KHTML, like Gecko) Chrome/91.0.4472.124 Safari/537.36"
129.225.125.127 - - [27/Aug/2026:05:29:01 +0700] "POST /wp-login.php HTTP/1.1" 200 9003 "https://arlindo.ac.id/wp-login.php" "Mozilla/5.0 (Windows NT 10.0; Win64; x64; rv:91.0) Gecko/20100101 Firefox/91.0"
202.10.43.32 - - [27/Aug/2026:05:29:30 +0700] "POST /?wordfence_syncAttackData=1787783370.4061 HTTP/1.1" 200 1394 "-" "WordPress/7.1; https://arlindo.ac.id"
129.225.125.127 - - [27/Aug/2026:05:29:30 +0700] "GET /wp-admin/index.php HTTP/1.1" 200 9955 "https://arlindo.ac.id/wp-login.php" "Mozilla/5.0 (Macintosh; Intel Mac OS X 10_15_7) AppleWebKit/537.36 (KHTML, like Gecko) Chrome/94.0.4606.71 Safari/537.36"
103.59.161.152 - - [27/Aug/2026:05:29:21 +0700] "POST /wp-login.php HTTP/1.1" 200 0 "-" "Mozilla/5.0"
129.225.125.127 - - [27/Aug/2026:05:29:31 +0700] "POST /wp-login.php HTTP/1.1" 200 9955 "https://arlindo.ac.id/wp-login.php" "Mozilla/5.0 (Windows NT 10.0; Win64; x64) AppleWebKit/605.1.15 (KHTML, like Gecko) Version/14.1 Safari/605.1.15"
103.65.237.131 - - [27/Aug/2026:05:28:46 +0700] "POST //wp-login.php HTTP/1.1" 200 0 "https://arlindo.ac.id//wp-login.php" "Mozilla/5.0 (Windows NT 10.0; Win64; x64) AppleWebKit/537.36 (KHTML, like Gecko) Chrome/88.0.4240.193 Safari/537.36"
129.225.125.127 - - [27/Aug/2026:05:29:46 +0700] "POST /wp-login.php HTTP/1.1" 200 9003 "https://arlindo.ac.id/wp-login.php" "Mozilla/5.0 (Windows NT 10.0; Win64; x64) AppleWebKit/605.1.15 (KHTML, like Gecko) Version/15.0 Safari/605.1.15"
202.10.43.32 - - [27/Aug/2026:05:30:00 +0700] "POST /wp-cron.php?doing_wp_cron=1787783400.8813409805297851562500 HTTP/1.1" 200 0 "-" "WordPress/7.1; https://arlindo.ac.id"
202.10.43.32 - - [27/Aug/2026:05:30:00 +0700] "POST /?wordfence_syncAttackData=1787783400.4625 HTTP/1.1" 200 1394 "-" "WordPress/7.1; https://arlindo.ac.id"
129.225.125.127 - - [27/Aug/2026:05:30:00 +0700] "GET /wp-admin/index.php HTTP/1.1" 200 9957 "https://arlindo.ac.id/wp-login.php" "Mozilla/5.0 (Windows NT 10.0; Win64; x64) AppleWebKit/605.1.15 (KHTML, like Gecko) Version/14.1 Safari/605.1.15"
129.225.125.127 - - [27/Aug/2026:05:30:00 +0700] "POST /wp-login.php HTTP/1.1" 200 9957 "https://arlindo.ac.id/wp-login.php" "Mozilla/5.0 (Macintosh; Intel Mac OS X 10_15_7) AppleWebKit/605.1.15 (KHTML, like Gecko) Version/14.0.3 Safari/605.1.15"
91.92.242.197 - - [27/Aug/2026:05:29:21 +0700] "POST /wp-login.php HTTP/1.1" 200 0 "-" "Mozilla/5.0"
178.156.185.127 - - [27/Aug/2026:05:30:26 +0700] "HEAD / HTTP/1.1" 200 0 "https://arlindo.ac.id" "Mozilla/5.0+(compatible; UptimeRobot/2.0; http://www.uptimerobot.com/)"
129.225.125.127 - - [27/Aug/2026:05:30:16 +0700] "POST /wp-login.php HTTP/1.1" 200 9003 "https://arlindo.ac.id/wp-login.php" "Mozilla/5.0 (Windows NT 6.1; Win64; x64; rv:89.0) Gecko/20100101 Firefox/89.0.2"
103.59.161.152 - - [27/Aug/2026:05:30:28 +0700] "POST /wp-login.php HTTP/1.1" 200 0 "-" "Mozilla/5.0"
129.225.125.127 - - [27/Aug/2026:05:30:31 +0700] "POST /wp-login.php HTTP/1.1" 200 0 "https://arlindo.ac.id/wp-login.php" "Mozilla/5.0 (Windows NT 10.0; Win64; x64; rv:92.0) Gecko/20100101 Firefox/92.0"
103.65.237.131 - - [27/Aug/2026:05:29:48 +0700] "POST //wp-login.php HTTP/1.1" 200 0 "https://arlindo.ac.id//wp-login.php" "Mozilla/5.0 (Windows NT 10.0; Win64; x64) AppleWebKit/537.36 (KHTML, like Gecko) Chrome/88.0.4240.193 Safari/537.36"
202.10.43.32 - - [27/Aug/2026:05:30:55 +0700] "POST /wp-cron.php?doing_wp_cron=1787783455.1611540317535400390625 HTTP/1.1" 200 0 "-" "WordPress/7.1; https://arlindo.ac.id"
202.10.43.32 - - [27/Aug/2026:05:30:54 +0700] "POST /?wordfence_syncAttackData=1787783454.7067 HTTP/1.1" 200 1394 "-" "WordPress/7.1; https://arlindo.ac.id"
216.194.170.77 - - [27/Aug/2026:05:30:54 +0700] "GET /wp-login.php HTTP/2" 200 3843 "-" "Mozilla/5.0 (Windows NT 10.0; Win64; x64) AppleWebKit/537.36 (KHTML, like Gecko) Chrome/151.0.0.0 Safari/537.36"
216.194.170.77 - - [27/Aug/2026:05:30:56 +0700] "POST /wp-login.php HTTP/2" 200 8234 "-" "Mozilla/5.0 (Windows NT 10.0; Win64; x64) AppleWebKit/537.36 (KHTML, like Gecko) Chrome/151.0.0.0 Safari/537.36"
129.225.125.127 - - [27/Aug/2026:05:30:46 +0700] "POST /wp-login.php HTTP/1.1" 200 8849 "https://arlindo.ac.id/wp-login.php" "Mozilla/5.0 (Windows NT 10.0; Win64; x64) AppleWebKit/605.1.15 (KHTML, like Gecko) Version/14.0.3 Safari/605.1.15"
202.10.43.32 - - [27/Aug/2026:05:31:02 +0700] "POST /wp-cron.php?doing_wp_cron=1787783462.0834200382232666015625 HTTP/1.1" 200 0 "-" "WordPress/7.1; https://arlindo.ac.id"
129.225.125.127 - - [27/Aug/2026:05:31:01 +0700] "POST /wp-login.php HTTP/1.1" 200 0 "https://arlindo.ac.id/wp-login.php" "Mozilla/5.0 (X11; Linux x86_64) AppleWebKit/537.36 (KHTML, like Gecko) Chrome/94.0.4606.71 Safari/537.36"
91.92.242.197 - - [27/Aug/2026:05:30:58 +0700] "POST /wp-login.php HTTP/1.1" 200 0 "-" "Mozilla/5.0"
129.225.125.127 - - [27/Aug/2026:05:31:16 +0700] "POST /wp-login.php HTTP/1.1" 200 9003 "https://arlindo.ac.id/wp-login.php" "Mozilla/5.0 (Macintosh; Intel Mac OS X 10_15_7) AppleWebKit/605.1.15 (KHTML, like Gecko) Version/15.0 Safari/605.1.15"
202.10.43.32 - - [27/Aug/2026:05:31:31 +0700] "POST /wp-cron.php?doing_wp_cron=1787783491.3606131076812744140625 HTTP/1.1" 200 0 "-" "WordPress/7.1; https://arlindo.ac.id"
129.225.125.127 - - [27/Aug/2026:05:31:30 +0700] "GET /wp-admin/index.php HTTP/1.1" 200 9955 "https://arlindo.ac.id/wp-login.php" "Mozilla/5.0 (Windows NT 10.0; Win64; x64) AppleWebKit/605.1.15 (KHTML, like Gecko) Version/14.1.1 Safari/605.1.15"
202.10.43.32 - - [27/Aug/2026:05:31:30 +0700] "POST /?wordfence_syncAttackData=1787783490.9116 HTTP/1.1" 200 1394 "-" "WordPress/7.1; https://arlindo.ac.id"
129.225.125.127 - - [27/Aug/2026:05:31:31 +0700] "POST /wp-login.php HTTP/1.1" 200 9955 "https://arlindo.ac.id/wp-login.php" "Mozilla/5.0 (Windows NT 6.1; Win64; x64) AppleWebKit/537.36 (KHTML, like Gecko) Chrome/93.0.4577.63 Safari/537.36"
103.65.237.131 - - [27/Aug/2026:05:30:50 +0700] "POST //wp-login.php HTTP/1.1" 200 0 "https://arlindo.ac.id//wp-login.php" "Mozilla/5.0 (Windows NT 10.0; Win64; x64) AppleWebKit/537.36 (KHTML, like Gecko) Chrome/88.0.4240.193 Safari/537.36"
103.59.161.152 - - [27/Aug/2026:05:31:41 +0700] "POST /wp-login.php HTTP/1.1" 200 0 "-" "Mozilla/5.0"
129.225.125.127 - - [27/Aug/2026:05:31:46 +0700] "POST /wp-login.php HTTP/1.1" 200 9003 "https://arlindo.ac.id/wp-login.php" "Mozilla/5.0 (Macintosh; Intel Mac OS X 10_15_7) AppleWebKit/537.36 (KHTML, like Gecko) Chrome/92.0.4515.131 Safari/537.36"
129.225.125.127 - - [27/Aug/2026:05:32:00 +0700] "GET /wp-admin/index.php HTTP/1.1" 200 9955 "https://arlindo.ac.id/wp-login.php" "Mozilla/5.0 (Windows NT 6.1; Win64; x64; rv:92.0) Gecko/20100101 Firefox/92.0"
202.10.43.32 - - [27/Aug/2026:05:32:01 +0700] "POST /wp-cron.php?doing_wp_cron=1787783521.3621819019317626953125 HTTP/1.1" 200 0 "-" "WordPress/7.1; https://arlindo.ac.id"
202.10.43.32 - - [27/Aug/2026:05:32:00 +0700] "POST /?wordfence_syncAttackData=1787783520.893 HTTP/1.1" 200 1394 "-" "WordPress/7.1; https://arlindo.ac.id"
129.225.125.127 - - [27/Aug/2026:05:32:01 +0700] "POST /wp-login.php HTTP/1.1" 200 9955 "https://arlindo.ac.id/wp-login.php" "Mozilla/5.0 (Windows NT 6.1; Win64; x64) AppleWebKit/537.36 (KHTML, like Gecko) Chrome/91.0.4472.124 Safari/537.36"
129.225.125.127 - - [27/Aug/2026:05:32:16 +0700] "POST /wp-login.php HTTP/1.1" 200 9002 "https://arlindo.ac.id/wp-login.php" "Mozilla/5.0 (Windows NT 10.0; Win64; x64; rv:93.0) Gecko/20100101 Firefox/93.0"
202.10.43.32 - - [27/Aug/2026:05:32:31 +0700] "POST /wp-cron.php?doing_wp_cron=1787783551.3608529567718505859375 HTTP/1.1" 200 0 "-" "WordPress/7.1; https://arlindo.ac.id"
202.10.43.32 - - [27/Aug/2026:05:32:30 +0700] "POST /?wordfence_syncAttackData=1787783550.9007 HTTP/1.1" 200 1394 "-" "WordPress/7.1; https://arlindo.ac.id"
129.225.125.127 - - [27/Aug/2026:05:32:30 +0700] "GET /wp-admin/index.php HTTP/1.1" 200 10151 "https://arlindo.ac.id/wp-login.php" "Mozilla/5.0 (Windows NT 6.1; Win64; x64) AppleWebKit/537.36 (KHTML, like Gecko) Chrome/90.0.4430.212 Safari/537.36"
129.225.125.127 - - [27/Aug/2026:05:32:31 +0700] "POST /wp-login.php HTTP/1.1" 200 10151 "https://arlindo.ac.id/wp-login.php" "Mozilla/5.0 (Macintosh; Intel Mac OS X 10_15_7) AppleWebKit/537.36 (KHTML, like Gecko) Chrome/90.0.4430.212 Safari/537.36"
103.65.237.131 - - [27/Aug/2026:05:31:52 +0700] "POST //wp-login.php HTTP/1.1" 200 0 "https://arlindo.ac.id//wp-login.php" "Mozilla/5.0 (Windows NT 10.0; Win64; x64) AppleWebKit/537.36 (KHTML, like Gecko) Chrome/88.0.4240.193 Safari/537.36"
91.92.242.197 - - [27/Aug/2026:05:32:36 +0700] "POST /wp-login.php HTTP/1.1" 200 0 "-" "Mozilla/5.0"
129.225.125.127 - - [27/Aug/2026:05:32:46 +0700] "POST /wp-login.php HTTP/1.1" 200 9003 "https://arlindo.ac.id/wp-login.php" "Mozilla/5.0 (Macintosh; Intel Mac OS X 10_15_7) AppleWebKit/537.36 (KHTML, like Gecko) Chrome/94.0.4606.71 Safari/537.36"
202.10.43.32 - - [27/Aug/2026:05:33:01 +0700] "POST /wp-cron.php?doing_wp_cron=1787783581.4441020488739013671875 HTTP/1.1" 200 0 "-" "WordPress/7.1; https://arlindo.ac.id"
129.225.125.127 - - [27/Aug/2026:05:33:00 +0700] "GET /wp-admin/index.php HTTP/1.1" 200 9953 "https://arlindo.ac.id/wp-login.php" "Mozilla/5.0 (X11; Linux x86_64; rv:90.0) Gecko/20100101 Firefox/90.0.1"
202.10.43.32 - - [27/Aug/2026:05:33:01 +0700] "POST /?wordfence_syncAttackData=1787783580.9852 HTTP/1.1" 200 1394 "-" "WordPress/7.1; https://arlindo.ac.id"
103.59.161.152 - - [27/Aug/2026:05:32:49 +0700] "POST /wp-login.php HTTP/1.1" 200 0 "-" "Mozilla/5.0"
129.225.125.127 - - [27/Aug/2026:05:33:01 +0700] "POST /wp-login.php HTTP/1.1" 200 9953 "https://arlindo.ac.id/wp-login.php" "Mozilla/5.0 (X11; Linux x86_64) AppleWebKit/537.36 (KHTML, like Gecko) Chrome/91.0.4472.124 Safari/537.36"
159.65.135.136 - - [27/Aug/2026:05:33:29 +0700] "GET /wp-content HTTP/1.1" 301 795 "https://duckduckgo.com/" "Mozilla/5.0 (iPhone; CPU iPhone OS 18_4 like Mac OS X) AppleWebKit/605.1.15 (KHTML, like Gecko) CriOS/135.0.0.0 Mobile/15E148 Safari/604.1"
159.65.135.136 - - [27/Aug/2026:05:33:29 +0700] "GET /wp-content/ HTTP/1.1" 200 0 "https://duckduckgo.com/" "Mozilla/5.0 (iPhone; CPU iPhone OS 18_4 like Mac OS X) AppleWebKit/605.1.15 (KHTML, like Gecko) CriOS/135.0.0.0 Mobile/15E148 Safari/604.1"
159.65.135.136 - - [27/Aug/2026:05:33:29 +0700] "GET /wp-includes HTTP/1.1" 301 795 "https://www.bing.com/" "Mozilla/5.0 (Macintosh; Intel Mac OS X 14_5) AppleWebKit/537.36 (KHTML, like Gecko) Chrome/135.0.0.0 Safari/537.36"
159.65.135.136 - - [27/Aug/2026:05:33:29 +0700] "GET /wp-includes/ HTTP/1.1" 200 9834 "https://www.bing.com/" "Mozilla/5.0 (Macintosh; Intel Mac OS X 14_5) AppleWebKit/537.36 (KHTML, like Gecko) Chrome/135.0.0.0 Safari/537.36"
159.65.135.136 - - [27/Aug/2026:05:33:29 +0700] "GET /wp-includes/abilities-api HTTP/1.1" 301 795 "https://www.bing.com/" "Mozilla/5.0 (Macintosh; Intel Mac OS X 10_15_7) AppleWebKit/537.36 (KHTML, like Gecko) Chrome/136.0.0.0 Safari/537.36"
159.65.135.136 - - [27/Aug/2026:05:33:29 +0700] "GET /wp-includes/abilities-api/ HTTP/1.1" 200 892 "https://www.bing.com/" "Mozilla/5.0 (Macintosh; Intel Mac OS X 10_15_7) AppleWebKit/537.36 (KHTML, like Gecko) Chrome/136.0.0.0 Safari/537.36"
159.65.135.136 - - [27/Aug/2026:05:33:29 +0700] "GET /wp-includes/abilities-api/class-wp-abilities-registry.php HTTP/1.1" 200 0 "https://duckduckgo.com/" "Mozilla/5.0 (Android 15; Mobile; rv:137.0) Gecko/137.0 Firefox/137.0"
159.65.135.136 - - [27/Aug/2026:05:33:29 +0700] "GET /wp-includes/abilities-api/class-wp-ability-categories-registry.php HTTP/1.1" 200 0 "https://www.bing.com/" "Mozilla/5.0 (Windows NT 10.0; Win64; x64) AppleWebKit/537.36 (KHTML, like Gecko) Chrome/135.0.0.0 Safari/537.36"
159.65.135.136 - - [27/Aug/2026:05:33:29 +0700] "GET /wp-includes/abilities-api/class-wp-ability-category.php HTTP/1.1" 200 0 "https://duckduckgo.com/" "Mozilla/5.0 (Macintosh; Intel Mac OS X 10_15_7) AppleWebKit/537.36 (KHTML, like Gecko) Chrome/136.0.0.0 Safari/537.36"
159.65.135.136 - - [27/Aug/2026:05:33:29 +0700] "GET /wp-includes/abilities-api/class-wp-ability.php HTTP/1.1" 200 0 "https://www.google.com/" "Mozilla/5.0 (Linux; Android 15; Pixel 8 Pro) AppleWebKit/537.36 (KHTML, like Gecko) Chrome/136.0.0.0 Mobile Safari/537.36"
159.65.135.136 - - [27/Aug/2026:05:33:29 +0700] "GET /wp-includes/ai-client HTTP/1.1" 301 795 "https://search.yahoo.com/" "Mozilla/5.0 (Macintosh; Intel Mac OS X 14_5) AppleWebKit/605.1.15 (KHTML, like Gecko) Version/18.5 Safari/605.1.15"
159.65.135.136 - - [27/Aug/2026:05:33:29 +0700] "GET /wp-includes/ai-client/ HTTP/1.1" 200 894 "https://search.yahoo.com/" "Mozilla/5.0 (Macintosh; Intel Mac OS X 14_5) AppleWebKit/605.1.15 (KHTML, like Gecko) Version/18.5 Safari/605.1.15"
159.65.135.136 - - [27/Aug/2026:05:33:29 +0700] "GET /wp-includes/ai-client/class-wp-ai-client-ability-function-resolver.php HTTP/1.1" 200 0 "https://duckduckgo.com/" "Mozilla/5.0 (Windows NT 10.0; Win64; x64) AppleWebKit/537.36 (KHTML, like Gecko) Chrome/134.0.0.0 Safari/537.36"
159.65.135.136 - - [27/Aug/2026:05:33:29 +0700] "GET /wp-includes/ai-client/class-wp-ai-client-prompt-builder.php HTTP/1.1" 200 0 "https://search.yahoo.com/" "Mozilla/5.0 (Macintosh; Intel Mac OS X 14_5) AppleWebKit/605.1.15 (KHTML, like Gecko) Version/18.5 Safari/605.1.15"
159.65.135.136 - - [27/Aug/2026:05:33:29 +0700] "GET /wp-includes/assets HTTP/1.1" 301 795 "https://search.yahoo.com/" "Mozilla/5.0 (Linux; Android 15; Pixel 7) AppleWebKit/537.36 (KHTML, like Gecko) Chrome/135.0.0.0 Mobile Safari/537.36"
159.65.135.136 - - [27/Aug/2026:05:33:29 +0700] "GET /wp-includes/assets/ HTTP/1.1" 200 867 "https://search.yahoo.com/" "Mozilla/5.0 (Linux; Android 15; Pixel 7) AppleWebKit/537.36 (KHTML, like Gecko) Chrome/135.0.0.0 Mobile Safari/537.36"
159.65.135.136 - - [27/Aug/2026:05:33:29 +0700] "GET /wp-includes/assets/icon-library-manifest.php HTTP/1.1" 200 38 "https://yandex.com/" "Mozilla/5.0 (Android 15; Mobile; rv:138.0) Gecko/138.0 Firefox/138.0"
159.65.135.136 - - [27/Aug/2026:05:33:29 +0700] "GET /wp-includes/assets/script-loader-packages.php HTTP/1.1" 200 0 "https://www.bing.com/" "Mozilla/5.0 (Android 15; Mobile; rv:137.0) Gecko/137.0 Firefox/137.0"
159.65.135.136 - - [27/Aug/2026:05:33:29 +0700] "GET /wp-includes/assets/script-modules-packages.php HTTP/1.1" 200 0 "https://yandex.com/" "Mozilla/5.0 (Windows NT 10.0; Win64; x64) AppleWebKit/537.36 (KHTML, like Gecko) Chrome/136.0.0.0 Safari/537.36 Edg/136.0.0.0"
159.65.135.136 - - [27/Aug/2026:05:33:29 +0700] "GET /wp-includes/block-bindings HTTP/1.1" 301 795 "https://yandex.com/" "Mozilla/5.0 (Macintosh; Intel Mac OS X 10_15_7) AppleWebKit/537.36 (KHTML, like Gecko) Chrome/136.0.0.0 Safari/537.36"
159.65.135.136 - - [27/Aug/2026:05:33:29 +0700] "GET /wp-includes/block-bindings/ HTTP/1.1" 200 947 "https://yandex.com/" "Mozilla/5.0 (Macintosh; Intel Mac OS X 10_15_7) AppleWebKit/537.36 (KHTML, like Gecko) Chrome/136.0.0.0 Safari/537.36"
159.65.135.136 - - [27/Aug/2026:05:33:29 +0700] "GET /wp-includes/block-bindings/pattern-overrides.php HTTP/1.1" 500 0 "https://yandex.com/" "Mozilla/5.0 (Windows NT 10.0; Win64; x64; rv:138.0) Gecko/20100101 Firefox/138.0"
159.65.135.136 - - [27/Aug/2026:05:33:29 +0700] "GET /wp-includes/block-bindings/post-data.php HTTP/1.1" 500 0 "https://www.google.com/" "Mozilla/5.0 (iPhone; CPU iPhone OS 18_3 like Mac OS X) AppleWebKit/605.1.15 (KHTML, like Gecko) Version/18.3 Mobile/15E148 Safari/604.1"
159.65.135.136 - - [27/Aug/2026:05:33:29 +0700] "GET /wp-includes/block-bindings/post-meta.php HTTP/1.1" 500 0 "https://www.google.com/" "Mozilla/5.0 (Windows NT 10.0; Win64; x64) AppleWebKit/537.36 (KHTML, like Gecko) Chrome/135.0.0.0 Safari/537.36 OPR/109.0.0.0"
159.65.135.136 - - [27/Aug/2026:05:33:29 +0700] "GET /wp-includes/block-bindings/term-data.php HTTP/1.1" 500 0 "https://yandex.com/" "Mozilla/5.0 (Windows NT 10.0; Win64; x64) AppleWebKit/537.36 (KHTML, like Gecko) Chrome/135.0.0.0 Safari/537.36 Edg/135.0.0.0"
159.65.135.136 - - [27/Aug/2026:05:33:29 +0700] "GET /wp-includes/block-patterns HTTP/1.1" 301 795 "https://search.yahoo.com/" "Mozilla/5.0 (Windows NT 10.0; Win64; x64; rv:137.0) Gecko/20100101 Firefox/137.0"
159.65.135.136 - - [27/Aug/2026:05:33:29 +0700] "GET /wp-includes/block-patterns/ HTTP/1.1" 200 1514 "https://search.yahoo.com/" "Mozilla/5.0 (Windows NT 10.0; Win64; x64; rv:137.0) Gecko/20100101 Firefox/137.0"
129.225.125.127 - - [27/Aug/2026:05:33:16 +0700] "POST /wp-login.php HTTP/1.1" 200 9003 "https://arlindo.ac.id/wp-login.php" "Mozilla/5.0 (Windows NT 10.0; Win64; x64) AppleWebKit/605.1.15 (KHTML, like Gecko) Version/14.1.1 Safari/605.1.15"
202.10.43.32 - - [27/Aug/2026:05:33:31 +0700] "POST /wp-cron.php?doing_wp_cron=1787783611.4411089420318603515625 HTTP/1.1" 200 0 "-" "WordPress/7.1; https://arlindo.ac.id"
202.10.43.32 - - [27/Aug/2026:05:33:31 +0700] "POST /?wordfence_syncAttackData=1787783610.9956 HTTP/1.1" 200 1394 "-" "WordPress/7.1; https://arlindo.ac.id"
159.65.135.136 - - [27/Aug/2026:05:33:29 +0700] "GET /wp-includes/block-patterns/navigation-overlay-accent-bg.php HTTP/1.1" 500 0 "https://search.yahoo.com/" "Mozilla/5.0 (Macintosh; Intel Mac OS X 14_5) AppleWebKit/605.1.15 (KHTML, like Gecko) Version/18.5 Safari/605.1.15"
159.65.135.136 - - [27/Aug/2026:05:33:31 +0700] "GET /wp-includes/block-patterns/navigation-overlay-black-bg.php HTTP/1.1" 500 0 "https://yandex.com/" "Mozilla/5.0 (Android 15; Mobile; rv:137.0) Gecko/137.0 Firefox/137.0"
159.65.135.136 - - [27/Aug/2026:05:33:31 +0700] "GET /wp-includes/block-patterns/navigation-overlay-centered-with-extras.php HTTP/1.1" 500 0 "https://search.yahoo.com/" "Mozilla/5.0 (iPad; CPU OS 18_4 like Mac OS X) AppleWebKit/605.1.15 (KHTML, like Gecko) Version/18.4 Mobile/15E148 Safari/604.1"
159.65.135.136 - - [27/Aug/2026:05:33:31 +0700] "GET /wp-includes/block-patterns/navigation-overlay-centered.php HTTP/1.1" 500 0 "https://duckduckgo.com/" "Mozilla/5.0 (X11; Linux x86_64; rv:137.0) Gecko/20100101 Firefox/137.0"
159.65.135.136 - - [27/Aug/2026:05:33:31 +0700] "GET /wp-includes/block-patterns/navigation-overlay.php HTTP/1.1" 500 0 "https://duckduckgo.com/" "Mozilla/5.0 (iPhone; CPU iPhone OS 18_5 like Mac OS X) AppleWebKit/605.1.15 (KHTML, like Gecko) CriOS/136.0.0.0 Mobile/15E148 Safari/604.1"
159.65.135.136 - - [27/Aug/2026:05:33:31 +0700] "GET /wp-includes/block-patterns/query-grid-posts.php HTTP/1.1" 500 0 "https://www.google.com/" "Mozilla/5.0 (Linux; Android 14; SM-G998B) AppleWebKit/537.36 (KHTML, like Gecko) Chrome/134.0.0.0 Mobile Safari/537.36"
159.65.135.136 - - [27/Aug/2026:05:33:31 +0700] "GET /wp-includes/block-patterns/query-large-title-posts.php HTTP/1.1" 500 0 "https://search.yahoo.com/" "Mozilla/5.0 (Linux; Android 14; SM-G998B) AppleWebKit/537.36 (KHTML, like Gecko) Chrome/134.0.0.0 Mobile Safari/537.36"
159.65.135.136 - - [27/Aug/2026:05:33:31 +0700] "GET /wp-includes/block-patterns/query-medium-posts.php HTTP/1.1" 500 0 "https://yandex.com/" "Mozilla/5.0 (X11; Linux x86_64; rv:138.0) Gecko/20100101 Firefox/138.0"
159.65.135.136 - - [27/Aug/2026:05:33:31 +0700] "GET /wp-includes/block-patterns/query-offset-posts.php HTTP/1.1" 500 0 "https://www.google.com/" "Mozilla/5.0 (Windows NT 10.0; Win64; x64) AppleWebKit/537.36 (KHTML, like Gecko) Chrome/135.0.0.0 Safari/537.36"
159.65.135.136 - - [27/Aug/2026:05:33:31 +0700] "GET /wp-includes/block-patterns/query-small-posts.php HTTP/1.1" 500 0 "https://www.bing.com/" "Mozilla/5.0 (iPhone; CPU iPhone OS 18_5 like Mac OS X) AppleWebKit/605.1.15 (KHTML, like Gecko) Version/18.5 Mobile/15E148 Safari/604.1"
159.65.135.136 - - [27/Aug/2026:05:33:31 +0700] "GET /wp-includes/block-patterns/query-standard-posts.php HTTP/1.1" 500 0 "https://search.yahoo.com/" "Mozilla/5.0 (Macintosh; Intel Mac OS X 14.5; rv:138.0) Gecko/20100101 Firefox/138.0"
159.65.135.136 - - [27/Aug/2026:05:33:31 +0700] "GET /wp-includes/block-patterns/social-links-shared-background-color.php HTTP/1.1" 500 0 "https://yandex.com/" "Mozilla/5.0 (Linux; Android 14; SM-G998B) AppleWebKit/537.36 (KHTML, like Gecko) Chrome/134.0.0.0 Mobile Safari/537.36"
159.65.135.136 - - [27/Aug/2026:05:33:31 +0700] "GET /wp-includes/block-supports HTTP/1.1" 301 795 "https://www.google.com/" "Mozilla/5.0 (Windows NT 10.0; Win64; x64) AppleWebKit/537.36 (KHTML, like Gecko) Chrome/136.0.0.0 Safari/537.36 OPR/110.0.0.0"
159.65.135.136 - - [27/Aug/2026:05:33:31 +0700] "GET /wp-includes/block-supports/ HTTP/1.1" 200 1837 "https://www.google.com/" "Mozilla/5.0 (Windows NT 10.0; Win64; x64) AppleWebKit/537.36 (KHTML, like Gecko) Chrome/136.0.0.0 Safari/537.36 OPR/110.0.0.0"
159.65.135.136 - - [27/Aug/2026:05:33:31 +0700] "GET /wp-includes/block-supports/align.php HTTP/1.1" 500 0 "https://www.bing.com/" "Mozilla/5.0 (Linux; Android 15; SM-S918B) AppleWebKit/537.36 (KHTML, like Gecko) Chrome/135.0.0.0 Mobile Safari/537.36 OPR/109.0.0.0"
159.65.135.136 - - [27/Aug/2026:05:33:31 +0700] "GET /wp-includes/block-supports/anchor.php HTTP/1.1" 500 0 "https://yandex.com/" "Mozilla/5.0 (X11; Linux x86_64; rv:137.0) Gecko/20100101 Firefox/137.0"
159.65.135.136 - - [27/Aug/2026:05:33:31 +0700] "GET /wp-includes/block-supports/aria-label.php HTTP/1.1" 500 0 "https://www.google.com/" "Mozilla/5.0 (Linux; Android 15; SM-S918B) AppleWebKit/537.36 (KHTML, like Gecko) Chrome/135.0.0.0 Mobile Safari/537.36 OPR/109.0.0.0"
159.65.135.136 - - [27/Aug/2026:05:33:31 +0700] "GET /wp-includes/block-supports/auto-register.php HTTP/1.1" 500 0 "https://duckduckgo.com/" "Mozilla/5.0 (iPhone; CPU iPhone OS 18_5 like Mac OS X) AppleWebKit/605.1.15 (KHTML, like Gecko) Version/18.5 Mobile/15E148 Safari/604.1"
159.65.135.136 - - [27/Aug/2026:05:33:31 +0700] "GET /wp-includes/block-supports/background.php HTTP/1.1" 500 0 "https://www.bing.com/" "Mozilla/5.0 (Linux; Android 15; Pixel 8 Pro) AppleWebKit/537.36 (KHTML, like Gecko) Chrome/136.0.0.0 Mobile Safari/537.36"
159.65.135.136 - - [27/Aug/2026:05:33:31 +0700] "GET /wp-includes/block-supports/block-style-variations.php HTTP/1.1" 500 0 "https://yandex.com/" "Mozilla/5.0 (Linux; Android 15; Pixel 8 Pro) AppleWebKit/537.36 (KHTML, like Gecko) Chrome/136.0.0.0 Mobile Safari/537.36"
159.65.135.136 - - [27/Aug/2026:05:33:31 +0700] "GET /wp-includes/block-supports/block-visibility.php HTTP/1.1" 500 0 "https://www.bing.com/" "Mozilla/5.0 (iPhone; CPU iPhone OS 18_3 like Mac OS X) AppleWebKit/605.1.15 (KHTML, like Gecko) Version/18.3 Mobile/15E148 Safari/604.1"
129.225.125.127 - - [27/Aug/2026:05:33:30 +0700] "GET /wp-admin/index.php HTTP/1.1" 200 9951 "https://arlindo.ac.id/wp-login.php" "Mozilla/5.0 (X11; Linux x86_64; rv:93.0) Gecko/20100101 Firefox/93.0"
159.65.135.136 - - [27/Aug/2026:05:33:31 +0700] "GET /wp-includes/block-supports/border.php HTTP/1.1" 500 0 "https://www.bing.com/" "Mozilla/5.0 (X11; Linux x86_64; rv:138.0) Gecko/20100101 Firefox/138.0"
159.65.135.136 - - [27/Aug/2026:05:33:32 +0700] "GET /wp-includes/block-supports/colors.php HTTP/1.1" 500 0 "https://duckduckgo.com/" "Mozilla/5.0 (Macintosh; Intel Mac OS X 10_15_7) AppleWebKit/537.36 (KHTML, like Gecko) Chrome/136.0.0.0 Safari/537.36"
159.65.135.136 - - [27/Aug/2026:05:33:32 +0700] "GET /wp-includes/block-supports/custom-classname.php HTTP/1.1" 500 0 "https://yandex.com/" "Mozilla/5.0 (X11; Linux x86_64) AppleWebKit/537.36 (KHTML, like Gecko) Chrome/135.0.0.0 Safari/537.36"
159.65.135.136 - - [27/Aug/2026:05:33:32 +0700] "GET /wp-includes/block-supports/custom-css.php HTTP/1.1" 500 0 "https://www.bing.com/" "Mozilla/5.0 (Macintosh; Intel Mac OS X 14_4) AppleWebKit/605.1.15 (KHTML, like Gecko) Version/18.4 Safari/605.1.15"
159.65.135.136 - - [27/Aug/2026:05:33:32 +0700] "GET /wp-includes/block-supports/dimensions.php HTTP/1.1" 500 0 "https://duckduckgo.com/" "Mozilla/5.0 (Windows NT 10.0; Win64; x64; rv:137.0) Gecko/20100101 Firefox/137.0"
159.65.135.136 - - [27/Aug/2026:05:33:32 +0700] "GET /wp-includes/block-supports/duotone.php HTTP/1.1" 500 0 "https://yandex.com/" "Mozilla/5.0 (Linux; Android 15; SM-G998B) AppleWebKit/537.36 (KHTML, like Gecko) Chrome/135.0.0.0 Mobile Safari/537.36 EdgA/135.0.0.0"
159.65.135.136 - - [27/Aug/2026:05:33:32 +0700] "GET /wp-includes/block-supports/elements.php HTTP/1.1" 500 0 "https://www.bing.com/" "Mozilla/5.0 (Android 15; Mobile; rv:138.0) Gecko/138.0 Firefox/138.0"
159.65.135.136 - - [27/Aug/2026:05:33:32 +0700] "GET /wp-includes/block-supports/generated-classname.php HTTP/1.1" 500 0 "https://www.bing.com/" "Mozilla/5.0 (Macintosh; Intel Mac OS X 14_4) AppleWebKit/605.1.15 (KHTML, like Gecko) Version/18.4 Safari/605.1.15"
159.65.135.136 - - [27/Aug/2026:05:33:32 +0700] "GET /wp-includes/block-supports/layout.php HTTP/1.1" 500 0 "https://search.yahoo.com/" "Mozilla/5.0 (Linux; Android 15; SM-G998B) AppleWebKit/537.36 (KHTML, like Gecko) Chrome/135.0.0.0 Mobile Safari/537.36 EdgA/135.0.0.0"
159.65.135.136 - - [27/Aug/2026:05:33:32 +0700] "GET /wp-includes/block-supports/position.php HTTP/1.1" 500 0 "https://www.bing.com/" "Mozilla/5.0 (iPhone; CPU iPhone OS 18_5 like Mac OS X) AppleWebKit/605.1.15 (KHTML, like Gecko) CriOS/136.0.0.0 Mobile/15E148 Safari/604.1"
159.65.135.136 - - [27/Aug/2026:05:33:32 +0700] "GET /wp-includes/block-supports/settings.php HTTP/1.1" 500 0 "https://search.yahoo.com/" "Mozilla/5.0 (Windows NT 10.0; Win64; x64; rv:137.0) Gecko/20100101 Firefox/137.0"
159.65.135.136 - - [27/Aug/2026:05:33:32 +0700] "GET /wp-includes/block-supports/shadow.php HTTP/1.1" 500 0 "https://duckduckgo.com/" "Mozilla/5.0 (Windows NT 10.0; Win64; x64) AppleWebKit/537.36 (KHTML, like Gecko) Chrome/134.0.0.0 Safari/537.36 Edg/134.0.0.0"
159.65.135.136 - - [27/Aug/2026:05:33:32 +0700] "GET /wp-includes/block-supports/spacing.php HTTP/1.1" 500 0 "https://search.yahoo.com/" "Mozilla/5.0 (Macintosh; Intel Mac OS X 14.5; rv:138.0) Gecko/20100101 Firefox/138.0"
159.65.135.136 - - [27/Aug/2026:05:33:32 +0700] "GET /wp-includes/block-supports/states.php HTTP/1.1" 500 0 "https://duckduckgo.com/" "Mozilla/5.0 (X11; Linux x86_64) AppleWebKit/537.36 (KHTML, like Gecko) Chrome/136.0.0.0 Safari/537.36"
159.65.135.136 - - [27/Aug/2026:05:33:32 +0700] "GET /wp-includes/block-supports/typography.php HTTP/1.1" 500 0 "https://search.yahoo.com/" "Mozilla/5.0 (iPhone; CPU iPhone OS 18_3 like Mac OS X) AppleWebKit/605.1.15 (KHTML, like Gecko) Version/18.3 Mobile/15E148 Safari/604.1"
159.65.135.136 - - [27/Aug/2026:05:33:32 +0700] "GET /wp-includes/block-supports/utils.php HTTP/1.1" 200 0 "https://yandex.com/" "Mozilla/5.0 (Windows NT 10.0; Win64; x64) AppleWebKit/537.36 (KHTML, like Gecko) Chrome/136.0.0.0 Safari/537.36 Edg/136.0.0.0"
159.65.135.136 - - [27/Aug/2026:05:33:32 +0700] "GET /wp-includes/blocks HTTP/1.1" 301 795 "https://yandex.com/" "Mozilla/5.0 (Windows NT 10.0; Win64; x64) AppleWebKit/537.36 (KHTML, like Gecko) Chrome/136.0.0.0 Safari/537.36 OPR/110.0.0.0"
159.65.135.136 - - [27/Aug/2026:05:33:32 +0700] "GET /wp-includes/blocks/ HTTP/1.1" 200 0 "https://yandex.com/" "Mozilla/5.0 (Windows NT 10.0; Win64; x64) AppleWebKit/537.36 (KHTML, like Gecko) Chrome/136.0.0.0 Safari/537.36 OPR/110.0.0.0"
159.65.135.136 - - [27/Aug/2026:05:33:32 +0700] "GET /wp-includes/build HTTP/1.1" 301 795 "https://search.yahoo.com/" "Mozilla/5.0 (iPhone; CPU iPhone OS 18_5 like Mac OS X) AppleWebKit/605.1.15 (KHTML, like Gecko) CriOS/136.0.0.0 Mobile/15E148 Safari/604.1"
159.65.135.136 - - [27/Aug/2026:05:33:32 +0700] "GET /wp-includes/build/ HTTP/1.1" 200 1267 "https://search.yahoo.com/" "Mozilla/5.0 (iPhone; CPU iPhone OS 18_5 like Mac OS X) AppleWebKit/605.1.15 (KHTML, like Gecko) CriOS/136.0.0.0 Mobile/15E148 Safari/604.1"
159.65.135.136 - - [27/Aug/2026:05:33:32 +0700] "GET /wp-includes/build/constants.php HTTP/1.1" 500 0 "https://www.google.com/" "Mozilla/5.0 (Windows NT 10.0; Win64; x64) AppleWebKit/537.36 (KHTML, like Gecko) Chrome/134.0.0.0 Safari/537.36 Edg/134.0.0.0"
159.65.135.136 - - [27/Aug/2026:05:33:32 +0700] "GET /wp-includes/build/pages.php HTTP/1.1" 500 0 "https://search.yahoo.com/" "Mozilla/5.0 (iPad; CPU OS 18_5 like Mac OS X) AppleWebKit/605.1.15 (KHTML, like Gecko) Version/18.5 Mobile/15E148 Safari/604.1"
159.65.135.136 - - [27/Aug/2026:05:33:32 +0700] "GET /wp-includes/build/routes.php HTTP/1.1" 500 0 "https://www.bing.com/" "Mozilla/5.0 (Windows NT 10.0; Win64; x64) AppleWebKit/537.36 (KHTML, like Gecko) Chrome/134.0.0.0 Safari/537.36"
159.65.135.136 - - [27/Aug/2026:05:33:33 +0700] "GET /wp-includes/certificates HTTP/1.1" 301 795 "https://search.yahoo.com/" "Mozilla/5.0 (iPhone; CPU iPhone OS 18_5 like Mac OS X) AppleWebKit/605.1.15 (KHTML, like Gecko) CriOS/136.0.0.0 Mobile/15E148 Safari/604.1"
159.65.135.136 - - [27/Aug/2026:05:33:33 +0700] "GET /wp-includes/certificates/ HTTP/1.1" 200 778 "https://search.yahoo.com/" "Mozilla/5.0 (iPhone; CPU iPhone OS 18_5 like Mac OS X) AppleWebKit/605.1.15 (KHTML, like Gecko) CriOS/136.0.0.0 Mobile/15E148 Safari/604.1"
159.65.135.136 - - [27/Aug/2026:05:33:33 +0700] "GET /wp-includes/css HTTP/1.1" 301 795 "https://duckduckgo.com/" "Mozilla/5.0 (X11; Linux x86_64) AppleWebKit/537.36 (KHTML, like Gecko) Chrome/135.0.0.0 Safari/537.36"
159.65.135.136 - - [27/Aug/2026:05:33:33 +0700] "GET /wp-includes/css/ HTTP/1.1" 200 2416 "https://duckduckgo.com/" "Mozilla/5.0 (X11; Linux x86_64) AppleWebKit/537.36 (KHTML, like Gecko) Chrome/135.0.0.0 Safari/537.36"
159.65.135.136 - - [27/Aug/2026:05:33:33 +0700] "GET /wp-includes/customize HTTP/1.1" 301 795 "https://www.google.com/" "Mozilla/5.0 (Windows NT 10.0; Win64; x64; rv:138.0) Gecko/20100101 Firefox/138.0"
159.65.135.136 - - [27/Aug/2026:05:33:33 +0700] "GET /wp-includes/customize/ HTTP/1.1" 200 2552 "https://www.google.com/" "Mozilla/5.0 (Windows NT 10.0; Win64; x64; rv:138.0) Gecko/20100101 Firefox/138.0"
159.65.135.136 - - [27/Aug/2026:05:33:33 +0700] "GET /wp-includes/customize/class-wp-customize-background-image-control.php HTTP/1.1" 500 0 "https://www.bing.com/" "Mozilla/5.0 (Linux; Android 15; Pixel 7) AppleWebKit/537.36 (KHTML, like Gecko) Chrome/135.0.0.0 Mobile Safari/537.36"
159.65.135.136 - - [27/Aug/2026:05:33:33 +0700] "GET /wp-includes/customize/class-wp-customize-background-image-setting.php HTTP/1.1" 500 0 "https://www.google.com/" "Mozilla/5.0 (iPad; CPU OS 18_5 like Mac OS X) AppleWebKit/605.1.15 (KHTML, like Gecko) Version/18.5 Mobile/15E148 Safari/604.1"
159.65.135.136 - - [27/Aug/2026:05:33:33 +0700] "GET /wp-includes/customize/class-wp-customize-background-position-control.php HTTP/1.1" 500 0 "https://search.yahoo.com/" "Mozilla/5.0 (Android 15; Mobile; rv:138.0) Gecko/138.0 Firefox/138.0"
159.65.135.136 - - [27/Aug/2026:05:33:33 +0700] "GET /wp-includes/customize/class-wp-customize-code-editor-control.php HTTP/1.1" 500 0 "https://yandex.com/" "Mozilla/5.0 (iPhone; CPU iPhone OS 18_4 like Mac OS X) AppleWebKit/605.1.15 (KHTML, like Gecko) CriOS/135.0.0.0 Mobile/15E148 Safari/604.1"
159.65.135.136 - - [27/Aug/2026:05:33:33 +0700] "GET /wp-includes/customize/class-wp-customize-color-control.php HTTP/1.1" 500 0 "https://search.yahoo.com/" "Mozilla/5.0 (Macintosh; Intel Mac OS X 14.4; rv:137.0) Gecko/20100101 Firefox/137.0"
159.65.135.136 - - [27/Aug/2026:05:33:33 +0700] "GET /wp-includes/customize/class-wp-customize-cropped-image-control.php HTTP/1.1" 500 0 "https://yandex.com/" "Mozilla/5.0 (iPhone; CPU iPhone OS 18_4 like Mac OS X) AppleWebKit/605.1.15 (KHTML, like Gecko) Version/18.4 Mobile/15E148 Safari/604.1"
159.65.135.136 - - [27/Aug/2026:05:33:33 +0700] "GET /wp-includes/customize/class-wp-customize-custom-css-setting.php HTTP/1.1" 500 0 "https://duckduckgo.com/" "Mozilla/5.0 (Windows NT 10.0; Win64; x64) AppleWebKit/537.36 (KHTML, like Gecko) Chrome/136.0.0.0 Safari/537.36 OPR/110.0.0.0"
159.65.135.136 - - [27/Aug/2026:05:33:33 +0700] "GET /wp-includes/customize/class-wp-customize-date-time-control.php HTTP/1.1" 500 0 "https://yandex.com/" "Mozilla/5.0 (iPhone; CPU iPhone OS 18_4 like Mac OS X) AppleWebKit/605.1.15 (KHTML, like Gecko) CriOS/135.0.0.0 Mobile/15E148 Safari/604.1"
159.65.135.136 - - [27/Aug/2026:05:33:33 +0700] "GET /wp-includes/customize/class-wp-customize-filter-setting.php HTTP/1.1" 500 0 "https://yandex.com/" "Mozilla/5.0 (Windows NT 10.0; Win64; x64) AppleWebKit/537.36 (KHTML, like Gecko) Chrome/135.0.0.0 Safari/537.36 Edg/135.0.0.0"
159.65.135.136 - - [27/Aug/2026:05:33:33 +0700] "GET /wp-includes/customize/class-wp-customize-header-image-control.php HTTP/1.1" 500 0 "https://yandex.com/" "Mozilla/5.0 (iPhone; CPU iPhone OS 18_4 like Mac OS X) AppleWebKit/605.1.15 (KHTML, like Gecko) CriOS/135.0.0.0 Mobile/15E148 Safari/604.1"
159.65.135.136 - - [27/Aug/2026:05:33:33 +0700] "GET /wp-includes/customize/class-wp-customize-header-image-setting.php HTTP/1.1" 500 0 "https://www.google.com/" "Mozilla/5.0 (Macintosh; Intel Mac OS X 14.4; rv:137.0) Gecko/20100101 Firefox/137.0"
159.65.135.136 - - [27/Aug/2026:05:33:33 +0700] "GET /wp-includes/customize/class-wp-customize-image-control.php HTTP/1.1" 500 0 "https://www.bing.com/" "Mozilla/5.0 (Linux; Android 15; Pixel 7) AppleWebKit/537.36 (KHTML, like Gecko) Chrome/136.0.0.0 Mobile Safari/537.36 OPR/110.0.0.0"
159.65.135.136 - - [27/Aug/2026:05:33:33 +0700] "GET /wp-includes/customize/class-wp-customize-media-control.php HTTP/1.1" 500 0 "https://www.bing.com/" "Mozilla/5.0 (Macintosh; Intel Mac OS X 10_15_7) AppleWebKit/537.36 (KHTML, like Gecko) Chrome/136.0.0.0 Safari/537.36"
159.65.135.136 - - [27/Aug/2026:05:33:33 +0700] "GET /wp-includes/customize/class-wp-customize-nav-menu-auto-add-control.php HTTP/1.1" 500 0 "https://www.google.com/" "Mozilla/5.0 (X11; Linux x86_64; rv:138.0) Gecko/20100101 Firefox/138.0"
159.65.135.136 - - [27/Aug/2026:05:33:33 +0700] "GET /wp-includes/customize/class-wp-customize-nav-menu-control.php HTTP/1.1" 500 0 "https://www.bing.com/" "Mozilla/5.0 (Macintosh; Intel Mac OS X 14.4; rv:137.0) Gecko/20100101 Firefox/137.0"
159.65.135.136 - - [27/Aug/2026:05:33:33 +0700] "GET /wp-includes/customize/class-wp-customize-nav-menu-item-control.php HTTP/1.1" 500 0 "https://www.bing.com/" "Mozilla/5.0 (Windows NT 10.0; Win64; x64) AppleWebKit/537.36 (KHTML, like Gecko) Chrome/134.0.0.0 Safari/537.36"
159.65.135.136 - - [27/Aug/2026:05:33:33 +0700] "GET /wp-includes/customize/class-wp-customize-nav-menu-item-setting.php HTTP/1.1" 500 0 "https://www.google.com/" "Mozilla/5.0 (X11; Linux x86_64; rv:138.0) Gecko/20100101 Firefox/138.0"
159.65.135.136 - - [27/Aug/2026:05:33:34 +0700] "GET /wp-includes/customize/class-wp-customize-nav-menu-location-control.php HTTP/1.1" 500 0 "https://www.google.com/" "Mozilla/5.0 (Macintosh; Intel Mac OS X 14.5; rv:138.0) Gecko/20100101 Firefox/138.0"
159.65.135.136 - - [27/Aug/2026:05:33:34 +0700] "GET /wp-includes/customize/class-wp-customize-nav-menu-locations-control.php HTTP/1.1" 500 0 "https://www.google.com/" "Mozilla/5.0 (Linux; Android 15; SM-S918B) AppleWebKit/537.36 (KHTML, like Gecko) Chrome/135.0.0.0 Mobile Safari/537.36 OPR/109.0.0.0"
159.65.135.136 - - [27/Aug/2026:05:33:34 +0700] "GET /wp-includes/customize/class-wp-customize-nav-menu-name-control.php HTTP/1.1" 500 0 "https://www.bing.com/" "Mozilla/5.0 (Linux; Android 15; Pixel 7) AppleWebKit/537.36 (KHTML, like Gecko) Chrome/135.0.0.0 Mobile Safari/537.36"
159.65.135.136 - - [27/Aug/2026:05:33:34 +0700] "GET /wp-includes/customize/class-wp-customize-nav-menu-section.php HTTP/1.1" 500 0 "https://duckduckgo.com/" "Mozilla/5.0 (Windows NT 10.0; Win64; x64) AppleWebKit/537.36 (KHTML, like Gecko) Chrome/136.0.0.0 Safari/537.36 Edg/136.0.0.0"
159.65.135.136 - - [27/Aug/2026:05:33:34 +0700] "GET /wp-includes/customize/class-wp-customize-nav-menu-setting.php HTTP/1.1" 500 0 "https://duckduckgo.com/" "Mozilla/5.0 (Windows NT 10.0; Win64; x64) AppleWebKit/537.36 (KHTML, like Gecko) Chrome/136.0.0.0 Safari/537.36 OPR/110.0.0.0"
159.65.135.136 - - [27/Aug/2026:05:33:34 +0700] "GET /wp-includes/customize/class-wp-customize-nav-menus-panel.php HTTP/1.1" 500 0 "https://www.google.com/" "Mozilla/5.0 (Windows NT 10.0; Win64; x64) AppleWebKit/537.36 (KHTML, like Gecko) Chrome/136.0.0.0 Safari/537.36 Edg/136.0.0.0"
159.65.135.136 - - [27/Aug/2026:05:33:34 +0700] "GET /wp-includes/customize/class-wp-customize-new-menu-control.php HTTP/1.1" 500 0 "https://yandex.com/" "Mozilla/5.0 (Windows NT 10.0; Win64; x64) AppleWebKit/537.36 (KHTML, like Gecko) Chrome/134.0.0.0 Safari/537.36 Edg/134.0.0.0"
159.65.135.136 - - [27/Aug/2026:05:33:34 +0700] "GET /wp-includes/customize/class-wp-customize-new-menu-section.php HTTP/1.1" 500 0 "https://duckduckgo.com/" "Mozilla/5.0 (X11; Linux x86_64; rv:138.0) Gecko/20100101 Firefox/138.0"
159.65.135.136 - - [27/Aug/2026:05:33:34 +0700] "GET /wp-includes/customize/class-wp-customize-partial.php HTTP/1.1" 200 0 "https://www.bing.com/" "Mozilla/5.0 (X11; Linux x86_64; rv:138.0) Gecko/20100101 Firefox/138.0"
159.65.135.136 - - [27/Aug/2026:05:33:34 +0700] "GET /wp-includes/customize/class-wp-customize-selective-refresh.php HTTP/1.1" 200 0 "https://search.yahoo.com/" "Mozilla/5.0 (Linux; Android 15; Pixel 7) AppleWebKit/537.36 (KHTML, like Gecko) Chrome/135.0.0.0 Mobile Safari/537.36"
159.65.135.136 - - [27/Aug/2026:05:33:34 +0700] "GET /wp-includes/customize/class-wp-customize-sidebar-section.php HTTP/1.1" 500 0 "https://yandex.com/" "Mozilla/5.0 (Linux; Android 15; SM-S918B) AppleWebKit/537.36 (KHTML, like Gecko) Chrome/135.0.0.0 Mobile Safari/537.36 OPR/109.0.0.0"
159.65.135.136 - - [27/Aug/2026:05:33:34 +0700] "GET /wp-includes/customize/class-wp-customize-site-icon-control.php HTTP/1.1" 500 0 "https://yandex.com/" "Mozilla/5.0 (Windows NT 10.0; Win64; x64) AppleWebKit/537.36 (KHTML, like Gecko) Chrome/136.0.0.0 Safari/537.36 OPR/110.0.0.0"
159.65.135.136 - - [27/Aug/2026:05:33:34 +0700] "GET /wp-includes/customize/class-wp-customize-theme-control.php HTTP/1.1" 500 0 "https://search.yahoo.com/" "Mozilla/5.0 (Windows NT 10.0; Win64; x64) AppleWebKit/537.36 (KHTML, like Gecko) Chrome/136.0.0.0 Safari/537.36 Edg/136.0.0.0"
159.65.135.136 - - [27/Aug/2026:05:33:34 +0700] "GET /wp-includes/customize/class-wp-customize-themes-panel.php HTTP/1.1" 500 0 "https://www.google.com/" "Mozilla/5.0 (iPhone; CPU iPhone OS 18_4 like Mac OS X) AppleWebKit/605.1.15 (KHTML, like Gecko) Version/18.4 Mobile/15E148 Safari/604.1"
159.65.135.136 - - [27/Aug/2026:05:33:34 +0700] "GET /wp-includes/customize/class-wp-customize-themes-section.php HTTP/1.1" 500 0 "https://www.bing.com/" "Mozilla/5.0 (Windows NT 10.0; Win64; x64) AppleWebKit/537.36 (KHTML, like Gecko) Chrome/134.0.0.0 Safari/537.36 OPR/108.0.0.0"
159.65.135.136 - - [27/Aug/2026:05:33:34 +0700] "GET /wp-includes/customize/class-wp-customize-upload-control.php HTTP/1.1" 500 0 "https://yandex.com/" "Mozilla/5.0 (Macintosh; Intel Mac OS X 10_15_7) AppleWebKit/537.36 (KHTML, like Gecko) Chrome/136.0.0.0 Safari/537.36"
159.65.135.136 - - [27/Aug/2026:05:33:34 +0700] "GET /wp-includes/customize/class-wp-sidebar-block-editor-control.php HTTP/1.1" 500 0 "https://yandex.com/" "Mozilla/5.0 (X11; Linux x86_64) AppleWebKit/537.36 (KHTML, like Gecko) Chrome/135.0.0.0 Safari/537.36"
159.65.135.136 - - [27/Aug/2026:05:33:34 +0700] "GET /wp-includes/customize/class-wp-widget-area-customize-control.php HTTP/1.1" 500 0 "https://yandex.com/" "Mozilla/5.0 (Macintosh; Intel Mac OS X 14_4) AppleWebKit/605.1.15 (KHTML, like Gecko) Version/18.4 Safari/605.1.15"
159.65.135.136 - - [27/Aug/2026:05:33:34 +0700] "GET /wp-includes/customize/class-wp-widget-form-customize-control.php HTTP/1.1" 500 0 "https://www.bing.com/" "Mozilla/5.0 (Windows NT 10.0; Win64; x64) AppleWebKit/537.36 (KHTML, like Gecko) Chrome/134.0.0.0 Safari/537.36 OPR/108.0.0.0"
159.65.135.136 - - [27/Aug/2026:05:33:34 +0700] "GET /wp-includes/fonts HTTP/1.1" 301 795 "https://www.google.com/" "Mozilla/5.0 (Linux; Android 15; Pixel 7) AppleWebKit/537.36 (KHTML, like Gecko) Chrome/136.0.0.0 Mobile Safari/537.36 OPR/110.0.0.0"
159.65.135.136 - - [27/Aug/2026:05:33:34 +0700] "GET /wp-includes/fonts/ HTTP/1.1" 200 1470 "https://www.google.com/" "Mozilla/5.0 (Linux; Android 15; Pixel 7) AppleWebKit/537.36 (KHTML, like Gecko) Chrome/136.0.0.0 Mobile Safari/537.36 OPR/110.0.0.0"
159.65.135.136 - - [27/Aug/2026:05:33:35 +0700] "GET /wp-includes/fonts/class-wp-font-collection.php HTTP/1.1" 200 0 "https://duckduckgo.com/" "Mozilla/5.0 (Windows NT 10.0; Win64; x64) AppleWebKit/537.36 (KHTML, like Gecko) Chrome/136.0.0.0 Safari/537.36"
159.65.135.136 - - [27/Aug/2026:05:33:35 +0700] "GET /wp-includes/fonts/class-wp-font-face-resolver.php HTTP/1.1" 200 0 "https://duckduckgo.com/" "Mozilla/5.0 (Windows NT 10.0; Win64; x64) AppleWebKit/537.36 (KHTML, like Gecko) Chrome/134.0.0.0 Safari/537.36 OPR/108.0.0.0"
159.65.135.136 - - [27/Aug/2026:05:33:35 +0700] "GET /wp-includes/fonts/class-wp-font-face.php HTTP/1.1" 200 0 "https://duckduckgo.com/" "Mozilla/5.0 (Windows NT 10.0; Win64; x64) AppleWebKit/537.36 (KHTML, like Gecko) Chrome/136.0.0.0 Safari/537.36"
159.65.135.136 - - [27/Aug/2026:05:33:35 +0700] "GET /wp-includes/fonts/class-wp-font-library.php HTTP/1.1" 200 0 "https://yandex.com/" "Mozilla/5.0 (Macintosh; Intel Mac OS X 10_15_7) AppleWebKit/537.36 (KHTML, like Gecko) Chrome/136.0.0.0 Safari/537.36"
159.65.135.136 - - [27/Aug/2026:05:33:35 +0700] "GET /wp-includes/fonts/class-wp-font-utils.php HTTP/1.1" 200 0 "https://yandex.com/" "Mozilla/5.0 (X11; Linux x86_64) AppleWebKit/537.36 (KHTML, like Gecko) Chrome/136.0.0.0 Safari/537.36"
159.65.135.136 - - [27/Aug/2026:05:33:35 +0700] "GET /wp-includes/html-api HTTP/1.1" 301 795 "https://www.bing.com/" "Mozilla/5.0 (Windows NT 10.0; Win64; x64) AppleWebKit/537.36 (KHTML, like Gecko) Chrome/134.0.0.0 Safari/537.36 Edg/134.0.0.0"
159.65.135.136 - - [27/Aug/2026:05:33:35 +0700] "GET /wp-includes/html-api/ HTTP/1.1" 200 1625 "https://www.bing.com/" "Mozilla/5.0 (Windows NT 10.0; Win64; x64) AppleWebKit/537.36 (KHTML, like Gecko) Chrome/134.0.0.0 Safari/537.36 Edg/134.0.0.0"
159.65.135.136 - - [27/Aug/2026:05:33:35 +0700] "GET /wp-includes/html-api/class-wp-html-active-formatting-elements.php HTTP/1.1" 200 0 "https://search.yahoo.com/" "Mozilla/5.0 (iPhone; CPU iPhone OS 18_3 like Mac OS X) AppleWebKit/605.1.15 (KHTML, like Gecko) Version/18.3 Mobile/15E148 Safari/604.1"
159.65.135.136 - - [27/Aug/2026:05:33:35 +0700] "GET /wp-includes/html-api/class-wp-html-attribute-token.php HTTP/1.1" 200 0 "https://www.bing.com/" "Mozilla/5.0 (iPhone; CPU iPhone OS 18_4 like Mac OS X) AppleWebKit/605.1.15 (KHTML, like Gecko) Version/18.4 Mobile/15E148 Safari/604.1"
159.65.135.136 - - [27/Aug/2026:05:33:35 +0700] "GET /wp-includes/html-api/class-wp-html-decoder.php HTTP/1.1" 200 0 "https://yandex.com/" "Mozilla/5.0 (Macintosh; Intel Mac OS X 14_4) AppleWebKit/605.1.15 (KHTML, like Gecko) Version/18.4 Safari/605.1.15"
159.65.135.136 - - [27/Aug/2026:05:33:35 +0700] "GET /wp-includes/html-api/class-wp-html-doctype-info.php HTTP/1.1" 200 0 "https://yandex.com/" "Mozilla/5.0 (Linux; Android 15; Pixel 7) AppleWebKit/537.36 (KHTML, like Gecko) Chrome/135.0.0.0 Mobile Safari/537.36"
159.65.135.136 - - [27/Aug/2026:05:33:35 +0700] "GET /wp-includes/html-api/class-wp-html-open-elements.php HTTP/1.1" 200 0 "https://www.google.com/" "Mozilla/5.0 (Windows NT 10.0; Win64; x64) AppleWebKit/537.36 (KHTML, like Gecko) Chrome/136.0.0.0 Safari/537.36 Edg/136.0.0.0"
159.65.135.136 - - [27/Aug/2026:05:33:35 +0700] "GET /wp-includes/html-api/class-wp-html-processor-state.php HTTP/1.1" 200 0 "https://www.bing.com/" "Mozilla/5.0 (Macintosh; Intel Mac OS X 10_15_7) AppleWebKit/537.36 (KHTML, like Gecko) Chrome/136.0.0.0 Safari/537.36"
159.65.135.136 - - [27/Aug/2026:05:33:35 +0700] "GET /wp-includes/html-api/class-wp-html-processor.php HTTP/1.1" 500 0 "https://yandex.com/" "Mozilla/5.0 (Linux; Android 15; Pixel 7) AppleWebKit/537.36 (KHTML, like Gecko) Chrome/135.0.0.0 Mobile Safari/537.36"
159.65.135.136 - - [27/Aug/2026:05:33:35 +0700] "GET /wp-includes/html-api/class-wp-html-span.php HTTP/1.1" 200 0 "https://search.yahoo.com/" "Mozilla/5.0 (Linux; Android 15; Pixel 7) AppleWebKit/537.36 (KHTML, like Gecko) Chrome/135.0.0.0 Mobile Safari/537.36"
159.65.135.136 - - [27/Aug/2026:05:33:35 +0700] "GET /wp-includes/html-api/class-wp-html-stack-event.php HTTP/1.1" 200 0 "https://www.google.com/" "Mozilla/5.0 (Macintosh; Intel Mac OS X 14.5; rv:138.0) Gecko/20100101 Firefox/138.0"
159.65.135.136 - - [27/Aug/2026:05:33:35 +0700] "GET /wp-includes/html-api/class-wp-html-tag-processor.php HTTP/1.1" 200 0 "https://www.google.com/" "Mozilla/5.0 (Linux; Android 15; Pixel 8) AppleWebKit/537.36 (KHTML, like Gecko) Chrome/136.0.0.0 Mobile Safari/537.36 EdgA/136.0.0.0"
159.65.135.136 - - [27/Aug/2026:05:33:35 +0700] "GET /wp-includes/html-api/class-wp-html-text-replacement.php HTTP/1.1" 200 0 "https://www.google.com/" "Mozilla/5.0 (iPhone; CPU iPhone OS 18_5 like Mac OS X) AppleWebKit/605.1.15 (KHTML, like Gecko) Version/18.5 Mobile/15E148 Safari/604.1"
159.65.135.136 - - [27/Aug/2026:05:33:35 +0700] "GET /wp-includes/html-api/class-wp-html-token.php HTTP/1.1" 200 0 "https://www.google.com/" "Mozilla/5.0 (Windows NT 10.0; Win64; x64) AppleWebKit/537.36 (KHTML, like Gecko) Chrome/134.0.0.0 Safari/537.36 Edg/134.0.0.0"
159.65.135.136 - - [27/Aug/2026:05:33:35 +0700] "GET /wp-includes/html-api/class-wp-html-unsupported-exception.php HTTP/1.1" 200 0 "https://yandex.com/" "Mozilla/5.0 (Android 15; Mobile; rv:137.0) Gecko/137.0 Firefox/137.0"
159.65.135.136 - - [27/Aug/2026:05:33:35 +0700] "GET /wp-includes/html-api/html5-named-character-references.php HTTP/1.1" 500 0 "https://www.google.com/" "Mozilla/5.0 (iPhone; CPU iPhone OS 18_5 like Mac OS X) AppleWebKit/605.1.15 (KHTML, like Gecko) Version/18.5 Mobile/15E148 Safari/604.1"
159.65.135.136 - - [27/Aug/2026:05:33:36 +0700] "GET /wp-includes/ID3 HTTP/1.1" 301 795 "https://duckduckgo.com/" "Mozilla/5.0 (Windows NT 10.0; Win64; x64) AppleWebKit/537.36 (KHTML, like Gecko) Chrome/135.0.0.0 Safari/537.36 Edg/135.0.0.0"
159.65.135.136 - - [27/Aug/2026:05:33:36 +0700] "GET /wp-includes/ID3/ HTTP/1.1" 200 1671 "https://duckduckgo.com/" "Mozilla/5.0 (Windows NT 10.0; Win64; x64) AppleWebKit/537.36 (KHTML, like Gecko) Chrome/135.0.0.0 Safari/537.36 Edg/135.0.0.0"
159.65.135.136 - - [27/Aug/2026:05:33:36 +0700] "GET /wp-includes/ID3/getid3.lib.php HTTP/1.1" 200 0 "https://www.google.com/" "Mozilla/5.0 (Linux; Android 15; SM-G998B) AppleWebKit/537.36 (KHTML, like Gecko) Chrome/135.0.0.0 Mobile Safari/537.36 EdgA/135.0.0.0"
159.65.135.136 - - [27/Aug/2026:05:33:36 +0700] "GET /wp-includes/ID3/getid3.php HTTP/1.1" 200 0 "https://www.bing.com/" "Mozilla/5.0 (X11; Linux x86_64; rv:138.0) Gecko/20100101 Firefox/138.0"
159.65.135.136 - - [27/Aug/2026:05:33:36 +0700] "GET /wp-includes/ID3/module.audio-video.asf.php HTTP/1.1" 200 0 "https://yandex.com/" "Mozilla/5.0 (Windows NT 10.0; Win64; x64; rv:137.0) Gecko/20100101 Firefox/137.0"
159.65.135.136 - - [27/Aug/2026:05:33:36 +0700] "GET /wp-includes/ID3/module.audio-video.flv.php HTTP/1.1" 200 0 "https://www.google.com/" "Mozilla/5.0 (iPhone; CPU iPhone OS 18_4 like Mac OS X) AppleWebKit/605.1.15 (KHTML, like Gecko) CriOS/135.0.0.0 Mobile/15E148 Safari/604.1"
159.65.135.136 - - [27/Aug/2026:05:33:36 +0700] "GET /wp-includes/ID3/module.audio-video.matroska.php HTTP/1.1" 200 0 "https://duckduckgo.com/" "Mozilla/5.0 (Windows NT 10.0; Win64; x64; rv:137.0) Gecko/20100101 Firefox/137.0"
159.65.135.136 - - [27/Aug/2026:05:33:36 +0700] "GET /wp-includes/ID3/module.audio-video.quicktime.php HTTP/1.1" 200 0 "https://www.bing.com/" "Mozilla/5.0 (Android 15; Mobile; rv:138.0) Gecko/138.0 Firefox/138.0"
159.65.135.136 - - [27/Aug/2026:05:33:36 +0700] "GET /wp-includes/ID3/module.audio-video.riff.php HTTP/1.1" 200 0 "https://www.bing.com/" "Mozilla/5.0 (Windows NT 10.0; Win64; x64) AppleWebKit/537.36 (KHTML, like Gecko) Chrome/136.0.0.0 Safari/537.36 OPR/110.0.0.0"
159.65.135.136 - - [27/Aug/2026:05:33:36 +0700] "GET /wp-includes/ID3/module.audio.ac3.php HTTP/1.1" 200 0 "https://www.google.com/" "Mozilla/5.0 (Linux; Android 15; Pixel 8) AppleWebKit/537.36 (KHTML, like Gecko) Chrome/136.0.0.0 Mobile Safari/537.36 EdgA/136.0.0.0"
159.65.135.136 - - [27/Aug/2026:05:33:36 +0700] "GET /wp-includes/ID3/module.audio.dts.php HTTP/1.1" 200 0 "https://search.yahoo.com/" "Mozilla/5.0 (Windows NT 10.0; Win64; x64) AppleWebKit/537.36 (KHTML, like Gecko) Chrome/134.0.0.0 Safari/537.36 OPR/108.0.0.0"
159.65.135.136 - - [27/Aug/2026:05:33:36 +0700] "GET /wp-includes/ID3/module.audio.flac.php HTTP/1.1" 200 0 "https://duckduckgo.com/" "Mozilla/5.0 (Macintosh; Intel Mac OS X 10_15_7) AppleWebKit/537.36 (KHTML, like Gecko) Chrome/136.0.0.0 Safari/537.36"
159.65.135.136 - - [27/Aug/2026:05:33:36 +0700] "GET /wp-includes/ID3/module.audio.mp3.php HTTP/1.1" 200 0 "https://yandex.com/" "Mozilla/5.0 (Windows NT 10.0; Win64; x64) AppleWebKit/537.36 (KHTML, like Gecko) Chrome/134.0.0.0 Safari/537.36 OPR/108.0.0.0"
159.65.135.136 - - [27/Aug/2026:05:33:36 +0700] "GET /wp-includes/ID3/module.audio.ogg.php HTTP/1.1" 200 0 "https://search.yahoo.com/" "Mozilla/5.0 (X11; Linux x86_64; rv:138.0) Gecko/20100101 Firefox/138.0"
