47.128.60.24 - - [27/Aug/2026:04:51:11 +0700] "GET /wp-content/cache/min/1/wp-content/plugins/elementor/assets/lib/font-awesome/css/solid.min.css?ver=1775054822 HTTP/2" 200 314 "https://arlindo.ac.id/" "Mozilla/5.0 (Linux; Android 5.0) AppleWebKit/537.36 (KHTML, like Gecko) Mobile Safari/537.36 (compatible; Bytespider; spider-feedback@bytedance.com)"
47.128.60.24 - - [27/Aug/2026:04:51:11 +0700] "GET /wp-content/uploads/2023/12/LOGO-BARU-HD-768x182.png HTTP/2" 206 500 "https://arlindo.ac.id/" "Mozilla/5.0 (Linux; Android 5.0) AppleWebKit/537.36 (KHTML, like Gecko) Mobile Safari/537.36 (compatible; Bytespider; spider-feedback@bytedance.com)"
47.128.60.24 - - [27/Aug/2026:04:51:11 +0700] "GET /wp-content/cache/min/1/wp-content/plugins/elementskit-lite/modules/elementskit-icon-pack/assets/css/ekiticons.css?ver=1775054822 HTTP/2" 200 9708 "https://arlindo.ac.id/" "Mozilla/5.0 (Linux; Android 5.0) AppleWebKit/537.36 (KHTML, like Gecko) Mobile Safari/537.36 (compatible; Bytespider; spider-feedback@bytedance.com)"
47.128.60.24 - - [27/Aug/2026:04:51:11 +0700] "GET /wp-content/uploads/2025/07/AKREDITASI-STIE-ARLINDO-1.png HTTP/2" 206 500 "https://arlindo.ac.id/" "Mozilla/5.0 (Linux; Android 5.0) AppleWebKit/537.36 (KHTML, like Gecko) Mobile Safari/537.36 (compatible; Bytespider; spider-feedback@bytedance.com)"
47.128.60.24 - - [27/Aug/2026:04:51:11 +0700] "GET /wp-content/uploads/2025/07/Biaya-Kuliah-Stie-Arlindo.png HTTP/2" 206 500 "https://arlindo.ac.id/" "Mozilla/5.0 (Linux; Android 5.0) AppleWebKit/537.36 (KHTML, like Gecko) Mobile Safari/537.36 (compatible; Bytespider; spider-feedback@bytedance.com)"
47.128.60.24 - - [27/Aug/2026:04:51:11 +0700] "GET /wp-content/plugins/elementor/assets/css/widget-social-icons.min.css?ver=4.0.1 HTTP/2" 200 1039 "https://arlindo.ac.id/" "Mozilla/5.0 (Linux; Android 5.0) AppleWebKit/537.36 (KHTML, like Gecko) Mobile Safari/537.36 (compatible; Bytespider; spider-feedback@bytedance.com)"
47.128.60.24 - - [27/Aug/2026:04:51:11 +0700] "GET /wp-content/plugins/elementor/assets/lib/animations/styles/e-animation-grow.min.css?ver=4.0.1 HTTP/2" 200 198 "https://arlindo.ac.id/" "Mozilla/5.0 (Linux; Android 5.0) AppleWebKit/537.36 (KHTML, like Gecko) Mobile Safari/537.36 (compatible; Bytespider; spider-feedback@bytedance.com)"
47.128.60.24 - - [27/Aug/2026:04:51:11 +0700] "GET /wp-content/plugins/elementor/assets/css/conditionals/apple-webkit.min.css?ver=4.0.1 HTTP/2" 200 464 "https://arlindo.ac.id/" "Mozilla/5.0 (Linux; Android 5.0) AppleWebKit/537.36 (KHTML, like Gecko) Mobile Safari/537.36 (compatible; Bytespider; spider-feedback@bytedance.com)"
47.128.60.24 - - [27/Aug/2026:04:51:11 +0700] "GET /wp-content/uploads/2025/07/mt-sample-background.jpg HTTP/2" 206 500 "https://arlindo.ac.id/" "Mozilla/5.0 (Linux; Android 5.0) AppleWebKit/537.36 (KHTML, like Gecko) Mobile Safari/537.36 (compatible; Bytespider; spider-feedback@bytedance.com)"
47.128.60.24 - - [27/Aug/2026:04:51:11 +0700] "GET /wp-content/uploads/2025/07/Beasiswa-Stie-Arlindo.png HTTP/2" 206 500 "https://arlindo.ac.id/" "Mozilla/5.0 (Linux; Android 5.0) AppleWebKit/537.36 (KHTML, like Gecko) Mobile Safari/537.36 (compatible; Bytespider; spider-feedback@bytedance.com)"
47.128.60.24 - - [27/Aug/2026:04:51:11 +0700] "GET /wp-content/uploads/2026/06/IMG_9781-1536x1024.jpg HTTP/2" 206 500 "https://arlindo.ac.id/" "Mozilla/5.0 (Linux; Android 5.0) AppleWebKit/537.36 (KHTML, like Gecko) Mobile Safari/537.36 (compatible; Bytespider; spider-feedback@bytedance.com)"
47.128.60.24 - - [27/Aug/2026:04:51:11 +0700] "GET /wp-content/uploads/2026/06/IMG_9781-scaled.jpg HTTP/2" 206 500 "https://arlindo.ac.id/" "Mozilla/5.0 (Linux; Android 5.0) AppleWebKit/537.36 (KHTML, like Gecko) Mobile Safari/537.36 (compatible; Bytespider; spider-feedback@bytedance.com)"
47.128.60.24 - - [27/Aug/2026:04:51:11 +0700] "GET /wp-content/uploads/2025/07/Fasilitas-Stie-Arlindo.png HTTP/2" 206 500 "https://arlindo.ac.id/" "Mozilla/5.0 (Linux; Android 5.0) AppleWebKit/537.36 (KHTML, like Gecko) Mobile Safari/537.36 (compatible; Bytespider; spider-feedback@bytedance.com)"
47.128.60.24 - - [27/Aug/2026:04:51:11 +0700] "GET /wp-content/uploads/2025/07/Dosen-Stie-Arlindo.png HTTP/2" 206 500 "https://arlindo.ac.id/" "Mozilla/5.0 (Linux; Android 5.0) AppleWebKit/537.36 (KHTML, like Gecko) Mobile Safari/537.36 (compatible; Bytespider; spider-feedback@bytedance.com)"
47.128.60.24 - - [27/Aug/2026:04:51:11 +0700] "GET /wp-content/uploads/2025/07/Karir-Stie-Arlindo.png HTTP/2" 206 500 "https://arlindo.ac.id/" "Mozilla/5.0 (Linux; Android 5.0) AppleWebKit/537.36 (KHTML, like Gecko) Mobile Safari/537.36 (compatible; Bytespider; spider-feedback@bytedance.com)"
47.128.60.24 - - [27/Aug/2026:04:51:14 +0700] "GET /wp-content/uploads/2026/08/IMG_2799-scaled.jpg HTTP/2" 206 500 "https://arlindo.ac.id/" "Mozilla/5.0 (Linux; Android 5.0) AppleWebKit/537.36 (KHTML, like Gecko) Mobile Safari/537.36 (compatible; Bytespider; spider-feedback@bytedance.com)"
47.128.60.24 - - [27/Aug/2026:04:51:14 +0700] "GET /wp-content/uploads/2026/08/IMG_3684-scaled.jpg HTTP/2" 206 500 "https://arlindo.ac.id/" "Mozilla/5.0 (Linux; Android 5.0) AppleWebKit/537.36 (KHTML, like Gecko) Mobile Safari/537.36 (compatible; Bytespider; spider-feedback@bytedance.com)"
47.128.60.24 - - [27/Aug/2026:04:51:14 +0700] "GET /wp-content/uploads/2026/08/IMG_2849-scaled.jpg HTTP/2" 206 500 "https://arlindo.ac.id/" "Mozilla/5.0 (Linux; Android 5.0) AppleWebKit/537.36 (KHTML, like Gecko) Mobile Safari/537.36 (compatible; Bytespider; spider-feedback@bytedance.com)"
47.128.60.24 - - [27/Aug/2026:04:51:14 +0700] "GET /wp-content/uploads/2026/08/foto-gpt.png HTTP/2" 206 500 "https://arlindo.ac.id/" "Mozilla/5.0 (Linux; Android 5.0) AppleWebKit/537.36 (KHTML, like Gecko) Mobile Safari/537.36 (compatible; Bytespider; spider-feedback@bytedance.com)"
47.128.60.24 - - [27/Aug/2026:04:51:14 +0700] "GET /wp-content/uploads/2026/08/IMG_1149-scaled.jpg HTTP/2" 206 500 "https://arlindo.ac.id/" "Mozilla/5.0 (Linux; Android 5.0) AppleWebKit/537.36 (KHTML, like Gecko) Mobile Safari/537.36 (compatible; Bytespider; spider-feedback@bytedance.com)"
103.65.237.131 - - [27/Aug/2026:04:50:31 +0700] "POST //wp-login.php HTTP/1.1" 200 0 "https://arlindo.ac.id//wp-login.php" "Mozilla/5.0 (Windows NT 10.0; Win64; x64) AppleWebKit/537.36 (KHTML, like Gecko) Chrome/88.0.4240.193 Safari/537.36"
103.59.161.152 - - [27/Aug/2026:04:51:20 +0700] "POST /wp-login.php HTTP/1.1" 200 0 "-" "Mozilla/5.0"
91.92.242.197 - - [27/Aug/2026:04:51:17 +0700] "POST /wp-login.php HTTP/1.1" 200 0 "-" "Mozilla/5.0"
216.73.216.179 - - [27/Aug/2026:04:51:35 +0700] "GET /robots.txt HTTP/2" 200 1477 "-" "Mozilla/5.0 AppleWebKit/537.36 (KHTML, like Gecko; compatible; ClaudeBot/1.0; +claudebot@anthropic.com)"
202.10.43.32 - - [27/Aug/2026:04:51:37 +0700] "POST /wp-cron.php?doing_wp_cron=1787781097.4591329097747802734375 HTTP/1.1" 200 0 "-" "WordPress/7.1; https://arlindo.ac.id"
216.73.216.179 - - [27/Aug/2026:04:51:37 +0700] "GET /sitemap_index.xml HTTP/2" 200 1628 "-" "Mozilla/5.0 AppleWebKit/537.36 (KHTML, like Gecko; compatible; ClaudeBot/1.0; +claudebot@anthropic.com)"
103.65.237.131 - - [27/Aug/2026:04:51:33 +0700] "POST //wp-login.php HTTP/1.1" 200 0 "https://arlindo.ac.id//wp-login.php" "Mozilla/5.0 (Windows NT 10.0; Win64; x64) AppleWebKit/537.36 (KHTML, like Gecko) Chrome/88.0.4240.193 Safari/537.36"
103.59.161.152 - - [27/Aug/2026:04:52:28 +0700] "POST /wp-login.php HTTP/1.1" 200 0 "-" "Mozilla/5.0"
91.92.242.197 - - [27/Aug/2026:04:52:55 +0700] "POST /wp-login.php HTTP/1.1" 200 0 "-" "Mozilla/5.0"
103.65.237.131 - - [27/Aug/2026:04:52:35 +0700] "POST //wp-login.php HTTP/1.1" 200 0 "https://arlindo.ac.id//wp-login.php" "Mozilla/5.0 (Windows NT 10.0; Win64; x64) AppleWebKit/537.36 (KHTML, like Gecko) Chrome/88.0.4240.193 Safari/537.36"
54.167.223.174 - - [27/Aug/2026:04:54:13 +0700] "HEAD / HTTP/1.1" 200 0 "https://arlindo.ac.id" "Mozilla/5.0+(compatible; UptimeRobot/2.0; http://www.uptimerobot.com/)"
103.59.161.152 - - [27/Aug/2026:04:54:07 +0700] "POST /wp-login.php HTTP/1.1" 200 0 "-" "Mozilla/5.0"
103.65.237.131 - - [27/Aug/2026:04:53:37 +0700] "POST //wp-login.php HTTP/1.1" 200 0 "https://arlindo.ac.id//wp-login.php" "Mozilla/5.0 (Windows NT 10.0; Win64; x64) AppleWebKit/537.36 (KHTML, like Gecko) Chrome/88.0.4240.193 Safari/537.36"
91.92.242.197 - - [27/Aug/2026:04:54:33 +0700] "POST /wp-login.php HTTP/1.1" 200 0 "-" "Mozilla/5.0"
202.10.43.32 - - [27/Aug/2026:04:55:31 +0700] "POST /wp-cron.php?doing_wp_cron=1787781331.5974578857421875000000 HTTP/1.1" 200 0 "-" "WordPress/7.1; https://arlindo.ac.id"
129.225.125.127 - - [27/Aug/2026:04:55:27 +0700] "GET /wp-login.php HTTP/1.1" 200 4232 "-" "Mozilla/5.0 (Windows NT 10.0; Win64; x64) AppleWebKit/605.1.15 (KHTML, like Gecko) Version/14.0.3 Safari/605.1.15"
129.225.125.127 - - [27/Aug/2026:04:55:31 +0700] "POST /wp-login.php HTTP/1.1" 200 9016 "https://arlindo.ac.id/wp-login.php" "Mozilla/5.0 (Windows NT 6.1; Win64; x64) AppleWebKit/537.36 (KHTML, like Gecko) Chrome/94.0.4606.71 Safari/537.36"
129.225.125.127 - - [27/Aug/2026:04:55:34 +0700] "GET /wp-admin/index.php HTTP/1.1" 200 9950 "https://arlindo.ac.id/wp-login.php" "Mozilla/5.0 (Windows NT 10.0; Win64; x64) AppleWebKit/605.1.15 (KHTML, like Gecko) Version/14.1 Safari/605.1.15"
129.225.125.127 - - [27/Aug/2026:04:55:34 +0700] "POST /wp-login.php HTTP/1.1" 403 10747 "https://arlindo.ac.id/wp-login.php" "Mozilla/5.0 (Windows NT 10.0; Win64; x64) AppleWebKit/605.1.15 (KHTML, like Gecko) Version/14.1 Safari/605.1.15"
129.225.125.127 - - [27/Aug/2026:04:55:34 +0700] "GET /wp-admin/index.php HTTP/1.1" 200 9954 "https://arlindo.ac.id/wp-login.php" "Mozilla/5.0 (Windows NT 10.0; Win64; x64) AppleWebKit/605.1.15 (KHTML, like Gecko) Version/14.0.3 Safari/605.1.15"
129.225.125.127 - - [27/Aug/2026:04:55:35 +0700] "POST /wp-login.php HTTP/1.1" 403 10747 "https://arlindo.ac.id/wp-login.php" "Mozilla/5.0 (Macintosh; Intel Mac OS X 10_15_7) AppleWebKit/537.36 (KHTML, like Gecko) Chrome/93.0.4577.63 Safari/537.36"
129.225.125.127 - - [27/Aug/2026:04:55:35 +0700] "GET /wp-admin/index.php HTTP/1.1" 200 9953 "https://arlindo.ac.id/wp-login.php" "Mozilla/5.0 (Windows NT 6.1; Win64; x64) AppleWebKit/537.36 (KHTML, like Gecko) Chrome/91.0.4472.124 Safari/537.36"
129.225.125.127 - - [27/Aug/2026:04:55:35 +0700] "POST /wp-login.php HTTP/1.1" 403 10747 "https://arlindo.ac.id/wp-login.php" "Mozilla/5.0 (Windows NT 10.0; Win64; x64) AppleWebKit/605.1.15 (KHTML, like Gecko) Version/15.0 Safari/605.1.15"
129.225.125.127 - - [27/Aug/2026:04:55:36 +0700] "GET /wp-admin/index.php HTTP/1.1" 200 9953 "https://arlindo.ac.id/wp-login.php" "Mozilla/5.0 (Macintosh; Intel Mac OS X 10_15_7) AppleWebKit/605.1.15 (KHTML, like Gecko) Version/15.0 Safari/605.1.15"
103.65.237.131 - - [27/Aug/2026:04:54:39 +0700] "POST //wp-login.php HTTP/1.1" 200 0 "https://arlindo.ac.id//wp-login.php" "Mozilla/5.0 (Windows NT 10.0; Win64; x64) AppleWebKit/537.36 (KHTML, like Gecko) Chrome/88.0.4240.193 Safari/537.36"
129.225.125.127 - - [27/Aug/2026:04:55:37 +0700] "POST /wp-login.php HTTP/1.1" 200 9953 "https://arlindo.ac.id/wp-login.php" "Mozilla/5.0 (Windows NT 10.0; Win64; x64; rv:91.0) Gecko/20100101 Firefox/91.0"
129.225.125.127 - - [27/Aug/2026:04:55:52 +0700] "POST /wp-login.php HTTP/1.1" 200 9002 "https://arlindo.ac.id/wp-login.php" "Mozilla/5.0 (X11; Linux x86_64; rv:90.0) Gecko/20100101 Firefox/90.0.1"
202.10.43.32 - - [27/Aug/2026:04:56:00 +0700] "POST /?wordfence_syncAttackData=1787781360.5942 HTTP/1.1" 200 1393 "-" "WordPress/7.1; https://arlindo.ac.id"
202.10.43.32 - - [27/Aug/2026:04:56:01 +0700] "POST /wp-cron.php?doing_wp_cron=1787781361.0329198837280273437500 HTTP/1.1" 200 0 "-" "WordPress/7.1; https://arlindo.ac.id"
129.225.125.127 - - [27/Aug/2026:04:56:00 +0700] "GET /wp-admin/index.php HTTP/1.1" 200 9954 "https://arlindo.ac.id/wp-login.php" "Mozilla/5.0 (X11; Linux x86_64) AppleWebKit/537.36 (KHTML, like Gecko) Chrome/92.0.4515.131 Safari/537.36"
129.225.125.127 - - [27/Aug/2026:04:56:01 +0700] "POST /wp-login.php HTTP/1.1" 200 9954 "https://arlindo.ac.id/wp-login.php" "Mozilla/5.0 (X11; Linux x86_64) AppleWebKit/537.36 (KHTML, like Gecko) Chrome/93.0.4577.63 Safari/537.36"
103.59.161.152 - - [27/Aug/2026:04:55:16 +0700] "POST /wp-login.php HTTP/1.1" 200 0 "-" "Mozilla/5.0"
129.225.125.127 - - [27/Aug/2026:04:56:16 +0700] "POST /wp-login.php HTTP/1.1" 200 9002 "https://arlindo.ac.id/wp-login.php" "Mozilla/5.0 (Windows NT 10.0; Win64; x64; rv:93.0) Gecko/20100101 Firefox/93.0"
202.10.43.32 - - [27/Aug/2026:04:56:30 +0700] "POST /?wordfence_syncAttackData=1787781390.4903 HTTP/1.1" 200 1393 "-" "WordPress/7.1; https://arlindo.ac.id"
91.92.242.197 - - [27/Aug/2026:04:56:10 +0700] "POST /wp-login.php HTTP/1.1" 200 0 "-" "Mozilla/5.0"
202.10.43.32 - - [27/Aug/2026:04:56:30 +0700] "POST /wp-cron.php?doing_wp_cron=1787781390.9596979618072509765625 HTTP/1.1" 200 0 "-" "WordPress/7.1; https://arlindo.ac.id"
129.225.125.127 - - [27/Aug/2026:04:56:30 +0700] "GET /wp-admin/index.php HTTP/1.1" 200 9997 "https://arlindo.ac.id/wp-login.php" "Mozilla/5.0 (Windows NT 10.0; Win64; x64) AppleWebKit/605.1.15 (KHTML, like Gecko) Version/15.0 Safari/605.1.15"
103.59.161.152 - - [27/Aug/2026:04:56:23 +0700] "POST /wp-login.php HTTP/1.1" 200 0 "-" "Mozilla/5.0"
103.65.237.131 - - [27/Aug/2026:04:55:41 +0700] "POST //wp-login.php HTTP/1.1" 200 0 "https://arlindo.ac.id//wp-login.php" "Mozilla/5.0 (Windows NT 10.0; Win64; x64) AppleWebKit/537.36 (KHTML, like Gecko) Chrome/88.0.4240.193 Safari/537.36"
129.225.125.127 - - [27/Aug/2026:04:56:31 +0700] "POST /wp-login.php HTTP/1.1" 200 9997 "https://arlindo.ac.id/wp-login.php" "Mozilla/5.0 (Macintosh; Intel Mac OS X 10_15_7) AppleWebKit/605.1.15 (KHTML, like Gecko) Version/14.0.3 Safari/605.1.15"
129.225.125.127 - - [27/Aug/2026:04:56:46 +0700] "POST /wp-login.php HTTP/1.1" 200 9002 "https://arlindo.ac.id/wp-login.php" "Mozilla/5.0 (Windows NT 10.0; Win64; x64) AppleWebKit/537.36 (KHTML, like Gecko) Chrome/94.0.4606.71 Safari/537.36"
202.10.43.32 - - [27/Aug/2026:04:57:00 +0700] "POST /wp-cron.php?doing_wp_cron=1787781420.9406969547271728515625 HTTP/1.1" 200 0 "-" "WordPress/7.1; https://arlindo.ac.id"
202.10.43.32 - - [27/Aug/2026:04:57:00 +0700] "POST /?wordfence_syncAttackData=1787781420.4892 HTTP/1.1" 200 1393 "-" "WordPress/7.1; https://arlindo.ac.id"
129.225.125.127 - - [27/Aug/2026:04:57:00 +0700] "GET /wp-admin/index.php HTTP/1.1" 200 9955 "https://arlindo.ac.id/wp-login.php" "Mozilla/5.0 (Windows NT 10.0; Win64; x64; rv:90.0) Gecko/20100101 Firefox/90.0.1"
129.225.125.127 - - [27/Aug/2026:04:57:01 +0700] "POST /wp-login.php HTTP/1.1" 200 9955 "https://arlindo.ac.id/wp-login.php" "Mozilla/5.0 (X11; Linux x86_64) AppleWebKit/537.36 (KHTML, like Gecko) Chrome/93.0.4577.63 Safari/537.36"
129.225.125.127 - - [27/Aug/2026:04:57:16 +0700] "POST /wp-login.php HTTP/1.1" 200 9002 "https://arlindo.ac.id/wp-login.php" "Mozilla/5.0 (Macintosh; Intel Mac OS X 10_15_7) AppleWebKit/605.1.15 (KHTML, like Gecko) Version/14.1.2 Safari/605.1.15"
202.10.43.32 - - [27/Aug/2026:04:57:30 +0700] "POST /?wordfence_syncAttackData=1787781450.5366 HTTP/1.1" 200 1393 "-" "WordPress/7.1; https://arlindo.ac.id"
202.10.43.32 - - [27/Aug/2026:04:57:31 +0700] "POST /wp-cron.php?doing_wp_cron=1787781450.9831049442291259765625 HTTP/1.1" 200 0 "-" "WordPress/7.1; https://arlindo.ac.id"
129.225.125.127 - - [27/Aug/2026:04:57:30 +0700] "GET /wp-admin/index.php HTTP/1.1" 200 9951 "https://arlindo.ac.id/wp-login.php" "Mozilla/5.0 (Macintosh; Intel Mac OS X 10_15_7) AppleWebKit/605.1.15 (KHTML, like Gecko) Version/14.1.1 Safari/605.1.15"
103.65.237.131 - - [27/Aug/2026:04:56:43 +0700] "POST //wp-login.php HTTP/1.1" 200 0 "https://arlindo.ac.id//wp-login.php" "Mozilla/5.0 (Windows NT 10.0; Win64; x64) AppleWebKit/537.36 (KHTML, like Gecko) Chrome/88.0.4240.193 Safari/537.36"
103.59.161.152 - - [27/Aug/2026:04:57:36 +0700] "POST /wp-login.php HTTP/1.1" 200 0 "-" "Mozilla/5.0"
52.139.37.240 - - [27/Aug/2026:04:57:55 +0700] "GET /wp-admin/maint/index.php HTTP/1.1" 403 9678 "-" "Mozilla/5.0 (Windows NT 10.0; Win64; x64) AppleWebKit/537.36 (KHTML, like Gecko) Chrome/120.0.0.0 Safari/537.36"
52.139.37.240 - - [27/Aug/2026:04:57:56 +0700] "GET /wp-content/uploads/min.php HTTP/1.1" 403 9678 "-" "Mozilla/5.0 (Windows NT 10.0; Win64; x64) AppleWebKit/537.36 (KHTML, like Gecko) Chrome/120.0.0.0 Safari/537.36"
52.139.37.240 - - [27/Aug/2026:04:57:56 +0700] "GET /zoom1.php HTTP/1.1" 403 9678 "-" "Mozilla/5.0 (Windows NT 10.0; Win64; x64) AppleWebKit/537.36 (KHTML, like Gecko) Chrome/120.0.0.0 Safari/537.36"
52.139.37.240 - - [27/Aug/2026:04:57:56 +0700] "GET /lock360.php HTTP/1.1" 403 9678 "-" "Mozilla/5.0 (Windows NT 10.0; Win64; x64) AppleWebKit/537.36 (KHTML, like Gecko) Chrome/120.0.0.0 Safari/537.36"
52.139.37.240 - - [27/Aug/2026:04:57:56 +0700] "GET /r.php HTTP/1.1" 403 9677 "-" "Mozilla/5.0 (Windows NT 10.0; Win64; x64) AppleWebKit/537.36 (KHTML, like Gecko) Chrome/120.0.0.0 Safari/537.36"
52.139.37.240 - - [27/Aug/2026:04:57:57 +0700] "GET /sf.php HTTP/1.1" 403 9678 "-" "Mozilla/5.0 (Windows NT 10.0; Win64; x64) AppleWebKit/537.36 (KHTML, like Gecko) Chrome/120.0.0.0 Safari/537.36"
52.139.37.240 - - [27/Aug/2026:04:57:57 +0700] "GET /7.php HTTP/1.1" 403 9677 "-" "Mozilla/5.0 (Windows NT 10.0; Win64; x64) AppleWebKit/537.36 (KHTML, like Gecko) Chrome/120.0.0.0 Safari/537.36"
52.139.37.240 - - [27/Aug/2026:04:57:57 +0700] "GET /b.php HTTP/1.1" 403 9677 "-" "Mozilla/5.0 (Windows NT 10.0; Win64; x64) AppleWebKit/537.36 (KHTML, like Gecko) Chrome/120.0.0.0 Safari/537.36"
52.139.37.240 - - [27/Aug/2026:04:57:57 +0700] "GET /buy.php HTTP/1.1" 403 9677 "-" "Mozilla/5.0 (Windows NT 10.0; Win64; x64) AppleWebKit/537.36 (KHTML, like Gecko) Chrome/120.0.0.0 Safari/537.36"
52.139.37.240 - - [27/Aug/2026:04:57:58 +0700] "GET /config.php HTTP/1.1" 403 9677 "-" "Mozilla/5.0 (Windows NT 10.0; Win64; x64) AppleWebKit/537.36 (KHTML, like Gecko) Chrome/120.0.0.0 Safari/537.36"
52.139.37.240 - - [27/Aug/2026:04:57:58 +0700] "GET /num.php HTTP/1.1" 403 9677 "-" "Mozilla/5.0 (Windows NT 10.0; Win64; x64) AppleWebKit/537.36 (KHTML, like Gecko) Chrome/120.0.0.0 Safari/537.36"
52.139.37.240 - - [27/Aug/2026:04:57:58 +0700] "GET /areak1.php HTTP/1.1" 403 9677 "-" "Mozilla/5.0 (Windows NT 10.0; Win64; x64) AppleWebKit/537.36 (KHTML, like Gecko) Chrome/120.0.0.0 Safari/537.36"
52.139.37.240 - - [27/Aug/2026:04:57:58 +0700] "GET /vc.php HTTP/1.1" 403 9677 "-" "Mozilla/5.0 (Windows NT 10.0; Win64; x64) AppleWebKit/537.36 (KHTML, like Gecko) Chrome/120.0.0.0 Safari/537.36"
52.139.37.240 - - [27/Aug/2026:04:57:59 +0700] "GET /wp-content/plugins/admin.php HTTP/1.1" 403 9677 "-" "Mozilla/5.0 (Windows NT 10.0; Win64; x64) AppleWebKit/537.36 (KHTML, like Gecko) Chrome/120.0.0.0 Safari/537.36"
52.139.37.240 - - [27/Aug/2026:04:57:59 +0700] "GET /core.php HTTP/1.1" 403 9677 "-" "Mozilla/5.0 (Windows NT 10.0; Win64; x64) AppleWebKit/537.36 (KHTML, like Gecko) Chrome/120.0.0.0 Safari/537.36"
52.139.37.240 - - [27/Aug/2026:04:57:59 +0700] "GET /wp-admin/css/colors/blue/ HTTP/1.1" 403 9678 "-" "Mozilla/5.0 (Windows NT 10.0; Win64; x64) AppleWebKit/537.36 (KHTML, like Gecko) Chrome/120.0.0.0 Safari/537.36"
52.139.37.240 - - [27/Aug/2026:04:57:59 +0700] "GET /wp-content/min.php HTTP/1.1" 403 9677 "-" "Mozilla/5.0 (Windows NT 10.0; Win64; x64) AppleWebKit/537.36 (KHTML, like Gecko) Chrome/120.0.0.0 Safari/537.36"
129.225.125.127 - - [27/Aug/2026:04:57:46 +0700] "POST /wp-login.php HTTP/1.1" 200 9002 "https://arlindo.ac.id/wp-login.php" "Mozilla/5.0 (Windows NT 6.1; Win64; x64) AppleWebKit/537.36 (KHTML, like Gecko) Chrome/92.0.4515.131 Safari/537.36"
129.225.125.127 - - [27/Aug/2026:04:57:31 +0700] "POST /wp-login.php HTTP/1.1" 200 9002 "https://arlindo.ac.id/wp-login.php" "Mozilla/5.0 (Windows NT 6.1; Win64; x64; rv:90.0) Gecko/20100101 Firefox/90.0.1"
202.10.43.32 - - [27/Aug/2026:04:58:00 +0700] "POST /?wordfence_syncAttackData=1787781480.5264 HTTP/1.1" 200 1393 "-" "WordPress/7.1; https://arlindo.ac.id"
52.139.37.240 - - [27/Aug/2026:04:58:00 +0700] "GET /wp-content/plugins/beteng88/ws83.php HTTP/1.1" 403 9677 "-" "Mozilla/5.0 (Windows NT 10.0; Win64; x64) AppleWebKit/537.36 (KHTML, like Gecko) Chrome/120.0.0.0 Safari/537.36"
52.139.37.240 - - [27/Aug/2026:04:58:00 +0700] "GET /ws37.php HTTP/1.1" 403 9677 "-" "Mozilla/5.0 (Windows NT 10.0; Win64; x64) AppleWebKit/537.36 (KHTML, like Gecko) Chrome/120.0.0.0 Safari/537.36"
52.139.37.240 - - [27/Aug/2026:04:58:00 +0700] "GET /new.php HTTP/1.1" 403 9677 "-" "Mozilla/5.0 (Windows NT 10.0; Win64; x64) AppleWebKit/537.36 (KHTML, like Gecko) Chrome/120.0.0.0 Safari/537.36"
52.139.37.240 - - [27/Aug/2026:04:58:00 +0700] "GET /wp-admin/js/widgets/ HTTP/1.1" 403 9677 "-" "Mozilla/5.0 (Windows NT 10.0; Win64; x64) AppleWebKit/537.36 (KHTML, like Gecko) Chrome/120.0.0.0 Safari/537.36"
202.10.43.32 - - [27/Aug/2026:04:58:00 +0700] "POST /wp-cron.php?doing_wp_cron=1787781480.9662759304046630859375 HTTP/1.1" 200 0 "-" "WordPress/7.1; https://arlindo.ac.id"
129.225.125.127 - - [27/Aug/2026:04:58:00 +0700] "GET /wp-admin/index.php HTTP/1.1" 200 9997 "https://arlindo.ac.id/wp-login.php" "Mozilla/5.0 (Windows NT 6.1; Win64; x64; rv:89.0) Gecko/20100101 Firefox/89.0.2"
52.139.37.240 - - [27/Aug/2026:04:58:01 +0700] "GET /il.php HTTP/1.1" 403 9678 "-" "Mozilla/5.0 (Windows NT 10.0; Win64; x64) AppleWebKit/537.36 (KHTML, like Gecko) Chrome/120.0.0.0 Safari/537.36"
52.139.37.240 - - [27/Aug/2026:04:58:01 +0700] "GET /images/index.php HTTP/1.1" 403 9678 "-" "Mozilla/5.0 (Windows NT 10.0; Win64; x64) AppleWebKit/537.36 (KHTML, like Gecko) Chrome/120.0.0.0 Safari/537.36"
52.139.37.240 - - [27/Aug/2026:04:58:01 +0700] "GET /lite.php HTTP/1.1" 403 9678 "-" "Mozilla/5.0 (Windows NT 10.0; Win64; x64) AppleWebKit/537.36 (KHTML, like Gecko) Chrome/120.0.0.0 Safari/537.36"
52.139.37.240 - - [27/Aug/2026:04:58:01 +0700] "GET /load.php HTTP/1.1" 403 9677 "-" "Mozilla/5.0 (Windows NT 10.0; Win64; x64) AppleWebKit/537.36 (KHTML, like Gecko) Chrome/120.0.0.0 Safari/537.36"
52.139.37.240 - - [27/Aug/2026:04:58:02 +0700] "GET /xda.php HTTP/1.1" 403 9677 "-" "Mozilla/5.0 (Windows NT 10.0; Win64; x64) AppleWebKit/537.36 (KHTML, like Gecko) Chrome/120.0.0.0 Safari/537.36"
52.139.37.240 - - [27/Aug/2026:04:58:02 +0700] "GET /.trash7206/index.php HTTP/1.1" 403 9677 "-" "Mozilla/5.0 (Windows NT 10.0; Win64; x64) AppleWebKit/537.36 (KHTML, like Gecko) Chrome/120.0.0.0 Safari/537.36"
52.139.37.240 - - [27/Aug/2026:04:58:02 +0700] "GET /doc.php HTTP/1.1" 403 9677 "-" "Mozilla/5.0 (Windows NT 10.0; Win64; x64) AppleWebKit/537.36 (KHTML, like Gecko) Chrome/120.0.0.0 Safari/537.36"
52.139.37.240 - - [27/Aug/2026:04:58:03 +0700] "GET /storage/index.php HTTP/1.1" 403 9678 "-" "Mozilla/5.0 (Windows NT 10.0; Win64; x64) AppleWebKit/537.36 (KHTML, like Gecko) Chrome/120.0.0.0 Safari/537.36"
52.139.37.240 - - [27/Aug/2026:04:58:03 +0700] "GET /wp-content.php HTTP/1.1" 403 9678 "-" "Mozilla/5.0 (Windows NT 10.0; Win64; x64) AppleWebKit/537.36 (KHTML, like Gecko) Chrome/120.0.0.0 Safari/537.36"
52.139.37.240 - - [27/Aug/2026:04:58:03 +0700] "GET /wp-includes/ID3/index.php HTTP/1.1" 403 9678 "-" "Mozilla/5.0 (Windows NT 10.0; Win64; x64) AppleWebKit/537.36 (KHTML, like Gecko) Chrome/120.0.0.0 Safari/537.36"
52.139.37.240 - - [27/Aug/2026:04:58:03 +0700] "GET /wp-includes/block-bindings/ HTTP/1.1" 403 9677 "-" "Mozilla/5.0 (Windows NT 10.0; Win64; x64) AppleWebKit/537.36 (KHTML, like Gecko) Chrome/120.0.0.0 Safari/537.36"
52.139.37.240 - - [27/Aug/2026:04:58:04 +0700] "GET /wp-includes/images/ HTTP/1.1" 403 9677 "-" "Mozilla/5.0 (Windows NT 10.0; Win64; x64) AppleWebKit/537.36 (KHTML, like Gecko) Chrome/120.0.0.0 Safari/537.36"
52.139.37.240 - - [27/Aug/2026:04:58:04 +0700] "GET /wp-includes/min.php HTTP/1.1" 403 9678 "-" "Mozilla/5.0 (Windows NT 10.0; Win64; x64) AppleWebKit/537.36 (KHTML, like Gecko) Chrome/120.0.0.0 Safari/537.36"
52.139.37.240 - - [27/Aug/2026:04:58:04 +0700] "GET /filemanager.php HTTP/1.1" 403 9678 "-" "Mozilla/5.0 (Windows NT 10.0; Win64; x64) AppleWebKit/537.36 (KHTML, like Gecko) Chrome/120.0.0.0 Safari/537.36"
52.139.37.240 - - [27/Aug/2026:04:58:04 +0700] "GET /wp-blog.php HTTP/1.1" 403 9678 "-" "Mozilla/5.0 (Windows NT 10.0; Win64; x64) AppleWebKit/537.36 (KHTML, like Gecko) Chrome/120.0.0.0 Safari/537.36"
52.139.37.240 - - [27/Aug/2026:04:58:05 +0700] "GET /xmlrpc.php HTTP/1.1" 403 1242 "-" "Mozilla/5.0 (Windows NT 10.0; Win64; x64) AppleWebKit/537.36 (KHTML, like Gecko) Chrome/120.0.0.0 Safari/537.36"
52.139.37.240 - - [27/Aug/2026:04:58:05 +0700] "GET /lu4.php HTTP/1.1" 403 9677 "-" "Mozilla/5.0 (Windows NT 10.0; Win64; x64) AppleWebKit/537.36 (KHTML, like Gecko) Chrome/120.0.0.0 Safari/537.36"
52.139.37.240 - - [27/Aug/2026:04:58:05 +0700] "GET /wp-admin/css/colors/blue/index.php HTTP/1.1" 403 9678 "-" "Mozilla/5.0 (Windows NT 10.0; Win64; x64) AppleWebKit/537.36 (KHTML, like Gecko) Chrome/120.0.0.0 Safari/537.36"
52.139.37.240 - - [27/Aug/2026:04:58:05 +0700] "GET /wp-content/plugins/index.php HTTP/1.1" 403 9677 "-" "Mozilla/5.0 (Windows NT 10.0; Win64; x64) AppleWebKit/537.36 (KHTML, like Gecko) Chrome/120.0.0.0 Safari/537.36"
52.139.37.240 - - [27/Aug/2026:04:58:06 +0700] "GET /wp-content/upgrade/index.php HTTP/1.1" 403 9677 "-" "Mozilla/5.0 (Windows NT 10.0; Win64; x64) AppleWebKit/537.36 (KHTML, like Gecko) Chrome/120.0.0.0 Safari/537.36"
52.139.37.240 - - [27/Aug/2026:04:58:06 +0700] "GET /.well-known/gecko-litespeed.php HTTP/1.1" 403 9677 "-" "Mozilla/5.0 (Windows NT 10.0; Win64; x64) AppleWebKit/537.36 (KHTML, like Gecko) Chrome/120.0.0.0 Safari/537.36"
52.139.37.240 - - [27/Aug/2026:04:58:06 +0700] "GET /ant.php HTTP/1.1" 403 9677 "-" "Mozilla/5.0 (Windows NT 10.0; Win64; x64) AppleWebKit/537.36 (KHTML, like Gecko) Chrome/120.0.0.0 Safari/537.36"
52.139.37.240 - - [27/Aug/2026:04:58:06 +0700] "GET /autoload_classmap.php HTTP/1.1" 403 9677 "-" "Mozilla/5.0 (Windows NT 10.0; Win64; x64) AppleWebKit/537.36 (KHTML, like Gecko) Chrome/120.0.0.0 Safari/537.36"
52.139.37.240 - - [27/Aug/2026:04:58:07 +0700] "GET /storage/rip.php HTTP/1.1" 403 9677 "-" "Mozilla/5.0 (Windows NT 10.0; Win64; x64) AppleWebKit/537.36 (KHTML, like Gecko) Chrome/120.0.0.0 Safari/537.36"
52.139.37.240 - - [27/Aug/2026:04:58:07 +0700] "GET /tinyfilemanager.php HTTP/1.1" 403 9677 "-" "Mozilla/5.0 (Windows NT 10.0; Win64; x64) AppleWebKit/537.36 (KHTML, like Gecko) Chrome/120.0.0.0 Safari/537.36"
52.139.37.240 - - [27/Aug/2026:04:58:07 +0700] "GET /wp-includes/bk/ HTTP/1.1" 403 9677 "-" "Mozilla/5.0 (Windows NT 10.0; Win64; x64) AppleWebKit/537.36 (KHTML, like Gecko) Chrome/120.0.0.0 Safari/537.36"
52.139.37.240 - - [27/Aug/2026:04:58:07 +0700] "GET /403.php HTTP/1.1" 403 9677 "-" "Mozilla/5.0 (Windows NT 10.0; Win64; x64) AppleWebKit/537.36 (KHTML, like Gecko) Chrome/120.0.0.0 Safari/537.36"
91.92.242.197 - - [27/Aug/2026:04:57:48 +0700] "POST /wp-login.php HTTP/1.1" 200 0 "-" "Mozilla/5.0"
52.139.37.240 - - [27/Aug/2026:04:58:07 +0700] "GET /av.php HTTP/1.1" 403 9677 "-" "Mozilla/5.0 (Windows NT 10.0; Win64; x64) AppleWebKit/537.36 (KHTML, like Gecko) Chrome/120.0.0.0 Safari/537.36"
52.139.37.240 - - [27/Aug/2026:04:58:08 +0700] "GET /wp-admin/includes/ HTTP/1.1" 403 9677 "-" "Mozilla/5.0 (Windows NT 10.0; Win64; x64) AppleWebKit/537.36 (KHTML, like Gecko) Chrome/120.0.0.0 Safari/537.36"
52.139.37.240 - - [27/Aug/2026:04:58:08 +0700] "GET /wp-admin/index.php HTTP/1.1" 403 9677 "-" "Mozilla/5.0 (Windows NT 10.0; Win64; x64) AppleWebKit/537.36 (KHTML, like Gecko) Chrome/120.0.0.0 Safari/537.36"
52.139.37.240 - - [27/Aug/2026:04:58:08 +0700] "GET /wp-content/plugins/core-plugin/include.php HTTP/1.1" 403 9677 "-" "Mozilla/5.0 (Windows NT 10.0; Win64; x64) AppleWebKit/537.36 (KHTML, like Gecko) Chrome/120.0.0.0 Safari/537.36"
52.139.37.240 - - [27/Aug/2026:04:58:08 +0700] "GET /wp-content/themes/pridmag/b.php HTTP/1.1" 403 9677 "-" "Mozilla/5.0 (Windows NT 10.0; Win64; x64) AppleWebKit/537.36 (KHTML, like Gecko) Chrome/120.0.0.0 Safari/537.36"
52.139.37.240 - - [27/Aug/2026:04:58:09 +0700] "GET /wp-includes/ HTTP/1.1" 403 9677 "-" "Mozilla/5.0 (Windows NT 10.0; Win64; x64) AppleWebKit/537.36 (KHTML, like Gecko) Chrome/120.0.0.0 Safari/537.36"
52.139.37.240 - - [27/Aug/2026:04:58:09 +0700] "GET /wp-trackback.php HTTP/1.1" 403 9678 "-" "Mozilla/5.0 (Windows NT 10.0; Win64; x64) AppleWebKit/537.36 (KHTML, like Gecko) Chrome/120.0.0.0 Safari/537.36"
52.139.37.240 - - [27/Aug/2026:04:58:09 +0700] "GET /ws.php HTTP/1.1" 403 9677 "-" "Mozilla/5.0 (Windows NT 10.0; Win64; x64) AppleWebKit/537.36 (KHTML, like Gecko) Chrome/120.0.0.0 Safari/537.36"
52.139.37.240 - - [27/Aug/2026:04:58:09 +0700] "GET /.bod/.ll/ HTTP/1.1" 403 9677 "-" "Mozilla/5.0 (Windows NT 10.0; Win64; x64) AppleWebKit/537.36 (KHTML, like Gecko) Chrome/120.0.0.0 Safari/537.36"
52.139.37.240 - - [27/Aug/2026:04:58:10 +0700] "GET /0.php HTTP/1.1" 403 9677 "-" "Mozilla/5.0 (Windows NT 10.0; Win64; x64) AppleWebKit/537.36 (KHTML, like Gecko) Chrome/120.0.0.0 Safari/537.36"
52.139.37.240 - - [27/Aug/2026:04:58:10 +0700] "GET /1index.php HTTP/1.1" 403 9678 "-" "Mozilla/5.0 (Windows NT 10.0; Win64; x64) AppleWebKit/537.36 (KHTML, like Gecko) Chrome/120.0.0.0 Safari/537.36"
52.139.37.240 - - [27/Aug/2026:04:58:10 +0700] "GET /autoload_classmap/function.php HTTP/1.1" 403 9677 "-" "Mozilla/5.0 (Windows NT 10.0; Win64; x64) AppleWebKit/537.36 (KHTML, like Gecko) Chrome/120.0.0.0 Safari/537.36"
52.139.37.240 - - [27/Aug/2026:04:58:10 +0700] "GET /dvve.php HTTP/1.1" 403 9677 "-" "Mozilla/5.0 (Windows NT 10.0; Win64; x64) AppleWebKit/537.36 (KHTML, like Gecko) Chrome/120.0.0.0 Safari/537.36"
52.139.37.240 - - [27/Aug/2026:04:58:11 +0700] "GET /wp-includes/PHPMailer/ HTTP/1.1" 403 9677 "-" "Mozilla/5.0 (Windows NT 10.0; Win64; x64) AppleWebKit/537.36 (KHTML, like Gecko) Chrome/120.0.0.0 Safari/537.36"
52.139.37.240 - - [27/Aug/2026:04:58:11 +0700] "GET /ws77.php HTTP/1.1" 403 9677 "-" "Mozilla/5.0 (Windows NT 10.0; Win64; x64) AppleWebKit/537.36 (KHTML, like Gecko) Chrome/120.0.0.0 Safari/537.36"
52.139.37.240 - - [27/Aug/2026:04:58:11 +0700] "GET /.well-known/acme-challenge/index.php HTTP/1.1" 403 9677 "-" "Mozilla/5.0 (Windows NT 10.0; Win64; x64) AppleWebKit/537.36 (KHTML, like Gecko) Chrome/120.0.0.0 Safari/537.36"
52.139.37.240 - - [27/Aug/2026:04:58:11 +0700] "GET /admin/function.php HTTP/1.1" 403 9677 "-" "Mozilla/5.0 (Windows NT 10.0; Win64; x64) AppleWebKit/537.36 (KHTML, like Gecko) Chrome/120.0.0.0 Safari/537.36"
52.139.37.240 - - [27/Aug/2026:04:58:12 +0700] "GET /wp-admin/css/index.php HTTP/1.1" 403 9677 "-" "Mozilla/5.0 (Windows NT 10.0; Win64; x64) AppleWebKit/537.36 (KHTML, like Gecko) Chrome/120.0.0.0 Safari/537.36"
52.139.37.240 - - [27/Aug/2026:04:58:12 +0700] "GET /wp-includes/css/ HTTP/1.1" 403 9677 "-" "Mozilla/5.0 (Windows NT 10.0; Win64; x64) AppleWebKit/537.36 (KHTML, like Gecko) Chrome/120.0.0.0 Safari/537.36"
52.139.37.240 - - [27/Aug/2026:04:58:12 +0700] "GET /xx.php HTTP/1.1" 403 9677 "-" "Mozilla/5.0 (Windows NT 10.0; Win64; x64) AppleWebKit/537.36 (KHTML, like Gecko) Chrome/120.0.0.0 Safari/537.36"
52.139.37.240 - - [27/Aug/2026:04:58:13 +0700] "GET /wp-content/about.php HTTP/1.1" 403 9677 "-" "Mozilla/5.0 (Windows NT 10.0; Win64; x64) AppleWebKit/537.36 (KHTML, like Gecko) Chrome/120.0.0.0 Safari/537.36"
52.139.37.240 - - [27/Aug/2026:04:58:13 +0700] "GET /wp-includes/assets/index.php HTTP/1.1" 403 9677 "-" "Mozilla/5.0 (Windows NT 10.0; Win64; x64) AppleWebKit/537.36 (KHTML, like Gecko) Chrome/120.0.0.0 Safari/537.36"
52.139.37.240 - - [27/Aug/2026:04:58:13 +0700] "GET /wp-the.php HTTP/1.1" 403 9677 "-" "Mozilla/5.0 (Windows NT 10.0; Win64; x64) AppleWebKit/537.36 (KHTML, like Gecko) Chrome/120.0.0.0 Safari/537.36"
52.139.37.240 - - [27/Aug/2026:04:58:13 +0700] "GET /ws81.php HTTP/1.1" 403 9677 "-" "Mozilla/5.0 (Windows NT 10.0; Win64; x64) AppleWebKit/537.36 (KHTML, like Gecko) Chrome/120.0.0.0 Safari/537.36"
52.139.37.240 - - [27/Aug/2026:04:58:14 +0700] "GET /a1.php HTTP/1.1" 403 9677 "-" "Mozilla/5.0 (Windows NT 10.0; Win64; x64) AppleWebKit/537.36 (KHTML, like Gecko) Chrome/120.0.0.0 Safari/537.36"
52.139.37.240 - - [27/Aug/2026:04:58:14 +0700] "GET /ca5.php HTTP/1.1" 403 9677 "-" "Mozilla/5.0 (Windows NT 10.0; Win64; x64) AppleWebKit/537.36 (KHTML, like Gecko) Chrome/120.0.0.0 Safari/537.36"
52.139.37.240 - - [27/Aug/2026:04:58:14 +0700] "GET /install.php HTTP/1.1" 403 9677 "-" "Mozilla/5.0 (Windows NT 10.0; Win64; x64) AppleWebKit/537.36 (KHTML, like Gecko) Chrome/120.0.0.0 Safari/537.36"
52.139.37.240 - - [27/Aug/2026:04:58:14 +0700] "GET /radio.php HTTP/1.1" 403 9677 "-" "Mozilla/5.0 (Windows NT 10.0; Win64; x64) AppleWebKit/537.36 (KHTML, like Gecko) Chrome/120.0.0.0 Safari/537.36"
52.139.37.240 - - [27/Aug/2026:04:58:15 +0700] "GET /wp-admin/css/colors/modern/ HTTP/1.1" 403 9677 "-" "Mozilla/5.0 (Windows NT 10.0; Win64; x64) AppleWebKit/537.36 (KHTML, like Gecko) Chrome/120.0.0.0 Safari/537.36"
52.139.37.240 - - [27/Aug/2026:04:58:15 +0700] "GET /wp-signin.php HTTP/1.1" 403 9677 "-" "Mozilla/5.0 (Windows NT 10.0; Win64; x64) AppleWebKit/537.36 (KHTML, like Gecko) Chrome/120.0.0.0 Safari/537.36"
52.139.37.240 - - [27/Aug/2026:04:58:15 +0700] "GET /Ov-Simple1.php HTTP/1.1" 403 9677 "-" "Mozilla/5.0 (Windows NT 10.0; Win64; x64) AppleWebKit/537.36 (KHTML, like Gecko) Chrome/120.0.0.0 Safari/537.36"
52.139.37.240 - - [27/Aug/2026:04:58:15 +0700] "GET /ftde.php HTTP/1.1" 403 9677 "-" "Mozilla/5.0 (Windows NT 10.0; Win64; x64) AppleWebKit/537.36 (KHTML, like Gecko) Chrome/120.0.0.0 Safari/537.36"
129.225.125.127 - - [27/Aug/2026:04:58:01 +0700] "POST /wp-login.php HTTP/1.1" 200 9997 "https://arlindo.ac.id/wp-login.php" "Mozilla/5.0 (Windows NT 10.0; Win64; x64) AppleWebKit/605.1.15 (KHTML, like Gecko) Version/14.1.1 Safari/605.1.15"
52.139.37.240 - - [27/Aug/2026:04:58:16 +0700] "GET /hplfuns.php HTTP/1.1" 403 9677 "-" "Mozilla/5.0 (Windows NT 10.0; Win64; x64) AppleWebKit/537.36 (KHTML, like Gecko) Chrome/120.0.0.0 Safari/537.36"
52.139.37.240 - - [27/Aug/2026:04:58:16 +0700] "GET /log.php HTTP/1.1" 403 9677 "-" "Mozilla/5.0 (Windows NT 10.0; Win64; x64) AppleWebKit/537.36 (KHTML, like Gecko) Chrome/120.0.0.0 Safari/537.36"
52.139.37.240 - - [27/Aug/2026:04:58:16 +0700] "GET /txets.php HTTP/1.1" 403 9677 "-" "Mozilla/5.0 (Windows NT 10.0; Win64; x64) AppleWebKit/537.36 (KHTML, like Gecko) Chrome/120.0.0.0 Safari/537.36"
52.139.37.240 - - [27/Aug/2026:04:58:16 +0700] "GET /wp-admin.php HTTP/1.1" 403 9677 "-" "Mozilla/5.0 (Windows NT 10.0; Win64; x64) AppleWebKit/537.36 (KHTML, like Gecko) Chrome/120.0.0.0 Safari/537.36"
52.139.37.240 - - [27/Aug/2026:04:58:17 +0700] "GET /wp-admin/images/ HTTP/1.1" 403 9677 "-" "Mozilla/5.0 (Windows NT 10.0; Win64; x64) AppleWebKit/537.36 (KHTML, like Gecko) Chrome/120.0.0.0 Safari/537.36"
52.139.37.240 - - [27/Aug/2026:04:58:17 +0700] "GET /wp-admin/network/ HTTP/1.1" 403 9677 "-" "Mozilla/5.0 (Windows NT 10.0; Win64; x64) AppleWebKit/537.36 (KHTML, like Gecko) Chrome/120.0.0.0 Safari/537.36"
52.139.37.240 - - [27/Aug/2026:04:58:17 +0700] "GET /wp-config-sample.php HTTP/1.1" 403 9677 "-" "Mozilla/5.0 (Windows NT 10.0; Win64; x64) AppleWebKit/537.36 (KHTML, like Gecko) Chrome/120.0.0.0 Safari/537.36"
52.139.37.240 - - [27/Aug/2026:04:58:17 +0700] "GET /wp-content/packed.php HTTP/1.1" 403 9677 "-" "Mozilla/5.0 (Windows NT 10.0; Win64; x64) AppleWebKit/537.36 (KHTML, like Gecko) Chrome/120.0.0.0 Safari/537.36"
52.139.37.240 - - [27/Aug/2026:04:58:18 +0700] "GET /wp-includes/IXR/ HTTP/1.1" 403 9677 "-" "Mozilla/5.0 (Windows NT 10.0; Win64; x64) AppleWebKit/537.36 (KHTML, like Gecko) Chrome/120.0.0.0 Safari/537.36"
202.10.43.32 - - [27/Aug/2026:04:58:30 +0700] "POST /wp-cron.php?doing_wp_cron=1787781510.9663400650024414062500 HTTP/1.1" 200 0 "-" "WordPress/7.1; https://arlindo.ac.id"
129.225.125.127 - - [27/Aug/2026:04:58:16 +0700] "POST /wp-login.php HTTP/1.1" 200 9002 "https://arlindo.ac.id/wp-login.php" "Mozilla/5.0 (Windows NT 6.1; Win64; x64) AppleWebKit/537.36 (KHTML, like Gecko) Chrome/92.0.4515.131 Safari/537.36"
202.10.43.32 - - [27/Aug/2026:04:58:30 +0700] "POST /?wordfence_syncAttackData=1787781510.5279 HTTP/1.1" 200 1393 "-" "WordPress/7.1; https://arlindo.ac.id"
129.225.125.127 - - [27/Aug/2026:04:58:30 +0700] "GET /wp-admin/index.php HTTP/1.1" 200 9957 "https://arlindo.ac.id/wp-login.php" "Mozilla/5.0 (X11; Linux x86_64) AppleWebKit/537.36 (KHTML, like Gecko) Chrome/92.0.4515.131 Safari/537.36"
129.225.125.127 - - [27/Aug/2026:04:58:31 +0700] "POST /wp-login.php HTTP/1.1" 200 9957 "https://arlindo.ac.id/wp-login.php" "Mozilla/5.0 (Macintosh; Intel Mac OS X 10_15_7; rv:90.0) Gecko/20100101 Firefox/90.0.1"
103.65.237.131 - - [27/Aug/2026:04:57:45 +0700] "POST //wp-login.php HTTP/1.1" 200 0 "https://arlindo.ac.id//wp-login.php" "Mozilla/5.0 (Windows NT 10.0; Win64; x64) AppleWebKit/537.36 (KHTML, like Gecko) Chrome/88.0.4240.193 Safari/537.36"
129.225.125.127 - - [27/Aug/2026:04:58:46 +0700] "POST /wp-login.php HTTP/1.1" 200 9002 "https://arlindo.ac.id/wp-login.php" "Mozilla/5.0 (X11; Linux x86_64; rv:91.0) Gecko/20100101 Firefox/91.0"
129.225.125.127 - - [27/Aug/2026:04:59:00 +0700] "GET /wp-admin/index.php HTTP/1.1" 200 9956 "https://arlindo.ac.id/wp-login.php" "Mozilla/5.0 (Macintosh; Intel Mac OS X 10_15_7) AppleWebKit/605.1.15 (KHTML, like Gecko) Version/14.1.1 Safari/605.1.15"
202.10.43.32 - - [27/Aug/2026:04:59:01 +0700] "POST /wp-cron.php?doing_wp_cron=1787781541.1063818931579589843750 HTTP/1.1" 200 0 "-" "WordPress/7.1; https://arlindo.ac.id"
202.10.43.32 - - [27/Aug/2026:04:59:00 +0700] "POST /?wordfence_syncAttackData=1787781540.5918 HTTP/1.1" 200 1393 "-" "WordPress/7.1; https://arlindo.ac.id"
103.247.9.9 - - [27/Aug/2026:04:59:12 +0700] "GET / HTTP/1.1" 200 236137 "-" "-"
129.225.125.127 - - [27/Aug/2026:04:59:01 +0700] "POST /wp-login.php HTTP/1.1" 200 9956 "https://arlindo.ac.id/wp-login.php" "Mozilla/5.0 (Windows NT 10.0; Win64; x64) AppleWebKit/605.1.15 (KHTML, like Gecko) Version/15.0 Safari/605.1.15"
103.59.161.152 - - [27/Aug/2026:04:59:07 +0700] "POST /wp-login.php HTTP/1.1" 200 0 "-" "Mozilla/5.0"
3.212.128.62 - - [27/Aug/2026:04:59:24 +0700] "HEAD / HTTP/1.1" 200 0 "https://arlindo.ac.id" "Mozilla/5.0+(compatible; UptimeRobot/2.0; http://www.uptimerobot.com/)"
129.225.125.127 - - [27/Aug/2026:04:59:16 +0700] "POST /wp-login.php HTTP/1.1" 200 9005 "https://arlindo.ac.id/wp-login.php" "Mozilla/5.0 (X11; Linux x86_64) AppleWebKit/537.36 (KHTML, like Gecko) Chrome/94.0.4606.71 Safari/537.36"
202.10.43.32 - - [27/Aug/2026:04:59:31 +0700] "POST /wp-cron.php?doing_wp_cron=1787781571.0544569492340087890625 HTTP/1.1" 200 0 "-" "WordPress/7.1; https://arlindo.ac.id"
202.10.43.32 - - [27/Aug/2026:04:59:30 +0700] "POST /?wordfence_syncAttackData=1787781570.6128 HTTP/1.1" 200 1393 "-" "WordPress/7.1; https://arlindo.ac.id"
129.225.125.127 - - [27/Aug/2026:04:59:30 +0700] "GET /wp-admin/index.php HTTP/1.1" 200 9955 "https://arlindo.ac.id/wp-login.php" "Mozilla/5.0 (Windows NT 10.0; Win64; x64) AppleWebKit/605.1.15 (KHTML, like Gecko) Version/14.1.2 Safari/605.1.15"
141.145.154.206 - - [27/Aug/2026:04:59:41 +0700] "GET /wp-content/plugins/pods/readme.txt HTTP/1.1" 403 10747 "-" "Mozilla/5.0 (Macintosh; Intel Mac OS X 10_15_7) AppleWebKit/537.36 (KHTML, like Gecko) Chrome/124.0.0.0 Safari/537.36"
141.145.154.206 - - [27/Aug/2026:04:59:41 +0700] "GET /wp-content/plugins/pods/init.php HTTP/1.1" 403 10747 "-" "Mozilla/5.0 (Macintosh; Intel Mac OS X 10_15_7) AppleWebKit/537.36 (KHTML, like Gecko) Chrome/124.0.0.0 Safari/537.36"
129.225.125.127 - - [27/Aug/2026:04:59:31 +0700] "POST /wp-login.php HTTP/1.1" 200 9955 "https://arlindo.ac.id/wp-login.php" "Mozilla/5.0 (Windows NT 6.1; Win64; x64) AppleWebKit/537.36 (KHTML, like Gecko) Chrome/92.0.4515.131 Safari/537.36"
103.65.237.131 - - [27/Aug/2026:04:58:47 +0700] "POST //wp-login.php HTTP/1.1" 200 0 "https://arlindo.ac.id//wp-login.php" "Mozilla/5.0 (Windows NT 10.0; Win64; x64) AppleWebKit/537.36 (KHTML, like Gecko) Chrome/88.0.4240.193 Safari/537.36"
91.92.242.197 - - [27/Aug/2026:04:59:30 +0700] "POST /wp-login.php HTTP/1.1" 200 0 "-" "Mozilla/5.0"
129.225.125.127 - - [27/Aug/2026:04:59:46 +0700] "POST /wp-login.php HTTP/1.1" 200 9003 "https://arlindo.ac.id/wp-login.php" "Mozilla/5.0 (Windows NT 10.0; Win64; x64; rv:91.0) Gecko/20100101 Firefox/91.0"
202.10.43.32 - - [27/Aug/2026:05:00:01 +0700] "POST /wp-cron.php?doing_wp_cron=1787781601.0817921161651611328125 HTTP/1.1" 200 0 "-" "WordPress/7.1; https://arlindo.ac.id"
202.10.43.32 - - [27/Aug/2026:05:00:00 +0700] "POST /?wordfence_syncAttackData=1787781600.6223 HTTP/1.1" 200 1393 "-" "WordPress/7.1; https://arlindo.ac.id"
129.225.125.127 - - [27/Aug/2026:05:00:00 +0700] "GET /wp-admin/index.php HTTP/1.1" 200 9957 "https://arlindo.ac.id/wp-login.php" "Mozilla/5.0 (Windows NT 10.0; Win64; x64) AppleWebKit/605.1.15 (KHTML, like Gecko) Version/14.1.1 Safari/605.1.15"
157.55.39.58 - - [27/Aug/2026:05:00:03 +0700] "GET /wp-content/plugins/elementor-pro/assets/lib/smartmenus/jquery.smartmenus.js HTTP/2" 200 11209 "-" "Mozilla/5.0 AppleWebKit/537.36 (KHTML, like Gecko; compatible; bingbot/2.0; +http://www.bing.com/bingbot.htm) Chrome/116.0.1938.76 Safari/537.36"
129.225.125.127 - - [27/Aug/2026:05:00:01 +0700] "POST /wp-login.php HTTP/1.1" 200 9957 "https://arlindo.ac.id/wp-login.php" "Mozilla/5.0 (Windows NT 6.1; Win64; x64) AppleWebKit/537.36 (KHTML, like Gecko) Chrome/92.0.4515.131 Safari/537.36"
129.225.125.127 - - [27/Aug/2026:05:00:16 +0700] "POST /wp-login.php HTTP/1.1" 200 9003 "https://arlindo.ac.id/wp-login.php" "Mozilla/5.0 (Macintosh; Intel Mac OS X 10_15_7) AppleWebKit/605.1.15 (KHTML, like Gecko) Version/14.0.3 Safari/605.1.15"
129.225.125.127 - - [27/Aug/2026:05:00:31 +0700] "POST /wp-login.php HTTP/1.1" 200 0 "https://arlindo.ac.id/wp-login.php" "Mozilla/5.0 (X11; Linux x86_64) AppleWebKit/537.36 (KHTML, like Gecko) Chrome/90.0.4430.212 Safari/537.36"
103.65.237.131 - - [27/Aug/2026:04:59:49 +0700] "POST //wp-login.php HTTP/1.1" 200 0 "https://arlindo.ac.id//wp-login.php" "Mozilla/5.0 (Windows NT 10.0; Win64; x64) AppleWebKit/537.36 (KHTML, like Gecko) Chrome/88.0.4240.193 Safari/537.36"
103.59.161.152 - - [27/Aug/2026:05:00:41 +0700] "POST /wp-login.php HTTP/1.1" 200 0 "-" "Mozilla/5.0"
129.225.125.127 - - [27/Aug/2026:05:00:46 +0700] "POST /wp-login.php HTTP/1.1" 200 9003 "https://arlindo.ac.id/wp-login.php" "Mozilla/5.0 (Macintosh; Intel Mac OS X 10_15_7) AppleWebKit/537.36 (KHTML, like Gecko) Chrome/93.0.4577.63 Safari/537.36"
202.10.43.32 - - [27/Aug/2026:05:01:01 +0700] "POST /wp-cron.php?doing_wp_cron=1787781661.2506189346313476562500 HTTP/1.1" 200 0 "-" "WordPress/7.1; https://arlindo.ac.id"
129.225.125.127 - - [27/Aug/2026:05:01:00 +0700] "GET /wp-admin/index.php HTTP/1.1" 200 9956 "https://arlindo.ac.id/wp-login.php" "Mozilla/5.0 (Windows NT 10.0; Win64; x64; rv:92.0) Gecko/20100101 Firefox/92.0"
202.10.43.32 - - [27/Aug/2026:05:01:00 +0700] "POST /?wordfence_syncAttackData=1787781660.8127 HTTP/1.1" 200 1393 "-" "WordPress/7.1; https://arlindo.ac.id"
129.225.125.127 - - [27/Aug/2026:05:01:01 +0700] "POST /wp-login.php HTTP/1.1" 200 9956 "https://arlindo.ac.id/wp-login.php" "Mozilla/5.0 (Macintosh; Intel Mac OS X 10_15_7) AppleWebKit/537.36 (KHTML, like Gecko) Chrome/93.0.4577.63 Safari/537.36"
91.92.242.197 - - [27/Aug/2026:05:01:08 +0700] "POST /wp-login.php HTTP/1.1" 200 0 "-" "Mozilla/5.0"
129.225.125.127 - - [27/Aug/2026:05:01:16 +0700] "POST /wp-login.php HTTP/1.1" 403 10747 "https://arlindo.ac.id/wp-login.php" "Mozilla/5.0 (X11; Linux x86_64; rv:92.0) Gecko/20100101 Firefox/92.0"
129.225.125.127 - - [27/Aug/2026:05:01:30 +0700] "GET /wp-admin/index.php HTTP/1.1" 200 9954 "https://arlindo.ac.id/wp-login.php" "Mozilla/5.0 (Macintosh; Intel Mac OS X 10_15_7) AppleWebKit/537.36 (KHTML, like Gecko) Chrome/90.0.4430.212 Safari/537.36"
129.225.125.127 - - [27/Aug/2026:05:01:30 +0700] "POST /wp-login.php HTTP/1.1" 200 9954 "https://arlindo.ac.id/wp-login.php" "Mozilla/5.0 (Windows NT 10.0; Win64; x64) AppleWebKit/537.36 (KHTML, like Gecko) Chrome/90.0.4430.212 Safari/537.36"
103.65.237.131 - - [27/Aug/2026:05:00:51 +0700] "POST //wp-login.php HTTP/1.1" 200 0 "https://arlindo.ac.id//wp-login.php" "Mozilla/5.0 (Windows NT 10.0; Win64; x64) AppleWebKit/537.36 (KHTML, like Gecko) Chrome/88.0.4240.193 Safari/537.36"
129.225.125.127 - - [27/Aug/2026:05:01:45 +0700] "POST /wp-login.php HTTP/1.1" 200 9003 "https://arlindo.ac.id/wp-login.php" "Mozilla/5.0 (Macintosh; Intel Mac OS X 10_15_7) AppleWebKit/605.1.15 (KHTML, like Gecko) Version/14.0.3 Safari/605.1.15"
103.59.161.152 - - [27/Aug/2026:05:01:54 +0700] "POST /wp-login.php HTTP/1.1" 200 0 "-" "Mozilla/5.0"
129.225.125.127 - - [27/Aug/2026:05:02:01 +0700] "POST /wp-login.php HTTP/1.1" 200 0 "https://arlindo.ac.id/wp-login.php" "Mozilla/5.0 (Macintosh; Intel Mac OS X 10_15_7) AppleWebKit/537.36 (KHTML, like Gecko) Chrome/90.0.4430.212 Safari/537.36"
202.10.43.32 - - [27/Aug/2026:05:02:30 +0700] "POST /wp-cron.php?doing_wp_cron=1787781750.9023768901824951171875 HTTP/1.1" 200 0 "-" "WordPress/7.1; https://arlindo.ac.id"
129.225.125.127 - - [27/Aug/2026:05:02:16 +0700] "POST /wp-login.php HTTP/1.1" 200 9002 "https://arlindo.ac.id/wp-login.php" "Mozilla/5.0 (Windows NT 6.1; Win64; x64) AppleWebKit/537.36 (KHTML, like Gecko) Chrome/93.0.4577.63 Safari/537.36"
202.10.43.32 - - [27/Aug/2026:05:02:30 +0700] "POST /?wordfence_syncAttackData=1787781750.414 HTTP/1.1" 200 1393 "-" "WordPress/7.1; https://arlindo.ac.id"
129.225.125.127 - - [27/Aug/2026:05:02:30 +0700] "GET /wp-admin/index.php HTTP/1.1" 200 9956 "https://arlindo.ac.id/wp-login.php" "Mozilla/5.0 (X11; Linux x86_64; rv:91.0) Gecko/20100101 Firefox/91.0"
129.225.125.127 - - [27/Aug/2026:05:02:30 +0700] "POST /wp-login.php HTTP/1.1" 200 9956 "https://arlindo.ac.id/wp-login.php" "Mozilla/5.0 (Macintosh; Intel Mac OS X 10_15_7) AppleWebKit/537.36 (KHTML, like Gecko) Chrome/91.0.4472.124 Safari/537.36"
103.65.237.131 - - [27/Aug/2026:05:01:53 +0700] "POST //wp-login.php HTTP/1.1" 200 0 "https://arlindo.ac.id//wp-login.php" "Mozilla/5.0 (Windows NT 10.0; Win64; x64) AppleWebKit/537.36 (KHTML, like Gecko) Chrome/88.0.4240.193 Safari/537.36"
129.225.125.127 - - [27/Aug/2026:05:02:46 +0700] "POST /wp-login.php HTTP/1.1" 200 9003 "https://arlindo.ac.id/wp-login.php" "Mozilla/5.0 (Windows NT 10.0; Win64; x64) AppleWebKit/537.36 (KHTML, like Gecko) Chrome/94.0.4606.71 Safari/537.36"
129.225.125.127 - - [27/Aug/2026:05:03:01 +0700] "POST /wp-login.php HTTP/1.1" 200 0 "https://arlindo.ac.id/wp-login.php" "Mozilla/5.0 (Windows NT 6.1; Win64; x64) AppleWebKit/537.36 (KHTML, like Gecko) Chrome/94.0.4606.71 Safari/537.36"
52.167.144.179 - - [27/Aug/2026:05:03:17 +0700] "GET /2026/07/24/ HTTP/2" 200 17803 "-" "Mozilla/5.0 AppleWebKit/537.36 (KHTML, like Gecko; compatible; bingbot/2.0; +http://www.bing.com/bingbot.htm) Chrome/116.0.1938.76 Safari/537.36"
129.225.125.127 - - [27/Aug/2026:05:03:16 +0700] "POST /wp-login.php HTTP/1.1" 200 9003 "https://arlindo.ac.id/wp-login.php" "Mozilla/5.0 (Windows NT 6.1; Win64; x64) AppleWebKit/537.36 (KHTML, like Gecko) Chrome/90.0.4430.212 Safari/537.36"
202.10.43.32 - - [27/Aug/2026:05:03:31 +0700] "POST /wp-cron.php?doing_wp_cron=1787781811.1277050971984863281250 HTTP/1.1" 200 0 "-" "WordPress/7.1; https://arlindo.ac.id"
202.10.43.32 - - [27/Aug/2026:05:03:30 +0700] "POST /?wordfence_syncAttackData=1787781810.6886 HTTP/1.1" 200 1393 "-" "WordPress/7.1; https://arlindo.ac.id"
129.225.125.127 - - [27/Aug/2026:05:03:30 +0700] "GET /wp-admin/index.php HTTP/1.1" 200 9956 "https://arlindo.ac.id/wp-login.php" "Mozilla/5.0 (Windows NT 10.0; Win64; x64) AppleWebKit/605.1.15 (KHTML, like Gecko) Version/14.1 Safari/605.1.15"
103.59.161.152 - - [27/Aug/2026:05:03:30 +0700] "POST /wp-login.php HTTP/1.1" 200 0 "-" "Mozilla/5.0"
129.225.125.127 - - [27/Aug/2026:05:03:31 +0700] "POST /wp-login.php HTTP/1.1" 200 9956 "https://arlindo.ac.id/wp-login.php" "Mozilla/5.0 (Windows NT 6.1; Win64; x64) AppleWebKit/537.36 (KHTML, like Gecko) Chrome/90.0.4430.212 Safari/537.36"
91.92.242.197 - - [27/Aug/2026:05:02:48 +0700] "POST /wp-login.php HTTP/1.1" 200 0 "-" "Mozilla/5.0"
103.65.237.131 - - [27/Aug/2026:05:02:55 +0700] "POST //wp-login.php HTTP/1.1" 200 0 "https://arlindo.ac.id//wp-login.php" "Mozilla/5.0 (Windows NT 10.0; Win64; x64) AppleWebKit/537.36 (KHTML, like Gecko) Chrome/88.0.4240.193 Safari/537.36"
129.225.125.127 - - [27/Aug/2026:05:03:46 +0700] "POST /wp-login.php HTTP/1.1" 200 9003 "https://arlindo.ac.id/wp-login.php" "Mozilla/5.0 (Windows NT 10.0; Win64; x64) AppleWebKit/537.36 (KHTML, like Gecko) Chrome/91.0.4472.124 Safari/537.36"
202.10.43.32 - - [27/Aug/2026:05:04:01 +0700] "POST /wp-cron.php?doing_wp_cron=1787781841.1985459327697753906250 HTTP/1.1" 200 0 "-" "WordPress/7.1; https://arlindo.ac.id"
202.10.43.32 - - [27/Aug/2026:05:04:00 +0700] "POST /?wordfence_syncAttackData=1787781840.7215 HTTP/1.1" 200 1393 "-" "WordPress/7.1; https://arlindo.ac.id"
129.225.125.127 - - [27/Aug/2026:05:04:00 +0700] "GET /wp-admin/index.php HTTP/1.1" 200 9953 "https://arlindo.ac.id/wp-login.php" "Mozilla/5.0 (Macintosh; Intel Mac OS X 10_15_7) AppleWebKit/605.1.15 (KHTML, like Gecko) Version/15.0 Safari/605.1.15"
129.225.125.127 - - [27/Aug/2026:05:04:16 +0700] "POST /wp-login.php HTTP/1.1" 200 9003 "https://arlindo.ac.id/wp-login.php" "Mozilla/5.0 (Windows NT 6.1; Win64; x64) AppleWebKit/537.36 (KHTML, like Gecko) Chrome/93.0.4577.63 Safari/537.36"
129.225.125.127 - - [27/Aug/2026:05:04:01 +0700] "POST /wp-login.php HTTP/1.1" 403 10747 "https://arlindo.ac.id/wp-login.php" "Mozilla/5.0 (Macintosh; Intel Mac OS X 10_15_7) AppleWebKit/537.36 (KHTML, like Gecko) Chrome/91.0.4472.124 Safari/537.36"
202.10.43.32 - - [27/Aug/2026:05:04:31 +0700] "POST /wp-cron.php?doing_wp_cron=1787781871.1104769706726074218750 HTTP/1.1" 200 0 "-" "WordPress/7.1; https://arlindo.ac.id"
